May 18 14:26:05.250127 np0000000948 devstack@g-api.service[98919]: DEBUG glance.api.middleware.version_negotiation [None req-7362edb4-cdc5-40e7-b8fb-11b4726841d1 tempest-ServerStableDeviceRescueTest-1565382227 tempest-ServerStableDeviceRescueTest-1565382227-project-member] Matched version: v2 {{(pid=98919) process_request /opt/stack/glance/glance/api/middleware/version_negotiation.py:69}}
May 18 14:26:05.250219 np0000000948 devstack@g-api.service[98919]: DEBUG glance.api.middleware.version_negotiation [None req-7362edb4-cdc5-40e7-b8fb-11b4726841d1 tempest-ServerStableDeviceRescueTest-1565382227 tempest-ServerStableDeviceRescueTest-1565382227-project-member] new path /v2/schemas/image {{(pid=98919) process_request /opt/stack/glance/glance/api/middleware/version_negotiation.py:70}}
May 18 14:26:05.255399 np0000000948 devstack@g-api.service[98919]: [pid: 98919|app: 0|req: 62/120] 127.0.0.1 () {44 vars in 1051 bytes} [Mon May 18 14:26:05 2026] GET /v2/schemas/image => generated 6083 bytes in 5 msecs (HTTP/1.1 200) 4 headers in 158 bytes (1 switches on core 0)
May 18 14:26:05.476643 np0000000948 devstack@g-api.service[98920]: DEBUG glance.api.middleware.version_negotiation [None req-65081e9f-0e77-4f1b-b903-84f894771389 tempest-ServerStableDeviceRescueTest-1565382227 tempest-ServerStableDeviceRescueTest-1565382227-project-member] Determining version of request: DELETE /v2/images/7be29520-e64f-422f-b6b2-d8c0d65f23ae Accept: application/json {{(pid=98920) process_request /opt/stack/glance/glance/api/middleware/version_negotiation.py:44}}
May 18 14:26:05.478394 np0000000948 devstack@g-api.service[98920]: DEBUG glance.api.middleware.version_negotiation [None req-65081e9f-0e77-4f1b-b903-84f894771389 tempest-ServerStableDeviceRescueTest-1565382227 tempest-ServerStableDeviceRescueTest-1565382227-project-member] Using url versioning {{(pid=98920) process_request /opt/stack/glance/glance/api/middleware/version_negotiation.py:57}}
May 18 14:26:05.478455 np0000000948 devstack@g-api.service[98920]: DEBUG glance.api.middleware.version_negotiation [None req-65081e9f-0e77-4f1b-b903-84f894771389 tempest-ServerStableDeviceRescueTest-1565382227 tempest-ServerStableDeviceRescueTest-1565382227-project-member] Matched version: v2 {{(pid=98920) process_request /opt/stack/glance/glance/api/middleware/version_negotiation.py:69}}
May 18 14:26:05.478551 np0000000948 devstack@g-api.service[98920]: DEBUG glance.api.middleware.version_negotiation [None req-65081e9f-0e77-4f1b-b903-84f894771389 tempest-ServerStableDeviceRescueTest-1565382227 tempest-ServerStableDeviceRescueTest-1565382227-project-member] new path /v2/images/7be29520-e64f-422f-b6b2-d8c0d65f23ae {{(pid=98920) process_request /opt/stack/glance/glance/api/middleware/version_negotiation.py:70}}
May 18 14:26:05.488617 np0000000948 devstack@g-api.service[98920]: WARNING glance.api.v2.images [None req-5d10b3b5-0bfb-4c7f-a0a5-4bcef1d0bb11 tempest-AttachSCSIVolumeTestJSON-1841513726 tempest-AttachSCSIVolumeTestJSON-1841513726-project-admin] After upload to backend, deletion of staged image data has failed because it cannot be found at /tmp/staging//7be29520-e64f-422f-b6b2-d8c0d65f23ae
May 18 14:26:05.489146 np0000000948 devstack@g-api.service[98920]: DEBUG glance_store.backend [None req-5d10b3b5-0bfb-4c7f-a0a5-4bcef1d0bb11 tempest-AttachSCSIVolumeTestJSON-1841513726 tempest-AttachSCSIVolumeTestJSON-1841513726-project-admin] Attempting to import store swift {{(pid=98920) _load_store /opt/stack/data/venv/lib/python3.12/site-packages/glance_store/backend.py:215}}
May 18 14:26:05.490565 np0000000948 devstack@g-api.service[98920]: DEBUG glance_store.capabilities [None req-5d10b3b5-0bfb-4c7f-a0a5-4bcef1d0bb11 tempest-AttachSCSIVolumeTestJSON-1841513726 tempest-AttachSCSIVolumeTestJSON-1841513726-project-admin] Store glance_store._drivers.swift.store.SingleTenantStore doesn't support updating dynamic storage capabilities. Please overwrite 'update_capabilities' method of the store to implement updating logics if needed. {{(pid=98920) update_capabilities /opt/stack/data/venv/lib/python3.12/site-packages/glance_store/capabilities.py:91}}
May 18 14:26:05.490658 np0000000948 devstack@g-api.service[98920]: DEBUG glance_store.driver [None req-5d10b3b5-0bfb-4c7f-a0a5-4bcef1d0bb11 tempest-AttachSCSIVolumeTestJSON-1841513726 tempest-AttachSCSIVolumeTestJSON-1841513726-project-admin] Late loading location class glance_store._drivers.swift.store.StoreLocation {{(pid=98920) get_store_location_class /opt/stack/data/venv/lib/python3.12/site-packages/glance_store/driver.py:134}}
May 18 14:26:05.490763 np0000000948 devstack@g-api.service[98920]: DEBUG glance_store.location [None req-5d10b3b5-0bfb-4c7f-a0a5-4bcef1d0bb11 tempest-AttachSCSIVolumeTestJSON-1841513726 tempest-AttachSCSIVolumeTestJSON-1841513726-project-admin] Registering scheme swift+https with {'store': , 'location_class': , 'store_entry': 'swift'} {{(pid=98920) register_scheme_map /opt/stack/data/venv/lib/python3.12/site-packages/glance_store/location.py:146}}
May 18 14:26:05.490829 np0000000948 devstack@g-api.service[98920]: DEBUG glance_store.location [None req-5d10b3b5-0bfb-4c7f-a0a5-4bcef1d0bb11 tempest-AttachSCSIVolumeTestJSON-1841513726 tempest-AttachSCSIVolumeTestJSON-1841513726-project-admin] Registering scheme swift+https with {'store': , 'location_class': , 'store_entry': 'swift'} {{(pid=98920) register_scheme_map /opt/stack/data/venv/lib/python3.12/site-packages/glance_store/location.py:146}}
May 18 14:26:05.490894 np0000000948 devstack@g-api.service[98920]: DEBUG glance_store.location [None req-5d10b3b5-0bfb-4c7f-a0a5-4bcef1d0bb11 tempest-AttachSCSIVolumeTestJSON-1841513726 tempest-AttachSCSIVolumeTestJSON-1841513726-project-admin] Registering scheme swift with {'store': , 'location_class': , 'store_entry': 'swift'} {{(pid=98920) register_scheme_map /opt/stack/data/venv/lib/python3.12/site-packages/glance_store/location.py:146}}
May 18 14:26:05.490967 np0000000948 devstack@g-api.service[98920]: DEBUG glance_store.location [None req-5d10b3b5-0bfb-4c7f-a0a5-4bcef1d0bb11 tempest-AttachSCSIVolumeTestJSON-1841513726 tempest-AttachSCSIVolumeTestJSON-1841513726-project-admin] Registering scheme swift+https with {'store': , 'location_class': , 'store_entry': 'swift'} {{(pid=98920) register_scheme_map /opt/stack/data/venv/lib/python3.12/site-packages/glance_store/location.py:146}}
May 18 14:26:05.491445 np0000000948 devstack@g-api.service[98920]: DEBUG glance_store.location [None req-5d10b3b5-0bfb-4c7f-a0a5-4bcef1d0bb11 tempest-AttachSCSIVolumeTestJSON-1841513726 tempest-AttachSCSIVolumeTestJSON-1841513726-project-admin] Registering scheme swift with {'store': , 'location_class': , 'store_entry': 'swift'} {{(pid=98920) register_scheme_map /opt/stack/data/venv/lib/python3.12/site-packages/glance_store/location.py:146}}
May 18 14:26:05.491533 np0000000948 devstack@g-api.service[98920]: DEBUG glance_store.location [None req-5d10b3b5-0bfb-4c7f-a0a5-4bcef1d0bb11 tempest-AttachSCSIVolumeTestJSON-1841513726 tempest-AttachSCSIVolumeTestJSON-1841513726-project-admin] Registering scheme swift+http with {'store': , 'location_class': , 'store_entry': 'swift'} {{(pid=98920) register_scheme_map /opt/stack/data/venv/lib/python3.12/site-packages/glance_store/location.py:146}}
May 18 14:26:05.491614 np0000000948 devstack@g-api.service[98920]: DEBUG glance_store.location [None req-5d10b3b5-0bfb-4c7f-a0a5-4bcef1d0bb11 tempest-AttachSCSIVolumeTestJSON-1841513726 tempest-AttachSCSIVolumeTestJSON-1841513726-project-admin] Registering scheme swift+https with {'store': , 'location_class': , 'store_entry': 'swift'} {{(pid=98920) register_scheme_map /opt/stack/data/venv/lib/python3.12/site-packages/glance_store/location.py:146}}
May 18 14:26:05.491673 np0000000948 devstack@g-api.service[98920]: DEBUG glance_store.location [None req-5d10b3b5-0bfb-4c7f-a0a5-4bcef1d0bb11 tempest-AttachSCSIVolumeTestJSON-1841513726 tempest-AttachSCSIVolumeTestJSON-1841513726-project-admin] Registering scheme swift with {'store': , 'location_class': , 'store_entry': 'swift'} {{(pid=98920) register_scheme_map /opt/stack/data/venv/lib/python3.12/site-packages/glance_store/location.py:146}}
May 18 14:26:05.491776 np0000000948 devstack@g-api.service[98920]: DEBUG glance_store.location [None req-5d10b3b5-0bfb-4c7f-a0a5-4bcef1d0bb11 tempest-AttachSCSIVolumeTestJSON-1841513726 tempest-AttachSCSIVolumeTestJSON-1841513726-project-admin] Registering scheme swift+http with {'store': , 'location_class': , 'store_entry': 'swift'} {{(pid=98920) register_scheme_map /opt/stack/data/venv/lib/python3.12/site-packages/glance_store/location.py:146}}
May 18 14:26:05.491862 np0000000948 devstack@g-api.service[98920]: DEBUG glance_store.location [None req-5d10b3b5-0bfb-4c7f-a0a5-4bcef1d0bb11 tempest-AttachSCSIVolumeTestJSON-1841513726 tempest-AttachSCSIVolumeTestJSON-1841513726-project-admin] Registering scheme swift+config with {'store': , 'location_class': , 'store_entry': 'swift'} {{(pid=98920) register_scheme_map /opt/stack/data/venv/lib/python3.12/site-packages/glance_store/location.py:146}}
May 18 14:26:05.492643 np0000000948 devstack@g-api.service[98920]: DEBUG keystoneclient.auth.identity.v3.base [None req-5d10b3b5-0bfb-4c7f-a0a5-4bcef1d0bb11 tempest-AttachSCSIVolumeTestJSON-1841513726 tempest-AttachSCSIVolumeTestJSON-1841513726-project-admin] Making authentication request to https://10.4.3.39/identity/v3/auth/tokens {{(pid=98920) get_auth_ref /opt/stack/data/venv/lib/python3.12/site-packages/keystoneclient/auth/identity/v3/base.py:185}}
May 18 14:26:05.600762 np0000000948 devstack@g-api.service[98920]: DEBUG keystoneclient.auth.identity.v3.base [None req-5d10b3b5-0bfb-4c7f-a0a5-4bcef1d0bb11 tempest-AttachSCSIVolumeTestJSON-1841513726 tempest-AttachSCSIVolumeTestJSON-1841513726-project-admin] {"token": {"methods": ["password"], "user": {"domain": {"id": "default", "name": "Default"}, "id": "1f9dbe98df814899b0a2fb930363d100", "name": "glance-swift", "password_expires_at": null}, "audit_ids": ["s8MZJJ82RhGhDjzDO9M7jg"], "expires_at": "2026-05-18T15:26:05.000000Z", "issued_at": "2026-05-18T14:26:05.000000Z", "project": {"domain": {"id": "default", "name": "Default"}, "id": "701ca2b0a81d42d685d64551aef9b225", "name": "service"}, "is_domain": false, "roles": [{"id": "35af1e9be65e4883abc4078570249248", "name": "service"}, {"id": "06d35a186d3648f8b90ba6668829cfc7", "name": "ResellerAdmin"}], "catalog": [{"endpoints": [{"id": "c039ba73cff34afa9365a2cf1c9a258c", "interface": "public", "region_id": "RegionOne", "url": "https://10.4.3.39/volume/v3", "region": "RegionOne"}], "id": "068469f93deb403689463907bd37cd5f", "type": "block-storage", "name": "cinder"}, {"endpoints": [{"id": "84a0944b6034486699a7048fd47ff442", "interface": "public", "region_id": "RegionOne", "url": "https://10.4.3.39/compute/v2/701ca2b0a81d42d685d64551aef9b225", "region": "RegionOne"}], "id": "0eafcd86ee954ce7961a8f9ca34c05d9", "type": "compute_legacy", "name": "nova_legacy"}, {"endpoints": [{"id": "bb1a9cd8b282490485325282d21f051f", "interface": "public", "region_id": "RegionOne", "url": "https://10.4.3.39/placement", "region": "RegionOne"}], "id": "5038f6997be1454ab5967acf39ee40b3", "type": "placement", "name": "placement"}, {"endpoints": [{"id": "37ae50ed22224b5593c1c1a1224fdf67", "interface": "public", "region_id": "RegionOne", "url": "https://10.4.3.39/image", "region": "RegionOne"}], "id": "5ba3eefe083a466794edc905ea4ea5eb", "type": "image", "name": "glance"}, {"endpoints": [{"id": "b3f9a0edeef74e4780655c7d956cb34b", "interface": "public", "region_id": "RegionOne", "url": "https://10.4.3.39/networking", "region": "RegionOne"}], "id": "9a6b124445794965b432478c9c03e7db", "type": "network", "name": "neutron"}, {"endpoints": [{"id": "1e597ca82b374ae891a196fd8482b4eb", "interface": "public", "region_id": "RegionOne", "url": "https://10.4.3.39:8080/v1/AUTH_701ca2b0a81d42d685d64551aef9b225", "region": "RegionOne"}, {"id": "38db984d3a30404887cfd85d18570305", "interface": "admin", "region_id": "RegionOne", "url": "https://10.4.3.39:8080", "region": "RegionOne"}], "id": "b66f63caf4554806b3fca17a4adcfee7", "type": "object-store", "name": "swift"}, {"endpoints": [{"id": "d86ddc793233473e95100057e49110c7", "interface": "public", "region_id": "RegionOne", "url": "https://10.4.3.39/compute/v2.1", "region": "RegionOne"}], "id": "c2659a59930f4d8caf93e088388a0e5e", "type": "compute", "name": "nova"}, {"endpoints": [{"id": "507789cce43447e38e22fdc09c292f4c", "interface": "public", "region_id": "RegionOne", "url": "https://10.4.3.39/identity", "region": "RegionOne"}], "id": "e3570e92059147faa1f5ccc528020b85", "type": "identity", "name": "keystone"}]}} {{(pid=98920) get_auth_ref /opt/stack/data/venv/lib/python3.12/site-packages/keystoneclient/auth/identity/v3/base.py:190}}
May 18 14:26:05.601365 np0000000948 devstack@g-api.service[98920]: DEBUG keystoneclient.httpclient [None req-5d10b3b5-0bfb-4c7f-a0a5-4bcef1d0bb11 tempest-AttachSCSIVolumeTestJSON-1841513726 tempest-AttachSCSIVolumeTestJSON-1841513726-project-admin] Failed to find endpoint for management url admin endpoint for identity service not found {{(pid=98920) _process_management_url /opt/stack/data/venv/lib/python3.12/site-packages/keystoneclient/httpclient.py:670}}
May 18 14:26:05.888183 np0000000948 devstack@g-api.service[98920]: DEBUG swiftclient [None req-5d10b3b5-0bfb-4c7f-a0a5-4bcef1d0bb11 tempest-AttachSCSIVolumeTestJSON-1841513726 tempest-AttachSCSIVolumeTestJSON-1841513726-project-admin] REQ: curl -i https://10.4.3.39:8080/v1/AUTH_701ca2b0a81d42d685d64551aef9b225/glance/7be29520-e64f-422f-b6b2-d8c0d65f23ae -I -H "X-Auth-Token: gAAAAABqCyF9I6og..." {{(pid=98920) http_log /opt/stack/data/venv/lib/python3.12/site-packages/swiftclient/client.py:160}}
May 18 14:26:05.888298 np0000000948 devstack@g-api.service[98920]: DEBUG swiftclient [None req-5d10b3b5-0bfb-4c7f-a0a5-4bcef1d0bb11 tempest-AttachSCSIVolumeTestJSON-1841513726 tempest-AttachSCSIVolumeTestJSON-1841513726-project-admin] RESP STATUS: 200 OK {{(pid=98920) http_log /opt/stack/data/venv/lib/python3.12/site-packages/swiftclient/client.py:161}}
May 18 14:26:05.888445 np0000000948 devstack@g-api.service[98920]: DEBUG swiftclient [None req-5d10b3b5-0bfb-4c7f-a0a5-4bcef1d0bb11 tempest-AttachSCSIVolumeTestJSON-1841513726 tempest-AttachSCSIVolumeTestJSON-1841513726-project-admin] RESP HEADERS: {'Date': 'Mon, 18 May 2026 14:26:05 GMT', 'Server': 'Apache/2.4.58 (Ubuntu)', 'Content-Type': 'application/octet-stream', 'Content-Length': '21692416', 'X-Object-Manifest': 'glance/7be29520-e64f-422f-b6b2-d8c0d65f23ae-', 'Last-Modified': 'Mon, 18 May 2026 14:24:35 GMT', 'X-Timestamp': '1779114274.92767', 'Accept-Ranges': 'bytes', 'Etag': '"737c2a37dd3f91e374c48cad70137398"', 'X-Trans-Id': 'txf993fda8e2e04671bf37f-006a0b217d', 'X-Openstack-Request-Id': 'txf993fda8e2e04671bf37f-006a0b217d', 'Connection': 'close'} {{(pid=98920) http_log /opt/stack/data/venv/lib/python3.12/site-packages/swiftclient/client.py:162}}
May 18 14:26:05.901189 np0000000948 devstack@g-api.service[98919]: DEBUG glance.api.middleware.version_negotiation [None req-65081e9f-0e77-4f1b-b903-84f894771389 tempest-ServerStableDeviceRescueTest-1565382227 tempest-ServerStableDeviceRescueTest-1565382227-project-member] Determining version of request: GET /v2/images/7ba666a9-ed57-47e0-b4eb-9fe57c225c4e Accept: */* {{(pid=98919) process_request /opt/stack/glance/glance/api/middleware/version_negotiation.py:44}}
May 18 14:26:05.901189 np0000000948 devstack@g-api.service[98919]: DEBUG glance.api.middleware.version_negotiation [None req-65081e9f-0e77-4f1b-b903-84f894771389 tempest-ServerStableDeviceRescueTest-1565382227 tempest-ServerStableDeviceRescueTest-1565382227-project-member] Using url versioning {{(pid=98919) process_request /opt/stack/glance/glance/api/middleware/version_negotiation.py:57}}
May 18 14:26:05.901189 np0000000948 devstack@g-api.service[98919]: DEBUG glance.api.middleware.version_negotiation [None req-65081e9f-0e77-4f1b-b903-84f894771389 tempest-ServerStableDeviceRescueTest-1565382227 tempest-ServerStableDeviceRescueTest-1565382227-project-member] Matched version: v2 {{(pid=98919) process_request /opt/stack/glance/glance/api/middleware/version_negotiation.py:69}}
May 18 14:26:05.901189 np0000000948 devstack@g-api.service[98919]: DEBUG glance.api.middleware.version_negotiation [None req-65081e9f-0e77-4f1b-b903-84f894771389 tempest-ServerStableDeviceRescueTest-1565382227 tempest-ServerStableDeviceRescueTest-1565382227-project-member] new path /v2/images/7ba666a9-ed57-47e0-b4eb-9fe57c225c4e {{(pid=98919) process_request /opt/stack/glance/glance/api/middleware/version_negotiation.py:70}}
May 18 14:26:05.908271 np0000000948 devstack@g-api.service[98920]: DEBUG swiftclient [None req-5d10b3b5-0bfb-4c7f-a0a5-4bcef1d0bb11 tempest-AttachSCSIVolumeTestJSON-1841513726 tempest-AttachSCSIVolumeTestJSON-1841513726-project-admin] REQ: curl -i https://10.4.3.39:8080/v1/AUTH_701ca2b0a81d42d685d64551aef9b225/glance?format=json&prefix=7be29520-e64f-422f-b6b2-d8c0d65f23ae- -X GET -H "X-Auth-Token: gAAAAABqCyF9I6og..." -H "Accept-Encoding: gzip" {{(pid=98920) http_log /opt/stack/data/venv/lib/python3.12/site-packages/swiftclient/client.py:160}}
May 18 14:26:05.908385 np0000000948 devstack@g-api.service[98920]: DEBUG swiftclient [None req-5d10b3b5-0bfb-4c7f-a0a5-4bcef1d0bb11 tempest-AttachSCSIVolumeTestJSON-1841513726 tempest-AttachSCSIVolumeTestJSON-1841513726-project-admin] RESP STATUS: 200 OK {{(pid=98920) http_log /opt/stack/data/venv/lib/python3.12/site-packages/swiftclient/client.py:161}}
May 18 14:26:05.908499 np0000000948 devstack@g-api.service[98920]: DEBUG swiftclient [None req-5d10b3b5-0bfb-4c7f-a0a5-4bcef1d0bb11 tempest-AttachSCSIVolumeTestJSON-1841513726 tempest-AttachSCSIVolumeTestJSON-1841513726-project-admin] RESP HEADERS: {'Date': 'Mon, 18 May 2026 14:26:05 GMT', 'Server': 'Apache/2.4.58 (Ubuntu)', 'Content-Type': 'application/json; charset=utf-8', 'Content-Length': '210', 'X-Container-Object-Count': '9', 'X-Container-Bytes-Used': '131268608', 'X-Timestamp': '1779114134.29170', 'Last-Modified': 'Mon, 18 May 2026 14:22:15 GMT', 'Accept-Ranges': 'bytes', 'X-Storage-Policy': 'Policy-0', 'X-Container-Sharding': 'False', 'X-Trans-Id': 'tx5f7dcc9f27e146dca04ac-006a0b217d', 'X-Openstack-Request-Id': 'tx5f7dcc9f27e146dca04ac-006a0b217d', 'Connection': 'close'} {{(pid=98920) http_log /opt/stack/data/venv/lib/python3.12/site-packages/swiftclient/client.py:162}}
May 18 14:26:05.909095 np0000000948 devstack@g-api.service[98920]: DEBUG swiftclient [None req-5d10b3b5-0bfb-4c7f-a0a5-4bcef1d0bb11 tempest-AttachSCSIVolumeTestJSON-1841513726 tempest-AttachSCSIVolumeTestJSON-1841513726-project-admin] RESP BODY: b'[{"bytes": 21692416, "hash": "87617e24a5e30cb3b87fda8c0764838f", "name": "7be29520-e64f-422f-b6b2-d8c0d65f23ae-00001", "content_type": "application/octet-stream", "last_modified": "2026-05-18T14:24:34.695810"}]' {{(pid=98920) http_log /opt/stack/data/venv/lib/python3.12/site-packages/swiftclient/client.py:166}}
May 18 14:26:05.915276 np0000000948 devstack@g-api.service[98919]: [pid: 98919|app: 0|req: 63/121] 127.0.0.1 () {44 vars in 1111 bytes} [Mon May 18 14:26:05 2026] GET /v2/images/7ba666a9-ed57-47e0-b4eb-9fe57c225c4e => generated 1336 bytes in 15 msecs (HTTP/1.1 200) 4 headers in 158 bytes (1 switches on core 0)
May 18 14:26:05.932692 np0000000948 devstack@g-api.service[98920]: DEBUG swiftclient [None req-5d10b3b5-0bfb-4c7f-a0a5-4bcef1d0bb11 tempest-AttachSCSIVolumeTestJSON-1841513726 tempest-AttachSCSIVolumeTestJSON-1841513726-project-admin] REQ: curl -i https://10.4.3.39:8080/v1/AUTH_701ca2b0a81d42d685d64551aef9b225/glance/7be29520-e64f-422f-b6b2-d8c0d65f23ae-00001 DELETE -H "X-Auth-Token: gAAAAABqCyF9I6og..." {{(pid=98920) http_log /opt/stack/data/venv/lib/python3.12/site-packages/swiftclient/client.py:160}}
May 18 14:26:05.932814 np0000000948 devstack@g-api.service[98920]: DEBUG swiftclient [None req-5d10b3b5-0bfb-4c7f-a0a5-4bcef1d0bb11 tempest-AttachSCSIVolumeTestJSON-1841513726 tempest-AttachSCSIVolumeTestJSON-1841513726-project-admin] RESP STATUS: 204 No Content {{(pid=98920) http_log /opt/stack/data/venv/lib/python3.12/site-packages/swiftclient/client.py:161}}
May 18 14:26:05.932935 np0000000948 devstack@g-api.service[98920]: DEBUG swiftclient [None req-5d10b3b5-0bfb-4c7f-a0a5-4bcef1d0bb11 tempest-AttachSCSIVolumeTestJSON-1841513726 tempest-AttachSCSIVolumeTestJSON-1841513726-project-admin] RESP HEADERS: {'Date': 'Mon, 18 May 2026 14:26:05 GMT', 'Server': 'Apache/2.4.58 (Ubuntu)', 'Content-Type': 'text/html; charset=UTF-8', 'X-Trans-Id': 'tx12628d63f2654ab5b25a0-006a0b217d', 'X-Openstack-Request-Id': 'tx12628d63f2654ab5b25a0-006a0b217d', 'Connection': 'close'} {{(pid=98920) http_log /opt/stack/data/venv/lib/python3.12/site-packages/swiftclient/client.py:162}}
May 18 14:26:05.946702 np0000000948 devstack@g-api.service[98919]: DEBUG glance.api.middleware.version_negotiation [None req-e0d10f80-a99a-41c1-8d78-af1b01d2c4e0 tempest-ServerStableDeviceRescueTest-1565382227 tempest-ServerStableDeviceRescueTest-1565382227-project-member] Determining version of request: GET /v2/schemas/image Accept: */* {{(pid=98919) process_request /opt/stack/glance/glance/api/middleware/version_negotiation.py:44}}
May 18 14:26:05.946702 np0000000948 devstack@g-api.service[98919]: DEBUG glance.api.middleware.version_negotiation [None req-e0d10f80-a99a-41c1-8d78-af1b01d2c4e0 tempest-ServerStableDeviceRescueTest-1565382227 tempest-ServerStableDeviceRescueTest-1565382227-project-member] Using url versioning {{(pid=98919) process_request /opt/stack/glance/glance/api/middleware/version_negotiation.py:57}}
May 18 14:26:05.946702 np0000000948 devstack@g-api.service[98919]: DEBUG glance.api.middleware.version_negotiation [None req-e0d10f80-a99a-41c1-8d78-af1b01d2c4e0 tempest-ServerStableDeviceRescueTest-1565382227 tempest-ServerStableDeviceRescueTest-1565382227-project-member] Matched version: v2 {{(pid=98919) process_request /opt/stack/glance/glance/api/middleware/version_negotiation.py:69}}
May 18 14:26:05.946702 np0000000948 devstack@g-api.service[98919]: DEBUG glance.api.middleware.version_negotiation [None req-e0d10f80-a99a-41c1-8d78-af1b01d2c4e0 tempest-ServerStableDeviceRescueTest-1565382227 tempest-ServerStableDeviceRescueTest-1565382227-project-member] new path /v2/schemas/image {{(pid=98919) process_request /opt/stack/glance/glance/api/middleware/version_negotiation.py:70}}
May 18 14:26:05.950349 np0000000948 devstack@g-api.service[98919]: [pid: 98919|app: 0|req: 64/122] 127.0.0.1 () {44 vars in 1051 bytes} [Mon May 18 14:26:05 2026] GET /v2/schemas/image => generated 6083 bytes in 5 msecs (HTTP/1.1 200) 4 headers in 158 bytes (1 switches on core 0)
May 18 14:26:05.957080 np0000000948 devstack@g-api.service[98920]: DEBUG swiftclient [None req-5d10b3b5-0bfb-4c7f-a0a5-4bcef1d0bb11 tempest-AttachSCSIVolumeTestJSON-1841513726 tempest-AttachSCSIVolumeTestJSON-1841513726-project-admin] REQ: curl -i https://10.4.3.39:8080/v1/AUTH_701ca2b0a81d42d685d64551aef9b225/glance/7be29520-e64f-422f-b6b2-d8c0d65f23ae DELETE -H "X-Auth-Token: gAAAAABqCyF9I6og..." {{(pid=98920) http_log /opt/stack/data/venv/lib/python3.12/site-packages/swiftclient/client.py:160}}
May 18 14:26:05.957172 np0000000948 devstack@g-api.service[98920]: DEBUG swiftclient [None req-5d10b3b5-0bfb-4c7f-a0a5-4bcef1d0bb11 tempest-AttachSCSIVolumeTestJSON-1841513726 tempest-AttachSCSIVolumeTestJSON-1841513726-project-admin] RESP STATUS: 204 No Content {{(pid=98920) http_log /opt/stack/data/venv/lib/python3.12/site-packages/swiftclient/client.py:161}}
May 18 14:26:05.957272 np0000000948 devstack@g-api.service[98920]: DEBUG swiftclient [None req-5d10b3b5-0bfb-4c7f-a0a5-4bcef1d0bb11 tempest-AttachSCSIVolumeTestJSON-1841513726 tempest-AttachSCSIVolumeTestJSON-1841513726-project-admin] RESP HEADERS: {'Date': 'Mon, 18 May 2026 14:26:05 GMT', 'Server': 'Apache/2.4.58 (Ubuntu)', 'Content-Type': 'text/html; charset=UTF-8', 'X-Trans-Id': 'txf3efbbb270714d51ab0eb-006a0b217d', 'X-Openstack-Request-Id': 'txf3efbbb270714d51ab0eb-006a0b217d', 'Connection': 'close'} {{(pid=98920) http_log /opt/stack/data/venv/lib/python3.12/site-packages/swiftclient/client.py:162}}
May 18 14:26:06.006105 np0000000948 devstack@g-api.service[98920]: DEBUG glance.api.middleware.cache [None req-5d10b3b5-0bfb-4c7f-a0a5-4bcef1d0bb11 tempest-AttachSCSIVolumeTestJSON-1841513726 tempest-AttachSCSIVolumeTestJSON-1841513726-project-admin] Removing image 7be29520-e64f-422f-b6b2-d8c0d65f23ae from cache {{(pid=98920) _process_DELETE_response /opt/stack/glance/glance/api/middleware/cache.py:264}}
May 18 14:26:06.006329 np0000000948 devstack@g-api.service[98920]: DEBUG glance.image_cache.drivers.centralized_db [None req-5d10b3b5-0bfb-4c7f-a0a5-4bcef1d0bb11 tempest-AttachSCSIVolumeTestJSON-1841513726 tempest-AttachSCSIVolumeTestJSON-1841513726-project-admin] Deleting image cache file '/opt/stack/data/glance/cache/7be29520-e64f-422f-b6b2-d8c0d65f23ae' {{(pid=98920) delete_cached_file /opt/stack/glance/glance/image_cache/drivers/centralized_db.py:395}}
May 18 14:26:06.018081 np0000000948 devstack@g-api.service[98920]: [pid: 98920|app: 0|req: 59/123] 127.0.0.1 () {40 vars in 837 bytes} [Mon May 18 14:26:05 2026] DELETE /v2/images/7be29520-e64f-422f-b6b2-d8c0d65f23ae => generated 0 bytes in 541 msecs (HTTP/1.1 204) 4 headers in 171 bytes (1 switches on core 0)
May 18 14:26:06.027605 np0000000948 devstack@g-api.service[98919]: DEBUG glance.api.middleware.version_negotiation [None req-e0d10f80-a99a-41c1-8d78-af1b01d2c4e0 tempest-ServerStableDeviceRescueTest-1565382227 tempest-ServerStableDeviceRescueTest-1565382227-project-member] Determining version of request: GET /v2/images/7be29520-e64f-422f-b6b2-d8c0d65f23ae Accept: application/json {{(pid=98919) process_request /opt/stack/glance/glance/api/middleware/version_negotiation.py:44}}
May 18 14:26:06.027780 np0000000948 devstack@g-api.service[98919]: DEBUG glance.api.middleware.version_negotiation [None req-e0d10f80-a99a-41c1-8d78-af1b01d2c4e0 tempest-ServerStableDeviceRescueTest-1565382227 tempest-ServerStableDeviceRescueTest-1565382227-project-member] Using url versioning {{(pid=98919) process_request /opt/stack/glance/glance/api/middleware/version_negotiation.py:57}}
May 18 14:26:06.027941 np0000000948 devstack@g-api.service[98919]: DEBUG glance.api.middleware.version_negotiation [None req-e0d10f80-a99a-41c1-8d78-af1b01d2c4e0 tempest-ServerStableDeviceRescueTest-1565382227 tempest-ServerStableDeviceRescueTest-1565382227-project-member] Matched version: v2 {{(pid=98919) process_request /opt/stack/glance/glance/api/middleware/version_negotiation.py:69}}
May 18 14:26:06.028097 np0000000948 devstack@g-api.service[98919]: DEBUG glance.api.middleware.version_negotiation [None req-e0d10f80-a99a-41c1-8d78-af1b01d2c4e0 tempest-ServerStableDeviceRescueTest-1565382227 tempest-ServerStableDeviceRescueTest-1565382227-project-member] new path /v2/images/7be29520-e64f-422f-b6b2-d8c0d65f23ae {{(pid=98919) process_request /opt/stack/glance/glance/api/middleware/version_negotiation.py:70}}
May 18 14:26:06.035083 np0000000948 devstack@g-api.service[98919]: DEBUG glance.db.sqlalchemy.api [None req-79daa211-0146-4049-8bd5-0eefbcbe6aa2 tempest-AttachSCSIVolumeTestJSON-323103347 tempest-AttachSCSIVolumeTestJSON-323103347-project-reader] No image found with ID 7be29520-e64f-422f-b6b2-d8c0d65f23ae {{(pid=98919) _image_get /opt/stack/glance/glance/db/sqlalchemy/api.py:303}}
May 18 14:26:06.037192 np0000000948 devstack@g-api.service[98919]: [pid: 98919|app: 0|req: 65/124] 127.0.0.1 () {40 vars in 834 bytes} [Mon May 18 14:26:06 2026] GET /v2/images/7be29520-e64f-422f-b6b2-d8c0d65f23ae => generated 139 bytes in 10 msecs (HTTP/1.1 404) 4 headers in 164 bytes (1 switches on core 0)
May 18 14:26:06.860841 np0000000948 devstack@g-api.service[98920]: DEBUG glance.api.middleware.version_negotiation [None req-5d10b3b5-0bfb-4c7f-a0a5-4bcef1d0bb11 tempest-AttachSCSIVolumeTestJSON-1841513726 tempest-AttachSCSIVolumeTestJSON-1841513726-project-admin] Determining version of request: GET /v2/images/e6271144-6c4d-4434-b1c1-67a4cb82b437 Accept: */* {{(pid=98920) process_request /opt/stack/glance/glance/api/middleware/version_negotiation.py:44}}
May 18 14:26:06.861263 np0000000948 devstack@g-api.service[98920]: DEBUG glance.api.middleware.version_negotiation [None req-5d10b3b5-0bfb-4c7f-a0a5-4bcef1d0bb11 tempest-AttachSCSIVolumeTestJSON-1841513726 tempest-AttachSCSIVolumeTestJSON-1841513726-project-admin] Using url versioning {{(pid=98920) process_request /opt/stack/glance/glance/api/middleware/version_negotiation.py:57}}
May 18 14:26:06.861263 np0000000948 devstack@g-api.service[98920]: DEBUG glance.api.middleware.version_negotiation [None req-5d10b3b5-0bfb-4c7f-a0a5-4bcef1d0bb11 tempest-AttachSCSIVolumeTestJSON-1841513726 tempest-AttachSCSIVolumeTestJSON-1841513726-project-admin] Matched version: v2 {{(pid=98920) process_request /opt/stack/glance/glance/api/middleware/version_negotiation.py:69}}
May 18 14:26:06.861384 np0000000948 devstack@g-api.service[98920]: DEBUG glance.api.middleware.version_negotiation [None req-5d10b3b5-0bfb-4c7f-a0a5-4bcef1d0bb11 tempest-AttachSCSIVolumeTestJSON-1841513726 tempest-AttachSCSIVolumeTestJSON-1841513726-project-admin] new path /v2/images/e6271144-6c4d-4434-b1c1-67a4cb82b437 {{(pid=98920) process_request /opt/stack/glance/glance/api/middleware/version_negotiation.py:70}}
May 18 14:26:06.876786 np0000000948 devstack@g-api.service[98920]: [pid: 98920|app: 0|req: 60/125] 127.0.0.1 () {44 vars in 1111 bytes} [Mon May 18 14:26:06 2026] GET /v2/images/e6271144-6c4d-4434-b1c1-67a4cb82b437 => generated 1044 bytes in 16 msecs (HTTP/1.1 200) 4 headers in 158 bytes (1 switches on core 0)
May 18 14:26:06.912774 np0000000948 devstack@g-api.service[98919]: DEBUG glance.api.middleware.version_negotiation [None req-79daa211-0146-4049-8bd5-0eefbcbe6aa2 tempest-AttachSCSIVolumeTestJSON-323103347 tempest-AttachSCSIVolumeTestJSON-323103347-project-reader] Determining version of request: GET /v2/schemas/image Accept: */* {{(pid=98919) process_request /opt/stack/glance/glance/api/middleware/version_negotiation.py:44}}
May 18 14:26:06.913172 np0000000948 devstack@g-api.service[98919]: DEBUG glance.api.middleware.version_negotiation [None req-79daa211-0146-4049-8bd5-0eefbcbe6aa2 tempest-AttachSCSIVolumeTestJSON-323103347 tempest-AttachSCSIVolumeTestJSON-323103347-project-reader] Using url versioning {{(pid=98919) process_request /opt/stack/glance/glance/api/middleware/version_negotiation.py:57}}
May 18 14:26:06.915380 np0000000948 devstack@g-api.service[98919]: DEBUG glance.api.middleware.version_negotiation [None req-79daa211-0146-4049-8bd5-0eefbcbe6aa2 tempest-AttachSCSIVolumeTestJSON-323103347 tempest-AttachSCSIVolumeTestJSON-323103347-project-reader] Matched version: v2 {{(pid=98919) process_request /opt/stack/glance/glance/api/middleware/version_negotiation.py:69}}
May 18 14:26:06.915557 np0000000948 devstack@g-api.service[98919]: DEBUG glance.api.middleware.version_negotiation [None req-79daa211-0146-4049-8bd5-0eefbcbe6aa2 tempest-AttachSCSIVolumeTestJSON-323103347 tempest-AttachSCSIVolumeTestJSON-323103347-project-reader] new path /v2/schemas/image {{(pid=98919) process_request /opt/stack/glance/glance/api/middleware/version_negotiation.py:70}}
May 18 14:26:06.918811 np0000000948 devstack@g-api.service[98919]: [pid: 98919|app: 0|req: 66/126] 127.0.0.1 () {44 vars in 1051 bytes} [Mon May 18 14:26:06 2026] GET /v2/schemas/image => generated 6083 bytes in 6 msecs (HTTP/1.1 200) 4 headers in 158 bytes (1 switches on core 0)
May 18 14:26:07.123463 np0000000948 devstack@g-api.service[98920]: DEBUG glance.api.middleware.version_negotiation [None req-a4568b85-14f0-4ad0-8619-b6556694b4aa tempest-ServerBootFromVolumeStableRescueTest-1403247763 tempest-ServerBootFromVolumeStableRescueTest-1403247763-project-member] Determining version of request: GET /v2/images/7ba666a9-ed57-47e0-b4eb-9fe57c225c4e Accept: */* {{(pid=98920) process_request /opt/stack/glance/glance/api/middleware/version_negotiation.py:44}}
May 18 14:26:07.123597 np0000000948 devstack@g-api.service[98920]: DEBUG glance.api.middleware.version_negotiation [None req-a4568b85-14f0-4ad0-8619-b6556694b4aa tempest-ServerBootFromVolumeStableRescueTest-1403247763 tempest-ServerBootFromVolumeStableRescueTest-1403247763-project-member] Using url versioning {{(pid=98920) process_request /opt/stack/glance/glance/api/middleware/version_negotiation.py:57}}
May 18 14:26:07.123744 np0000000948 devstack@g-api.service[98920]: DEBUG glance.api.middleware.version_negotiation [None req-a4568b85-14f0-4ad0-8619-b6556694b4aa tempest-ServerBootFromVolumeStableRescueTest-1403247763 tempest-ServerBootFromVolumeStableRescueTest-1403247763-project-member] Matched version: v2 {{(pid=98920) process_request /opt/stack/glance/glance/api/middleware/version_negotiation.py:69}}
May 18 14:26:07.123869 np0000000948 devstack@g-api.service[98920]: DEBUG glance.api.middleware.version_negotiation [None req-a4568b85-14f0-4ad0-8619-b6556694b4aa tempest-ServerBootFromVolumeStableRescueTest-1403247763 tempest-ServerBootFromVolumeStableRescueTest-1403247763-project-member] new path /v2/images/7ba666a9-ed57-47e0-b4eb-9fe57c225c4e {{(pid=98920) process_request /opt/stack/glance/glance/api/middleware/version_negotiation.py:70}}
May 18 14:26:07.132191 np0000000948 devstack@g-api.service[98920]: [pid: 98920|app: 0|req: 61/127] 127.0.0.1 () {44 vars in 1111 bytes} [Mon May 18 14:26:07 2026] GET /v2/images/7ba666a9-ed57-47e0-b4eb-9fe57c225c4e => generated 1336 bytes in 9 msecs (HTTP/1.1 200) 4 headers in 158 bytes (1 switches on core 0)
May 18 14:26:07.169448 np0000000948 devstack@g-api.service[98919]: DEBUG glance.api.middleware.version_negotiation [None req-a4568b85-14f0-4ad0-8619-b6556694b4aa tempest-ServerBootFromVolumeStableRescueTest-1403247763 tempest-ServerBootFromVolumeStableRescueTest-1403247763-project-member] Determining version of request: GET /v2/schemas/image Accept: */* {{(pid=98919) process_request /opt/stack/glance/glance/api/middleware/version_negotiation.py:44}}
May 18 14:26:07.169617 np0000000948 devstack@g-api.service[98919]: DEBUG glance.api.middleware.version_negotiation [None req-a4568b85-14f0-4ad0-8619-b6556694b4aa tempest-ServerBootFromVolumeStableRescueTest-1403247763 tempest-ServerBootFromVolumeStableRescueTest-1403247763-project-member] Using url versioning {{(pid=98919) process_request /opt/stack/glance/glance/api/middleware/version_negotiation.py:57}}
May 18 14:26:07.169767 np0000000948 devstack@g-api.service[98919]: DEBUG glance.api.middleware.version_negotiation [None req-a4568b85-14f0-4ad0-8619-b6556694b4aa tempest-ServerBootFromVolumeStableRescueTest-1403247763 tempest-ServerBootFromVolumeStableRescueTest-1403247763-project-member] Matched version: v2 {{(pid=98919) process_request /opt/stack/glance/glance/api/middleware/version_negotiation.py:69}}
May 18 14:26:07.169881 np0000000948 devstack@g-api.service[98919]: DEBUG glance.api.middleware.version_negotiation [None req-a4568b85-14f0-4ad0-8619-b6556694b4aa tempest-ServerBootFromVolumeStableRescueTest-1403247763 tempest-ServerBootFromVolumeStableRescueTest-1403247763-project-member] new path /v2/schemas/image {{(pid=98919) process_request /opt/stack/glance/glance/api/middleware/version_negotiation.py:70}}
May 18 14:26:07.175750 np0000000948 devstack@g-api.service[98919]: [pid: 98919|app: 0|req: 67/128] 127.0.0.1 () {44 vars in 1051 bytes} [Mon May 18 14:26:07 2026] GET /v2/schemas/image => generated 6083 bytes in 5 msecs (HTTP/1.1 200) 4 headers in 158 bytes (1 switches on core 0)
May 18 14:26:08.316278 np0000000948 devstack@g-api.service[98920]: DEBUG glance.api.middleware.version_negotiation [None req-d69686de-de1e-4ad4-83cc-76bfb21dc354 tempest-ServerStableDeviceRescueTest-1565382227 tempest-ServerStableDeviceRescueTest-1565382227-project-member] Determining version of request: GET /v2/images/7ba666a9-ed57-47e0-b4eb-9fe57c225c4e Accept: */* {{(pid=98920) process_request /opt/stack/glance/glance/api/middleware/version_negotiation.py:44}}
May 18 14:26:08.316671 np0000000948 devstack@g-api.service[98920]: DEBUG glance.api.middleware.version_negotiation [None req-d69686de-de1e-4ad4-83cc-76bfb21dc354 tempest-ServerStableDeviceRescueTest-1565382227 tempest-ServerStableDeviceRescueTest-1565382227-project-member] Using url versioning {{(pid=98920) process_request /opt/stack/glance/glance/api/middleware/version_negotiation.py:57}}
May 18 14:26:08.316671 np0000000948 devstack@g-api.service[98920]: DEBUG glance.api.middleware.version_negotiation [None req-d69686de-de1e-4ad4-83cc-76bfb21dc354 tempest-ServerStableDeviceRescueTest-1565382227 tempest-ServerStableDeviceRescueTest-1565382227-project-member] Matched version: v2 {{(pid=98920) process_request /opt/stack/glance/glance/api/middleware/version_negotiation.py:69}}
May 18 14:26:08.316671 np0000000948 devstack@g-api.service[98920]: DEBUG glance.api.middleware.version_negotiation [None req-d69686de-de1e-4ad4-83cc-76bfb21dc354 tempest-ServerStableDeviceRescueTest-1565382227 tempest-ServerStableDeviceRescueTest-1565382227-project-member] new path /v2/images/7ba666a9-ed57-47e0-b4eb-9fe57c225c4e {{(pid=98920) process_request /opt/stack/glance/glance/api/middleware/version_negotiation.py:70}}
May 18 14:26:08.327206 np0000000948 devstack@g-api.service[98920]: [pid: 98920|app: 0|req: 62/129] 127.0.0.1 () {44 vars in 1111 bytes} [Mon May 18 14:26:08 2026] GET /v2/images/7ba666a9-ed57-47e0-b4eb-9fe57c225c4e => generated 1336 bytes in 11 msecs (HTTP/1.1 200) 4 headers in 158 bytes (1 switches on core 0)
May 18 14:26:08.358335 np0000000948 devstack@g-api.service[98919]: DEBUG glance.api.middleware.version_negotiation [None req-d69686de-de1e-4ad4-83cc-76bfb21dc354 tempest-ServerStableDeviceRescueTest-1565382227 tempest-ServerStableDeviceRescueTest-1565382227-project-member] Determining version of request: GET /v2/schemas/image Accept: */* {{(pid=98919) process_request /opt/stack/glance/glance/api/middleware/version_negotiation.py:44}}
May 18 14:26:08.358818 np0000000948 devstack@g-api.service[98919]: DEBUG glance.api.middleware.version_negotiation [None req-d69686de-de1e-4ad4-83cc-76bfb21dc354 tempest-ServerStableDeviceRescueTest-1565382227 tempest-ServerStableDeviceRescueTest-1565382227-project-member] Using url versioning {{(pid=98919) process_request /opt/stack/glance/glance/api/middleware/version_negotiation.py:57}}
May 18 14:26:08.358818 np0000000948 devstack@g-api.service[98919]: DEBUG glance.api.middleware.version_negotiation [None req-d69686de-de1e-4ad4-83cc-76bfb21dc354 tempest-ServerStableDeviceRescueTest-1565382227 tempest-ServerStableDeviceRescueTest-1565382227-project-member] Matched version: v2 {{(pid=98919) process_request /opt/stack/glance/glance/api/middleware/version_negotiation.py:69}}
May 18 14:26:08.358818 np0000000948 devstack@g-api.service[98919]: DEBUG glance.api.middleware.version_negotiation [None req-d69686de-de1e-4ad4-83cc-76bfb21dc354 tempest-ServerStableDeviceRescueTest-1565382227 tempest-ServerStableDeviceRescueTest-1565382227-project-member] new path /v2/schemas/image {{(pid=98919) process_request /opt/stack/glance/glance/api/middleware/version_negotiation.py:70}}
May 18 14:26:08.363410 np0000000948 devstack@g-api.service[98919]: [pid: 98919|app: 0|req: 68/130] 127.0.0.1 () {44 vars in 1051 bytes} [Mon May 18 14:26:08 2026] GET /v2/schemas/image => generated 6083 bytes in 5 msecs (HTTP/1.1 200) 4 headers in 158 bytes (1 switches on core 0)
May 18 14:26:08.813873 np0000000948 devstack@g-api.service[98920]: DEBUG glance.api.middleware.version_negotiation [None req-3dc9647a-f035-4025-b2c3-a377d5c067db tempest-ServerStableDeviceRescueTest-1565382227 tempest-ServerStableDeviceRescueTest-1565382227-project-member] Determining version of request: GET /v2/images/7ba666a9-ed57-47e0-b4eb-9fe57c225c4e Accept: */* {{(pid=98920) process_request /opt/stack/glance/glance/api/middleware/version_negotiation.py:44}}
May 18 14:26:08.814102 np0000000948 devstack@g-api.service[98920]: DEBUG glance.api.middleware.version_negotiation [None req-3dc9647a-f035-4025-b2c3-a377d5c067db tempest-ServerStableDeviceRescueTest-1565382227 tempest-ServerStableDeviceRescueTest-1565382227-project-member] Using url versioning {{(pid=98920) process_request /opt/stack/glance/glance/api/middleware/version_negotiation.py:57}}
May 18 14:26:08.814555 np0000000948 devstack@g-api.service[98920]: DEBUG glance.api.middleware.version_negotiation [None req-3dc9647a-f035-4025-b2c3-a377d5c067db tempest-ServerStableDeviceRescueTest-1565382227 tempest-ServerStableDeviceRescueTest-1565382227-project-member] Matched version: v2 {{(pid=98920) process_request /opt/stack/glance/glance/api/middleware/version_negotiation.py:69}}
May 18 14:26:08.814555 np0000000948 devstack@g-api.service[98920]: DEBUG glance.api.middleware.version_negotiation [None req-3dc9647a-f035-4025-b2c3-a377d5c067db tempest-ServerStableDeviceRescueTest-1565382227 tempest-ServerStableDeviceRescueTest-1565382227-project-member] new path /v2/images/7ba666a9-ed57-47e0-b4eb-9fe57c225c4e {{(pid=98920) process_request /opt/stack/glance/glance/api/middleware/version_negotiation.py:70}}
May 18 14:26:08.827589 np0000000948 devstack@g-api.service[98920]: [pid: 98920|app: 0|req: 63/131] 127.0.0.1 () {44 vars in 1111 bytes} [Mon May 18 14:26:08 2026] GET /v2/images/7ba666a9-ed57-47e0-b4eb-9fe57c225c4e => generated 1336 bytes in 14 msecs (HTTP/1.1 200) 4 headers in 158 bytes (1 switches on core 0)
May 18 14:26:08.868419 np0000000948 devstack@g-api.service[98919]: DEBUG glance.api.middleware.version_negotiation [None req-3dc9647a-f035-4025-b2c3-a377d5c067db tempest-ServerStableDeviceRescueTest-1565382227 tempest-ServerStableDeviceRescueTest-1565382227-project-member] Determining version of request: GET /v2/schemas/image Accept: */* {{(pid=98919) process_request /opt/stack/glance/glance/api/middleware/version_negotiation.py:44}}
May 18 14:26:08.868610 np0000000948 devstack@g-api.service[98919]: DEBUG glance.api.middleware.version_negotiation [None req-3dc9647a-f035-4025-b2c3-a377d5c067db tempest-ServerStableDeviceRescueTest-1565382227 tempest-ServerStableDeviceRescueTest-1565382227-project-member] Using url versioning {{(pid=98919) process_request /opt/stack/glance/glance/api/middleware/version_negotiation.py:57}}
May 18 14:26:08.868700 np0000000948 devstack@g-api.service[98919]: DEBUG glance.api.middleware.version_negotiation [None req-3dc9647a-f035-4025-b2c3-a377d5c067db tempest-ServerStableDeviceRescueTest-1565382227 tempest-ServerStableDeviceRescueTest-1565382227-project-member] Matched version: v2 {{(pid=98919) process_request /opt/stack/glance/glance/api/middleware/version_negotiation.py:69}}
May 18 14:26:08.868799 np0000000948 devstack@g-api.service[98919]: DEBUG glance.api.middleware.version_negotiation [None req-3dc9647a-f035-4025-b2c3-a377d5c067db tempest-ServerStableDeviceRescueTest-1565382227 tempest-ServerStableDeviceRescueTest-1565382227-project-member] new path /v2/schemas/image {{(pid=98919) process_request /opt/stack/glance/glance/api/middleware/version_negotiation.py:70}}
May 18 14:26:08.872972 np0000000948 devstack@g-api.service[98919]: [pid: 98919|app: 0|req: 69/132] 127.0.0.1 () {44 vars in 1051 bytes} [Mon May 18 14:26:08 2026] GET /v2/schemas/image => generated 6083 bytes in 5 msecs (HTTP/1.1 200) 4 headers in 158 bytes (1 switches on core 0)
May 18 14:26:08.913115 np0000000948 devstack@g-api.service[98920]: DEBUG glance.api.middleware.version_negotiation [None req-65081e9f-0e77-4f1b-b903-84f894771389 tempest-ServerStableDeviceRescueTest-1565382227 tempest-ServerStableDeviceRescueTest-1565382227-project-member] Determining version of request: GET /v2/schemas/image Accept: */* {{(pid=98920) process_request /opt/stack/glance/glance/api/middleware/version_negotiation.py:44}}
May 18 14:26:08.913349 np0000000948 devstack@g-api.service[98920]: DEBUG glance.api.middleware.version_negotiation [None req-65081e9f-0e77-4f1b-b903-84f894771389 tempest-ServerStableDeviceRescueTest-1565382227 tempest-ServerStableDeviceRescueTest-1565382227-project-member] Using url versioning {{(pid=98920) process_request /opt/stack/glance/glance/api/middleware/version_negotiation.py:57}}
May 18 14:26:08.913510 np0000000948 devstack@g-api.service[98920]: DEBUG glance.api.middleware.version_negotiation [None req-65081e9f-0e77-4f1b-b903-84f894771389 tempest-ServerStableDeviceRescueTest-1565382227 tempest-ServerStableDeviceRescueTest-1565382227-project-member] Matched version: v2 {{(pid=98920) process_request /opt/stack/glance/glance/api/middleware/version_negotiation.py:69}}
May 18 14:26:08.913659 np0000000948 devstack@g-api.service[98920]: DEBUG glance.api.middleware.version_negotiation [None req-65081e9f-0e77-4f1b-b903-84f894771389 tempest-ServerStableDeviceRescueTest-1565382227 tempest-ServerStableDeviceRescueTest-1565382227-project-member] new path /v2/schemas/image {{(pid=98920) process_request /opt/stack/glance/glance/api/middleware/version_negotiation.py:70}}
May 18 14:26:08.920036 np0000000948 devstack@g-api.service[98920]: [pid: 98920|app: 0|req: 64/133] 127.0.0.1 () {44 vars in 1051 bytes} [Mon May 18 14:26:08 2026] GET /v2/schemas/image => generated 6083 bytes in 7 msecs (HTTP/1.1 200) 4 headers in 158 bytes (1 switches on core 0)
May 18 14:26:08.962241 np0000000948 devstack@g-api.service[98919]: DEBUG glance.api.middleware.version_negotiation [None req-65081e9f-0e77-4f1b-b903-84f894771389 tempest-ServerStableDeviceRescueTest-1565382227 tempest-ServerStableDeviceRescueTest-1565382227-project-member] Determining version of request: PATCH /v2/images/7ba666a9-ed57-47e0-b4eb-9fe57c225c4e Accept: */* {{(pid=98919) process_request /opt/stack/glance/glance/api/middleware/version_negotiation.py:44}}
May 18 14:26:08.962396 np0000000948 devstack@g-api.service[98919]: DEBUG glance.api.middleware.version_negotiation [None req-65081e9f-0e77-4f1b-b903-84f894771389 tempest-ServerStableDeviceRescueTest-1565382227 tempest-ServerStableDeviceRescueTest-1565382227-project-member] Using url versioning {{(pid=98919) process_request /opt/stack/glance/glance/api/middleware/version_negotiation.py:57}}
May 18 14:26:08.962554 np0000000948 devstack@g-api.service[98919]: DEBUG glance.api.middleware.version_negotiation [None req-65081e9f-0e77-4f1b-b903-84f894771389 tempest-ServerStableDeviceRescueTest-1565382227 tempest-ServerStableDeviceRescueTest-1565382227-project-member] Matched version: v2 {{(pid=98919) process_request /opt/stack/glance/glance/api/middleware/version_negotiation.py:69}}
May 18 14:26:08.962655 np0000000948 devstack@g-api.service[98919]: DEBUG glance.api.middleware.version_negotiation [None req-65081e9f-0e77-4f1b-b903-84f894771389 tempest-ServerStableDeviceRescueTest-1565382227 tempest-ServerStableDeviceRescueTest-1565382227-project-member] new path /v2/images/7ba666a9-ed57-47e0-b4eb-9fe57c225c4e {{(pid=98919) process_request /opt/stack/glance/glance/api/middleware/version_negotiation.py:70}}
May 18 14:26:09.129282 np0000000948 devstack@g-api.service[98919]: [pid: 98919|app: 0|req: 70/134] 127.0.0.1 () {46 vars in 1154 bytes} [Mon May 18 14:26:08 2026] PATCH /v2/images/7ba666a9-ed57-47e0-b4eb-9fe57c225c4e => generated 1447 bytes in 167 msecs (HTTP/1.1 200) 4 headers in 158 bytes (1 switches on core 0)
May 18 14:26:09.175537 np0000000948 devstack@g-api.service[98920]: DEBUG glance.api.middleware.version_negotiation [None req-65081e9f-0e77-4f1b-b903-84f894771389 tempest-ServerStableDeviceRescueTest-1565382227 tempest-ServerStableDeviceRescueTest-1565382227-project-member] Determining version of request: GET /v2/images/7ba666a9-ed57-47e0-b4eb-9fe57c225c4e Accept: */* {{(pid=98920) process_request /opt/stack/glance/glance/api/middleware/version_negotiation.py:44}}
May 18 14:26:09.175670 np0000000948 devstack@g-api.service[98920]: DEBUG glance.api.middleware.version_negotiation [None req-65081e9f-0e77-4f1b-b903-84f894771389 tempest-ServerStableDeviceRescueTest-1565382227 tempest-ServerStableDeviceRescueTest-1565382227-project-member] Using url versioning {{(pid=98920) process_request /opt/stack/glance/glance/api/middleware/version_negotiation.py:57}}
May 18 14:26:09.175911 np0000000948 devstack@g-api.service[98920]: DEBUG glance.api.middleware.version_negotiation [None req-65081e9f-0e77-4f1b-b903-84f894771389 tempest-ServerStableDeviceRescueTest-1565382227 tempest-ServerStableDeviceRescueTest-1565382227-project-member] Matched version: v2 {{(pid=98920) process_request /opt/stack/glance/glance/api/middleware/version_negotiation.py:69}}
May 18 14:26:09.176030 np0000000948 devstack@g-api.service[98920]: DEBUG glance.api.middleware.version_negotiation [None req-65081e9f-0e77-4f1b-b903-84f894771389 tempest-ServerStableDeviceRescueTest-1565382227 tempest-ServerStableDeviceRescueTest-1565382227-project-member] new path /v2/images/7ba666a9-ed57-47e0-b4eb-9fe57c225c4e {{(pid=98920) process_request /opt/stack/glance/glance/api/middleware/version_negotiation.py:70}}
May 18 14:26:09.185741 np0000000948 devstack@g-api.service[98920]: [pid: 98920|app: 0|req: 65/135] 127.0.0.1 () {44 vars in 1111 bytes} [Mon May 18 14:26:09 2026] GET /v2/images/7ba666a9-ed57-47e0-b4eb-9fe57c225c4e => generated 1447 bytes in 10 msecs (HTTP/1.1 200) 4 headers in 158 bytes (1 switches on core 0)
May 18 14:26:09.246861 np0000000948 devstack@g-api.service[98919]: DEBUG glance.api.middleware.version_negotiation [None req-65081e9f-0e77-4f1b-b903-84f894771389 tempest-ServerStableDeviceRescueTest-1565382227 tempest-ServerStableDeviceRescueTest-1565382227-project-member] Determining version of request: PUT /v2/images/7ba666a9-ed57-47e0-b4eb-9fe57c225c4e/file Accept: */* {{(pid=98919) process_request /opt/stack/glance/glance/api/middleware/version_negotiation.py:44}}
