Jun 24 09:56:03.347244 np0000003530 nova-scheduler[96254]: DEBUG cotyledon.oslo_config_glue [-] profiler.enabled = False {{(pid=96254) log_opt_values /opt/stack/data/venv/lib/python3.12/site-packages/oslo_config/cfg.py:3253}}
Jun 24 09:56:03.347244 np0000003530 nova-scheduler[96254]: DEBUG cotyledon.oslo_config_glue [-] profiler.es_doc_type = notification {{(pid=96254) log_opt_values /opt/stack/data/venv/lib/python3.12/site-packages/oslo_config/cfg.py:3253}}
Jun 24 09:56:03.347244 np0000003530 nova-scheduler[96254]: DEBUG cotyledon.oslo_config_glue [-] profiler.es_scroll_size = 10000 {{(pid=96254) log_opt_values /opt/stack/data/venv/lib/python3.12/site-packages/oslo_config/cfg.py:3253}}
Jun 24 09:56:03.347526 np0000003530 nova-scheduler[96254]: DEBUG cotyledon.oslo_config_glue [-] profiler.es_scroll_time = 2m {{(pid=96254) log_opt_values /opt/stack/data/venv/lib/python3.12/site-packages/oslo_config/cfg.py:3253}}
Jun 24 09:56:03.347526 np0000003530 nova-scheduler[96254]: DEBUG cotyledon.oslo_config_glue [-] profiler.filter_error_trace = False {{(pid=96254) log_opt_values /opt/stack/data/venv/lib/python3.12/site-packages/oslo_config/cfg.py:3253}}
Jun 24 09:56:03.347526 np0000003530 nova-scheduler[96254]: DEBUG cotyledon.oslo_config_glue [-] profiler.hmac_keys = **** {{(pid=96254) log_opt_values /opt/stack/data/venv/lib/python3.12/site-packages/oslo_config/cfg.py:3253}}
Jun 24 09:56:03.347526 np0000003530 nova-scheduler[96254]: DEBUG cotyledon.oslo_config_glue [-] profiler.sentinel_service_name = mymaster {{(pid=96254) log_opt_values /opt/stack/data/venv/lib/python3.12/site-packages/oslo_config/cfg.py:3253}}
Jun 24 09:56:03.347526 np0000003530 nova-scheduler[96254]: DEBUG cotyledon.oslo_config_glue [-] profiler.socket_timeout = 0.1 {{(pid=96254) log_opt_values /opt/stack/data/venv/lib/python3.12/site-packages/oslo_config/cfg.py:3253}}
Jun 24 09:56:03.347526 np0000003530 nova-scheduler[96254]: DEBUG cotyledon.oslo_config_glue [-] profiler.trace_requests = False {{(pid=96254) log_opt_values /opt/stack/data/venv/lib/python3.12/site-packages/oslo_config/cfg.py:3253}}
Jun 24 09:56:03.347526 np0000003530 nova-scheduler[96254]: DEBUG cotyledon.oslo_config_glue [-] profiler.trace_sqlalchemy = False {{(pid=96254) log_opt_values /opt/stack/data/venv/lib/python3.12/site-packages/oslo_config/cfg.py:3253}}
Jun 24 09:56:03.347526 np0000003530 nova-scheduler[96254]: DEBUG cotyledon.oslo_config_glue [-] profiler_jaeger.process_tags = {} {{(pid=96254) log_opt_values /opt/stack/data/venv/lib/python3.12/site-packages/oslo_config/cfg.py:3253}}
Jun 24 09:56:03.347526 np0000003530 nova-scheduler[96254]: DEBUG cotyledon.oslo_config_glue [-] profiler_jaeger.service_name_prefix = None {{(pid=96254) log_opt_values /opt/stack/data/venv/lib/python3.12/site-packages/oslo_config/cfg.py:3253}}
Jun 24 09:56:03.347721 np0000003530 nova-scheduler[96254]: DEBUG cotyledon.oslo_config_glue [-] profiler_otlp.service_name_prefix = None {{(pid=96254) log_opt_values /opt/stack/data/venv/lib/python3.12/site-packages/oslo_config/cfg.py:3253}}
Jun 24 09:56:03.347721 np0000003530 nova-scheduler[96254]: DEBUG cotyledon.oslo_config_glue [-] oslo_messaging_rabbit.amqp_auto_delete = False {{(pid=96254) log_opt_values /opt/stack/data/venv/lib/python3.12/site-packages/oslo_config/cfg.py:3253}}
Jun 24 09:56:03.347721 np0000003530 nova-scheduler[96254]: DEBUG cotyledon.oslo_config_glue [-] oslo_messaging_rabbit.amqp_durable_queues = False {{(pid=96254) log_opt_values /opt/stack/data/venv/lib/python3.12/site-packages/oslo_config/cfg.py:3253}}
Jun 24 09:56:03.347721 np0000003530 nova-scheduler[96254]: DEBUG cotyledon.oslo_config_glue [-] oslo_messaging_rabbit.conn_pool_min_size = 2 {{(pid=96254) log_opt_values /opt/stack/data/venv/lib/python3.12/site-packages/oslo_config/cfg.py:3253}}
Jun 24 09:56:03.347721 np0000003530 nova-scheduler[96254]: DEBUG cotyledon.oslo_config_glue [-] oslo_messaging_rabbit.conn_pool_ttl = 1200 {{(pid=96254) log_opt_values /opt/stack/data/venv/lib/python3.12/site-packages/oslo_config/cfg.py:3253}}
Jun 24 09:56:03.347721 np0000003530 nova-scheduler[96254]: DEBUG cotyledon.oslo_config_glue [-] oslo_messaging_rabbit.direct_mandatory_flag = True {{(pid=96254) log_opt_values /opt/stack/data/venv/lib/python3.12/site-packages/oslo_config/cfg.py:3253}}
Jun 24 09:56:03.347721 np0000003530 nova-scheduler[96254]: DEBUG cotyledon.oslo_config_glue [-] oslo_messaging_rabbit.enable_cancel_on_failover = False {{(pid=96254) log_opt_values /opt/stack/data/venv/lib/python3.12/site-packages/oslo_config/cfg.py:3253}}
Jun 24 09:56:03.347721 np0000003530 nova-scheduler[96254]: DEBUG cotyledon.oslo_config_glue [-] oslo_messaging_rabbit.heartbeat_rate = 3 {{(pid=96254) log_opt_values /opt/stack/data/venv/lib/python3.12/site-packages/oslo_config/cfg.py:3253}}
Jun 24 09:56:03.347721 np0000003530 nova-scheduler[96254]: DEBUG cotyledon.oslo_config_glue [-] oslo_messaging_rabbit.heartbeat_timeout_threshold = 60 {{(pid=96254) log_opt_values /opt/stack/data/venv/lib/python3.12/site-packages/oslo_config/cfg.py:3253}}
Jun 24 09:56:03.347904 np0000003530 nova-scheduler[96254]: DEBUG cotyledon.oslo_config_glue [-] oslo_messaging_rabbit.hostname = np0000003530 {{(pid=96254) log_opt_values /opt/stack/data/venv/lib/python3.12/site-packages/oslo_config/cfg.py:3253}}
Jun 24 09:56:03.347904 np0000003530 nova-scheduler[96254]: DEBUG cotyledon.oslo_config_glue [-] oslo_messaging_rabbit.kombu_compression = None {{(pid=96254) log_opt_values /opt/stack/data/venv/lib/python3.12/site-packages/oslo_config/cfg.py:3253}}
Jun 24 09:56:03.347904 np0000003530 nova-scheduler[96254]: DEBUG cotyledon.oslo_config_glue [-] oslo_messaging_rabbit.kombu_failover_strategy = round-robin {{(pid=96254) log_opt_values /opt/stack/data/venv/lib/python3.12/site-packages/oslo_config/cfg.py:3253}}
Jun 24 09:56:03.347904 np0000003530 nova-scheduler[96254]: DEBUG cotyledon.oslo_config_glue [-] oslo_messaging_rabbit.kombu_missing_consumer_retry_timeout = 60 {{(pid=96254) log_opt_values /opt/stack/data/venv/lib/python3.12/site-packages/oslo_config/cfg.py:3253}}
Jun 24 09:56:03.347904 np0000003530 nova-scheduler[96254]: DEBUG cotyledon.oslo_config_glue [-] oslo_messaging_rabbit.kombu_reconnect_delay = 1.0 {{(pid=96254) log_opt_values /opt/stack/data/venv/lib/python3.12/site-packages/oslo_config/cfg.py:3253}}
Jun 24 09:56:03.347904 np0000003530 nova-scheduler[96254]: DEBUG cotyledon.oslo_config_glue [-] oslo_messaging_rabbit.kombu_reconnect_splay = 0.0 {{(pid=96254) log_opt_values /opt/stack/data/venv/lib/python3.12/site-packages/oslo_config/cfg.py:3253}}
Jun 24 09:56:03.347904 np0000003530 nova-scheduler[96254]: DEBUG cotyledon.oslo_config_glue [-] oslo_messaging_rabbit.processname = nova-scheduler {{(pid=96254) log_opt_values /opt/stack/data/venv/lib/python3.12/site-packages/oslo_config/cfg.py:3253}}
Jun 24 09:56:03.347904 np0000003530 nova-scheduler[96254]: DEBUG cotyledon.oslo_config_glue [-] oslo_messaging_rabbit.rabbit_ha_queues = False {{(pid=96254) log_opt_values /opt/stack/data/venv/lib/python3.12/site-packages/oslo_config/cfg.py:3253}}
Jun 24 09:56:03.347904 np0000003530 nova-scheduler[96254]: DEBUG cotyledon.oslo_config_glue [-] oslo_messaging_rabbit.rabbit_interval_max = 30 {{(pid=96254) log_opt_values /opt/stack/data/venv/lib/python3.12/site-packages/oslo_config/cfg.py:3253}}
Jun 24 09:56:03.348077 np0000003530 nova-scheduler[96254]: DEBUG cotyledon.oslo_config_glue [-] oslo_messaging_rabbit.rabbit_login_method = AMQPLAIN {{(pid=96254) log_opt_values /opt/stack/data/venv/lib/python3.12/site-packages/oslo_config/cfg.py:3253}}
Jun 24 09:56:03.348077 np0000003530 nova-scheduler[96254]: DEBUG cotyledon.oslo_config_glue [-] oslo_messaging_rabbit.rabbit_qos_prefetch_count = 0 {{(pid=96254) log_opt_values /opt/stack/data/venv/lib/python3.12/site-packages/oslo_config/cfg.py:3253}}
Jun 24 09:56:03.348077 np0000003530 nova-scheduler[96254]: DEBUG cotyledon.oslo_config_glue [-] oslo_messaging_rabbit.rabbit_quorum_delivery_limit = 0 {{(pid=96254) log_opt_values /opt/stack/data/venv/lib/python3.12/site-packages/oslo_config/cfg.py:3253}}
Jun 24 09:56:03.348077 np0000003530 nova-scheduler[96254]: DEBUG cotyledon.oslo_config_glue [-] oslo_messaging_rabbit.rabbit_quorum_max_memory_bytes = 0 {{(pid=96254) log_opt_values /opt/stack/data/venv/lib/python3.12/site-packages/oslo_config/cfg.py:3253}}
Jun 24 09:56:03.348077 np0000003530 nova-scheduler[96254]: DEBUG cotyledon.oslo_config_glue [-] oslo_messaging_rabbit.rabbit_quorum_max_memory_length = 0 {{(pid=96254) log_opt_values /opt/stack/data/venv/lib/python3.12/site-packages/oslo_config/cfg.py:3253}}
Jun 24 09:56:03.348077 np0000003530 nova-scheduler[96254]: DEBUG cotyledon.oslo_config_glue [-] oslo_messaging_rabbit.rabbit_quorum_queue = False {{(pid=96254) log_opt_values /opt/stack/data/venv/lib/python3.12/site-packages/oslo_config/cfg.py:3253}}
Jun 24 09:56:03.348077 np0000003530 nova-scheduler[96254]: DEBUG cotyledon.oslo_config_glue [-] oslo_messaging_rabbit.rabbit_retry_backoff = 2 {{(pid=96254) log_opt_values /opt/stack/data/venv/lib/python3.12/site-packages/oslo_config/cfg.py:3253}}
Jun 24 09:56:03.348077 np0000003530 nova-scheduler[96254]: DEBUG cotyledon.oslo_config_glue [-] oslo_messaging_rabbit.rabbit_retry_interval = 1 {{(pid=96254) log_opt_values /opt/stack/data/venv/lib/python3.12/site-packages/oslo_config/cfg.py:3253}}
Jun 24 09:56:03.348077 np0000003530 nova-scheduler[96254]: DEBUG cotyledon.oslo_config_glue [-] oslo_messaging_rabbit.rabbit_stream_fanout = False {{(pid=96254) log_opt_values /opt/stack/data/venv/lib/python3.12/site-packages/oslo_config/cfg.py:3253}}
Jun 24 09:56:03.348326 np0000003530 nova-scheduler[96254]: DEBUG cotyledon.oslo_config_glue [-] oslo_messaging_rabbit.rabbit_transient_queues_ttl = 1800 {{(pid=96254) log_opt_values /opt/stack/data/venv/lib/python3.12/site-packages/oslo_config/cfg.py:3253}}
Jun 24 09:56:03.348326 np0000003530 nova-scheduler[96254]: DEBUG cotyledon.oslo_config_glue [-] oslo_messaging_rabbit.rabbit_transient_quorum_queue = False {{(pid=96254) log_opt_values /opt/stack/data/venv/lib/python3.12/site-packages/oslo_config/cfg.py:3253}}
Jun 24 09:56:03.348326 np0000003530 nova-scheduler[96254]: DEBUG cotyledon.oslo_config_glue [-] oslo_messaging_rabbit.rpc_conn_pool_size = 30 {{(pid=96254) log_opt_values /opt/stack/data/venv/lib/python3.12/site-packages/oslo_config/cfg.py:3253}}
Jun 24 09:56:03.348326 np0000003530 nova-scheduler[96254]: DEBUG cotyledon.oslo_config_glue [-] oslo_messaging_rabbit.ssl = False {{(pid=96254) log_opt_values /opt/stack/data/venv/lib/python3.12/site-packages/oslo_config/cfg.py:3253}}
Jun 24 09:56:03.348326 np0000003530 nova-scheduler[96254]: DEBUG cotyledon.oslo_config_glue [-] oslo_messaging_rabbit.ssl_ca_file = {{(pid=96254) log_opt_values /opt/stack/data/venv/lib/python3.12/site-packages/oslo_config/cfg.py:3253}}
Jun 24 09:56:03.348326 np0000003530 nova-scheduler[96254]: DEBUG cotyledon.oslo_config_glue [-] oslo_messaging_rabbit.ssl_cert_file = {{(pid=96254) log_opt_values /opt/stack/data/venv/lib/python3.12/site-packages/oslo_config/cfg.py:3253}}
Jun 24 09:56:03.348326 np0000003530 nova-scheduler[96254]: DEBUG cotyledon.oslo_config_glue [-] oslo_messaging_rabbit.ssl_enforce_fips_mode = False {{(pid=96254) log_opt_values /opt/stack/data/venv/lib/python3.12/site-packages/oslo_config/cfg.py:3253}}
Jun 24 09:56:03.348326 np0000003530 nova-scheduler[96254]: DEBUG cotyledon.oslo_config_glue [-] oslo_messaging_rabbit.ssl_enforce_hostname_verification = True {{(pid=96254) log_opt_values /opt/stack/data/venv/lib/python3.12/site-packages/oslo_config/cfg.py:3253}}
Jun 24 09:56:03.348326 np0000003530 nova-scheduler[96254]: DEBUG cotyledon.oslo_config_glue [-] oslo_messaging_rabbit.ssl_key_file = {{(pid=96254) log_opt_values /opt/stack/data/venv/lib/python3.12/site-packages/oslo_config/cfg.py:3253}}
Jun 24 09:56:03.348516 np0000003530 nova-scheduler[96254]: DEBUG cotyledon.oslo_config_glue [-] oslo_messaging_rabbit.ssl_version = {{(pid=96254) log_opt_values /opt/stack/data/venv/lib/python3.12/site-packages/oslo_config/cfg.py:3253}}
Jun 24 09:56:03.348516 np0000003530 nova-scheduler[96254]: DEBUG cotyledon.oslo_config_glue [-] oslo_messaging_rabbit.use_queue_manager = False {{(pid=96254) log_opt_values /opt/stack/data/venv/lib/python3.12/site-packages/oslo_config/cfg.py:3253}}
Jun 24 09:56:03.348516 np0000003530 nova-scheduler[96254]: DEBUG cotyledon.oslo_config_glue [-] oslo_messaging_notifications.driver = ['messagingv2'] {{(pid=96254) log_opt_values /opt/stack/data/venv/lib/python3.12/site-packages/oslo_config/cfg.py:3253}}
Jun 24 09:56:03.348516 np0000003530 nova-scheduler[96254]: DEBUG cotyledon.oslo_config_glue [-] oslo_messaging_notifications.retry = -1 {{(pid=96254) log_opt_values /opt/stack/data/venv/lib/python3.12/site-packages/oslo_config/cfg.py:3253}}
Jun 24 09:56:03.348516 np0000003530 nova-scheduler[96254]: DEBUG cotyledon.oslo_config_glue [-] oslo_messaging_notifications.topics = ['notifications'] {{(pid=96254) log_opt_values /opt/stack/data/venv/lib/python3.12/site-packages/oslo_config/cfg.py:3253}}
Jun 24 09:56:03.348516 np0000003530 nova-scheduler[96254]: DEBUG cotyledon.oslo_config_glue [-] oslo_messaging_notifications.transport_url = **** {{(pid=96254) log_opt_values /opt/stack/data/venv/lib/python3.12/site-packages/oslo_config/cfg.py:3253}}
Jun 24 09:56:03.348516 np0000003530 nova-scheduler[96254]: DEBUG cotyledon.oslo_config_glue [-] oslo_limit.auth_section = None {{(pid=96254) log_opt_values /opt/stack/data/venv/lib/python3.12/site-packages/oslo_config/cfg.py:3253}}
Jun 24 09:56:03.348516 np0000003530 nova-scheduler[96254]: DEBUG cotyledon.oslo_config_glue [-] oslo_limit.auth_type = None {{(pid=96254) log_opt_values /opt/stack/data/venv/lib/python3.12/site-packages/oslo_config/cfg.py:3253}}
Jun 24 09:56:03.348516 np0000003530 nova-scheduler[96254]: DEBUG cotyledon.oslo_config_glue [-] oslo_limit.cafile = None {{(pid=96254) log_opt_values /opt/stack/data/venv/lib/python3.12/site-packages/oslo_config/cfg.py:3253}}
Jun 24 09:56:03.348674 np0000003530 nova-scheduler[96254]: DEBUG cotyledon.oslo_config_glue [-] oslo_limit.certfile = None {{(pid=96254) log_opt_values /opt/stack/data/venv/lib/python3.12/site-packages/oslo_config/cfg.py:3253}}
Jun 24 09:56:03.348674 np0000003530 nova-scheduler[96254]: DEBUG cotyledon.oslo_config_glue [-] oslo_limit.collect_timing = False {{(pid=96254) log_opt_values /opt/stack/data/venv/lib/python3.12/site-packages/oslo_config/cfg.py:3253}}
Jun 24 09:56:03.348674 np0000003530 nova-scheduler[96254]: DEBUG cotyledon.oslo_config_glue [-] oslo_limit.connect_retries = None {{(pid=96254) log_opt_values /opt/stack/data/venv/lib/python3.12/site-packages/oslo_config/cfg.py:3253}}
Jun 24 09:56:03.348674 np0000003530 nova-scheduler[96254]: DEBUG cotyledon.oslo_config_glue [-] oslo_limit.connect_retry_delay = None {{(pid=96254) log_opt_values /opt/stack/data/venv/lib/python3.12/site-packages/oslo_config/cfg.py:3253}}
Jun 24 09:56:03.348674 np0000003530 nova-scheduler[96254]: DEBUG cotyledon.oslo_config_glue [-] oslo_limit.endpoint_id = None {{(pid=96254) log_opt_values /opt/stack/data/venv/lib/python3.12/site-packages/oslo_config/cfg.py:3253}}
Jun 24 09:56:03.348674 np0000003530 nova-scheduler[96254]: DEBUG cotyledon.oslo_config_glue [-] oslo_limit.endpoint_interface = public {{(pid=96254) log_opt_values /opt/stack/data/venv/lib/python3.12/site-packages/oslo_config/cfg.py:3253}}
Jun 24 09:56:03.348674 np0000003530 nova-scheduler[96254]: DEBUG cotyledon.oslo_config_glue [-] oslo_limit.endpoint_override = None {{(pid=96254) log_opt_values /opt/stack/data/venv/lib/python3.12/site-packages/oslo_config/cfg.py:3253}}
Jun 24 09:56:03.348674 np0000003530 nova-scheduler[96254]: DEBUG cotyledon.oslo_config_glue [-] oslo_limit.endpoint_region_name = None {{(pid=96254) log_opt_values /opt/stack/data/venv/lib/python3.12/site-packages/oslo_config/cfg.py:3253}}
Jun 24 09:56:03.348674 np0000003530 nova-scheduler[96254]: DEBUG cotyledon.oslo_config_glue [-] oslo_limit.endpoint_service_name = None {{(pid=96254) log_opt_values /opt/stack/data/venv/lib/python3.12/site-packages/oslo_config/cfg.py:3253}}
Jun 24 09:56:03.348829 np0000003530 nova-scheduler[96254]: DEBUG cotyledon.oslo_config_glue [-] oslo_limit.endpoint_service_type = None {{(pid=96254) log_opt_values /opt/stack/data/venv/lib/python3.12/site-packages/oslo_config/cfg.py:3253}}
Jun 24 09:56:03.348829 np0000003530 nova-scheduler[96254]: DEBUG cotyledon.oslo_config_glue [-] oslo_limit.insecure = False {{(pid=96254) log_opt_values /opt/stack/data/venv/lib/python3.12/site-packages/oslo_config/cfg.py:3253}}
Jun 24 09:56:03.348829 np0000003530 nova-scheduler[96254]: DEBUG cotyledon.oslo_config_glue [-] oslo_limit.keyfile = None {{(pid=96254) log_opt_values /opt/stack/data/venv/lib/python3.12/site-packages/oslo_config/cfg.py:3253}}
Jun 24 09:56:03.348829 np0000003530 nova-scheduler[96254]: DEBUG cotyledon.oslo_config_glue [-] oslo_limit.max_version = None {{(pid=96254) log_opt_values /opt/stack/data/venv/lib/python3.12/site-packages/oslo_config/cfg.py:3253}}
Jun 24 09:56:03.348829 np0000003530 nova-scheduler[96254]: DEBUG cotyledon.oslo_config_glue [-] oslo_limit.min_version = None {{(pid=96254) log_opt_values /opt/stack/data/venv/lib/python3.12/site-packages/oslo_config/cfg.py:3253}}
Jun 24 09:56:03.348829 np0000003530 nova-scheduler[96254]: DEBUG cotyledon.oslo_config_glue [-] oslo_limit.region_name = None {{(pid=96254) log_opt_values /opt/stack/data/venv/lib/python3.12/site-packages/oslo_config/cfg.py:3253}}
Jun 24 09:56:03.348829 np0000003530 nova-scheduler[96254]: DEBUG cotyledon.oslo_config_glue [-] oslo_limit.retriable_status_codes = None {{(pid=96254) log_opt_values /opt/stack/data/venv/lib/python3.12/site-packages/oslo_config/cfg.py:3253}}
Jun 24 09:56:03.348829 np0000003530 nova-scheduler[96254]: DEBUG cotyledon.oslo_config_glue [-] oslo_limit.service_name = None {{(pid=96254) log_opt_values /opt/stack/data/venv/lib/python3.12/site-packages/oslo_config/cfg.py:3253}}
Jun 24 09:56:03.348829 np0000003530 nova-scheduler[96254]: DEBUG cotyledon.oslo_config_glue [-] oslo_limit.service_type = None {{(pid=96254) log_opt_values /opt/stack/data/venv/lib/python3.12/site-packages/oslo_config/cfg.py:3253}}
Jun 24 09:56:03.349001 np0000003530 nova-scheduler[96254]: DEBUG cotyledon.oslo_config_glue [-] oslo_limit.split_loggers = False {{(pid=96254) log_opt_values /opt/stack/data/venv/lib/python3.12/site-packages/oslo_config/cfg.py:3253}}
Jun 24 09:56:03.349001 np0000003530 nova-scheduler[96254]: DEBUG cotyledon.oslo_config_glue [-] oslo_limit.status_code_retries = None {{(pid=96254) log_opt_values /opt/stack/data/venv/lib/python3.12/site-packages/oslo_config/cfg.py:3253}}
Jun 24 09:56:03.349001 np0000003530 nova-scheduler[96254]: DEBUG cotyledon.oslo_config_glue [-] oslo_limit.status_code_retry_delay = None {{(pid=96254) log_opt_values /opt/stack/data/venv/lib/python3.12/site-packages/oslo_config/cfg.py:3253}}
Jun 24 09:56:03.349001 np0000003530 nova-scheduler[96254]: DEBUG cotyledon.oslo_config_glue [-] oslo_limit.timeout = None {{(pid=96254) log_opt_values /opt/stack/data/venv/lib/python3.12/site-packages/oslo_config/cfg.py:3253}}
Jun 24 09:56:03.349001 np0000003530 nova-scheduler[96254]: DEBUG cotyledon.oslo_config_glue [-] oslo_limit.valid_interfaces = None {{(pid=96254) log_opt_values /opt/stack/data/venv/lib/python3.12/site-packages/oslo_config/cfg.py:3253}}
Jun 24 09:56:03.349001 np0000003530 nova-scheduler[96254]: DEBUG cotyledon.oslo_config_glue [-] oslo_limit.version = None {{(pid=96254) log_opt_values /opt/stack/data/venv/lib/python3.12/site-packages/oslo_config/cfg.py:3253}}
Jun 24 09:56:03.349001 np0000003530 nova-scheduler[96254]: DEBUG cotyledon.oslo_config_glue [-] oslo_reports.file_event_handler = None {{(pid=96254) log_opt_values /opt/stack/data/venv/lib/python3.12/site-packages/oslo_config/cfg.py:3253}}
Jun 24 09:56:03.349001 np0000003530 nova-scheduler[96254]: DEBUG cotyledon.oslo_config_glue [-] oslo_reports.file_event_handler_interval = 1 {{(pid=96254) log_opt_values /opt/stack/data/venv/lib/python3.12/site-packages/oslo_config/cfg.py:3253}}
Jun 24 09:56:03.349001 np0000003530 nova-scheduler[96254]: DEBUG cotyledon.oslo_config_glue [-] oslo_reports.log_dir = None {{(pid=96254) log_opt_values /opt/stack/data/venv/lib/python3.12/site-packages/oslo_config/cfg.py:3253}}
Jun 24 09:56:03.349169 np0000003530 nova-scheduler[96254]: DEBUG cotyledon.oslo_config_glue [-] ******************************************************************************** {{(pid=96254) log_opt_values /opt/stack/data/venv/lib/python3.12/site-packages/oslo_config/cfg.py:3260}}
Jun 24 09:56:03.349169 np0000003530 nova-scheduler[96254]: DEBUG cotyledon._service_worker [-] Run service ServiceWrapper(2) [96254] {{(pid=96254) wait_forever /opt/stack/data/venv/lib/python3.12/site-packages/cotyledon/_service_worker.py:218}}
Jun 24 09:56:03.349169 np0000003530 nova-scheduler[96254]: INFO nova.service [-] Starting scheduler node (version 33.1.0)
Jun 24 09:56:03.349169 np0000003530 nova-scheduler[96254]: INFO dbcounter [None req-2b82432c-2b3b-4b77-b00d-00d25856529e None None] Registered counter for database nova_cell0
Jun 24 09:56:03.351298 np0000003530 nova-scheduler[96250]: DEBUG nova.service [None req-742475ec-d264-47fc-93a1-c6dcc9e9e5bf None None] Creating RPC server for service: nova-scheduler on topic: scheduler {{(pid=96250) start /opt/stack/nova/nova/service.py:196}}
Jun 24 09:56:03.352309 np0000003530 nova-scheduler[96252]: DEBUG oslo_db.sqlalchemy.engines [None req-c823ce68-1253-46d7-a7c8-ca5028920091 None None] MySQL server mode set to STRICT_TRANS_TABLES,STRICT_ALL_TABLES,NO_ZERO_IN_DATE,NO_ZERO_DATE,ERROR_FOR_DIVISION_BY_ZERO,TRADITIONAL,NO_ENGINE_SUBSTITUTION {{(pid=96252) _check_effective_sql_mode /opt/stack/data/venv/lib/python3.12/site-packages/oslo_db/sqlalchemy/engines.py:325}}
Jun 24 09:56:03.374020 np0000003530 nova-scheduler[96252]: DEBUG dbcounter [-] [96252] Writer thread running {{(pid=96252) stat_writer /opt/stack/data/venv/lib/python3.12/site-packages/dbcounter.py:102}}
Jun 24 09:56:03.377037 np0000003530 nova-scheduler[96252]: DEBUG nova.service [None req-c823ce68-1253-46d7-a7c8-ca5028920091 None None] Creating RPC server for service: nova-scheduler on topic: scheduler {{(pid=96252) start /opt/stack/nova/nova/service.py:196}}
Jun 24 09:56:03.379766 np0000003530 nova-scheduler[96257]: DEBUG oslo_db.sqlalchemy.engines [None req-025f75a4-900a-4a01-a9d0-8780f2f0a88a None None] MySQL server mode set to STRICT_TRANS_TABLES,STRICT_ALL_TABLES,NO_ZERO_IN_DATE,NO_ZERO_DATE,ERROR_FOR_DIVISION_BY_ZERO,TRADITIONAL,NO_ENGINE_SUBSTITUTION {{(pid=96257) _check_effective_sql_mode /opt/stack/data/venv/lib/python3.12/site-packages/oslo_db/sqlalchemy/engines.py:325}}
Jun 24 09:56:03.383946 np0000003530 nova-scheduler[96250]: DEBUG nova.service [None req-742475ec-d264-47fc-93a1-c6dcc9e9e5bf None None] Join ServiceGroup membership for this service scheduler {{(pid=96250) start /opt/stack/nova/nova/service.py:222}}
Jun 24 09:56:03.384142 np0000003530 nova-scheduler[96250]: DEBUG nova.servicegroup.drivers.db [None req-742475ec-d264-47fc-93a1-c6dcc9e9e5bf None None] DB_Driver: join new ServiceGroup member np0000003530 to the scheduler group, service = {{(pid=96250) join /opt/stack/nova/nova/servicegroup/drivers/db.py:44}}
Jun 24 09:56:03.387924 np0000003530 nova-scheduler[96254]: DEBUG oslo_db.sqlalchemy.engines [None req-2b82432c-2b3b-4b77-b00d-00d25856529e None None] MySQL server mode set to STRICT_TRANS_TABLES,STRICT_ALL_TABLES,NO_ZERO_IN_DATE,NO_ZERO_DATE,ERROR_FOR_DIVISION_BY_ZERO,TRADITIONAL,NO_ENGINE_SUBSTITUTION {{(pid=96254) _check_effective_sql_mode /opt/stack/data/venv/lib/python3.12/site-packages/oslo_db/sqlalchemy/engines.py:325}}
Jun 24 09:56:03.388943 np0000003530 nova-scheduler[96257]: DEBUG dbcounter [-] [96257] Writer thread running {{(pid=96257) stat_writer /opt/stack/data/venv/lib/python3.12/site-packages/dbcounter.py:102}}
Jun 24 09:56:03.391705 np0000003530 nova-scheduler[96257]: DEBUG nova.service [None req-025f75a4-900a-4a01-a9d0-8780f2f0a88a None None] Creating RPC server for service: nova-scheduler on topic: scheduler {{(pid=96257) start /opt/stack/nova/nova/service.py:196}}
Jun 24 09:56:03.394878 np0000003530 nova-scheduler[96252]: DEBUG nova.service [None req-c823ce68-1253-46d7-a7c8-ca5028920091 None None] Join ServiceGroup membership for this service scheduler {{(pid=96252) start /opt/stack/nova/nova/service.py:222}}
Jun 24 09:56:03.395116 np0000003530 nova-scheduler[96252]: DEBUG nova.servicegroup.drivers.db [None req-c823ce68-1253-46d7-a7c8-ca5028920091 None None] DB_Driver: join new ServiceGroup member np0000003530 to the scheduler group, service = {{(pid=96252) join /opt/stack/nova/nova/servicegroup/drivers/db.py:44}}
Jun 24 09:56:03.397271 np0000003530 nova-scheduler[96254]: DEBUG dbcounter [-] [96254] Writer thread running {{(pid=96254) stat_writer /opt/stack/data/venv/lib/python3.12/site-packages/dbcounter.py:102}}
Jun 24 09:56:03.401115 np0000003530 nova-scheduler[96254]: DEBUG nova.service [None req-2b82432c-2b3b-4b77-b00d-00d25856529e None None] Creating RPC server for service: nova-scheduler on topic: scheduler {{(pid=96254) start /opt/stack/nova/nova/service.py:196}}
Jun 24 09:56:03.407659 np0000003530 nova-scheduler[96257]: DEBUG nova.service [None req-025f75a4-900a-4a01-a9d0-8780f2f0a88a None None] Join ServiceGroup membership for this service scheduler {{(pid=96257) start /opt/stack/nova/nova/service.py:222}}
Jun 24 09:56:03.407871 np0000003530 nova-scheduler[96257]: DEBUG nova.servicegroup.drivers.db [None req-025f75a4-900a-4a01-a9d0-8780f2f0a88a None None] DB_Driver: join new ServiceGroup member np0000003530 to the scheduler group, service = {{(pid=96257) join /opt/stack/nova/nova/servicegroup/drivers/db.py:44}}
Jun 24 09:56:03.416922 np0000003530 nova-scheduler[96254]: DEBUG nova.service [None req-2b82432c-2b3b-4b77-b00d-00d25856529e None None] Join ServiceGroup membership for this service scheduler {{(pid=96254) start /opt/stack/nova/nova/service.py:222}}
Jun 24 09:56:03.417132 np0000003530 nova-scheduler[96254]: DEBUG nova.servicegroup.drivers.db [None req-2b82432c-2b3b-4b77-b00d-00d25856529e None None] DB_Driver: join new ServiceGroup member np0000003530 to the scheduler group, service = {{(pid=96254) join /opt/stack/nova/nova/servicegroup/drivers/db.py:44}}
Jun 24 09:56:08.395763 np0000003530 nova-scheduler[96250]: DEBUG oslo.service.backend._threading.loopingcall [-] Fixed interval looping call 'nova.servicegroup.drivers.db.DbDriver._report_state' sleeping for 119.99 seconds {{(pid=96250) _run_loop /opt/stack/data/venv/lib/python3.12/site-packages/oslo_service/backend/_threading/loopingcall.py:125}}
Jun 24 09:56:08.407198 np0000003530 nova-scheduler[96252]: DEBUG oslo.service.backend._threading.loopingcall [-] Fixed interval looping call 'nova.servicegroup.drivers.db.DbDriver._report_state' sleeping for 119.99 seconds {{(pid=96252) _run_loop /opt/stack/data/venv/lib/python3.12/site-packages/oslo_service/backend/_threading/loopingcall.py:125}}
Jun 24 09:56:08.417786 np0000003530 nova-scheduler[96257]: DEBUG oslo.service.backend._threading.loopingcall [-] Fixed interval looping call 'nova.servicegroup.drivers.db.DbDriver._report_state' sleeping for 119.99 seconds {{(pid=96257) _run_loop /opt/stack/data/venv/lib/python3.12/site-packages/oslo_service/backend/_threading/loopingcall.py:125}}
Jun 24 09:56:08.426827 np0000003530 nova-scheduler[96254]: DEBUG oslo.service.backend._threading.loopingcall [-] Fixed interval looping call 'nova.servicegroup.drivers.db.DbDriver._report_state' sleeping for 119.99 seconds {{(pid=96254) _run_loop /opt/stack/data/venv/lib/python3.12/site-packages/oslo_service/backend/_threading/loopingcall.py:125}}
Jun 24 09:56:11.967067 np0000003530 nova-scheduler[95048]: DEBUG dbcounter [-] [95048] Writing DB stats nova_api:SELECT=3 {{(pid=95048) stat_writer /opt/stack/data/venv/lib/python3.12/site-packages/dbcounter.py:115}}
Jun 24 09:56:12.093857 np0000003530 nova-scheduler[95048]: DEBUG dbcounter [-] [95048] Writing DB stats nova_cell0:SELECT=1 {{(pid=95048) stat_writer /opt/stack/data/venv/lib/python3.12/site-packages/dbcounter.py:115}}
Jun 24 09:56:12.105737 np0000003530 nova-scheduler[95048]: DEBUG dbcounter [-] [95048] Writing DB stats nova_cell1:SELECT=1 {{(pid=95048) stat_writer /opt/stack/data/venv/lib/python3.12/site-packages/dbcounter.py:115}}
Jun 24 09:56:18.392432 np0000003530 nova-scheduler[96250]: DEBUG dbcounter [-] [96250] Writing DB stats nova_cell0:SELECT=4,nova_cell0:INSERT=1,nova_cell0:UPDATE=1 {{(pid=96250) stat_writer /opt/stack/data/venv/lib/python3.12/site-packages/dbcounter.py:115}}
Jun 24 09:56:18.403948 np0000003530 nova-scheduler[96252]: DEBUG dbcounter [-] [96252] Writing DB stats nova_cell0:SELECT=3 {{(pid=96252) stat_writer /opt/stack/data/venv/lib/python3.12/site-packages/dbcounter.py:115}}
Jun 24 09:56:18.416561 np0000003530 nova-scheduler[96257]: DEBUG dbcounter [-] [96257] Writing DB stats nova_cell0:SELECT=3 {{(pid=96257) stat_writer /opt/stack/data/venv/lib/python3.12/site-packages/dbcounter.py:115}}
Jun 24 09:56:18.424501 np0000003530 nova-scheduler[96254]: DEBUG dbcounter [-] [96254] Writing DB stats nova_cell0:SELECT=3 {{(pid=96254) stat_writer /opt/stack/data/venv/lib/python3.12/site-packages/dbcounter.py:115}}
Jun 24 09:56:20.409743 np0000003530 nova-scheduler[96257]: DEBUG oslo.service.backend._threading.loopingcall [None req-a6be0782-b7b9-4071-b20f-604d73730d2e None None] Dynamic interval looping call 'nova.service.Service.periodic_tasks' sleeping for 60.00 seconds {{(pid=96257) _run_loop /opt/stack/data/venv/lib/python3.12/site-packages/oslo_service/backend/_threading/loopingcall.py:125}}
Jun 24 09:56:21.386016 np0000003530 nova-scheduler[96250]: DEBUG oslo.service.backend._threading.loopingcall [None req-9c9679d4-b01a-4f62-9022-c5e09d00a4a7 None None] Dynamic interval looping call 'nova.service.Service.periodic_tasks' sleeping for 60.00 seconds {{(pid=96250) _run_loop /opt/stack/data/venv/lib/python3.12/site-packages/oslo_service/backend/_threading/loopingcall.py:125}}
Jun 24 09:56:37.419383 np0000003530 nova-scheduler[96254]: DEBUG oslo.service.backend._threading.loopingcall [None req-d5e13ddf-f491-49d4-9d51-4e8d41e03764 None None] Dynamic interval looping call 'nova.service.Service.periodic_tasks' sleeping for 60.00 seconds {{(pid=96254) _run_loop /opt/stack/data/venv/lib/python3.12/site-packages/oslo_service/backend/_threading/loopingcall.py:125}}
Jun 24 09:56:56.397454 np0000003530 nova-scheduler[96252]: DEBUG oslo.service.backend._threading.loopingcall [None req-2cc3dbc9-9c8d-4cc1-b92a-0d14ae686c78 None None] Dynamic interval looping call 'nova.service.Service.periodic_tasks' sleeping for 60.00 seconds {{(pid=96252) _run_loop /opt/stack/data/venv/lib/python3.12/site-packages/oslo_service/backend/_threading/loopingcall.py:125}}
Jun 24 09:57:20.410316 np0000003530 nova-scheduler[96257]: DEBUG oslo.service.backend._threading.loopingcall [None req-a6be0782-b7b9-4071-b20f-604d73730d2e None None] Dynamic interval looping call 'nova.service.Service.periodic_tasks' sleeping for 60.00 seconds {{(pid=96257) _run_loop /opt/stack/data/venv/lib/python3.12/site-packages/oslo_service/backend/_threading/loopingcall.py:125}}
Jun 24 09:57:21.386461 np0000003530 nova-scheduler[96250]: DEBUG oslo.service.backend._threading.loopingcall [None req-9c9679d4-b01a-4f62-9022-c5e09d00a4a7 None None] Dynamic interval looping call 'nova.service.Service.periodic_tasks' sleeping for 60.00 seconds {{(pid=96250) _run_loop /opt/stack/data/venv/lib/python3.12/site-packages/oslo_service/backend/_threading/loopingcall.py:125}}
Jun 24 09:57:37.419908 np0000003530 nova-scheduler[96254]: DEBUG oslo.service.backend._threading.loopingcall [None req-d5e13ddf-f491-49d4-9d51-4e8d41e03764 None None] Dynamic interval looping call 'nova.service.Service.periodic_tasks' sleeping for 60.00 seconds {{(pid=96254) _run_loop /opt/stack/data/venv/lib/python3.12/site-packages/oslo_service/backend/_threading/loopingcall.py:125}}
Jun 24 09:57:56.398280 np0000003530 nova-scheduler[96252]: DEBUG oslo.service.backend._threading.loopingcall [None req-2cc3dbc9-9c8d-4cc1-b92a-0d14ae686c78 None None] Dynamic interval looping call 'nova.service.Service.periodic_tasks' sleeping for 60.00 seconds {{(pid=96252) _run_loop /opt/stack/data/venv/lib/python3.12/site-packages/oslo_service/backend/_threading/loopingcall.py:125}}
Jun 24 09:58:08.398200 np0000003530 nova-scheduler[96250]: DEBUG oslo.service.backend._threading.loopingcall [-] Fixed interval looping call 'nova.servicegroup.drivers.db.DbDriver._report_state' sleeping for 119.99 seconds {{(pid=96250) _run_loop /opt/stack/data/venv/lib/python3.12/site-packages/oslo_service/backend/_threading/loopingcall.py:125}}
Jun 24 09:58:08.401377 np0000003530 nova-scheduler[96252]: DEBUG oslo.service.backend._threading.loopingcall [-] Fixed interval looping call 'nova.servicegroup.drivers.db.DbDriver._report_state' sleeping for 120.00 seconds {{(pid=96252) _run_loop /opt/stack/data/venv/lib/python3.12/site-packages/oslo_service/backend/_threading/loopingcall.py:125}}
Jun 24 09:58:08.411333 np0000003530 nova-scheduler[96257]: DEBUG oslo.service.backend._threading.loopingcall [-] Fixed interval looping call 'nova.servicegroup.drivers.db.DbDriver._report_state' sleeping for 120.00 seconds {{(pid=96257) _run_loop /opt/stack/data/venv/lib/python3.12/site-packages/oslo_service/backend/_threading/loopingcall.py:125}}
Jun 24 09:58:08.420935 np0000003530 nova-scheduler[96254]: DEBUG oslo.service.backend._threading.loopingcall [-] Fixed interval looping call 'nova.servicegroup.drivers.db.DbDriver._report_state' sleeping for 120.00 seconds {{(pid=96254) _run_loop /opt/stack/data/venv/lib/python3.12/site-packages/oslo_service/backend/_threading/loopingcall.py:125}}
Jun 24 09:58:18.389230 np0000003530 nova-scheduler[96250]: DEBUG dbcounter [-] [96250] Writing DB stats nova_cell0:SELECT=1,nova_cell0:UPDATE=1 {{(pid=96250) stat_writer /opt/stack/data/venv/lib/python3.12/site-packages/dbcounter.py:115}}
Jun 24 09:58:18.399610 np0000003530 nova-scheduler[96252]: DEBUG dbcounter [-] [96252] Writing DB stats nova_cell0:SELECT=1 {{(pid=96252) stat_writer /opt/stack/data/venv/lib/python3.12/site-packages/dbcounter.py:115}}
Jun 24 09:58:18.409605 np0000003530 nova-scheduler[96257]: DEBUG dbcounter [-] [96257] Writing DB stats nova_cell0:SELECT=1 {{(pid=96257) stat_writer /opt/stack/data/venv/lib/python3.12/site-packages/dbcounter.py:115}}
Jun 24 09:58:18.419056 np0000003530 nova-scheduler[96254]: DEBUG dbcounter [-] [96254] Writing DB stats nova_cell0:SELECT=1 {{(pid=96254) stat_writer /opt/stack/data/venv/lib/python3.12/site-packages/dbcounter.py:115}}
Jun 24 09:58:20.410656 np0000003530 nova-scheduler[96257]: DEBUG oslo.service.backend._threading.loopingcall [None req-a6be0782-b7b9-4071-b20f-604d73730d2e None None] Dynamic interval looping call 'nova.service.Service.periodic_tasks' sleeping for 60.00 seconds {{(pid=96257) _run_loop /opt/stack/data/venv/lib/python3.12/site-packages/oslo_service/backend/_threading/loopingcall.py:125}}
Jun 24 09:58:21.387020 np0000003530 nova-scheduler[96250]: DEBUG oslo.service.backend._threading.loopingcall [None req-9c9679d4-b01a-4f62-9022-c5e09d00a4a7 None None] Dynamic interval looping call 'nova.service.Service.periodic_tasks' sleeping for 60.00 seconds {{(pid=96250) _run_loop /opt/stack/data/venv/lib/python3.12/site-packages/oslo_service/backend/_threading/loopingcall.py:125}}
Jun 24 09:58:37.420677 np0000003530 nova-scheduler[96254]: DEBUG oslo.service.backend._threading.loopingcall [None req-d5e13ddf-f491-49d4-9d51-4e8d41e03764 None None] Dynamic interval looping call 'nova.service.Service.periodic_tasks' sleeping for 60.00 seconds {{(pid=96254) _run_loop /opt/stack/data/venv/lib/python3.12/site-packages/oslo_service/backend/_threading/loopingcall.py:125}}
Jun 24 09:58:51.066104 np0000003530 nova-scheduler[96250]: DEBUG nova.scheduler.manager [None req-3b1a19ec-8b98-4dbb-89d3-b92932b8adb9 tempest-ServerActionsV293TestJSON-2099010760 tempest-ServerActionsV293TestJSON-2099010760-project-member] Starting to schedule for instances: ['3c5c1fc3-4c37-4deb-b357-9cd32f7fd82f'] {{(pid=96250) select_destinations /opt/stack/nova/nova/scheduler/manager.py:210}}
Jun 24 09:58:51.067008 np0000003530 nova-scheduler[96250]: DEBUG nova.scheduler.request_filter [None req-3b1a19ec-8b98-4dbb-89d3-b92932b8adb9 tempest-ServerActionsV293TestJSON-2099010760 tempest-ServerActionsV293TestJSON-2099010760-project-member] compute_status_filter request filter added forbidden trait COMPUTE_STATUS_DISABLED {{(pid=96250) compute_status_filter /opt/stack/nova/nova/scheduler/request_filter.py:253}}
Jun 24 09:58:51.067008 np0000003530 nova-scheduler[96250]: DEBUG nova.scheduler.request_filter [None req-3b1a19ec-8b98-4dbb-89d3-b92932b8adb9 tempest-ServerActionsV293TestJSON-2099010760 tempest-ServerActionsV293TestJSON-2099010760-project-member] Request filter 'compute_status_filter' took 0.0 seconds {{(pid=96250) wrapper /opt/stack/nova/nova/scheduler/request_filter.py:46}}
Jun 24 09:58:51.067008 np0000003530 nova-scheduler[96250]: DEBUG nova.scheduler.request_filter [None req-3b1a19ec-8b98-4dbb-89d3-b92932b8adb9 tempest-ServerActionsV293TestJSON-2099010760 tempest-ServerActionsV293TestJSON-2099010760-project-member] Request filter 'accelerators_filter' took 0.0 seconds {{(pid=96250) wrapper /opt/stack/nova/nova/scheduler/request_filter.py:46}}
Jun 24 09:58:51.067199 np0000003530 nova-scheduler[96250]: DEBUG nova.scheduler.request_filter [None req-3b1a19ec-8b98-4dbb-89d3-b92932b8adb9 tempest-ServerActionsV293TestJSON-2099010760 tempest-ServerActionsV293TestJSON-2099010760-project-member] Request filter 'packed_virtqueue_filter' took 0.0 seconds {{(pid=96250) wrapper /opt/stack/nova/nova/scheduler/request_filter.py:46}}
Jun 24 09:58:51.067544 np0000003530 nova-scheduler[96250]: DEBUG nova.scheduler.request_filter [None req-3b1a19ec-8b98-4dbb-89d3-b92932b8adb9 tempest-ServerActionsV293TestJSON-2099010760 tempest-ServerActionsV293TestJSON-2099010760-project-member] Request filter 'remote_managed_ports_filter' took 0.0 seconds {{(pid=96250) wrapper /opt/stack/nova/nova/scheduler/request_filter.py:46}}
Jun 24 09:58:51.067718 np0000003530 nova-scheduler[96250]: DEBUG nova.scheduler.request_filter [None req-3b1a19ec-8b98-4dbb-89d3-b92932b8adb9 tempest-ServerActionsV293TestJSON-2099010760 tempest-ServerActionsV293TestJSON-2099010760-project-member] ephemeral_encryption_filter skipped {{(pid=96250) ephemeral_encryption_filter /opt/stack/nova/nova/scheduler/request_filter.py:426}}
Jun 24 09:58:51.067925 np0000003530 nova-scheduler[96250]: DEBUG nova.scheduler.request_filter [None req-3b1a19ec-8b98-4dbb-89d3-b92932b8adb9 tempest-ServerActionsV293TestJSON-2099010760 tempest-ServerActionsV293TestJSON-2099010760-project-member] virtio_sound_filter skipped {{(pid=96250) virtio_sound_filter /opt/stack/nova/nova/scheduler/request_filter.py:460}}
Jun 24 09:58:51.068056 np0000003530 nova-scheduler[96250]: DEBUG nova.scheduler.request_filter [None req-3b1a19ec-8b98-4dbb-89d3-b92932b8adb9 tempest-ServerActionsV293TestJSON-2099010760 tempest-ServerActionsV293TestJSON-2099010760-project-member] tpm_secret_security_filter skipped {{(pid=96250) tpm_secret_security_filter /opt/stack/nova/nova/scheduler/request_filter.py:477}}
Jun 24 09:58:51.640296 np0000003530 nova-scheduler[96250]: INFO nova.utils [None req-3b1a19ec-8b98-4dbb-89d3-b92932b8adb9 tempest-ServerActionsV293TestJSON-2099010760 tempest-ServerActionsV293TestJSON-2099010760-project-member] The cell worker thread pool ForkProcess-1.cell_worker is initialized
Jun 24 09:58:51.640640 np0000003530 nova-scheduler[96250]: DEBUG oslo_concurrency.lockutils [None req-3b1a19ec-8b98-4dbb-89d3-b92932b8adb9 tempest-ServerActionsV293TestJSON-2099010760 tempest-ServerActionsV293TestJSON-2099010760-project-member] Acquiring lock "4295514e-4c6a-4199-9935-27896bfba753" by "nova.context.set_target_cell..get_or_set_cached_cell_and_set_connections" {{(pid=96250) inner /opt/stack/data/venv/lib/python3.12/site-packages/oslo_concurrency/lockutils.py:511}}
Jun 24 09:58:51.640856 np0000003530 nova-scheduler[96250]: DEBUG oslo_concurrency.lockutils [None req-3b1a19ec-8b98-4dbb-89d3-b92932b8adb9 tempest-ServerActionsV293TestJSON-2099010760 tempest-ServerActionsV293TestJSON-2099010760-project-member] Lock "4295514e-4c6a-4199-9935-27896bfba753" acquired by "nova.context.set_target_cell..get_or_set_cached_cell_and_set_connections" :: waited 0.000s {{(pid=96250) inner /opt/stack/data/venv/lib/python3.12/site-packages/oslo_concurrency/lockutils.py:524}}
Jun 24 09:58:51.642483 np0000003530 nova-scheduler[96250]: DEBUG oslo_concurrency.lockutils [None req-3b1a19ec-8b98-4dbb-89d3-b92932b8adb9 tempest-ServerActionsV293TestJSON-2099010760 tempest-ServerActionsV293TestJSON-2099010760-project-member] Lock "4295514e-4c6a-4199-9935-27896bfba753" "released" by "nova.context.set_target_cell..get_or_set_cached_cell_and_set_connections" :: held 0.002s {{(pid=96250) inner /opt/stack/data/venv/lib/python3.12/site-packages/oslo_concurrency/lockutils.py:543}}
Jun 24 09:58:51.644446 np0000003530 nova-scheduler[96250]: INFO dbcounter [None req-3b1a19ec-8b98-4dbb-89d3-b92932b8adb9 tempest-ServerActionsV293TestJSON-2099010760 tempest-ServerActionsV293TestJSON-2099010760-project-member] Registered counter for database nova_cell1
Jun 24 09:58:51.689587 np0000003530 nova-scheduler[96250]: DEBUG oslo_db.sqlalchemy.engines [None req-3b1a19ec-8b98-4dbb-89d3-b92932b8adb9 tempest-ServerActionsV293TestJSON-2099010760 tempest-ServerActionsV293TestJSON-2099010760-project-member] MySQL server mode set to STRICT_TRANS_TABLES,STRICT_ALL_TABLES,NO_ZERO_IN_DATE,NO_ZERO_DATE,ERROR_FOR_DIVISION_BY_ZERO,TRADITIONAL,NO_ENGINE_SUBSTITUTION {{(pid=96250) _check_effective_sql_mode /opt/stack/data/venv/lib/python3.12/site-packages/oslo_db/sqlalchemy/engines.py:325}}
Jun 24 09:58:51.695536 np0000003530 nova-scheduler[96250]: DEBUG dbcounter [-] [96250] Writer thread running {{(pid=96250) stat_writer /opt/stack/data/venv/lib/python3.12/site-packages/dbcounter.py:102}}
Jun 24 09:58:51.709622 np0000003530 nova-scheduler[96250]: DEBUG oslo_db.sqlalchemy.engines [None req-3b1a19ec-8b98-4dbb-89d3-b92932b8adb9 tempest-ServerActionsV293TestJSON-2099010760 tempest-ServerActionsV293TestJSON-2099010760-project-member] Parent process 95048 forked (96250) with an open database connection, which is being discarded and recreated. {{(pid=96250) checkout /opt/stack/data/venv/lib/python3.12/site-packages/oslo_db/sqlalchemy/engines.py:402}}
Jun 24 09:58:51.757857 np0000003530 nova-scheduler[96250]: DEBUG dbcounter [-] [96250] Writer thread running {{(pid=96250) stat_writer /opt/stack/data/venv/lib/python3.12/site-packages/dbcounter.py:102}}
Jun 24 09:58:51.760151 np0000003530 nova-scheduler[96250]: DEBUG oslo_concurrency.lockutils [None req-3b1a19ec-8b98-4dbb-89d3-b92932b8adb9 tempest-ServerActionsV293TestJSON-2099010760 tempest-ServerActionsV293TestJSON-2099010760-project-member] Acquiring lock "4295514e-4c6a-4199-9935-27896bfba753" by "nova.context.set_target_cell..get_or_set_cached_cell_and_set_connections" {{(pid=96250) inner /opt/stack/data/venv/lib/python3.12/site-packages/oslo_concurrency/lockutils.py:511}}
Jun 24 09:58:51.760297 np0000003530 nova-scheduler[96250]: DEBUG oslo_concurrency.lockutils [None req-3b1a19ec-8b98-4dbb-89d3-b92932b8adb9 tempest-ServerActionsV293TestJSON-2099010760 tempest-ServerActionsV293TestJSON-2099010760-project-member] Lock "4295514e-4c6a-4199-9935-27896bfba753" acquired by "nova.context.set_target_cell..get_or_set_cached_cell_and_set_connections" :: waited 0.000s {{(pid=96250) inner /opt/stack/data/venv/lib/python3.12/site-packages/oslo_concurrency/lockutils.py:524}}
Jun 24 09:58:51.760568 np0000003530 nova-scheduler[96250]: DEBUG oslo_concurrency.lockutils [None req-3b1a19ec-8b98-4dbb-89d3-b92932b8adb9 tempest-ServerActionsV293TestJSON-2099010760 tempest-ServerActionsV293TestJSON-2099010760-project-member] Lock "4295514e-4c6a-4199-9935-27896bfba753" "released" by "nova.context.set_target_cell..get_or_set_cached_cell_and_set_connections" :: held 0.000s {{(pid=96250) inner /opt/stack/data/venv/lib/python3.12/site-packages/oslo_concurrency/lockutils.py:543}}
Jun 24 09:58:51.763308 np0000003530 nova-scheduler[96250]: DEBUG oslo_concurrency.lockutils [None req-3b1a19ec-8b98-4dbb-89d3-b92932b8adb9 tempest-ServerActionsV293TestJSON-2099010760 tempest-ServerActionsV293TestJSON-2099010760-project-member] Acquiring lock "('np0000003530', 'np0000003530')" by "nova.scheduler.host_manager.HostState.update.._locked_update" {{(pid=96250) inner /opt/stack/data/venv/lib/python3.12/site-packages/oslo_concurrency/lockutils.py:511}}
Jun 24 09:58:51.763468 np0000003530 nova-scheduler[96250]: DEBUG oslo_concurrency.lockutils [None req-3b1a19ec-8b98-4dbb-89d3-b92932b8adb9 tempest-ServerActionsV293TestJSON-2099010760 tempest-ServerActionsV293TestJSON-2099010760-project-member] Lock "('np0000003530', 'np0000003530')" acquired by "nova.scheduler.host_manager.HostState.update.._locked_update" :: waited 0.000s {{(pid=96250) inner /opt/stack/data/venv/lib/python3.12/site-packages/oslo_concurrency/lockutils.py:524}}
Jun 24 09:58:51.764644 np0000003530 nova-scheduler[96250]: DEBUG nova.scheduler.host_manager [None req-3b1a19ec-8b98-4dbb-89d3-b92932b8adb9 tempest-ServerActionsV293TestJSON-2099010760 tempest-ServerActionsV293TestJSON-2099010760-project-member] Update host state from compute node: ComputeNode(cpu_allocation_ratio=4.0,cpu_info='{"arch": "x86_64", "model": "EPYC-Milan", "vendor": "AMD", "topology": {"cells": 1, "sockets": 16, "cores": 1, "threads": 1}, "maxphysaddr": {"mode": "emulate", "bits": 40}, "features": ["ibrs", "osvw", "pae", "lbrv", "xsaves", "smap", "xsavec", "no-nested-data-bp", "cmov", "ssbd", "hypervisor", "aes", "pku", "nrip-save", "npt", "sse4.1", "pse36", "virt-ssbd", "vmcb-clean", "mds-no", "bmi2", "svme-addr-chk", "ibpb", "null-sel-clr-base", "apic", "mce", "pdpe1gb", "gds-no", "rdtscp", "rdctl-no", "mca", "cmp_legacy", "popcnt", "pat", "pause-filter", "x2apic", "amd-psfd", "mtrr", "3dnowprefetch", "abm", "arat", "cx8", "misalignsse", "tsc", "xsave", "pse", "mmxext", "xsaveerptr", "vpclmulqdq", "svm", "fxsr", "lm", "arch-capabilities", "clwb", "erms", "msr", "cr8legacy", "fxsr_opt", "v-vmsave-vmload", "f16c", "stibp", "mmx", "tsc_adjust", "flushbyasid", "tsc-scale", "pni", "movbe", "cx16", "pschange-mc-no", "rdpid", "sep", "topoext", "clflushopt", "smep", "pclmuldq", "amd-stibp", "fma", "vaes", "stibp-always-on", "pcid", "sha-ni", "tsc-deadline", "pge", "fsrm", "skip-l1dfl-vmentry", "sse", "sse4a", "xgetbv1", "fpu", "rdseed", "xsaveopt", "pfthreshold", "ssse3", "amd-ssbd", "wbnoinvd", "rdrand", "invpcid", "lahf_lm", "clflush", "sse4.2", "bmi1", "vme", "avx", "avx2", "lfence-always-serializing", "umip", "perfctr_core", "spec-ctrl", "adx", "clzero", "syscall", "sse2", "nx", "vgif", "fsgsbase", "de"]}',created_at=2026-06-24T09:56:27Z,current_workload=0,deleted=False,deleted_at=None,disk_allocation_ratio=1.0,disk_available_least=74,free_disk_gb=95,free_ram_mb=63789,host='np0000003530',host_ip=10.4.3.172,hypervisor_hostname='np0000003530',hypervisor_type='QEMU',hypervisor_version=8002002,id=1,local_gb=95,local_gb_used=0,mapped=1,memory_mb=64301,memory_mb_used=512,metrics='[]',numa_topology='{"nova_object.name": "NUMATopology", "nova_object.namespace": "nova", "nova_object.version": "1.2", "nova_object.data": {"cells": [{"nova_object.name": "NUMACell", "nova_object.namespace": "nova", "nova_object.version": "1.5", "nova_object.data": {"id": 0, "cpuset": [0, 1, 2, 3, 4, 5, 6, 7, 8, 9, 10, 11, 12, 13, 14, 15], "pcpuset": [0, 1, 2, 3, 4, 5, 6, 7, 8, 9, 10, 11, 12, 13, 14, 15], "memory": 64301, "cpu_usage": 0, "memory_usage": 0, "pinned_cpus": [], "siblings": [[6], [12], [2], [15], [5], [11], [8], [14], [4], [1], [7], [10], [0], [13], [3], [9]], "mempages": [{"nova_object.name": "NUMAPagesTopology", "nova_object.namespace": "nova", "nova_object.version": "1.1", "nova_object.data": {"size_kb": 4, "total": 16461068, "used": 0, "reserved": 0}, "nova_object.changes": ["total", "reserved", "size_kb", "used"]}, {"nova_object.name": "NUMAPagesTopology", "nova_object.namespace": "nova", "nova_object.version": "1.1", "nova_object.data": {"size_kb": 2048, "total": 0, "used": 0, "reserved": 0}, "nova_object.changes": ["total", "reserved", "size_kb", "used"]}, {"nova_object.name": "NUMAPagesTopology", "nova_object.namespace": "nova", "nova_object.version": "1.1", "nova_object.data": {"size_kb": 1048576, "total": 0, "used": 0, "reserved": 0}, "nova_object.changes": ["total", "reserved", "size_kb", "used"]}], "network_metadata": {"nova_object.name": "NetworkMetadata", "nova_object.namespace": "nova", "nova_object.version": "1.0", "nova_object.data": {"physnets": [], "tunneled": false}, "nova_object.changes": ["physnets", "tunneled"]}, "socket": null}, "nova_object.changes": ["id", "network_metadata", "pinned_cpus", "cpu_usage", "mempages", "pcpuset", "memory_usage", "siblings", "cpuset", "socket", "memory"]}]}, "nova_object.changes": ["cells"]}',pci_device_pools=PciDevicePoolList,ram_allocation_ratio=1.0,running_vms=0,service_id=2,stats={failed_builds='0',uptime=' 09:58:14 up 25 min, 2 users, load average: 1.71, 1.77, 1.00
Jun 24 09:58:51.764644 np0000003530 nova-scheduler[96250]: '},supported_hv_specs=[HVSpec,HVSpec,HVSpec,HVSpec,HVSpec,HVSpec,HVSpec,HVSpec,HVSpec,HVSpec,HVSpec,HVSpec,HVSpec,HVSpec,HVSpec,HVSpec,HVSpec,HVSpec,HVSpec,HVSpec,HVSpec,HVSpec,HVSpec,HVSpec,HVSpec],updated_at=2026-06-24T09:58:16Z,uuid=58e50fba-34f3-47d1-8476-14ce1c19b828,vcpus=16,vcpus_used=0) {{(pid=96250) _locked_update /opt/stack/nova/nova/scheduler/host_manager.py:168}}
