Jun 24 09:56:08.624074 np0000003530 nova-conductor[98724]: DEBUG cotyledon.oslo_config_glue [-] profiler.hmac_keys = **** {{(pid=98724) log_opt_values /opt/stack/data/venv/lib/python3.12/site-packages/oslo_config/cfg.py:3253}}
Jun 24 09:56:08.624074 np0000003530 nova-conductor[98724]: DEBUG cotyledon.oslo_config_glue [-] profiler.sentinel_service_name = mymaster {{(pid=98724) log_opt_values /opt/stack/data/venv/lib/python3.12/site-packages/oslo_config/cfg.py:3253}}
Jun 24 09:56:08.624074 np0000003530 nova-conductor[98724]: DEBUG cotyledon.oslo_config_glue [-] profiler.socket_timeout = 0.1 {{(pid=98724) log_opt_values /opt/stack/data/venv/lib/python3.12/site-packages/oslo_config/cfg.py:3253}}
Jun 24 09:56:08.624074 np0000003530 nova-conductor[98724]: DEBUG cotyledon.oslo_config_glue [-] profiler.trace_requests = False {{(pid=98724) log_opt_values /opt/stack/data/venv/lib/python3.12/site-packages/oslo_config/cfg.py:3253}}
Jun 24 09:56:08.624074 np0000003530 nova-conductor[98724]: DEBUG cotyledon.oslo_config_glue [-] profiler.trace_sqlalchemy = False {{(pid=98724) log_opt_values /opt/stack/data/venv/lib/python3.12/site-packages/oslo_config/cfg.py:3253}}
Jun 24 09:56:08.624074 np0000003530 nova-conductor[98724]: DEBUG cotyledon.oslo_config_glue [-] profiler_jaeger.process_tags = {} {{(pid=98724) log_opt_values /opt/stack/data/venv/lib/python3.12/site-packages/oslo_config/cfg.py:3253}}
Jun 24 09:56:08.624074 np0000003530 nova-conductor[98724]: DEBUG cotyledon.oslo_config_glue [-] profiler_jaeger.service_name_prefix = None {{(pid=98724) log_opt_values /opt/stack/data/venv/lib/python3.12/site-packages/oslo_config/cfg.py:3253}}
Jun 24 09:56:08.624074 np0000003530 nova-conductor[98724]: DEBUG cotyledon.oslo_config_glue [-] profiler_otlp.service_name_prefix = None {{(pid=98724) log_opt_values /opt/stack/data/venv/lib/python3.12/site-packages/oslo_config/cfg.py:3253}}
Jun 24 09:56:08.624283 np0000003530 nova-conductor[98724]: DEBUG cotyledon.oslo_config_glue [-] oslo_messaging_rabbit.amqp_auto_delete = False {{(pid=98724) log_opt_values /opt/stack/data/venv/lib/python3.12/site-packages/oslo_config/cfg.py:3253}}
Jun 24 09:56:08.624283 np0000003530 nova-conductor[98724]: DEBUG cotyledon.oslo_config_glue [-] oslo_messaging_rabbit.amqp_durable_queues = False {{(pid=98724) log_opt_values /opt/stack/data/venv/lib/python3.12/site-packages/oslo_config/cfg.py:3253}}
Jun 24 09:56:08.624283 np0000003530 nova-conductor[98724]: DEBUG cotyledon.oslo_config_glue [-] oslo_messaging_rabbit.conn_pool_min_size = 2 {{(pid=98724) log_opt_values /opt/stack/data/venv/lib/python3.12/site-packages/oslo_config/cfg.py:3253}}
Jun 24 09:56:08.624283 np0000003530 nova-conductor[98724]: DEBUG cotyledon.oslo_config_glue [-] oslo_messaging_rabbit.conn_pool_ttl = 1200 {{(pid=98724) log_opt_values /opt/stack/data/venv/lib/python3.12/site-packages/oslo_config/cfg.py:3253}}
Jun 24 09:56:08.624283 np0000003530 nova-conductor[98724]: DEBUG cotyledon.oslo_config_glue [-] oslo_messaging_rabbit.direct_mandatory_flag = True {{(pid=98724) log_opt_values /opt/stack/data/venv/lib/python3.12/site-packages/oslo_config/cfg.py:3253}}
Jun 24 09:56:08.624283 np0000003530 nova-conductor[98724]: DEBUG cotyledon.oslo_config_glue [-] oslo_messaging_rabbit.enable_cancel_on_failover = False {{(pid=98724) log_opt_values /opt/stack/data/venv/lib/python3.12/site-packages/oslo_config/cfg.py:3253}}
Jun 24 09:56:08.624283 np0000003530 nova-conductor[98724]: DEBUG cotyledon.oslo_config_glue [-] oslo_messaging_rabbit.heartbeat_rate = 3 {{(pid=98724) log_opt_values /opt/stack/data/venv/lib/python3.12/site-packages/oslo_config/cfg.py:3253}}
Jun 24 09:56:08.624283 np0000003530 nova-conductor[98724]: DEBUG cotyledon.oslo_config_glue [-] oslo_messaging_rabbit.heartbeat_timeout_threshold = 60 {{(pid=98724) log_opt_values /opt/stack/data/venv/lib/python3.12/site-packages/oslo_config/cfg.py:3253}}
Jun 24 09:56:08.624283 np0000003530 nova-conductor[98724]: DEBUG cotyledon.oslo_config_glue [-] oslo_messaging_rabbit.hostname = np0000003530 {{(pid=98724) log_opt_values /opt/stack/data/venv/lib/python3.12/site-packages/oslo_config/cfg.py:3253}}
Jun 24 09:56:08.624507 np0000003530 nova-conductor[98724]: DEBUG cotyledon.oslo_config_glue [-] oslo_messaging_rabbit.kombu_compression = None {{(pid=98724) log_opt_values /opt/stack/data/venv/lib/python3.12/site-packages/oslo_config/cfg.py:3253}}
Jun 24 09:56:08.624507 np0000003530 nova-conductor[98724]: DEBUG cotyledon.oslo_config_glue [-] oslo_messaging_rabbit.kombu_failover_strategy = round-robin {{(pid=98724) log_opt_values /opt/stack/data/venv/lib/python3.12/site-packages/oslo_config/cfg.py:3253}}
Jun 24 09:56:08.624507 np0000003530 nova-conductor[98724]: DEBUG cotyledon.oslo_config_glue [-] oslo_messaging_rabbit.kombu_missing_consumer_retry_timeout = 60 {{(pid=98724) log_opt_values /opt/stack/data/venv/lib/python3.12/site-packages/oslo_config/cfg.py:3253}}
Jun 24 09:56:08.624507 np0000003530 nova-conductor[98724]: DEBUG cotyledon.oslo_config_glue [-] oslo_messaging_rabbit.kombu_reconnect_delay = 1.0 {{(pid=98724) log_opt_values /opt/stack/data/venv/lib/python3.12/site-packages/oslo_config/cfg.py:3253}}
Jun 24 09:56:08.624507 np0000003530 nova-conductor[98724]: DEBUG cotyledon.oslo_config_glue [-] oslo_messaging_rabbit.kombu_reconnect_splay = 0.0 {{(pid=98724) log_opt_values /opt/stack/data/venv/lib/python3.12/site-packages/oslo_config/cfg.py:3253}}
Jun 24 09:56:08.624507 np0000003530 nova-conductor[98724]: DEBUG cotyledon.oslo_config_glue [-] oslo_messaging_rabbit.processname = nova-conductor {{(pid=98724) log_opt_values /opt/stack/data/venv/lib/python3.12/site-packages/oslo_config/cfg.py:3253}}
Jun 24 09:56:08.624507 np0000003530 nova-conductor[98724]: DEBUG cotyledon.oslo_config_glue [-] oslo_messaging_rabbit.rabbit_ha_queues = False {{(pid=98724) log_opt_values /opt/stack/data/venv/lib/python3.12/site-packages/oslo_config/cfg.py:3253}}
Jun 24 09:56:08.624507 np0000003530 nova-conductor[98724]: DEBUG cotyledon.oslo_config_glue [-] oslo_messaging_rabbit.rabbit_interval_max = 30 {{(pid=98724) log_opt_values /opt/stack/data/venv/lib/python3.12/site-packages/oslo_config/cfg.py:3253}}
Jun 24 09:56:08.624507 np0000003530 nova-conductor[98724]: DEBUG cotyledon.oslo_config_glue [-] oslo_messaging_rabbit.rabbit_login_method = AMQPLAIN {{(pid=98724) log_opt_values /opt/stack/data/venv/lib/python3.12/site-packages/oslo_config/cfg.py:3253}}
Jun 24 09:56:08.624683 np0000003530 nova-conductor[98724]: DEBUG cotyledon.oslo_config_glue [-] oslo_messaging_rabbit.rabbit_qos_prefetch_count = 0 {{(pid=98724) log_opt_values /opt/stack/data/venv/lib/python3.12/site-packages/oslo_config/cfg.py:3253}}
Jun 24 09:56:08.624683 np0000003530 nova-conductor[98724]: DEBUG cotyledon.oslo_config_glue [-] oslo_messaging_rabbit.rabbit_quorum_delivery_limit = 0 {{(pid=98724) log_opt_values /opt/stack/data/venv/lib/python3.12/site-packages/oslo_config/cfg.py:3253}}
Jun 24 09:56:08.624683 np0000003530 nova-conductor[98724]: DEBUG cotyledon.oslo_config_glue [-] oslo_messaging_rabbit.rabbit_quorum_max_memory_bytes = 0 {{(pid=98724) log_opt_values /opt/stack/data/venv/lib/python3.12/site-packages/oslo_config/cfg.py:3253}}
Jun 24 09:56:08.624683 np0000003530 nova-conductor[98724]: DEBUG cotyledon.oslo_config_glue [-] oslo_messaging_rabbit.rabbit_quorum_max_memory_length = 0 {{(pid=98724) log_opt_values /opt/stack/data/venv/lib/python3.12/site-packages/oslo_config/cfg.py:3253}}
Jun 24 09:56:08.624683 np0000003530 nova-conductor[98724]: DEBUG cotyledon.oslo_config_glue [-] oslo_messaging_rabbit.rabbit_quorum_queue = False {{(pid=98724) log_opt_values /opt/stack/data/venv/lib/python3.12/site-packages/oslo_config/cfg.py:3253}}
Jun 24 09:56:08.624683 np0000003530 nova-conductor[98724]: DEBUG cotyledon.oslo_config_glue [-] oslo_messaging_rabbit.rabbit_retry_backoff = 2 {{(pid=98724) log_opt_values /opt/stack/data/venv/lib/python3.12/site-packages/oslo_config/cfg.py:3253}}
Jun 24 09:56:08.624683 np0000003530 nova-conductor[98724]: DEBUG cotyledon.oslo_config_glue [-] oslo_messaging_rabbit.rabbit_retry_interval = 1 {{(pid=98724) log_opt_values /opt/stack/data/venv/lib/python3.12/site-packages/oslo_config/cfg.py:3253}}
Jun 24 09:56:08.624683 np0000003530 nova-conductor[98724]: DEBUG cotyledon.oslo_config_glue [-] oslo_messaging_rabbit.rabbit_stream_fanout = False {{(pid=98724) log_opt_values /opt/stack/data/venv/lib/python3.12/site-packages/oslo_config/cfg.py:3253}}
Jun 24 09:56:08.624683 np0000003530 nova-conductor[98724]: DEBUG cotyledon.oslo_config_glue [-] oslo_messaging_rabbit.rabbit_transient_queues_ttl = 1800 {{(pid=98724) log_opt_values /opt/stack/data/venv/lib/python3.12/site-packages/oslo_config/cfg.py:3253}}
Jun 24 09:56:08.624886 np0000003530 nova-conductor[98724]: DEBUG cotyledon.oslo_config_glue [-] oslo_messaging_rabbit.rabbit_transient_quorum_queue = False {{(pid=98724) log_opt_values /opt/stack/data/venv/lib/python3.12/site-packages/oslo_config/cfg.py:3253}}
Jun 24 09:56:08.624886 np0000003530 nova-conductor[98724]: DEBUG cotyledon.oslo_config_glue [-] oslo_messaging_rabbit.rpc_conn_pool_size = 30 {{(pid=98724) log_opt_values /opt/stack/data/venv/lib/python3.12/site-packages/oslo_config/cfg.py:3253}}
Jun 24 09:56:08.624886 np0000003530 nova-conductor[98724]: DEBUG cotyledon.oslo_config_glue [-] oslo_messaging_rabbit.ssl = False {{(pid=98724) log_opt_values /opt/stack/data/venv/lib/python3.12/site-packages/oslo_config/cfg.py:3253}}
Jun 24 09:56:08.624886 np0000003530 nova-conductor[98724]: DEBUG cotyledon.oslo_config_glue [-] oslo_messaging_rabbit.ssl_ca_file = {{(pid=98724) log_opt_values /opt/stack/data/venv/lib/python3.12/site-packages/oslo_config/cfg.py:3253}}
Jun 24 09:56:08.624886 np0000003530 nova-conductor[98724]: DEBUG cotyledon.oslo_config_glue [-] oslo_messaging_rabbit.ssl_cert_file = {{(pid=98724) log_opt_values /opt/stack/data/venv/lib/python3.12/site-packages/oslo_config/cfg.py:3253}}
Jun 24 09:56:08.624886 np0000003530 nova-conductor[98724]: DEBUG cotyledon.oslo_config_glue [-] oslo_messaging_rabbit.ssl_enforce_fips_mode = False {{(pid=98724) log_opt_values /opt/stack/data/venv/lib/python3.12/site-packages/oslo_config/cfg.py:3253}}
Jun 24 09:56:08.624886 np0000003530 nova-conductor[98724]: DEBUG cotyledon.oslo_config_glue [-] oslo_messaging_rabbit.ssl_enforce_hostname_verification = True {{(pid=98724) log_opt_values /opt/stack/data/venv/lib/python3.12/site-packages/oslo_config/cfg.py:3253}}
Jun 24 09:56:08.624886 np0000003530 nova-conductor[98724]: DEBUG cotyledon.oslo_config_glue [-] oslo_messaging_rabbit.ssl_key_file = {{(pid=98724) log_opt_values /opt/stack/data/venv/lib/python3.12/site-packages/oslo_config/cfg.py:3253}}
Jun 24 09:56:08.624886 np0000003530 nova-conductor[98724]: DEBUG cotyledon.oslo_config_glue [-] oslo_messaging_rabbit.ssl_version = {{(pid=98724) log_opt_values /opt/stack/data/venv/lib/python3.12/site-packages/oslo_config/cfg.py:3253}}
Jun 24 09:56:08.625055 np0000003530 nova-conductor[98724]: DEBUG cotyledon.oslo_config_glue [-] oslo_messaging_rabbit.use_queue_manager = False {{(pid=98724) log_opt_values /opt/stack/data/venv/lib/python3.12/site-packages/oslo_config/cfg.py:3253}}
Jun 24 09:56:08.625055 np0000003530 nova-conductor[98724]: DEBUG cotyledon.oslo_config_glue [-] oslo_messaging_notifications.driver = ['messagingv2'] {{(pid=98724) log_opt_values /opt/stack/data/venv/lib/python3.12/site-packages/oslo_config/cfg.py:3253}}
Jun 24 09:56:08.625055 np0000003530 nova-conductor[98724]: DEBUG cotyledon.oslo_config_glue [-] oslo_messaging_notifications.retry = -1 {{(pid=98724) log_opt_values /opt/stack/data/venv/lib/python3.12/site-packages/oslo_config/cfg.py:3253}}
Jun 24 09:56:08.625055 np0000003530 nova-conductor[98724]: DEBUG cotyledon.oslo_config_glue [-] oslo_messaging_notifications.topics = ['notifications'] {{(pid=98724) log_opt_values /opt/stack/data/venv/lib/python3.12/site-packages/oslo_config/cfg.py:3253}}
Jun 24 09:56:08.625055 np0000003530 nova-conductor[98724]: DEBUG cotyledon.oslo_config_glue [-] oslo_messaging_notifications.transport_url = **** {{(pid=98724) log_opt_values /opt/stack/data/venv/lib/python3.12/site-packages/oslo_config/cfg.py:3253}}
Jun 24 09:56:08.625055 np0000003530 nova-conductor[98724]: DEBUG cotyledon.oslo_config_glue [-] oslo_limit.auth_section = None {{(pid=98724) log_opt_values /opt/stack/data/venv/lib/python3.12/site-packages/oslo_config/cfg.py:3253}}
Jun 24 09:56:08.625055 np0000003530 nova-conductor[98724]: DEBUG cotyledon.oslo_config_glue [-] oslo_limit.auth_type = None {{(pid=98724) log_opt_values /opt/stack/data/venv/lib/python3.12/site-packages/oslo_config/cfg.py:3253}}
Jun 24 09:56:08.625055 np0000003530 nova-conductor[98724]: DEBUG cotyledon.oslo_config_glue [-] oslo_limit.cafile = None {{(pid=98724) log_opt_values /opt/stack/data/venv/lib/python3.12/site-packages/oslo_config/cfg.py:3253}}
Jun 24 09:56:08.625055 np0000003530 nova-conductor[98724]: DEBUG cotyledon.oslo_config_glue [-] oslo_limit.certfile = None {{(pid=98724) log_opt_values /opt/stack/data/venv/lib/python3.12/site-packages/oslo_config/cfg.py:3253}}
Jun 24 09:56:08.625237 np0000003530 nova-conductor[98724]: DEBUG cotyledon.oslo_config_glue [-] oslo_limit.collect_timing = False {{(pid=98724) log_opt_values /opt/stack/data/venv/lib/python3.12/site-packages/oslo_config/cfg.py:3253}}
Jun 24 09:56:08.625237 np0000003530 nova-conductor[98724]: DEBUG cotyledon.oslo_config_glue [-] oslo_limit.connect_retries = None {{(pid=98724) log_opt_values /opt/stack/data/venv/lib/python3.12/site-packages/oslo_config/cfg.py:3253}}
Jun 24 09:56:08.625237 np0000003530 nova-conductor[98724]: DEBUG cotyledon.oslo_config_glue [-] oslo_limit.connect_retry_delay = None {{(pid=98724) log_opt_values /opt/stack/data/venv/lib/python3.12/site-packages/oslo_config/cfg.py:3253}}
Jun 24 09:56:08.625237 np0000003530 nova-conductor[98724]: DEBUG cotyledon.oslo_config_glue [-] oslo_limit.endpoint_id = None {{(pid=98724) log_opt_values /opt/stack/data/venv/lib/python3.12/site-packages/oslo_config/cfg.py:3253}}
Jun 24 09:56:08.625237 np0000003530 nova-conductor[98724]: DEBUG cotyledon.oslo_config_glue [-] oslo_limit.endpoint_interface = public {{(pid=98724) log_opt_values /opt/stack/data/venv/lib/python3.12/site-packages/oslo_config/cfg.py:3253}}
Jun 24 09:56:08.625237 np0000003530 nova-conductor[98724]: DEBUG cotyledon.oslo_config_glue [-] oslo_limit.endpoint_override = None {{(pid=98724) log_opt_values /opt/stack/data/venv/lib/python3.12/site-packages/oslo_config/cfg.py:3253}}
Jun 24 09:56:08.625237 np0000003530 nova-conductor[98724]: DEBUG cotyledon.oslo_config_glue [-] oslo_limit.endpoint_region_name = None {{(pid=98724) log_opt_values /opt/stack/data/venv/lib/python3.12/site-packages/oslo_config/cfg.py:3253}}
Jun 24 09:56:08.625237 np0000003530 nova-conductor[98724]: DEBUG cotyledon.oslo_config_glue [-] oslo_limit.endpoint_service_name = None {{(pid=98724) log_opt_values /opt/stack/data/venv/lib/python3.12/site-packages/oslo_config/cfg.py:3253}}
Jun 24 09:56:08.625237 np0000003530 nova-conductor[98724]: DEBUG cotyledon.oslo_config_glue [-] oslo_limit.endpoint_service_type = None {{(pid=98724) log_opt_values /opt/stack/data/venv/lib/python3.12/site-packages/oslo_config/cfg.py:3253}}
Jun 24 09:56:08.625440 np0000003530 nova-conductor[98724]: DEBUG cotyledon.oslo_config_glue [-] oslo_limit.insecure = False {{(pid=98724) log_opt_values /opt/stack/data/venv/lib/python3.12/site-packages/oslo_config/cfg.py:3253}}
Jun 24 09:56:08.625440 np0000003530 nova-conductor[98724]: DEBUG cotyledon.oslo_config_glue [-] oslo_limit.keyfile = None {{(pid=98724) log_opt_values /opt/stack/data/venv/lib/python3.12/site-packages/oslo_config/cfg.py:3253}}
Jun 24 09:56:08.625440 np0000003530 nova-conductor[98724]: DEBUG cotyledon.oslo_config_glue [-] oslo_limit.max_version = None {{(pid=98724) log_opt_values /opt/stack/data/venv/lib/python3.12/site-packages/oslo_config/cfg.py:3253}}
Jun 24 09:56:08.625440 np0000003530 nova-conductor[98724]: DEBUG cotyledon.oslo_config_glue [-] oslo_limit.min_version = None {{(pid=98724) log_opt_values /opt/stack/data/venv/lib/python3.12/site-packages/oslo_config/cfg.py:3253}}
Jun 24 09:56:08.625440 np0000003530 nova-conductor[98724]: DEBUG cotyledon.oslo_config_glue [-] oslo_limit.region_name = None {{(pid=98724) log_opt_values /opt/stack/data/venv/lib/python3.12/site-packages/oslo_config/cfg.py:3253}}
Jun 24 09:56:08.625440 np0000003530 nova-conductor[98724]: DEBUG cotyledon.oslo_config_glue [-] oslo_limit.retriable_status_codes = None {{(pid=98724) log_opt_values /opt/stack/data/venv/lib/python3.12/site-packages/oslo_config/cfg.py:3253}}
Jun 24 09:56:08.625440 np0000003530 nova-conductor[98724]: DEBUG cotyledon.oslo_config_glue [-] oslo_limit.service_name = None {{(pid=98724) log_opt_values /opt/stack/data/venv/lib/python3.12/site-packages/oslo_config/cfg.py:3253}}
Jun 24 09:56:08.625440 np0000003530 nova-conductor[98724]: DEBUG cotyledon.oslo_config_glue [-] oslo_limit.service_type = None {{(pid=98724) log_opt_values /opt/stack/data/venv/lib/python3.12/site-packages/oslo_config/cfg.py:3253}}
Jun 24 09:56:08.625440 np0000003530 nova-conductor[98724]: DEBUG cotyledon.oslo_config_glue [-] oslo_limit.split_loggers = False {{(pid=98724) log_opt_values /opt/stack/data/venv/lib/python3.12/site-packages/oslo_config/cfg.py:3253}}
Jun 24 09:56:08.625619 np0000003530 nova-conductor[98724]: DEBUG cotyledon.oslo_config_glue [-] oslo_limit.status_code_retries = None {{(pid=98724) log_opt_values /opt/stack/data/venv/lib/python3.12/site-packages/oslo_config/cfg.py:3253}}
Jun 24 09:56:08.625619 np0000003530 nova-conductor[98724]: DEBUG cotyledon.oslo_config_glue [-] oslo_limit.status_code_retry_delay = None {{(pid=98724) log_opt_values /opt/stack/data/venv/lib/python3.12/site-packages/oslo_config/cfg.py:3253}}
Jun 24 09:56:08.625619 np0000003530 nova-conductor[98724]: DEBUG cotyledon.oslo_config_glue [-] oslo_limit.timeout = None {{(pid=98724) log_opt_values /opt/stack/data/venv/lib/python3.12/site-packages/oslo_config/cfg.py:3253}}
Jun 24 09:56:08.625619 np0000003530 nova-conductor[98724]: DEBUG cotyledon.oslo_config_glue [-] oslo_limit.valid_interfaces = None {{(pid=98724) log_opt_values /opt/stack/data/venv/lib/python3.12/site-packages/oslo_config/cfg.py:3253}}
Jun 24 09:56:08.625619 np0000003530 nova-conductor[98724]: DEBUG cotyledon.oslo_config_glue [-] oslo_limit.version = None {{(pid=98724) log_opt_values /opt/stack/data/venv/lib/python3.12/site-packages/oslo_config/cfg.py:3253}}
Jun 24 09:56:08.625619 np0000003530 nova-conductor[98724]: DEBUG cotyledon.oslo_config_glue [-] oslo_reports.file_event_handler = None {{(pid=98724) log_opt_values /opt/stack/data/venv/lib/python3.12/site-packages/oslo_config/cfg.py:3253}}
Jun 24 09:56:08.625619 np0000003530 nova-conductor[98724]: DEBUG cotyledon.oslo_config_glue [-] oslo_reports.file_event_handler_interval = 1 {{(pid=98724) log_opt_values /opt/stack/data/venv/lib/python3.12/site-packages/oslo_config/cfg.py:3253}}
Jun 24 09:56:08.625619 np0000003530 nova-conductor[98724]: DEBUG cotyledon.oslo_config_glue [-] oslo_reports.log_dir = None {{(pid=98724) log_opt_values /opt/stack/data/venv/lib/python3.12/site-packages/oslo_config/cfg.py:3253}}
Jun 24 09:56:08.625619 np0000003530 nova-conductor[98724]: DEBUG cotyledon.oslo_config_glue [-] ******************************************************************************** {{(pid=98724) log_opt_values /opt/stack/data/venv/lib/python3.12/site-packages/oslo_config/cfg.py:3260}}
Jun 24 09:56:08.625828 np0000003530 nova-conductor[98724]: DEBUG cotyledon._service_worker [-] Run service ServiceWrapper(3) [98724] {{(pid=98724) wait_forever /opt/stack/data/venv/lib/python3.12/site-packages/cotyledon/_service_worker.py:218}}
Jun 24 09:56:08.625828 np0000003530 nova-conductor[98724]: INFO nova.service [-] Starting conductor node (version 33.1.0)
Jun 24 09:56:08.625828 np0000003530 nova-conductor[98724]: INFO dbcounter [None req-8e6ef122-73c0-4051-b2ba-e22c1f0151ec None None] Registered counter for database nova_cell0
Jun 24 09:56:08.625894 np0000003530 nova-conductor[98706]: DEBUG oslo_db.sqlalchemy.engines [None req-76499bbe-ea1c-4440-a9ce-ec0551506567 None None] MySQL server mode set to STRICT_TRANS_TABLES,STRICT_ALL_TABLES,NO_ZERO_IN_DATE,NO_ZERO_DATE,ERROR_FOR_DIVISION_BY_ZERO,TRADITIONAL,NO_ENGINE_SUBSTITUTION {{(pid=98706) _check_effective_sql_mode /opt/stack/data/venv/lib/python3.12/site-packages/oslo_db/sqlalchemy/engines.py:325}}
Jun 24 09:56:08.635527 np0000003530 nova-conductor[98706]: DEBUG dbcounter [-] [98706] Writer thread running {{(pid=98706) stat_writer /opt/stack/data/venv/lib/python3.12/site-packages/dbcounter.py:102}}
Jun 24 09:56:08.644151 np0000003530 nova-conductor[98713]: DEBUG oslo_db.sqlalchemy.engines [None req-5f3747ed-da25-4f9f-820c-ba4ee25e3385 None None] MySQL server mode set to STRICT_TRANS_TABLES,STRICT_ALL_TABLES,NO_ZERO_IN_DATE,NO_ZERO_DATE,ERROR_FOR_DIVISION_BY_ZERO,TRADITIONAL,NO_ENGINE_SUBSTITUTION {{(pid=98713) _check_effective_sql_mode /opt/stack/data/venv/lib/python3.12/site-packages/oslo_db/sqlalchemy/engines.py:325}}
Jun 24 09:56:08.648170 np0000003530 nova-conductor[98718]: DEBUG oslo_db.sqlalchemy.engines [None req-cb72763c-3f24-491b-ab82-698efc248cb8 None None] MySQL server mode set to STRICT_TRANS_TABLES,STRICT_ALL_TABLES,NO_ZERO_IN_DATE,NO_ZERO_DATE,ERROR_FOR_DIVISION_BY_ZERO,TRADITIONAL,NO_ENGINE_SUBSTITUTION {{(pid=98718) _check_effective_sql_mode /opt/stack/data/venv/lib/python3.12/site-packages/oslo_db/sqlalchemy/engines.py:325}}
Jun 24 09:56:08.653813 np0000003530 nova-conductor[98713]: DEBUG dbcounter [-] [98713] Writer thread running {{(pid=98713) stat_writer /opt/stack/data/venv/lib/python3.12/site-packages/dbcounter.py:102}}
Jun 24 09:56:08.657745 np0000003530 nova-conductor[98718]: DEBUG dbcounter [-] [98718] Writer thread running {{(pid=98718) stat_writer /opt/stack/data/venv/lib/python3.12/site-packages/dbcounter.py:102}}
Jun 24 09:56:08.658072 np0000003530 nova-conductor[98706]: DEBUG nova.service [None req-76499bbe-ea1c-4440-a9ce-ec0551506567 None None] Creating RPC server for service: nova-conductor on topic: conductor {{(pid=98706) start /opt/stack/nova/nova/service.py:196}}
Jun 24 09:56:08.660828 np0000003530 nova-conductor[98718]: DEBUG nova.service [None req-cb72763c-3f24-491b-ab82-698efc248cb8 None None] Creating RPC server for service: nova-conductor on topic: conductor {{(pid=98718) start /opt/stack/nova/nova/service.py:196}}
Jun 24 09:56:08.661760 np0000003530 nova-conductor[98724]: DEBUG oslo_db.sqlalchemy.engines [None req-8e6ef122-73c0-4051-b2ba-e22c1f0151ec None None] MySQL server mode set to STRICT_TRANS_TABLES,STRICT_ALL_TABLES,NO_ZERO_IN_DATE,NO_ZERO_DATE,ERROR_FOR_DIVISION_BY_ZERO,TRADITIONAL,NO_ENGINE_SUBSTITUTION {{(pid=98724) _check_effective_sql_mode /opt/stack/data/venv/lib/python3.12/site-packages/oslo_db/sqlalchemy/engines.py:325}}
Jun 24 09:56:08.669830 np0000003530 nova-conductor[98713]: DEBUG nova.service [None req-5f3747ed-da25-4f9f-820c-ba4ee25e3385 None None] Creating RPC server for service: nova-conductor on topic: conductor {{(pid=98713) start /opt/stack/nova/nova/service.py:196}}
Jun 24 09:56:08.672132 np0000003530 nova-conductor[98724]: DEBUG dbcounter [-] [98724] Writer thread running {{(pid=98724) stat_writer /opt/stack/data/venv/lib/python3.12/site-packages/dbcounter.py:102}}
Jun 24 09:56:08.675224 np0000003530 nova-conductor[98724]: DEBUG nova.service [None req-8e6ef122-73c0-4051-b2ba-e22c1f0151ec None None] Creating RPC server for service: nova-conductor on topic: conductor {{(pid=98724) start /opt/stack/nova/nova/service.py:196}}
Jun 24 09:56:08.687061 np0000003530 nova-conductor[98706]: DEBUG nova.service [None req-76499bbe-ea1c-4440-a9ce-ec0551506567 None None] Join ServiceGroup membership for this service conductor {{(pid=98706) start /opt/stack/nova/nova/service.py:222}}
Jun 24 09:56:08.687255 np0000003530 nova-conductor[98706]: DEBUG nova.servicegroup.drivers.db [None req-76499bbe-ea1c-4440-a9ce-ec0551506567 None None] DB_Driver: join new ServiceGroup member np0000003530 to the conductor group, service = {{(pid=98706) join /opt/stack/nova/nova/servicegroup/drivers/db.py:44}}
Jun 24 09:56:08.688002 np0000003530 nova-conductor[98713]: DEBUG nova.service [None req-5f3747ed-da25-4f9f-820c-ba4ee25e3385 None None] Join ServiceGroup membership for this service conductor {{(pid=98713) start /opt/stack/nova/nova/service.py:222}}
Jun 24 09:56:08.688188 np0000003530 nova-conductor[98713]: DEBUG nova.servicegroup.drivers.db [None req-5f3747ed-da25-4f9f-820c-ba4ee25e3385 None None] DB_Driver: join new ServiceGroup member np0000003530 to the conductor group, service = {{(pid=98713) join /opt/stack/nova/nova/servicegroup/drivers/db.py:44}}
Jun 24 09:56:08.689330 np0000003530 nova-conductor[98718]: DEBUG nova.service [None req-cb72763c-3f24-491b-ab82-698efc248cb8 None None] Join ServiceGroup membership for this service conductor {{(pid=98718) start /opt/stack/nova/nova/service.py:222}}
Jun 24 09:56:08.689517 np0000003530 nova-conductor[98718]: DEBUG nova.servicegroup.drivers.db [None req-cb72763c-3f24-491b-ab82-698efc248cb8 None None] DB_Driver: join new ServiceGroup member np0000003530 to the conductor group, service = {{(pid=98718) join /opt/stack/nova/nova/servicegroup/drivers/db.py:44}}
Jun 24 09:56:08.693744 np0000003530 nova-conductor[98724]: DEBUG nova.service [None req-8e6ef122-73c0-4051-b2ba-e22c1f0151ec None None] Join ServiceGroup membership for this service conductor {{(pid=98724) start /opt/stack/nova/nova/service.py:222}}
Jun 24 09:56:08.693938 np0000003530 nova-conductor[98724]: DEBUG nova.servicegroup.drivers.db [None req-8e6ef122-73c0-4051-b2ba-e22c1f0151ec None None] DB_Driver: join new ServiceGroup member np0000003530 to the conductor group, service = {{(pid=98724) join /opt/stack/nova/nova/servicegroup/drivers/db.py:44}}
Jun 24 09:56:12.691350 np0000003530 nova-conductor[98718]: DEBUG oslo.service.backend._threading.loopingcall [None req-ba58a538-540f-4ec6-964f-2e87b14cb24f None None] Dynamic interval looping call 'nova.service.Service.periodic_tasks' sleeping for 60.00 seconds {{(pid=98718) _run_loop /opt/stack/data/venv/lib/python3.12/site-packages/oslo_service/backend/_threading/loopingcall.py:125}}
Jun 24 09:56:13.711714 np0000003530 nova-conductor[98718]: DEBUG oslo.service.backend._threading.loopingcall [-] Fixed interval looping call 'nova.servicegroup.drivers.db.DbDriver._report_state' sleeping for 119.98 seconds {{(pid=98718) _run_loop /opt/stack/data/venv/lib/python3.12/site-packages/oslo_service/backend/_threading/loopingcall.py:125}}
Jun 24 09:56:13.712062 np0000003530 nova-conductor[98706]: DEBUG oslo.service.backend._threading.loopingcall [-] Fixed interval looping call 'nova.servicegroup.drivers.db.DbDriver._report_state' sleeping for 119.98 seconds {{(pid=98706) _run_loop /opt/stack/data/venv/lib/python3.12/site-packages/oslo_service/backend/_threading/loopingcall.py:125}}
Jun 24 09:56:13.713387 np0000003530 nova-conductor[98713]: DEBUG oslo.service.backend._threading.loopingcall [-] Fixed interval looping call 'nova.servicegroup.drivers.db.DbDriver._report_state' sleeping for 119.98 seconds {{(pid=98713) _run_loop /opt/stack/data/venv/lib/python3.12/site-packages/oslo_service/backend/_threading/loopingcall.py:125}}
Jun 24 09:56:13.714043 np0000003530 nova-conductor[98724]: DEBUG oslo.service.backend._threading.loopingcall [-] Fixed interval looping call 'nova.servicegroup.drivers.db.DbDriver._report_state' sleeping for 119.98 seconds {{(pid=98724) _run_loop /opt/stack/data/venv/lib/python3.12/site-packages/oslo_service/backend/_threading/loopingcall.py:125}}
Jun 24 09:56:17.259106 np0000003530 nova-conductor[97197]: DEBUG dbcounter [-] [97197] Writing DB stats nova_api:SELECT=1 {{(pid=97197) stat_writer /opt/stack/data/venv/lib/python3.12/site-packages/dbcounter.py:115}}
Jun 24 09:56:17.391682 np0000003530 nova-conductor[97197]: DEBUG dbcounter [-] [97197] Writing DB stats nova_cell1:SELECT=1 {{(pid=97197) stat_writer /opt/stack/data/venv/lib/python3.12/site-packages/dbcounter.py:115}}
Jun 24 09:56:17.396173 np0000003530 nova-conductor[97197]: DEBUG dbcounter [-] [97197] Writing DB stats nova_cell0:SELECT=1 {{(pid=97197) stat_writer /opt/stack/data/venv/lib/python3.12/site-packages/dbcounter.py:115}}
Jun 24 09:56:23.701344 np0000003530 nova-conductor[98718]: DEBUG dbcounter [-] [98718] Writing DB stats nova_cell0:SELECT=3,nova_cell0:UPDATE=1 {{(pid=98718) stat_writer /opt/stack/data/venv/lib/python3.12/site-packages/dbcounter.py:115}}
Jun 24 09:56:23.703548 np0000003530 nova-conductor[98706]: DEBUG dbcounter [-] [98706] Writing DB stats nova_cell0:SELECT=4,nova_cell0:INSERT=1,nova_cell0:UPDATE=1 {{(pid=98706) stat_writer /opt/stack/data/venv/lib/python3.12/site-packages/dbcounter.py:115}}
Jun 24 09:56:23.704224 np0000003530 nova-conductor[98713]: DEBUG dbcounter [-] [98713] Writing DB stats nova_cell0:SELECT=4,nova_cell0:INSERT=1,nova_cell0:UPDATE=1 {{(pid=98713) stat_writer /opt/stack/data/venv/lib/python3.12/site-packages/dbcounter.py:115}}
Jun 24 09:56:23.709453 np0000003530 nova-conductor[98724]: DEBUG dbcounter [-] [98724] Writing DB stats nova_cell0:SELECT=3,nova_cell0:UPDATE=1 {{(pid=98724) stat_writer /opt/stack/data/venv/lib/python3.12/site-packages/dbcounter.py:115}}
Jun 24 09:56:36.689733 np0000003530 nova-conductor[98706]: DEBUG oslo.service.backend._threading.loopingcall [None req-94c06e48-f99e-4c68-aa5e-af8ebf7f81f2 None None] Dynamic interval looping call 'nova.service.Service.periodic_tasks' sleeping for 60.00 seconds {{(pid=98706) _run_loop /opt/stack/data/venv/lib/python3.12/site-packages/oslo_service/backend/_threading/loopingcall.py:125}}
Jun 24 09:56:43.690473 np0000003530 nova-conductor[98713]: DEBUG oslo.service.backend._threading.loopingcall [None req-ee8ae3eb-9f26-4cac-ae02-168cb0f1dbdb None None] Dynamic interval looping call 'nova.service.Service.periodic_tasks' sleeping for 60.00 seconds {{(pid=98713) _run_loop /opt/stack/data/venv/lib/python3.12/site-packages/oslo_service/backend/_threading/loopingcall.py:125}}
Jun 24 09:57:02.695816 np0000003530 nova-conductor[98724]: DEBUG oslo.service.backend._threading.loopingcall [None req-c0291d88-0236-4325-8c45-1c5c35376751 None None] Dynamic interval looping call 'nova.service.Service.periodic_tasks' sleeping for 60.00 seconds {{(pid=98724) _run_loop /opt/stack/data/venv/lib/python3.12/site-packages/oslo_service/backend/_threading/loopingcall.py:125}}
Jun 24 09:57:12.691825 np0000003530 nova-conductor[98718]: DEBUG oslo.service.backend._threading.loopingcall [None req-ba58a538-540f-4ec6-964f-2e87b14cb24f None None] Dynamic interval looping call 'nova.service.Service.periodic_tasks' sleeping for 60.00 seconds {{(pid=98718) _run_loop /opt/stack/data/venv/lib/python3.12/site-packages/oslo_service/backend/_threading/loopingcall.py:125}}
Jun 24 09:57:36.689728 np0000003530 nova-conductor[98706]: DEBUG oslo.service.backend._threading.loopingcall [None req-94c06e48-f99e-4c68-aa5e-af8ebf7f81f2 None None] Dynamic interval looping call 'nova.service.Service.periodic_tasks' sleeping for 60.00 seconds {{(pid=98706) _run_loop /opt/stack/data/venv/lib/python3.12/site-packages/oslo_service/backend/_threading/loopingcall.py:125}}
Jun 24 09:57:43.690980 np0000003530 nova-conductor[98713]: DEBUG oslo.service.backend._threading.loopingcall [None req-ee8ae3eb-9f26-4cac-ae02-168cb0f1dbdb None None] Dynamic interval looping call 'nova.service.Service.periodic_tasks' sleeping for 60.00 seconds {{(pid=98713) _run_loop /opt/stack/data/venv/lib/python3.12/site-packages/oslo_service/backend/_threading/loopingcall.py:125}}
Jun 24 09:58:02.696397 np0000003530 nova-conductor[98724]: DEBUG oslo.service.backend._threading.loopingcall [None req-c0291d88-0236-4325-8c45-1c5c35376751 None None] Dynamic interval looping call 'nova.service.Service.periodic_tasks' sleeping for 60.00 seconds {{(pid=98724) _run_loop /opt/stack/data/venv/lib/python3.12/site-packages/oslo_service/backend/_threading/loopingcall.py:125}}
Jun 24 09:58:12.692352 np0000003530 nova-conductor[98718]: DEBUG oslo.service.backend._threading.loopingcall [None req-ba58a538-540f-4ec6-964f-2e87b14cb24f None None] Dynamic interval looping call 'nova.service.Service.periodic_tasks' sleeping for 60.00 seconds {{(pid=98718) _run_loop /opt/stack/data/venv/lib/python3.12/site-packages/oslo_service/backend/_threading/loopingcall.py:125}}
Jun 24 09:58:13.698419 np0000003530 nova-conductor[98718]: DEBUG oslo.service.backend._threading.loopingcall [-] Fixed interval looping call 'nova.servicegroup.drivers.db.DbDriver._report_state' sleeping for 119.99 seconds {{(pid=98718) _run_loop /opt/stack/data/venv/lib/python3.12/site-packages/oslo_service/backend/_threading/loopingcall.py:125}}
Jun 24 09:58:13.698960 np0000003530 nova-conductor[98706]: DEBUG oslo.service.backend._threading.loopingcall [-] Fixed interval looping call 'nova.servicegroup.drivers.db.DbDriver._report_state' sleeping for 119.99 seconds {{(pid=98706) _run_loop /opt/stack/data/venv/lib/python3.12/site-packages/oslo_service/backend/_threading/loopingcall.py:125}}
Jun 24 09:58:13.699288 np0000003530 nova-conductor[98724]: DEBUG oslo.service.backend._threading.loopingcall [-] Fixed interval looping call 'nova.servicegroup.drivers.db.DbDriver._report_state' sleeping for 120.00 seconds {{(pid=98724) _run_loop /opt/stack/data/venv/lib/python3.12/site-packages/oslo_service/backend/_threading/loopingcall.py:125}}
Jun 24 09:58:13.700003 np0000003530 nova-conductor[98713]: DEBUG oslo.service.backend._threading.loopingcall [-] Fixed interval looping call 'nova.servicegroup.drivers.db.DbDriver._report_state' sleeping for 119.99 seconds {{(pid=98713) _run_loop /opt/stack/data/venv/lib/python3.12/site-packages/oslo_service/backend/_threading/loopingcall.py:125}}
Jun 24 09:58:23.694249 np0000003530 nova-conductor[98718]: DEBUG dbcounter [-] [98718] Writing DB stats nova_cell0:SELECT=1,nova_cell0:UPDATE=1 {{(pid=98718) stat_writer /opt/stack/data/venv/lib/python3.12/site-packages/dbcounter.py:115}}
Jun 24 09:58:23.694668 np0000003530 nova-conductor[98706]: DEBUG dbcounter [-] [98706] Writing DB stats nova_cell0:SELECT=1,nova_cell0:UPDATE=1 {{(pid=98706) stat_writer /opt/stack/data/venv/lib/python3.12/site-packages/dbcounter.py:115}}
Jun 24 09:58:23.697095 np0000003530 nova-conductor[98713]: DEBUG dbcounter [-] [98713] Writing DB stats nova_cell0:SELECT=1,nova_cell0:UPDATE=1 {{(pid=98713) stat_writer /opt/stack/data/venv/lib/python3.12/site-packages/dbcounter.py:115}}
Jun 24 09:58:23.697365 np0000003530 nova-conductor[98724]: DEBUG dbcounter [-] [98724] Writing DB stats nova_cell0:SELECT=1,nova_cell0:UPDATE=1 {{(pid=98724) stat_writer /opt/stack/data/venv/lib/python3.12/site-packages/dbcounter.py:115}}
Jun 24 09:58:36.690229 np0000003530 nova-conductor[98706]: DEBUG oslo.service.backend._threading.loopingcall [None req-94c06e48-f99e-4c68-aa5e-af8ebf7f81f2 None None] Dynamic interval looping call 'nova.service.Service.periodic_tasks' sleeping for 60.00 seconds {{(pid=98706) _run_loop /opt/stack/data/venv/lib/python3.12/site-packages/oslo_service/backend/_threading/loopingcall.py:125}}
Jun 24 09:58:43.691444 np0000003530 nova-conductor[98713]: DEBUG oslo.service.backend._threading.loopingcall [None req-ee8ae3eb-9f26-4cac-ae02-168cb0f1dbdb None None] Dynamic interval looping call 'nova.service.Service.periodic_tasks' sleeping for 60.00 seconds {{(pid=98713) _run_loop /opt/stack/data/venv/lib/python3.12/site-packages/oslo_service/backend/_threading/loopingcall.py:125}}
Jun 24 09:58:50.979846 np0000003530 nova-conductor[98706]: DEBUG oslo_db.sqlalchemy.engines [None req-3b1a19ec-8b98-4dbb-89d3-b92932b8adb9 tempest-ServerActionsV293TestJSON-2099010760 tempest-ServerActionsV293TestJSON-2099010760-project-member] Parent process 97197 forked (98706) with an open database connection, which is being discarded and recreated. {{(pid=98706) checkout /opt/stack/data/venv/lib/python3.12/site-packages/oslo_db/sqlalchemy/engines.py:402}}
Jun 24 09:58:51.040183 np0000003530 nova-conductor[98706]: DEBUG dbcounter [-] [98706] Writer thread running {{(pid=98706) stat_writer /opt/stack/data/venv/lib/python3.12/site-packages/dbcounter.py:102}}
Jun 24 09:58:52.062588 np0000003530 nova-conductor[98706]: DEBUG nova.conductor.manager [None req-3b1a19ec-8b98-4dbb-89d3-b92932b8adb9 tempest-ServerActionsV293TestJSON-2099010760 tempest-ServerActionsV293TestJSON-2099010760-project-member] Took 1.02 seconds to select destinations for 1 instance(s). {{(pid=98706) _schedule_instances /opt/stack/nova/nova/conductor/manager.py:968}}
Jun 24 09:58:52.063096 np0000003530 nova-conductor[98713]: DEBUG dbcounter [-] [98713] Writer thread running {{(pid=98713) stat_writer /opt/stack/data/venv/lib/python3.12/site-packages/dbcounter.py:102}}
Jun 24 09:58:52.099710 np0000003530 nova-conductor[98706]: DEBUG oslo_concurrency.lockutils [None req-3b1a19ec-8b98-4dbb-89d3-b92932b8adb9 tempest-ServerActionsV293TestJSON-2099010760 tempest-ServerActionsV293TestJSON-2099010760-project-member] Acquiring lock "4295514e-4c6a-4199-9935-27896bfba753" by "nova.context.set_target_cell..get_or_set_cached_cell_and_set_connections" {{(pid=98706) inner /opt/stack/data/venv/lib/python3.12/site-packages/oslo_concurrency/lockutils.py:511}}
Jun 24 09:58:52.099948 np0000003530 nova-conductor[98706]: DEBUG oslo_concurrency.lockutils [None req-3b1a19ec-8b98-4dbb-89d3-b92932b8adb9 tempest-ServerActionsV293TestJSON-2099010760 tempest-ServerActionsV293TestJSON-2099010760-project-member] Lock "4295514e-4c6a-4199-9935-27896bfba753" acquired by "nova.context.set_target_cell..get_or_set_cached_cell_and_set_connections" :: waited 0.000s {{(pid=98706) inner /opt/stack/data/venv/lib/python3.12/site-packages/oslo_concurrency/lockutils.py:524}}
Jun 24 09:58:52.101643 np0000003530 nova-conductor[98706]: DEBUG oslo_concurrency.lockutils [None req-3b1a19ec-8b98-4dbb-89d3-b92932b8adb9 tempest-ServerActionsV293TestJSON-2099010760 tempest-ServerActionsV293TestJSON-2099010760-project-member] Lock "4295514e-4c6a-4199-9935-27896bfba753" "released" by "nova.context.set_target_cell..get_or_set_cached_cell_and_set_connections" :: held 0.002s {{(pid=98706) inner /opt/stack/data/venv/lib/python3.12/site-packages/oslo_concurrency/lockutils.py:543}}
Jun 24 09:58:52.104027 np0000003530 nova-conductor[98706]: INFO dbcounter [None req-3b1a19ec-8b98-4dbb-89d3-b92932b8adb9 tempest-ServerActionsV293TestJSON-2099010760 tempest-ServerActionsV293TestJSON-2099010760-project-member] Registered counter for database nova_cell1
Jun 24 09:58:52.150774 np0000003530 nova-conductor[98706]: DEBUG oslo_db.sqlalchemy.engines [None req-3b1a19ec-8b98-4dbb-89d3-b92932b8adb9 tempest-ServerActionsV293TestJSON-2099010760 tempest-ServerActionsV293TestJSON-2099010760-project-member] MySQL server mode set to STRICT_TRANS_TABLES,STRICT_ALL_TABLES,NO_ZERO_IN_DATE,NO_ZERO_DATE,ERROR_FOR_DIVISION_BY_ZERO,TRADITIONAL,NO_ENGINE_SUBSTITUTION {{(pid=98706) _check_effective_sql_mode /opt/stack/data/venv/lib/python3.12/site-packages/oslo_db/sqlalchemy/engines.py:325}}
Jun 24 09:58:52.159283 np0000003530 nova-conductor[98706]: DEBUG dbcounter [-] [98706] Writer thread running {{(pid=98706) stat_writer /opt/stack/data/venv/lib/python3.12/site-packages/dbcounter.py:102}}
Jun 24 09:58:52.242202 np0000003530 nova-conductor[98706]: INFO nova.utils [None req-3b1a19ec-8b98-4dbb-89d3-b92932b8adb9 tempest-ServerActionsV293TestJSON-2099010760 tempest-ServerActionsV293TestJSON-2099010760-project-member] The cell worker thread pool ForkProcess-1.cell_worker is initialized
Jun 24 09:58:52.242569 np0000003530 nova-conductor[98706]: DEBUG oslo_concurrency.lockutils [None req-3b1a19ec-8b98-4dbb-89d3-b92932b8adb9 tempest-ServerActionsV293TestJSON-2099010760 tempest-ServerActionsV293TestJSON-2099010760-project-member] Acquiring lock "00000000-0000-0000-0000-000000000000" by "nova.context.set_target_cell..get_or_set_cached_cell_and_set_connections" {{(pid=98706) inner /opt/stack/data/venv/lib/python3.12/site-packages/oslo_concurrency/lockutils.py:511}}
Jun 24 09:58:52.242766 np0000003530 nova-conductor[98706]: DEBUG oslo_concurrency.lockutils [None req-3b1a19ec-8b98-4dbb-89d3-b92932b8adb9 tempest-ServerActionsV293TestJSON-2099010760 tempest-ServerActionsV293TestJSON-2099010760-project-member] Lock "00000000-0000-0000-0000-000000000000" acquired by "nova.context.set_target_cell..get_or_set_cached_cell_and_set_connections" :: waited 0.000s {{(pid=98706) inner /opt/stack/data/venv/lib/python3.12/site-packages/oslo_concurrency/lockutils.py:524}}
Jun 24 09:58:52.243142 np0000003530 nova-conductor[98706]: DEBUG oslo_concurrency.lockutils [None req-3b1a19ec-8b98-4dbb-89d3-b92932b8adb9 tempest-ServerActionsV293TestJSON-2099010760 tempest-ServerActionsV293TestJSON-2099010760-project-member] Lock "00000000-0000-0000-0000-000000000000" "released" by "nova.context.set_target_cell..get_or_set_cached_cell_and_set_connections" :: held 0.000s {{(pid=98706) inner /opt/stack/data/venv/lib/python3.12/site-packages/oslo_concurrency/lockutils.py:543}}
Jun 24 09:58:52.243820 np0000003530 nova-conductor[98706]: DEBUG oslo_concurrency.lockutils [None req-3b1a19ec-8b98-4dbb-89d3-b92932b8adb9 tempest-ServerActionsV293TestJSON-2099010760 tempest-ServerActionsV293TestJSON-2099010760-project-member] Acquiring lock "4295514e-4c6a-4199-9935-27896bfba753" by "nova.context.set_target_cell..get_or_set_cached_cell_and_set_connections" {{(pid=98706) inner /opt/stack/data/venv/lib/python3.12/site-packages/oslo_concurrency/lockutils.py:511}}
Jun 24 09:58:52.245985 np0000003530 nova-conductor[98706]: INFO dbcounter [None req-3b1a19ec-8b98-4dbb-89d3-b92932b8adb9 tempest-ServerActionsV293TestJSON-2099010760 tempest-ServerActionsV293TestJSON-2099010760-project-member] Registered counter for database nova_cell0
Jun 24 09:58:52.247431 np0000003530 nova-conductor[98706]: DEBUG oslo_concurrency.lockutils [None req-3b1a19ec-8b98-4dbb-89d3-b92932b8adb9 tempest-ServerActionsV293TestJSON-2099010760 tempest-ServerActionsV293TestJSON-2099010760-project-member] Lock "4295514e-4c6a-4199-9935-27896bfba753" acquired by "nova.context.set_target_cell..get_or_set_cached_cell_and_set_connections" :: waited 0.002s {{(pid=98706) inner /opt/stack/data/venv/lib/python3.12/site-packages/oslo_concurrency/lockutils.py:524}}
Jun 24 09:58:52.247431 np0000003530 nova-conductor[98706]: DEBUG oslo_concurrency.lockutils [None req-3b1a19ec-8b98-4dbb-89d3-b92932b8adb9 tempest-ServerActionsV293TestJSON-2099010760 tempest-ServerActionsV293TestJSON-2099010760-project-member] Lock "4295514e-4c6a-4199-9935-27896bfba753" "released" by "nova.context.set_target_cell..get_or_set_cached_cell_and_set_connections" :: held 0.002s {{(pid=98706) inner /opt/stack/data/venv/lib/python3.12/site-packages/oslo_concurrency/lockutils.py:543}}
Jun 24 09:58:52.293013 np0000003530 nova-conductor[98706]: DEBUG oslo_db.sqlalchemy.engines [None req-3b1a19ec-8b98-4dbb-89d3-b92932b8adb9 tempest-ServerActionsV293TestJSON-2099010760 tempest-ServerActionsV293TestJSON-2099010760-project-member] MySQL server mode set to STRICT_TRANS_TABLES,STRICT_ALL_TABLES,NO_ZERO_IN_DATE,NO_ZERO_DATE,ERROR_FOR_DIVISION_BY_ZERO,TRADITIONAL,NO_ENGINE_SUBSTITUTION {{(pid=98706) _check_effective_sql_mode /opt/stack/data/venv/lib/python3.12/site-packages/oslo_db/sqlalchemy/engines.py:325}}
Jun 24 09:58:52.301767 np0000003530 nova-conductor[98706]: DEBUG dbcounter [-] [98706] Writer thread running {{(pid=98706) stat_writer /opt/stack/data/venv/lib/python3.12/site-packages/dbcounter.py:102}}
Jun 24 09:58:52.314219 np0000003530 nova-conductor[98706]: DEBUG nova.quota [None req-3b1a19ec-8b98-4dbb-89d3-b92932b8adb9 tempest-ServerActionsV293TestJSON-2099010760 tempest-ServerActionsV293TestJSON-2099010760-project-member] Getting quotas for project 07f4ceab4c5c402ca0112b93d566884c. Resources: {'ram', 'instances', 'cores'} {{(pid=98706) _get_quotas /opt/stack/nova/nova/quota.py:392}}
Jun 24 09:58:52.322677 np0000003530 nova-conductor[98706]: DEBUG nova.quota [None req-3b1a19ec-8b98-4dbb-89d3-b92932b8adb9 tempest-ServerActionsV293TestJSON-2099010760 tempest-ServerActionsV293TestJSON-2099010760-project-member] Getting quotas for user 49e7608465fa4f11973b50da92899340 and project 07f4ceab4c5c402ca0112b93d566884c. Resources: {'ram', 'instances', 'cores'} {{(pid=98706) _get_quotas /opt/stack/nova/nova/quota.py:382}}
Jun 24 09:58:52.330450 np0000003530 nova-conductor[98706]: DEBUG nova.conductor.manager [None req-3b1a19ec-8b98-4dbb-89d3-b92932b8adb9 tempest-ServerActionsV293TestJSON-2099010760 tempest-ServerActionsV293TestJSON-2099010760-project-member] [instance: 3c5c1fc3-4c37-4deb-b357-9cd32f7fd82f] Selected host: np0000003530; Selected node: np0000003530; Alternates: [] {{(pid=98706) schedule_and_build_instances /opt/stack/nova/nova/conductor/manager.py:1784}}
Jun 24 09:58:52.330909 np0000003530 nova-conductor[98706]: DEBUG oslo_concurrency.lockutils [None req-3b1a19ec-8b98-4dbb-89d3-b92932b8adb9 tempest-ServerActionsV293TestJSON-2099010760 tempest-ServerActionsV293TestJSON-2099010760-project-member] Acquiring lock "4295514e-4c6a-4199-9935-27896bfba753" by "nova.context.set_target_cell..get_or_set_cached_cell_and_set_connections" {{(pid=98706) inner /opt/stack/data/venv/lib/python3.12/site-packages/oslo_concurrency/lockutils.py:511}}
Jun 24 09:58:52.331077 np0000003530 nova-conductor[98706]: DEBUG oslo_concurrency.lockutils [None req-3b1a19ec-8b98-4dbb-89d3-b92932b8adb9 tempest-ServerActionsV293TestJSON-2099010760 tempest-ServerActionsV293TestJSON-2099010760-project-member] Lock "4295514e-4c6a-4199-9935-27896bfba753" acquired by "nova.context.set_target_cell..get_or_set_cached_cell_and_set_connections" :: waited 0.000s {{(pid=98706) inner /opt/stack/data/venv/lib/python3.12/site-packages/oslo_concurrency/lockutils.py:524}}
Jun 24 09:58:52.331232 np0000003530 nova-conductor[98706]: DEBUG oslo_concurrency.lockutils [None req-3b1a19ec-8b98-4dbb-89d3-b92932b8adb9 tempest-ServerActionsV293TestJSON-2099010760 tempest-ServerActionsV293TestJSON-2099010760-project-member] Lock "4295514e-4c6a-4199-9935-27896bfba753" "released" by "nova.context.set_target_cell..get_or_set_cached_cell_and_set_connections" :: held 0.000s {{(pid=98706) inner /opt/stack/data/venv/lib/python3.12/site-packages/oslo_concurrency/lockutils.py:543}}
Jun 24 09:58:52.357935 np0000003530 nova-conductor[98706]: DEBUG nova.conductor.manager [None req-3b1a19ec-8b98-4dbb-89d3-b92932b8adb9 tempest-ServerActionsV293TestJSON-2099010760 tempest-ServerActionsV293TestJSON-2099010760-project-member] [instance: 3c5c1fc3-4c37-4deb-b357-9cd32f7fd82f] block_device_mapping [BlockDeviceMapping(attachment_id=754e9759-48dd-45b1-b582-a0c372f2cde7,boot_index=0,connection_info=None,created_at=,delete_on_termination=True,deleted=,deleted_at=,destination_type='volume',device_name=None,device_type=None,disk_bus=None,encrypted=False,encryption_format=None,encryption_options=None,encryption_secret_uuid=None,guest_format=None,id=,image_id=None,instance=,instance_uuid=,no_device=False,snapshot_id=None,source_type='volume',tag=None,updated_at=,uuid=,volume_id='d97bc3f5-88f8-49c7-8f86-a22e79dcd70f',volume_size=1,volume_type=None)] {{(pid=98706) _create_block_device_mapping /opt/stack/nova/nova/conductor/manager.py:1529}}
Jun 24 09:58:52.358623 np0000003530 nova-conductor[98706]: DEBUG oslo_concurrency.lockutils [None req-3b1a19ec-8b98-4dbb-89d3-b92932b8adb9 tempest-ServerActionsV293TestJSON-2099010760 tempest-ServerActionsV293TestJSON-2099010760-project-member] Acquiring lock "4295514e-4c6a-4199-9935-27896bfba753" by "nova.context.set_target_cell..get_or_set_cached_cell_and_set_connections" {{(pid=98706) inner /opt/stack/data/venv/lib/python3.12/site-packages/oslo_concurrency/lockutils.py:511}}
Jun 24 09:58:52.358791 np0000003530 nova-conductor[98706]: DEBUG oslo_concurrency.lockutils [None req-3b1a19ec-8b98-4dbb-89d3-b92932b8adb9 tempest-ServerActionsV293TestJSON-2099010760 tempest-ServerActionsV293TestJSON-2099010760-project-member] Lock "4295514e-4c6a-4199-9935-27896bfba753" acquired by "nova.context.set_target_cell..get_or_set_cached_cell_and_set_connections" :: waited 0.000s {{(pid=98706) inner /opt/stack/data/venv/lib/python3.12/site-packages/oslo_concurrency/lockutils.py:524}}
Jun 24 09:58:52.358919 np0000003530 nova-conductor[98706]: DEBUG oslo_concurrency.lockutils [None req-3b1a19ec-8b98-4dbb-89d3-b92932b8adb9 tempest-ServerActionsV293TestJSON-2099010760 tempest-ServerActionsV293TestJSON-2099010760-project-member] Lock "4295514e-4c6a-4199-9935-27896bfba753" "released" by "nova.context.set_target_cell..get_or_set_cached_cell_and_set_connections" :: held 0.000s {{(pid=98706) inner /opt/stack/data/venv/lib/python3.12/site-packages/oslo_concurrency/lockutils.py:543}}
Jun 24 09:58:52.427735 np0000003530 nova-conductor[98706]: DEBUG oslo_concurrency.lockutils [None req-3b1a19ec-8b98-4dbb-89d3-b92932b8adb9 tempest-ServerActionsV293TestJSON-2099010760 tempest-ServerActionsV293TestJSON-2099010760-project-member] Acquiring lock "4295514e-4c6a-4199-9935-27896bfba753" by "nova.context.set_target_cell..get_or_set_cached_cell_and_set_connections" {{(pid=98706) inner /opt/stack/data/venv/lib/python3.12/site-packages/oslo_concurrency/lockutils.py:511}}
Jun 24 09:58:52.428359 np0000003530 nova-conductor[98706]: DEBUG oslo_concurrency.lockutils [None req-3b1a19ec-8b98-4dbb-89d3-b92932b8adb9 tempest-ServerActionsV293TestJSON-2099010760 tempest-ServerActionsV293TestJSON-2099010760-project-member] Lock "4295514e-4c6a-4199-9935-27896bfba753" acquired by "nova.context.set_target_cell..get_or_set_cached_cell_and_set_connections" :: waited 0.000s {{(pid=98706) inner /opt/stack/data/venv/lib/python3.12/site-packages/oslo_concurrency/lockutils.py:524}}
