Jul 03 05:23:10.101528 np0000004370 devstack@g-api.service[102808]: DEBUG glance.api.middleware.version_negotiation [None req-9a1c4151-d244-4144-9a15-5a8cf1c5a588 tempest-AttachVolumeNegativeTest-1776624853 tempest-AttachVolumeNegativeTest-1776624853-project-member] Using url versioning {{(pid=102808) process_request /opt/stack/glance/glance/api/middleware/version_negotiation.py:57}}
Jul 03 05:23:10.101528 np0000004370 devstack@g-api.service[102808]: DEBUG glance.api.middleware.version_negotiation [None req-9a1c4151-d244-4144-9a15-5a8cf1c5a588 tempest-AttachVolumeNegativeTest-1776624853 tempest-AttachVolumeNegativeTest-1776624853-project-member] Matched version: v2 {{(pid=102808) process_request /opt/stack/glance/glance/api/middleware/version_negotiation.py:69}}
Jul 03 05:23:10.101614 np0000004370 devstack@g-api.service[102808]: DEBUG glance.api.middleware.version_negotiation [None req-9a1c4151-d244-4144-9a15-5a8cf1c5a588 tempest-AttachVolumeNegativeTest-1776624853 tempest-AttachVolumeNegativeTest-1776624853-project-member] new path /v2/images/16673a8f-b5ee-4a34-ad50-460db69af190 {{(pid=102808) process_request /opt/stack/glance/glance/api/middleware/version_negotiation.py:70}}
Jul 03 05:23:10.125556 np0000004370 devstack@g-api.service[102808]: [pid: 102808|app: 0|req: 37/146] 127.0.0.1 () {40 vars in 838 bytes} [Fri Jul 3 05:23:10 2026] GET /v2/images/16673a8f-b5ee-4a34-ad50-460db69af190 => generated 649 bytes in 23 msecs (HTTP/1.1 200) 4 headers in 157 bytes (1 switches on core 0)
Jul 03 05:23:11.138407 np0000004370 devstack@g-api.service[102809]: DEBUG glance.api.middleware.version_negotiation [None req-9a1c4151-d244-4144-9a15-5a8cf1c5a588 tempest-AttachVolumeNegativeTest-1776624853 tempest-AttachVolumeNegativeTest-1776624853-project-member] Determining version of request: GET /v2/images/16673a8f-b5ee-4a34-ad50-460db69af190 Accept: application/json {{(pid=102809) process_request /opt/stack/glance/glance/api/middleware/version_negotiation.py:44}}
Jul 03 05:23:11.140321 np0000004370 devstack@g-api.service[102809]: DEBUG glance.api.middleware.version_negotiation [None req-9a1c4151-d244-4144-9a15-5a8cf1c5a588 tempest-AttachVolumeNegativeTest-1776624853 tempest-AttachVolumeNegativeTest-1776624853-project-member] Using url versioning {{(pid=102809) process_request /opt/stack/glance/glance/api/middleware/version_negotiation.py:57}}
Jul 03 05:23:11.140321 np0000004370 devstack@g-api.service[102809]: DEBUG glance.api.middleware.version_negotiation [None req-9a1c4151-d244-4144-9a15-5a8cf1c5a588 tempest-AttachVolumeNegativeTest-1776624853 tempest-AttachVolumeNegativeTest-1776624853-project-member] Matched version: v2 {{(pid=102809) process_request /opt/stack/glance/glance/api/middleware/version_negotiation.py:69}}
Jul 03 05:23:11.140321 np0000004370 devstack@g-api.service[102809]: DEBUG glance.api.middleware.version_negotiation [None req-9a1c4151-d244-4144-9a15-5a8cf1c5a588 tempest-AttachVolumeNegativeTest-1776624853 tempest-AttachVolumeNegativeTest-1776624853-project-member] new path /v2/images/16673a8f-b5ee-4a34-ad50-460db69af190 {{(pid=102809) process_request /opt/stack/glance/glance/api/middleware/version_negotiation.py:70}}
Jul 03 05:23:11.146436 np0000004370 devstack@g-api.service[102809]: [pid: 102809|app: 0|req: 36/147] 127.0.0.1 () {40 vars in 838 bytes} [Fri Jul 3 05:23:11 2026] GET /v2/images/16673a8f-b5ee-4a34-ad50-460db69af190 => generated 649 bytes in 8 msecs (HTTP/1.1 200) 4 headers in 157 bytes (1 switches on core 0)
Jul 03 05:23:12.157918 np0000004370 devstack@g-api.service[102810]: DEBUG glance.api.middleware.version_negotiation [None req-a9f72515-e49b-4d67-8b4c-359fddb9788f tempest-VolumesActionsTest-449028744 tempest-VolumesActionsTest-449028744-project-member] Determining version of request: GET /v2/images/16673a8f-b5ee-4a34-ad50-460db69af190 Accept: application/json {{(pid=102810) process_request /opt/stack/glance/glance/api/middleware/version_negotiation.py:44}}
Jul 03 05:23:12.158342 np0000004370 devstack@g-api.service[102810]: DEBUG glance.api.middleware.version_negotiation [None req-a9f72515-e49b-4d67-8b4c-359fddb9788f tempest-VolumesActionsTest-449028744 tempest-VolumesActionsTest-449028744-project-member] Using url versioning {{(pid=102810) process_request /opt/stack/glance/glance/api/middleware/version_negotiation.py:57}}
Jul 03 05:23:12.158342 np0000004370 devstack@g-api.service[102810]: DEBUG glance.api.middleware.version_negotiation [None req-a9f72515-e49b-4d67-8b4c-359fddb9788f tempest-VolumesActionsTest-449028744 tempest-VolumesActionsTest-449028744-project-member] Matched version: v2 {{(pid=102810) process_request /opt/stack/glance/glance/api/middleware/version_negotiation.py:69}}
Jul 03 05:23:12.158342 np0000004370 devstack@g-api.service[102810]: DEBUG glance.api.middleware.version_negotiation [None req-a9f72515-e49b-4d67-8b4c-359fddb9788f tempest-VolumesActionsTest-449028744 tempest-VolumesActionsTest-449028744-project-member] new path /v2/images/16673a8f-b5ee-4a34-ad50-460db69af190 {{(pid=102810) process_request /opt/stack/glance/glance/api/middleware/version_negotiation.py:70}}
Jul 03 05:23:12.165997 np0000004370 devstack@g-api.service[102810]: [pid: 102810|app: 0|req: 37/148] 127.0.0.1 () {40 vars in 838 bytes} [Fri Jul 3 05:23:12 2026] GET /v2/images/16673a8f-b5ee-4a34-ad50-460db69af190 => generated 649 bytes in 8 msecs (HTTP/1.1 200) 4 headers in 157 bytes (1 switches on core 0)
Jul 03 05:23:13.174960 np0000004370 devstack@g-api.service[102807]: DEBUG glance.api.middleware.version_negotiation [None req-a9f72515-e49b-4d67-8b4c-359fddb9788f tempest-VolumesActionsTest-449028744 tempest-VolumesActionsTest-449028744-project-member] Determining version of request: GET /v2/images/16673a8f-b5ee-4a34-ad50-460db69af190 Accept: application/json {{(pid=102807) process_request /opt/stack/glance/glance/api/middleware/version_negotiation.py:44}}
Jul 03 05:23:13.175455 np0000004370 devstack@g-api.service[102807]: DEBUG glance.api.middleware.version_negotiation [None req-a9f72515-e49b-4d67-8b4c-359fddb9788f tempest-VolumesActionsTest-449028744 tempest-VolumesActionsTest-449028744-project-member] Using url versioning {{(pid=102807) process_request /opt/stack/glance/glance/api/middleware/version_negotiation.py:57}}
Jul 03 05:23:13.175455 np0000004370 devstack@g-api.service[102807]: DEBUG glance.api.middleware.version_negotiation [None req-a9f72515-e49b-4d67-8b4c-359fddb9788f tempest-VolumesActionsTest-449028744 tempest-VolumesActionsTest-449028744-project-member] Matched version: v2 {{(pid=102807) process_request /opt/stack/glance/glance/api/middleware/version_negotiation.py:69}}
Jul 03 05:23:13.175455 np0000004370 devstack@g-api.service[102807]: DEBUG glance.api.middleware.version_negotiation [None req-a9f72515-e49b-4d67-8b4c-359fddb9788f tempest-VolumesActionsTest-449028744 tempest-VolumesActionsTest-449028744-project-member] new path /v2/images/16673a8f-b5ee-4a34-ad50-460db69af190 {{(pid=102807) process_request /opt/stack/glance/glance/api/middleware/version_negotiation.py:70}}
Jul 03 05:23:13.184476 np0000004370 devstack@g-api.service[102807]: [pid: 102807|app: 0|req: 39/149] 127.0.0.1 () {40 vars in 838 bytes} [Fri Jul 3 05:23:13 2026] GET /v2/images/16673a8f-b5ee-4a34-ad50-460db69af190 => generated 649 bytes in 10 msecs (HTTP/1.1 200) 4 headers in 157 bytes (1 switches on core 0)
Jul 03 05:23:13.663380 np0000004370 devstack@g-api.service[102808]: DEBUG glance.api.middleware.version_negotiation [None req-7b177c01-1e8a-4718-a946-e97544e23d2b tempest-VolumesActionsTest-449028744 tempest-VolumesActionsTest-449028744-project-member] Determining version of request: PUT /v2/images/16673a8f-b5ee-4a34-ad50-460db69af190/file Accept: */* {{(pid=102808) process_request /opt/stack/glance/glance/api/middleware/version_negotiation.py:44}}
Jul 03 05:23:13.663380 np0000004370 devstack@g-api.service[102808]: DEBUG glance.api.middleware.version_negotiation [None req-7b177c01-1e8a-4718-a946-e97544e23d2b tempest-VolumesActionsTest-449028744 tempest-VolumesActionsTest-449028744-project-member] Using url versioning {{(pid=102808) process_request /opt/stack/glance/glance/api/middleware/version_negotiation.py:57}}
Jul 03 05:23:13.663380 np0000004370 devstack@g-api.service[102808]: DEBUG glance.api.middleware.version_negotiation [None req-7b177c01-1e8a-4718-a946-e97544e23d2b tempest-VolumesActionsTest-449028744 tempest-VolumesActionsTest-449028744-project-member] Matched version: v2 {{(pid=102808) process_request /opt/stack/glance/glance/api/middleware/version_negotiation.py:69}}
Jul 03 05:23:13.663380 np0000004370 devstack@g-api.service[102808]: DEBUG glance.api.middleware.version_negotiation [None req-7b177c01-1e8a-4718-a946-e97544e23d2b tempest-VolumesActionsTest-449028744 tempest-VolumesActionsTest-449028744-project-member] new path /v2/images/16673a8f-b5ee-4a34-ad50-460db69af190/file {{(pid=102808) process_request /opt/stack/glance/glance/api/middleware/version_negotiation.py:70}}
Jul 03 05:23:14.193275 np0000004370 devstack@g-api.service[102809]: DEBUG glance.api.middleware.version_negotiation [None req-406fe7d0-f76e-4ccb-83ef-cfd325648d23 tempest-VolumesActionsTest-449028744 tempest-VolumesActionsTest-449028744-project-member] Determining version of request: GET /v2/images/16673a8f-b5ee-4a34-ad50-460db69af190 Accept: application/json {{(pid=102809) process_request /opt/stack/glance/glance/api/middleware/version_negotiation.py:44}}
Jul 03 05:23:14.193740 np0000004370 devstack@g-api.service[102809]: DEBUG glance.api.middleware.version_negotiation [None req-406fe7d0-f76e-4ccb-83ef-cfd325648d23 tempest-VolumesActionsTest-449028744 tempest-VolumesActionsTest-449028744-project-member] Using url versioning {{(pid=102809) process_request /opt/stack/glance/glance/api/middleware/version_negotiation.py:57}}
Jul 03 05:23:14.193740 np0000004370 devstack@g-api.service[102809]: DEBUG glance.api.middleware.version_negotiation [None req-406fe7d0-f76e-4ccb-83ef-cfd325648d23 tempest-VolumesActionsTest-449028744 tempest-VolumesActionsTest-449028744-project-member] Matched version: v2 {{(pid=102809) process_request /opt/stack/glance/glance/api/middleware/version_negotiation.py:69}}
Jul 03 05:23:14.193740 np0000004370 devstack@g-api.service[102809]: DEBUG glance.api.middleware.version_negotiation [None req-406fe7d0-f76e-4ccb-83ef-cfd325648d23 tempest-VolumesActionsTest-449028744 tempest-VolumesActionsTest-449028744-project-member] new path /v2/images/16673a8f-b5ee-4a34-ad50-460db69af190 {{(pid=102809) process_request /opt/stack/glance/glance/api/middleware/version_negotiation.py:70}}
Jul 03 05:23:14.209800 np0000004370 devstack@g-api.service[102809]: [pid: 102809|app: 0|req: 37/150] 127.0.0.1 () {40 vars in 838 bytes} [Fri Jul 3 05:23:14 2026] GET /v2/images/16673a8f-b5ee-4a34-ad50-460db69af190 => generated 649 bytes in 17 msecs (HTTP/1.1 200) 4 headers in 157 bytes (1 switches on core 0)
Jul 03 05:23:14.314049 np0000004370 devstack@g-api.service[102808]: INFO glance.api.v2.image_data [None req-a9f72515-e49b-4d67-8b4c-359fddb9788f tempest-VolumesActionsTest-449028744 tempest-VolumesActionsTest-449028744-project-member] Unable to create trust: no such option collect_timing in group [keystone_authtoken] Use the existing user token.
Jul 03 05:23:14.879075 np0000004370 devstack@g-api.service[102808]: DEBUG glance.location [None req-a9f72515-e49b-4d67-8b4c-359fddb9788f tempest-VolumesActionsTest-449028744 tempest-VolumesActionsTest-449028744-project-member] Enabling in-flight format inspection for raw {{(pid=102808) set_data /opt/stack/glance/glance/location.py:596}}
Jul 03 05:23:14.879501 np0000004370 devstack@g-api.service[102808]: DEBUG glance_store.backend [None req-a9f72515-e49b-4d67-8b4c-359fddb9788f tempest-VolumesActionsTest-449028744 tempest-VolumesActionsTest-449028744-project-member] Attempting to import store swift {{(pid=102808) _load_store /opt/stack/data/venv/lib/python3.12/site-packages/glance_store/backend.py:215}}
Jul 03 05:23:14.880906 np0000004370 devstack@g-api.service[102808]: DEBUG glance_store.capabilities [None req-a9f72515-e49b-4d67-8b4c-359fddb9788f tempest-VolumesActionsTest-449028744 tempest-VolumesActionsTest-449028744-project-member] Store glance_store._drivers.swift.store.SingleTenantStore doesn't support updating dynamic storage capabilities. Please overwrite 'update_capabilities' method of the store to implement updating logics if needed. {{(pid=102808) update_capabilities /opt/stack/data/venv/lib/python3.12/site-packages/glance_store/capabilities.py:91}}
Jul 03 05:23:14.880997 np0000004370 devstack@g-api.service[102808]: DEBUG glance_store.driver [None req-a9f72515-e49b-4d67-8b4c-359fddb9788f tempest-VolumesActionsTest-449028744 tempest-VolumesActionsTest-449028744-project-member] Late loading location class glance_store._drivers.swift.store.StoreLocation {{(pid=102808) get_store_location_class /opt/stack/data/venv/lib/python3.12/site-packages/glance_store/driver.py:134}}
Jul 03 05:23:14.881104 np0000004370 devstack@g-api.service[102808]: DEBUG glance_store.location [None req-a9f72515-e49b-4d67-8b4c-359fddb9788f tempest-VolumesActionsTest-449028744 tempest-VolumesActionsTest-449028744-project-member] Registering scheme swift+https with {'store': , 'location_class': , 'store_entry': 'swift'} {{(pid=102808) register_scheme_map /opt/stack/data/venv/lib/python3.12/site-packages/glance_store/location.py:146}}
Jul 03 05:23:14.881198 np0000004370 devstack@g-api.service[102808]: DEBUG glance_store.location [None req-a9f72515-e49b-4d67-8b4c-359fddb9788f tempest-VolumesActionsTest-449028744 tempest-VolumesActionsTest-449028744-project-member] Registering scheme swift+https with {'store': , 'location_class': , 'store_entry': 'swift'} {{(pid=102808) register_scheme_map /opt/stack/data/venv/lib/python3.12/site-packages/glance_store/location.py:146}}
Jul 03 05:23:14.881271 np0000004370 devstack@g-api.service[102808]: DEBUG glance_store.location [None req-a9f72515-e49b-4d67-8b4c-359fddb9788f tempest-VolumesActionsTest-449028744 tempest-VolumesActionsTest-449028744-project-member] Registering scheme swift with {'store': , 'location_class': , 'store_entry': 'swift'} {{(pid=102808) register_scheme_map /opt/stack/data/venv/lib/python3.12/site-packages/glance_store/location.py:146}}
Jul 03 05:23:14.881467 np0000004370 devstack@g-api.service[102808]: DEBUG glance_store.location [None req-a9f72515-e49b-4d67-8b4c-359fddb9788f tempest-VolumesActionsTest-449028744 tempest-VolumesActionsTest-449028744-project-member] Registering scheme swift+https with {'store': , 'location_class': , 'store_entry': 'swift'} {{(pid=102808) register_scheme_map /opt/stack/data/venv/lib/python3.12/site-packages/glance_store/location.py:146}}
Jul 03 05:23:14.881586 np0000004370 devstack@g-api.service[102808]: DEBUG glance_store.location [None req-a9f72515-e49b-4d67-8b4c-359fddb9788f tempest-VolumesActionsTest-449028744 tempest-VolumesActionsTest-449028744-project-member] Registering scheme swift with {'store': , 'location_class': , 'store_entry': 'swift'} {{(pid=102808) register_scheme_map /opt/stack/data/venv/lib/python3.12/site-packages/glance_store/location.py:146}}
Jul 03 05:23:14.881688 np0000004370 devstack@g-api.service[102808]: DEBUG glance_store.location [None req-a9f72515-e49b-4d67-8b4c-359fddb9788f tempest-VolumesActionsTest-449028744 tempest-VolumesActionsTest-449028744-project-member] Registering scheme swift+http with {'store': , 'location_class': , 'store_entry': 'swift'} {{(pid=102808) register_scheme_map /opt/stack/data/venv/lib/python3.12/site-packages/glance_store/location.py:146}}
Jul 03 05:23:14.881767 np0000004370 devstack@g-api.service[102808]: DEBUG glance_store.location [None req-a9f72515-e49b-4d67-8b4c-359fddb9788f tempest-VolumesActionsTest-449028744 tempest-VolumesActionsTest-449028744-project-member] Registering scheme swift+https with {'store': , 'location_class': , 'store_entry': 'swift'} {{(pid=102808) register_scheme_map /opt/stack/data/venv/lib/python3.12/site-packages/glance_store/location.py:146}}
Jul 03 05:23:14.881835 np0000004370 devstack@g-api.service[102808]: DEBUG glance_store.location [None req-a9f72515-e49b-4d67-8b4c-359fddb9788f tempest-VolumesActionsTest-449028744 tempest-VolumesActionsTest-449028744-project-member] Registering scheme swift with {'store': , 'location_class': , 'store_entry': 'swift'} {{(pid=102808) register_scheme_map /opt/stack/data/venv/lib/python3.12/site-packages/glance_store/location.py:146}}
Jul 03 05:23:14.881904 np0000004370 devstack@g-api.service[102808]: DEBUG glance_store.location [None req-a9f72515-e49b-4d67-8b4c-359fddb9788f tempest-VolumesActionsTest-449028744 tempest-VolumesActionsTest-449028744-project-member] Registering scheme swift+http with {'store': , 'location_class': , 'store_entry': 'swift'} {{(pid=102808) register_scheme_map /opt/stack/data/venv/lib/python3.12/site-packages/glance_store/location.py:146}}
Jul 03 05:23:14.882022 np0000004370 devstack@g-api.service[102808]: DEBUG glance_store.location [None req-a9f72515-e49b-4d67-8b4c-359fddb9788f tempest-VolumesActionsTest-449028744 tempest-VolumesActionsTest-449028744-project-member] Registering scheme swift+config with {'store': , 'location_class': , 'store_entry': 'swift'} {{(pid=102808) register_scheme_map /opt/stack/data/venv/lib/python3.12/site-packages/glance_store/location.py:146}}
Jul 03 05:23:15.056042 np0000004370 devstack@g-api.service[102808]: DEBUG swiftclient [None req-a9f72515-e49b-4d67-8b4c-359fddb9788f tempest-VolumesActionsTest-449028744 tempest-VolumesActionsTest-449028744-project-member] REQ: curl -i https://10.4.3.126:8080/v1/AUTH_d7c05bb15fa2429aab859b4ee414a250/glance -I -H "X-Auth-Token: gAAAAABqR0dCOSjp..." {{(pid=102808) http_log /opt/stack/data/venv/lib/python3.12/site-packages/swiftclient/client.py:160}}
Jul 03 05:23:15.056148 np0000004370 devstack@g-api.service[102808]: DEBUG swiftclient [None req-a9f72515-e49b-4d67-8b4c-359fddb9788f tempest-VolumesActionsTest-449028744 tempest-VolumesActionsTest-449028744-project-member] RESP STATUS: 204 No Content {{(pid=102808) http_log /opt/stack/data/venv/lib/python3.12/site-packages/swiftclient/client.py:161}}
Jul 03 05:23:15.056305 np0000004370 devstack@g-api.service[102808]: DEBUG swiftclient [None req-a9f72515-e49b-4d67-8b4c-359fddb9788f tempest-VolumesActionsTest-449028744 tempest-VolumesActionsTest-449028744-project-member] RESP HEADERS: {'Date': 'Fri, 03 Jul 2026 05:23:15 GMT', 'Server': 'Apache/2.4.58 (Ubuntu)', 'Content-Type': 'text/plain; charset=utf-8', 'X-Container-Object-Count': '4', 'X-Container-Bytes-Used': '64357376', 'X-Timestamp': '1783055900.74040', 'Last-Modified': 'Fri, 03 Jul 2026 05:18:21 GMT', 'Accept-Ranges': 'bytes', 'X-Storage-Policy': 'Policy-0', 'X-Container-Sharding': 'False', 'Vary': 'Accept', 'X-Trans-Id': 'txcf8feabcc6704cabbd651-006a474742', 'X-Openstack-Request-Id': 'txcf8feabcc6704cabbd651-006a474742', 'Connection': 'close'} {{(pid=102808) http_log /opt/stack/data/venv/lib/python3.12/site-packages/swiftclient/client.py:162}}
Jul 03 05:23:15.056437 np0000004370 devstack@g-api.service[102808]: DEBUG glance_store._drivers.swift.store [None req-a9f72515-e49b-4d67-8b4c-359fddb9788f tempest-VolumesActionsTest-449028744 tempest-VolumesActionsTest-449028744-project-member] Adding image object '16673a8f-b5ee-4a34-ad50-460db69af190' to Swift {{(pid=102808) add /opt/stack/data/venv/lib/python3.12/site-packages/glance_store/_drivers/swift/store.py:970}}
Jul 03 05:23:15.056510 np0000004370 devstack@g-api.service[102808]: DEBUG glance_store._drivers.swift.store [None req-a9f72515-e49b-4d67-8b4c-359fddb9788f tempest-VolumesActionsTest-449028744 tempest-VolumesActionsTest-449028744-project-member] Cannot determine image size because it is either not provided in the request or chunked-transfer encoding is used. Adding image as a segmented object to Swift. {{(pid=102808) add /opt/stack/data/venv/lib/python3.12/site-packages/glance_store/_drivers/swift/store.py:994}}
Jul 03 05:23:15.064792 np0000004370 devstack@g-api.service[102808]: DEBUG oslo_utils.imageutils.format_inspector [None req-a9f72515-e49b-4d67-8b4c-359fddb9788f tempest-VolumesActionsTest-449028744 tempest-VolumesActionsTest-449028744-project-member] Format inspector for vmdk does not match, excluding from consideration (Signature KDMV not found: b'\x00\x00\x00\x00') {{(pid=102808) _process_chunk /opt/stack/data/venv/lib/python3.12/site-packages/oslo_utils/imageutils/format_inspector.py:1758}}
Jul 03 05:23:15.066210 np0000004370 devstack@g-api.service[102808]: DEBUG oslo_utils.imageutils.format_inspector [None req-a9f72515-e49b-4d67-8b4c-359fddb9788f tempest-VolumesActionsTest-449028744 tempest-VolumesActionsTest-449028744-project-member] Format inspector for vhdx does not match, excluding from consideration (Region signature not found at 30000) {{(pid=102808) _process_chunk /opt/stack/data/venv/lib/python3.12/site-packages/oslo_utils/imageutils/format_inspector.py:1758}}
Jul 03 05:23:15.218308 np0000004370 devstack@g-api.service[102810]: DEBUG glance.api.middleware.version_negotiation [None req-4b4268db-4bed-4171-8492-d9b9e8b9d782 tempest-VolumesActionsTest-449028744 tempest-VolumesActionsTest-449028744-project-member] Determining version of request: GET /v2/images/16673a8f-b5ee-4a34-ad50-460db69af190 Accept: application/json {{(pid=102810) process_request /opt/stack/glance/glance/api/middleware/version_negotiation.py:44}}
Jul 03 05:23:15.218888 np0000004370 devstack@g-api.service[102810]: DEBUG glance.api.middleware.version_negotiation [None req-4b4268db-4bed-4171-8492-d9b9e8b9d782 tempest-VolumesActionsTest-449028744 tempest-VolumesActionsTest-449028744-project-member] Using url versioning {{(pid=102810) process_request /opt/stack/glance/glance/api/middleware/version_negotiation.py:57}}
Jul 03 05:23:15.218888 np0000004370 devstack@g-api.service[102810]: DEBUG glance.api.middleware.version_negotiation [None req-4b4268db-4bed-4171-8492-d9b9e8b9d782 tempest-VolumesActionsTest-449028744 tempest-VolumesActionsTest-449028744-project-member] Matched version: v2 {{(pid=102810) process_request /opt/stack/glance/glance/api/middleware/version_negotiation.py:69}}
Jul 03 05:23:15.218888 np0000004370 devstack@g-api.service[102810]: DEBUG glance.api.middleware.version_negotiation [None req-4b4268db-4bed-4171-8492-d9b9e8b9d782 tempest-VolumesActionsTest-449028744 tempest-VolumesActionsTest-449028744-project-member] new path /v2/images/16673a8f-b5ee-4a34-ad50-460db69af190 {{(pid=102810) process_request /opt/stack/glance/glance/api/middleware/version_negotiation.py:70}}
Jul 03 05:23:15.232081 np0000004370 devstack@g-api.service[102810]: [pid: 102810|app: 0|req: 38/151] 127.0.0.1 () {40 vars in 838 bytes} [Fri Jul 3 05:23:15 2026] GET /v2/images/16673a8f-b5ee-4a34-ad50-460db69af190 => generated 649 bytes in 14 msecs (HTTP/1.1 200) 4 headers in 157 bytes (1 switches on core 0)
Jul 03 05:23:16.249277 np0000004370 devstack@g-api.service[102807]: DEBUG glance.api.middleware.version_negotiation [None req-fb0943b2-70d7-448a-88c5-1450cd425797 tempest-VolumesActionsTest-449028744 tempest-VolumesActionsTest-449028744-project-member] Determining version of request: GET /v2/images/16673a8f-b5ee-4a34-ad50-460db69af190 Accept: application/json {{(pid=102807) process_request /opt/stack/glance/glance/api/middleware/version_negotiation.py:44}}
Jul 03 05:23:16.249277 np0000004370 devstack@g-api.service[102807]: DEBUG glance.api.middleware.version_negotiation [None req-fb0943b2-70d7-448a-88c5-1450cd425797 tempest-VolumesActionsTest-449028744 tempest-VolumesActionsTest-449028744-project-member] Using url versioning {{(pid=102807) process_request /opt/stack/glance/glance/api/middleware/version_negotiation.py:57}}
Jul 03 05:23:16.249930 np0000004370 devstack@g-api.service[102807]: DEBUG glance.api.middleware.version_negotiation [None req-fb0943b2-70d7-448a-88c5-1450cd425797 tempest-VolumesActionsTest-449028744 tempest-VolumesActionsTest-449028744-project-member] Matched version: v2 {{(pid=102807) process_request /opt/stack/glance/glance/api/middleware/version_negotiation.py:69}}
Jul 03 05:23:16.249930 np0000004370 devstack@g-api.service[102807]: DEBUG glance.api.middleware.version_negotiation [None req-fb0943b2-70d7-448a-88c5-1450cd425797 tempest-VolumesActionsTest-449028744 tempest-VolumesActionsTest-449028744-project-member] new path /v2/images/16673a8f-b5ee-4a34-ad50-460db69af190 {{(pid=102807) process_request /opt/stack/glance/glance/api/middleware/version_negotiation.py:70}}
Jul 03 05:23:16.277571 np0000004370 devstack@g-api.service[102807]: [pid: 102807|app: 0|req: 40/152] 127.0.0.1 () {40 vars in 838 bytes} [Fri Jul 3 05:23:16 2026] GET /v2/images/16673a8f-b5ee-4a34-ad50-460db69af190 => generated 649 bytes in 29 msecs (HTTP/1.1 200) 4 headers in 157 bytes (1 switches on core 0)
Jul 03 05:23:17.196396 np0000004370 devstack@g-api.service[102809]: DEBUG glance.api.middleware.version_negotiation [None req-0a8ecb02-c9a2-4e3a-b0b7-58e257fd7b7e tempest-VolumesActionsTest-449028744 tempest-VolumesActionsTest-449028744-project-member] Determining version of request: GET /v2/images/e1a2b247-c17e-470c-a00c-80c730e5fb69 Accept: */* {{(pid=102809) process_request /opt/stack/glance/glance/api/middleware/version_negotiation.py:44}}
Jul 03 05:23:17.196396 np0000004370 devstack@g-api.service[102809]: DEBUG glance.api.middleware.version_negotiation [None req-0a8ecb02-c9a2-4e3a-b0b7-58e257fd7b7e tempest-VolumesActionsTest-449028744 tempest-VolumesActionsTest-449028744-project-member] Using url versioning {{(pid=102809) process_request /opt/stack/glance/glance/api/middleware/version_negotiation.py:57}}
Jul 03 05:23:17.196396 np0000004370 devstack@g-api.service[102809]: DEBUG glance.api.middleware.version_negotiation [None req-0a8ecb02-c9a2-4e3a-b0b7-58e257fd7b7e tempest-VolumesActionsTest-449028744 tempest-VolumesActionsTest-449028744-project-member] Matched version: v2 {{(pid=102809) process_request /opt/stack/glance/glance/api/middleware/version_negotiation.py:69}}
Jul 03 05:23:17.196396 np0000004370 devstack@g-api.service[102809]: DEBUG glance.api.middleware.version_negotiation [None req-0a8ecb02-c9a2-4e3a-b0b7-58e257fd7b7e tempest-VolumesActionsTest-449028744 tempest-VolumesActionsTest-449028744-project-member] new path /v2/images/e1a2b247-c17e-470c-a00c-80c730e5fb69 {{(pid=102809) process_request /opt/stack/glance/glance/api/middleware/version_negotiation.py:70}}
Jul 03 05:23:17.210080 np0000004370 devstack@g-api.service[102809]: [pid: 102809|app: 0|req: 38/153] 127.0.0.1 () {44 vars in 1115 bytes} [Fri Jul 3 05:23:17 2026] GET /v2/images/e1a2b247-c17e-470c-a00c-80c730e5fb69 => generated 1044 bytes in 15 msecs (HTTP/1.1 200) 4 headers in 158 bytes (1 switches on core 0)
Jul 03 05:23:17.263236 np0000004370 devstack@g-api.service[102810]: DEBUG glance.api.middleware.version_negotiation [None req-a50d664e-930a-422b-88ad-01078da891c9 tempest-VolumesActionsTest-449028744 tempest-VolumesActionsTest-449028744-project-member] Determining version of request: GET /v2/schemas/image Accept: */* {{(pid=102810) process_request /opt/stack/glance/glance/api/middleware/version_negotiation.py:44}}
Jul 03 05:23:17.263236 np0000004370 devstack@g-api.service[102810]: DEBUG glance.api.middleware.version_negotiation [None req-a50d664e-930a-422b-88ad-01078da891c9 tempest-VolumesActionsTest-449028744 tempest-VolumesActionsTest-449028744-project-member] Using url versioning {{(pid=102810) process_request /opt/stack/glance/glance/api/middleware/version_negotiation.py:57}}
Jul 03 05:23:17.263236 np0000004370 devstack@g-api.service[102810]: DEBUG glance.api.middleware.version_negotiation [None req-a50d664e-930a-422b-88ad-01078da891c9 tempest-VolumesActionsTest-449028744 tempest-VolumesActionsTest-449028744-project-member] Matched version: v2 {{(pid=102810) process_request /opt/stack/glance/glance/api/middleware/version_negotiation.py:69}}
Jul 03 05:23:17.263236 np0000004370 devstack@g-api.service[102810]: DEBUG glance.api.middleware.version_negotiation [None req-a50d664e-930a-422b-88ad-01078da891c9 tempest-VolumesActionsTest-449028744 tempest-VolumesActionsTest-449028744-project-member] new path /v2/schemas/image {{(pid=102810) process_request /opt/stack/glance/glance/api/middleware/version_negotiation.py:70}}
Jul 03 05:23:17.272519 np0000004370 devstack@g-api.service[102810]: [pid: 102810|app: 0|req: 39/154] 127.0.0.1 () {44 vars in 1055 bytes} [Fri Jul 3 05:23:17 2026] GET /v2/schemas/image => generated 6083 bytes in 11 msecs (HTTP/1.1 200) 4 headers in 158 bytes (1 switches on core 0)
Jul 03 05:23:17.291178 np0000004370 devstack@g-api.service[102807]: DEBUG glance.api.middleware.version_negotiation [None req-e1b83c39-82cd-4442-90df-21685a67f1ff tempest-VolumesActionsTest-449028744 tempest-VolumesActionsTest-449028744-project-member] Determining version of request: GET /v2/images/16673a8f-b5ee-4a34-ad50-460db69af190 Accept: application/json {{(pid=102807) process_request /opt/stack/glance/glance/api/middleware/version_negotiation.py:44}}
Jul 03 05:23:17.291178 np0000004370 devstack@g-api.service[102807]: DEBUG glance.api.middleware.version_negotiation [None req-e1b83c39-82cd-4442-90df-21685a67f1ff tempest-VolumesActionsTest-449028744 tempest-VolumesActionsTest-449028744-project-member] Using url versioning {{(pid=102807) process_request /opt/stack/glance/glance/api/middleware/version_negotiation.py:57}}
Jul 03 05:23:17.291178 np0000004370 devstack@g-api.service[102807]: DEBUG glance.api.middleware.version_negotiation [None req-e1b83c39-82cd-4442-90df-21685a67f1ff tempest-VolumesActionsTest-449028744 tempest-VolumesActionsTest-449028744-project-member] Matched version: v2 {{(pid=102807) process_request /opt/stack/glance/glance/api/middleware/version_negotiation.py:69}}
Jul 03 05:23:17.291178 np0000004370 devstack@g-api.service[102807]: DEBUG glance.api.middleware.version_negotiation [None req-e1b83c39-82cd-4442-90df-21685a67f1ff tempest-VolumesActionsTest-449028744 tempest-VolumesActionsTest-449028744-project-member] new path /v2/images/16673a8f-b5ee-4a34-ad50-460db69af190 {{(pid=102807) process_request /opt/stack/glance/glance/api/middleware/version_negotiation.py:70}}
Jul 03 05:23:17.292763 np0000004370 devstack@g-api.service[102808]: DEBUG swiftclient [None req-a9f72515-e49b-4d67-8b4c-359fddb9788f tempest-VolumesActionsTest-449028744 tempest-VolumesActionsTest-449028744-project-member] REQ: curl -i https://10.4.3.126:8080/v1/AUTH_d7c05bb15fa2429aab859b4ee414a250/glance/16673a8f-b5ee-4a34-ad50-460db69af190-00001 -X PUT -H "X-Auth-Token: gAAAAABqR0dCOSjp..." {{(pid=102808) http_log /opt/stack/data/venv/lib/python3.12/site-packages/swiftclient/client.py:160}}
Jul 03 05:23:17.292763 np0000004370 devstack@g-api.service[102808]: DEBUG swiftclient [None req-a9f72515-e49b-4d67-8b4c-359fddb9788f tempest-VolumesActionsTest-449028744 tempest-VolumesActionsTest-449028744-project-member] RESP STATUS: 201 Created {{(pid=102808) http_log /opt/stack/data/venv/lib/python3.12/site-packages/swiftclient/client.py:161}}
Jul 03 05:23:17.293223 np0000004370 devstack@g-api.service[102808]: DEBUG swiftclient [None req-a9f72515-e49b-4d67-8b4c-359fddb9788f tempest-VolumesActionsTest-449028744 tempest-VolumesActionsTest-449028744-project-member] RESP HEADERS: {'Date': 'Fri, 03 Jul 2026 05:23:17 GMT', 'Server': 'Apache/2.4.58 (Ubuntu)', 'Content-Type': 'text/html; charset=UTF-8', 'Content-Length': '0', 'Etag': 'eda9a9889837ac4bc81d6387d92c1bec', 'Last-Modified': 'Fri, 03 Jul 2026 05:23:16 GMT', 'X-Trans-Id': 'tx2a12a33161d349f2ba4a6-006a474743', 'X-Openstack-Request-Id': 'tx2a12a33161d349f2ba4a6-006a474743', 'Connection': 'close'} {{(pid=102808) http_log /opt/stack/data/venv/lib/python3.12/site-packages/swiftclient/client.py:162}}
Jul 03 05:23:17.293223 np0000004370 devstack@g-api.service[102808]: DEBUG glance_store._drivers.swift.store [None req-a9f72515-e49b-4d67-8b4c-359fddb9788f tempest-VolumesActionsTest-449028744 tempest-VolumesActionsTest-449028744-project-member] Wrote chunk 16673a8f-b5ee-4a34-ad50-460db69af190-00001 (1/?) of length 204800000 to Swift returning MD5 of content: eda9a9889837ac4bc81d6387d92c1bec {{(pid=102808) add /opt/stack/data/venv/lib/python3.12/site-packages/glance_store/_drivers/swift/store.py:1059}}
Jul 03 05:23:17.303160 np0000004370 devstack@g-api.service[102807]: [pid: 102807|app: 0|req: 41/155] 127.0.0.1 () {40 vars in 838 bytes} [Fri Jul 3 05:23:17 2026] GET /v2/images/16673a8f-b5ee-4a34-ad50-460db69af190 => generated 649 bytes in 12 msecs (HTTP/1.1 200) 4 headers in 157 bytes (1 switches on core 0)
Jul 03 05:23:18.317623 np0000004370 devstack@g-api.service[102809]: DEBUG glance.api.middleware.version_negotiation [None req-a0cf06fa-c97a-4a5b-82d9-13d74b2358df tempest-DeleteServersTestJSON-1413546408 tempest-DeleteServersTestJSON-1413546408-project-member] Determining version of request: GET /v2/images/16673a8f-b5ee-4a34-ad50-460db69af190 Accept: application/json {{(pid=102809) process_request /opt/stack/glance/glance/api/middleware/version_negotiation.py:44}}
Jul 03 05:23:18.317623 np0000004370 devstack@g-api.service[102809]: DEBUG glance.api.middleware.version_negotiation [None req-a0cf06fa-c97a-4a5b-82d9-13d74b2358df tempest-DeleteServersTestJSON-1413546408 tempest-DeleteServersTestJSON-1413546408-project-member] Using url versioning {{(pid=102809) process_request /opt/stack/glance/glance/api/middleware/version_negotiation.py:57}}
Jul 03 05:23:18.317623 np0000004370 devstack@g-api.service[102809]: DEBUG glance.api.middleware.version_negotiation [None req-a0cf06fa-c97a-4a5b-82d9-13d74b2358df tempest-DeleteServersTestJSON-1413546408 tempest-DeleteServersTestJSON-1413546408-project-member] Matched version: v2 {{(pid=102809) process_request /opt/stack/glance/glance/api/middleware/version_negotiation.py:69}}
Jul 03 05:23:18.317623 np0000004370 devstack@g-api.service[102809]: DEBUG glance.api.middleware.version_negotiation [None req-a0cf06fa-c97a-4a5b-82d9-13d74b2358df tempest-DeleteServersTestJSON-1413546408 tempest-DeleteServersTestJSON-1413546408-project-member] new path /v2/images/16673a8f-b5ee-4a34-ad50-460db69af190 {{(pid=102809) process_request /opt/stack/glance/glance/api/middleware/version_negotiation.py:70}}
Jul 03 05:23:18.327135 np0000004370 devstack@g-api.service[102809]: [pid: 102809|app: 0|req: 39/156] 127.0.0.1 () {40 vars in 838 bytes} [Fri Jul 3 05:23:18 2026] GET /v2/images/16673a8f-b5ee-4a34-ad50-460db69af190 => generated 649 bytes in 10 msecs (HTTP/1.1 200) 4 headers in 157 bytes (1 switches on core 0)
Jul 03 05:23:19.336925 np0000004370 devstack@g-api.service[102810]: DEBUG glance.api.middleware.version_negotiation [None req-a0cf06fa-c97a-4a5b-82d9-13d74b2358df tempest-DeleteServersTestJSON-1413546408 tempest-DeleteServersTestJSON-1413546408-project-member] Determining version of request: GET /v2/images/16673a8f-b5ee-4a34-ad50-460db69af190 Accept: application/json {{(pid=102810) process_request /opt/stack/glance/glance/api/middleware/version_negotiation.py:44}}
Jul 03 05:23:19.336925 np0000004370 devstack@g-api.service[102810]: DEBUG glance.api.middleware.version_negotiation [None req-a0cf06fa-c97a-4a5b-82d9-13d74b2358df tempest-DeleteServersTestJSON-1413546408 tempest-DeleteServersTestJSON-1413546408-project-member] Using url versioning {{(pid=102810) process_request /opt/stack/glance/glance/api/middleware/version_negotiation.py:57}}
Jul 03 05:23:19.336925 np0000004370 devstack@g-api.service[102810]: DEBUG glance.api.middleware.version_negotiation [None req-a0cf06fa-c97a-4a5b-82d9-13d74b2358df tempest-DeleteServersTestJSON-1413546408 tempest-DeleteServersTestJSON-1413546408-project-member] Matched version: v2 {{(pid=102810) process_request /opt/stack/glance/glance/api/middleware/version_negotiation.py:69}}
Jul 03 05:23:19.337510 np0000004370 devstack@g-api.service[102810]: DEBUG glance.api.middleware.version_negotiation [None req-a0cf06fa-c97a-4a5b-82d9-13d74b2358df tempest-DeleteServersTestJSON-1413546408 tempest-DeleteServersTestJSON-1413546408-project-member] new path /v2/images/16673a8f-b5ee-4a34-ad50-460db69af190 {{(pid=102810) process_request /opt/stack/glance/glance/api/middleware/version_negotiation.py:70}}
Jul 03 05:23:19.348949 np0000004370 devstack@g-api.service[102810]: [pid: 102810|app: 0|req: 40/157] 127.0.0.1 () {40 vars in 838 bytes} [Fri Jul 3 05:23:19 2026] GET /v2/images/16673a8f-b5ee-4a34-ad50-460db69af190 => generated 649 bytes in 12 msecs (HTTP/1.1 200) 4 headers in 157 bytes (1 switches on core 0)
Jul 03 05:23:19.562007 np0000004370 devstack@g-api.service[102808]: DEBUG swiftclient [None req-a9f72515-e49b-4d67-8b4c-359fddb9788f tempest-VolumesActionsTest-449028744 tempest-VolumesActionsTest-449028744-project-member] REQ: curl -i https://10.4.3.126:8080/v1/AUTH_d7c05bb15fa2429aab859b4ee414a250/glance/16673a8f-b5ee-4a34-ad50-460db69af190-00002 -X PUT -H "X-Auth-Token: gAAAAABqR0dCOSjp..." {{(pid=102808) http_log /opt/stack/data/venv/lib/python3.12/site-packages/swiftclient/client.py:160}}
Jul 03 05:23:19.562320 np0000004370 devstack@g-api.service[102808]: DEBUG swiftclient [None req-a9f72515-e49b-4d67-8b4c-359fddb9788f tempest-VolumesActionsTest-449028744 tempest-VolumesActionsTest-449028744-project-member] RESP STATUS: 201 Created {{(pid=102808) http_log /opt/stack/data/venv/lib/python3.12/site-packages/swiftclient/client.py:161}}
Jul 03 05:23:19.562320 np0000004370 devstack@g-api.service[102808]: DEBUG swiftclient [None req-a9f72515-e49b-4d67-8b4c-359fddb9788f tempest-VolumesActionsTest-449028744 tempest-VolumesActionsTest-449028744-project-member] RESP HEADERS: {'Date': 'Fri, 03 Jul 2026 05:23:19 GMT', 'Server': 'Apache/2.4.58 (Ubuntu)', 'Content-Type': 'text/html; charset=UTF-8', 'Content-Length': '0', 'Etag': 'eda9a9889837ac4bc81d6387d92c1bec', 'Last-Modified': 'Fri, 03 Jul 2026 05:23:18 GMT', 'X-Trans-Id': 'txad9aac8f885c4010ab16a-006a474745', 'X-Openstack-Request-Id': 'txad9aac8f885c4010ab16a-006a474745', 'Connection': 'close'} {{(pid=102808) http_log /opt/stack/data/venv/lib/python3.12/site-packages/swiftclient/client.py:162}}
Jul 03 05:23:19.562451 np0000004370 devstack@g-api.service[102808]: DEBUG glance_store._drivers.swift.store [None req-a9f72515-e49b-4d67-8b4c-359fddb9788f tempest-VolumesActionsTest-449028744 tempest-VolumesActionsTest-449028744-project-member] Wrote chunk 16673a8f-b5ee-4a34-ad50-460db69af190-00002 (2/?) of length 204800000 to Swift returning MD5 of content: eda9a9889837ac4bc81d6387d92c1bec {{(pid=102808) add /opt/stack/data/venv/lib/python3.12/site-packages/glance_store/_drivers/swift/store.py:1059}}
Jul 03 05:23:20.364136 np0000004370 devstack@g-api.service[102807]: DEBUG glance.api.middleware.version_negotiation [None req-58991a1e-d705-4947-a6d9-fe25861efcb0 tempest-VolumesActionsTest-449028744 tempest-VolumesActionsTest-449028744-project-member] Determining version of request: GET /v2/images/16673a8f-b5ee-4a34-ad50-460db69af190 Accept: application/json {{(pid=102807) process_request /opt/stack/glance/glance/api/middleware/version_negotiation.py:44}}
Jul 03 05:23:20.364521 np0000004370 devstack@g-api.service[102807]: DEBUG glance.api.middleware.version_negotiation [None req-58991a1e-d705-4947-a6d9-fe25861efcb0 tempest-VolumesActionsTest-449028744 tempest-VolumesActionsTest-449028744-project-member] Using url versioning {{(pid=102807) process_request /opt/stack/glance/glance/api/middleware/version_negotiation.py:57}}
Jul 03 05:23:20.364521 np0000004370 devstack@g-api.service[102807]: DEBUG glance.api.middleware.version_negotiation [None req-58991a1e-d705-4947-a6d9-fe25861efcb0 tempest-VolumesActionsTest-449028744 tempest-VolumesActionsTest-449028744-project-member] Matched version: v2 {{(pid=102807) process_request /opt/stack/glance/glance/api/middleware/version_negotiation.py:69}}
Jul 03 05:23:20.364621 np0000004370 devstack@g-api.service[102807]: DEBUG glance.api.middleware.version_negotiation [None req-58991a1e-d705-4947-a6d9-fe25861efcb0 tempest-VolumesActionsTest-449028744 tempest-VolumesActionsTest-449028744-project-member] new path /v2/images/16673a8f-b5ee-4a34-ad50-460db69af190 {{(pid=102807) process_request /opt/stack/glance/glance/api/middleware/version_negotiation.py:70}}
Jul 03 05:23:20.383977 np0000004370 devstack@g-api.service[102807]: [pid: 102807|app: 0|req: 42/158] 127.0.0.1 () {40 vars in 838 bytes} [Fri Jul 3 05:23:20 2026] GET /v2/images/16673a8f-b5ee-4a34-ad50-460db69af190 => generated 649 bytes in 21 msecs (HTTP/1.1 200) 4 headers in 157 bytes (1 switches on core 0)
Jul 03 05:23:21.397741 np0000004370 devstack@g-api.service[102809]: DEBUG glance.api.middleware.version_negotiation [None req-2d51c35f-169f-4d82-89fa-3151f874b673 tempest-VolumesActionsTest-449028744 tempest-VolumesActionsTest-449028744-project-member] Determining version of request: GET /v2/images/16673a8f-b5ee-4a34-ad50-460db69af190 Accept: application/json {{(pid=102809) process_request /opt/stack/glance/glance/api/middleware/version_negotiation.py:44}}
Jul 03 05:23:21.398142 np0000004370 devstack@g-api.service[102809]: DEBUG glance.api.middleware.version_negotiation [None req-2d51c35f-169f-4d82-89fa-3151f874b673 tempest-VolumesActionsTest-449028744 tempest-VolumesActionsTest-449028744-project-member] Using url versioning {{(pid=102809) process_request /opt/stack/glance/glance/api/middleware/version_negotiation.py:57}}
Jul 03 05:23:21.398142 np0000004370 devstack@g-api.service[102809]: DEBUG glance.api.middleware.version_negotiation [None req-2d51c35f-169f-4d82-89fa-3151f874b673 tempest-VolumesActionsTest-449028744 tempest-VolumesActionsTest-449028744-project-member] Matched version: v2 {{(pid=102809) process_request /opt/stack/glance/glance/api/middleware/version_negotiation.py:69}}
Jul 03 05:23:21.398395 np0000004370 devstack@g-api.service[102809]: DEBUG glance.api.middleware.version_negotiation [None req-2d51c35f-169f-4d82-89fa-3151f874b673 tempest-VolumesActionsTest-449028744 tempest-VolumesActionsTest-449028744-project-member] new path /v2/images/16673a8f-b5ee-4a34-ad50-460db69af190 {{(pid=102809) process_request /opt/stack/glance/glance/api/middleware/version_negotiation.py:70}}
Jul 03 05:23:21.425088 np0000004370 devstack@g-api.service[102809]: [pid: 102809|app: 0|req: 40/159] 127.0.0.1 () {40 vars in 838 bytes} [Fri Jul 3 05:23:21 2026] GET /v2/images/16673a8f-b5ee-4a34-ad50-460db69af190 => generated 649 bytes in 28 msecs (HTTP/1.1 200) 4 headers in 157 bytes (1 switches on core 0)
Jul 03 05:23:21.777772 np0000004370 devstack@g-api.service[102808]: DEBUG swiftclient [None req-a9f72515-e49b-4d67-8b4c-359fddb9788f tempest-VolumesActionsTest-449028744 tempest-VolumesActionsTest-449028744-project-member] REQ: curl -i https://10.4.3.126:8080/v1/AUTH_d7c05bb15fa2429aab859b4ee414a250/glance/16673a8f-b5ee-4a34-ad50-460db69af190-00003 -X PUT -H "X-Auth-Token: gAAAAABqR0dCOSjp..." {{(pid=102808) http_log /opt/stack/data/venv/lib/python3.12/site-packages/swiftclient/client.py:160}}
Jul 03 05:23:21.778552 np0000004370 devstack@g-api.service[102808]: DEBUG swiftclient [None req-a9f72515-e49b-4d67-8b4c-359fddb9788f tempest-VolumesActionsTest-449028744 tempest-VolumesActionsTest-449028744-project-member] RESP STATUS: 201 Created {{(pid=102808) http_log /opt/stack/data/venv/lib/python3.12/site-packages/swiftclient/client.py:161}}
Jul 03 05:23:21.778552 np0000004370 devstack@g-api.service[102808]: DEBUG swiftclient [None req-a9f72515-e49b-4d67-8b4c-359fddb9788f tempest-VolumesActionsTest-449028744 tempest-VolumesActionsTest-449028744-project-member] RESP HEADERS: {'Date': 'Fri, 03 Jul 2026 05:23:21 GMT', 'Server': 'Apache/2.4.58 (Ubuntu)', 'Content-Type': 'text/html; charset=UTF-8', 'Content-Length': '0', 'Etag': 'eda9a9889837ac4bc81d6387d92c1bec', 'Last-Modified': 'Fri, 03 Jul 2026 05:23:20 GMT', 'X-Trans-Id': 'tx8e90f0e386ef4735a2df1-006a474747', 'X-Openstack-Request-Id': 'tx8e90f0e386ef4735a2df1-006a474747', 'Connection': 'close'} {{(pid=102808) http_log /opt/stack/data/venv/lib/python3.12/site-packages/swiftclient/client.py:162}}
Jul 03 05:23:21.778552 np0000004370 devstack@g-api.service[102808]: DEBUG glance_store._drivers.swift.store [None req-a9f72515-e49b-4d67-8b4c-359fddb9788f tempest-VolumesActionsTest-449028744 tempest-VolumesActionsTest-449028744-project-member] Wrote chunk 16673a8f-b5ee-4a34-ad50-460db69af190-00003 (3/?) of length 204800000 to Swift returning MD5 of content: eda9a9889837ac4bc81d6387d92c1bec {{(pid=102808) add /opt/stack/data/venv/lib/python3.12/site-packages/glance_store/_drivers/swift/store.py:1059}}
Jul 03 05:23:22.432728 np0000004370 devstack@g-api.service[102810]: DEBUG glance.api.middleware.version_negotiation [None req-020848c0-63a3-4260-933c-fb242f09507a tempest-VolumesActionsTest-449028744 tempest-VolumesActionsTest-449028744-project-member] Determining version of request: GET /v2/images/16673a8f-b5ee-4a34-ad50-460db69af190 Accept: application/json {{(pid=102810) process_request /opt/stack/glance/glance/api/middleware/version_negotiation.py:44}}
Jul 03 05:23:22.433391 np0000004370 devstack@g-api.service[102810]: DEBUG glance.api.middleware.version_negotiation [None req-020848c0-63a3-4260-933c-fb242f09507a tempest-VolumesActionsTest-449028744 tempest-VolumesActionsTest-449028744-project-member] Using url versioning {{(pid=102810) process_request /opt/stack/glance/glance/api/middleware/version_negotiation.py:57}}
Jul 03 05:23:22.433391 np0000004370 devstack@g-api.service[102810]: DEBUG glance.api.middleware.version_negotiation [None req-020848c0-63a3-4260-933c-fb242f09507a tempest-VolumesActionsTest-449028744 tempest-VolumesActionsTest-449028744-project-member] Matched version: v2 {{(pid=102810) process_request /opt/stack/glance/glance/api/middleware/version_negotiation.py:69}}
Jul 03 05:23:22.433391 np0000004370 devstack@g-api.service[102810]: DEBUG glance.api.middleware.version_negotiation [None req-020848c0-63a3-4260-933c-fb242f09507a tempest-VolumesActionsTest-449028744 tempest-VolumesActionsTest-449028744-project-member] new path /v2/images/16673a8f-b5ee-4a34-ad50-460db69af190 {{(pid=102810) process_request /opt/stack/glance/glance/api/middleware/version_negotiation.py:70}}
Jul 03 05:23:22.444702 np0000004370 devstack@g-api.service[102810]: [pid: 102810|app: 0|req: 41/160] 127.0.0.1 () {40 vars in 838 bytes} [Fri Jul 3 05:23:22 2026] GET /v2/images/16673a8f-b5ee-4a34-ad50-460db69af190 => generated 649 bytes in 12 msecs (HTTP/1.1 200) 4 headers in 157 bytes (1 switches on core 0)
Jul 03 05:23:23.454657 np0000004370 devstack@g-api.service[102807]: DEBUG glance.api.middleware.version_negotiation [None req-1a74ba1c-b4ae-4fd7-b2c4-90af9526c2a4 tempest-VolumesActionsTest-449028744 tempest-VolumesActionsTest-449028744-project-member] Determining version of request: GET /v2/images/16673a8f-b5ee-4a34-ad50-460db69af190 Accept: application/json {{(pid=102807) process_request /opt/stack/glance/glance/api/middleware/version_negotiation.py:44}}
Jul 03 05:23:23.455434 np0000004370 devstack@g-api.service[102807]: DEBUG glance.api.middleware.version_negotiation [None req-1a74ba1c-b4ae-4fd7-b2c4-90af9526c2a4 tempest-VolumesActionsTest-449028744 tempest-VolumesActionsTest-449028744-project-member] Using url versioning {{(pid=102807) process_request /opt/stack/glance/glance/api/middleware/version_negotiation.py:57}}
Jul 03 05:23:23.455434 np0000004370 devstack@g-api.service[102807]: DEBUG glance.api.middleware.version_negotiation [None req-1a74ba1c-b4ae-4fd7-b2c4-90af9526c2a4 tempest-VolumesActionsTest-449028744 tempest-VolumesActionsTest-449028744-project-member] Matched version: v2 {{(pid=102807) process_request /opt/stack/glance/glance/api/middleware/version_negotiation.py:69}}
Jul 03 05:23:23.455434 np0000004370 devstack@g-api.service[102807]: DEBUG glance.api.middleware.version_negotiation [None req-1a74ba1c-b4ae-4fd7-b2c4-90af9526c2a4 tempest-VolumesActionsTest-449028744 tempest-VolumesActionsTest-449028744-project-member] new path /v2/images/16673a8f-b5ee-4a34-ad50-460db69af190 {{(pid=102807) process_request /opt/stack/glance/glance/api/middleware/version_negotiation.py:70}}
Jul 03 05:23:23.469983 np0000004370 devstack@g-api.service[102807]: [pid: 102807|app: 0|req: 43/161] 127.0.0.1 () {40 vars in 838 bytes} [Fri Jul 3 05:23:23 2026] GET /v2/images/16673a8f-b5ee-4a34-ad50-460db69af190 => generated 649 bytes in 15 msecs (HTTP/1.1 200) 4 headers in 157 bytes (1 switches on core 0)
Jul 03 05:23:24.035117 np0000004370 devstack@g-api.service[102808]: DEBUG swiftclient [None req-a9f72515-e49b-4d67-8b4c-359fddb9788f tempest-VolumesActionsTest-449028744 tempest-VolumesActionsTest-449028744-project-member] REQ: curl -i https://10.4.3.126:8080/v1/AUTH_d7c05bb15fa2429aab859b4ee414a250/glance/16673a8f-b5ee-4a34-ad50-460db69af190-00004 -X PUT -H "X-Auth-Token: gAAAAABqR0dCOSjp..." {{(pid=102808) http_log /opt/stack/data/venv/lib/python3.12/site-packages/swiftclient/client.py:160}}
Jul 03 05:23:24.035416 np0000004370 devstack@g-api.service[102808]: DEBUG swiftclient [None req-a9f72515-e49b-4d67-8b4c-359fddb9788f tempest-VolumesActionsTest-449028744 tempest-VolumesActionsTest-449028744-project-member] RESP STATUS: 201 Created {{(pid=102808) http_log /opt/stack/data/venv/lib/python3.12/site-packages/swiftclient/client.py:161}}
Jul 03 05:23:24.035416 np0000004370 devstack@g-api.service[102808]: DEBUG swiftclient [None req-a9f72515-e49b-4d67-8b4c-359fddb9788f tempest-VolumesActionsTest-449028744 tempest-VolumesActionsTest-449028744-project-member] RESP HEADERS: {'Date': 'Fri, 03 Jul 2026 05:23:24 GMT', 'Server': 'Apache/2.4.58 (Ubuntu)', 'Content-Type': 'text/html; charset=UTF-8', 'Content-Length': '0', 'Etag': 'eda9a9889837ac4bc81d6387d92c1bec', 'Last-Modified': 'Fri, 03 Jul 2026 05:23:22 GMT', 'X-Trans-Id': 'tx7d0b5836d1964eba95b34-006a474749', 'X-Openstack-Request-Id': 'tx7d0b5836d1964eba95b34-006a474749', 'Connection': 'close'} {{(pid=102808) http_log /opt/stack/data/venv/lib/python3.12/site-packages/swiftclient/client.py:162}}
