Jul 03 05:17:49.339489 np0000004370 systemd[1]: Starting devstack@n-api-meta.service - Devstack devstack@n-api-meta.service...
Jul 03 05:17:49.345285 np0000004370 devstack@n-api-meta.service[95854]: [uWSGI] getting INI configuration from /etc/nova/nova-metadata-uwsgi.ini
Jul 03 05:17:49.347656 np0000004370 devstack@n-api-meta.service[95854]: *** Starting uWSGI 2.0.24-debian (64bit) on [Fri Jul 3 05:17:49 2026] ***
Jul 03 05:17:49.347656 np0000004370 devstack@n-api-meta.service[95854]: compiled with version: 13.2.0 on 17 April 2024 16:23:48
Jul 03 05:17:49.347656 np0000004370 devstack@n-api-meta.service[95854]: os: Linux-6.8.0-100-generic #100-Ubuntu SMP PREEMPT_DYNAMIC Tue Jan 13 16:40:06 UTC 2026
Jul 03 05:17:49.347656 np0000004370 devstack@n-api-meta.service[95854]: nodename: np0000004370
Jul 03 05:17:49.347656 np0000004370 devstack@n-api-meta.service[95854]: machine: x86_64
Jul 03 05:17:49.347656 np0000004370 devstack@n-api-meta.service[95854]: clock source: unix
Jul 03 05:17:49.347656 np0000004370 devstack@n-api-meta.service[95854]: pcre jit disabled
Jul 03 05:17:49.347656 np0000004370 devstack@n-api-meta.service[95854]: detected number of CPU cores: 16
Jul 03 05:17:49.347656 np0000004370 devstack@n-api-meta.service[95854]: current working directory: /
Jul 03 05:17:49.347656 np0000004370 devstack@n-api-meta.service[95854]: detected binary path: /usr/bin/uwsgi-core
Jul 03 05:17:49.347656 np0000004370 devstack@n-api-meta.service[95854]: your processes number limit is 257052
Jul 03 05:17:49.347656 np0000004370 devstack@n-api-meta.service[95854]: your memory page size is 4096 bytes
Jul 03 05:17:49.347656 np0000004370 devstack@n-api-meta.service[95854]: detected max file descriptor number: 2048
Jul 03 05:17:49.347656 np0000004370 devstack@n-api-meta.service[95854]: lock engine: pthread robust mutexes
Jul 03 05:17:49.348212 np0000004370 devstack@n-api-meta.service[95854]: thunder lock: enabled
Jul 03 05:17:49.348212 np0000004370 devstack@n-api-meta.service[95854]: uWSGI http bound on 0.0.0.0:8775 fd 5
Jul 03 05:17:49.348212 np0000004370 devstack@n-api-meta.service[95854]: uwsgi socket 0 bound to TCP address 127.0.0.1:39051 (port auto-assigned) fd 4
Jul 03 05:17:49.348212 np0000004370 devstack@n-api-meta.service[95854]: Python version: 3.12.3 (main, Mar 23 2026, 19:04:32) [GCC 13.3.0]
Jul 03 05:17:49.348212 np0000004370 devstack@n-api-meta.service[95854]: PEP 405 virtualenv detected: /opt/stack/data/venv
Jul 03 05:17:49.348212 np0000004370 devstack@n-api-meta.service[95854]: Set PythonHome to /opt/stack/data/venv
Jul 03 05:17:49.380884 np0000004370 devstack@n-api-meta.service[95854]: Python main interpreter initialized at 0x75beccca3668
Jul 03 05:17:49.380884 np0000004370 devstack@n-api-meta.service[95854]: python threads support enabled
Jul 03 05:17:49.380884 np0000004370 devstack@n-api-meta.service[95854]: your server socket listen backlog is limited to 100 connections
Jul 03 05:17:49.380884 np0000004370 devstack@n-api-meta.service[95854]: your mercy for graceful operations on workers is 80 seconds
Jul 03 05:17:49.381407 np0000004370 devstack@n-api-meta.service[95854]: mapped 671795 bytes (656 KB) for 4 cores
Jul 03 05:17:49.381561 np0000004370 devstack@n-api-meta.service[95854]: *** Operational MODE: preforking ***
Jul 03 05:17:49.381744 np0000004370 devstack@n-api-meta.service[95854]: *** uWSGI is running in multiple interpreter mode ***
Jul 03 05:17:49.381744 np0000004370 devstack@n-api-meta.service[95854]: spawned uWSGI master process (pid: 95854)
Jul 03 05:17:49.381897 np0000004370 systemd[1]: Started devstack@n-api-meta.service - Devstack devstack@n-api-meta.service.
Jul 03 05:17:49.382307 np0000004370 devstack@n-api-meta.service[95854]: spawned uWSGI worker 1 (pid: 95855, cores: 1)
Jul 03 05:17:49.382779 np0000004370 devstack@n-api-meta.service[95854]: spawned uWSGI worker 2 (pid: 95856, cores: 1)
Jul 03 05:17:49.383191 np0000004370 devstack@n-api-meta.service[95854]: spawned uWSGI worker 3 (pid: 95857, cores: 1)
Jul 03 05:17:49.383675 np0000004370 devstack@n-api-meta.service[95854]: spawned uWSGI worker 4 (pid: 95858, cores: 1)
Jul 03 05:17:49.384246 np0000004370 devstack@n-api-meta.service[95854]: spawned uWSGI http 1 (pid: 95859)
Jul 03 05:17:49.384246 np0000004370 devstack@n-api-meta.service[95854]: running "unix_signal:15 gracefully_kill_them_all" (master-start)...
Jul 03 05:17:51.005337 np0000004370 devstack@n-api-meta.service[95855]: INFO dbcounter [None req-f0e929e3-4319-4d6b-8622-9d36ba58a55e None None] Registered counter for database nova_api
Jul 03 05:17:51.038669 np0000004370 devstack@n-api-meta.service[95856]: INFO dbcounter [None req-bb1c1a1a-42ea-459d-8f3b-35441811e526 None None] Registered counter for database nova_api
Jul 03 05:17:51.047255 np0000004370 devstack@n-api-meta.service[95855]: DEBUG oslo_db.sqlalchemy.engines [None req-f0e929e3-4319-4d6b-8622-9d36ba58a55e None None] MySQL server mode set to STRICT_TRANS_TABLES,STRICT_ALL_TABLES,NO_ZERO_IN_DATE,NO_ZERO_DATE,ERROR_FOR_DIVISION_BY_ZERO,TRADITIONAL,NO_ENGINE_SUBSTITUTION {{(pid=95855) _check_effective_sql_mode /opt/stack/data/venv/lib/python3.12/site-packages/oslo_db/sqlalchemy/engines.py:325}}
Jul 03 05:17:51.076150 np0000004370 devstack@n-api-meta.service[95855]: DEBUG dbcounter [-] [95855] Writer thread running {{(pid=95855) stat_writer /opt/stack/data/venv/lib/python3.12/site-packages/dbcounter.py:102}}
Jul 03 05:17:51.078641 np0000004370 devstack@n-api-meta.service[95855]: DEBUG nova.context [None req-f0e929e3-4319-4d6b-8622-9d36ba58a55e None None] Found 2 cells: 00000000-0000-0000-0000-000000000000(cell0),a8e20325-e11c-4bca-9ca3-d49506c087a4(cell1) {{(pid=95855) load_cells /opt/stack/nova/nova/context.py:509}}
Jul 03 05:17:51.078906 np0000004370 devstack@n-api-meta.service[95855]: INFO nova.utils [None req-f0e929e3-4319-4d6b-8622-9d36ba58a55e None None] The cell worker thread pool MainProcess.cell_worker is initialized
Jul 03 05:17:51.080777 np0000004370 devstack@n-api-meta.service[95855]: DEBUG oslo_concurrency.lockutils [None req-f0e929e3-4319-4d6b-8622-9d36ba58a55e None None] Acquiring lock "00000000-0000-0000-0000-000000000000" by "nova.context.set_target_cell..get_or_set_cached_cell_and_set_connections" {{(pid=95855) inner /opt/stack/data/venv/lib/python3.12/site-packages/oslo_concurrency/lockutils.py:511}}
Jul 03 05:17:51.080990 np0000004370 devstack@n-api-meta.service[95855]: DEBUG oslo_concurrency.lockutils [None req-f0e929e3-4319-4d6b-8622-9d36ba58a55e None None] Lock "00000000-0000-0000-0000-000000000000" acquired by "nova.context.set_target_cell..get_or_set_cached_cell_and_set_connections" :: waited 0.000s {{(pid=95855) inner /opt/stack/data/venv/lib/python3.12/site-packages/oslo_concurrency/lockutils.py:524}}
Jul 03 05:17:51.081440 np0000004370 devstack@n-api-meta.service[95855]: DEBUG oslo_concurrency.lockutils [None req-f0e929e3-4319-4d6b-8622-9d36ba58a55e None None] Lock "00000000-0000-0000-0000-000000000000" "released" by "nova.context.set_target_cell..get_or_set_cached_cell_and_set_connections" :: held 0.000s {{(pid=95855) inner /opt/stack/data/venv/lib/python3.12/site-packages/oslo_concurrency/lockutils.py:543}}
Jul 03 05:17:51.082243 np0000004370 devstack@n-api-meta.service[95855]: DEBUG oslo_concurrency.lockutils [None req-f0e929e3-4319-4d6b-8622-9d36ba58a55e None None] Acquiring lock "a8e20325-e11c-4bca-9ca3-d49506c087a4" by "nova.context.set_target_cell..get_or_set_cached_cell_and_set_connections" {{(pid=95855) inner /opt/stack/data/venv/lib/python3.12/site-packages/oslo_concurrency/lockutils.py:511}}
Jul 03 05:17:51.082395 np0000004370 devstack@n-api-meta.service[95855]: DEBUG oslo_concurrency.lockutils [None req-f0e929e3-4319-4d6b-8622-9d36ba58a55e None None] Lock "a8e20325-e11c-4bca-9ca3-d49506c087a4" acquired by "nova.context.set_target_cell..get_or_set_cached_cell_and_set_connections" :: waited 0.000s {{(pid=95855) inner /opt/stack/data/venv/lib/python3.12/site-packages/oslo_concurrency/lockutils.py:524}}
Jul 03 05:17:51.083247 np0000004370 devstack@n-api-meta.service[95855]: DEBUG oslo_concurrency.lockutils [None req-f0e929e3-4319-4d6b-8622-9d36ba58a55e None None] Lock "a8e20325-e11c-4bca-9ca3-d49506c087a4" "released" by "nova.context.set_target_cell..get_or_set_cached_cell_and_set_connections" :: held 0.001s {{(pid=95855) inner /opt/stack/data/venv/lib/python3.12/site-packages/oslo_concurrency/lockutils.py:543}}
Jul 03 05:17:51.083817 np0000004370 devstack@n-api-meta.service[95856]: DEBUG oslo_db.sqlalchemy.engines [None req-bb1c1a1a-42ea-459d-8f3b-35441811e526 None None] MySQL server mode set to STRICT_TRANS_TABLES,STRICT_ALL_TABLES,NO_ZERO_IN_DATE,NO_ZERO_DATE,ERROR_FOR_DIVISION_BY_ZERO,TRADITIONAL,NO_ENGINE_SUBSTITUTION {{(pid=95856) _check_effective_sql_mode /opt/stack/data/venv/lib/python3.12/site-packages/oslo_db/sqlalchemy/engines.py:325}}
Jul 03 05:17:51.085615 np0000004370 devstack@n-api-meta.service[95855]: INFO dbcounter [None req-f0e929e3-4319-4d6b-8622-9d36ba58a55e None None] Registered counter for database nova_cell0
Jul 03 05:17:51.089006 np0000004370 devstack@n-api-meta.service[95855]: INFO dbcounter [None req-f0e929e3-4319-4d6b-8622-9d36ba58a55e None None] Registered counter for database nova_cell1
Jul 03 05:17:51.095885 np0000004370 devstack@n-api-meta.service[95858]: INFO dbcounter [None req-42999a49-0a96-4718-a4f3-727573ebf141 None None] Registered counter for database nova_api
Jul 03 05:17:51.116667 np0000004370 devstack@n-api-meta.service[95856]: DEBUG dbcounter [-] [95856] Writer thread running {{(pid=95856) stat_writer /opt/stack/data/venv/lib/python3.12/site-packages/dbcounter.py:102}}
Jul 03 05:17:51.119192 np0000004370 devstack@n-api-meta.service[95856]: DEBUG nova.context [None req-bb1c1a1a-42ea-459d-8f3b-35441811e526 None None] Found 2 cells: 00000000-0000-0000-0000-000000000000(cell0),a8e20325-e11c-4bca-9ca3-d49506c087a4(cell1) {{(pid=95856) load_cells /opt/stack/nova/nova/context.py:509}}
Jul 03 05:17:51.119420 np0000004370 devstack@n-api-meta.service[95856]: INFO nova.utils [None req-bb1c1a1a-42ea-459d-8f3b-35441811e526 None None] The cell worker thread pool MainProcess.cell_worker is initialized
Jul 03 05:17:51.121168 np0000004370 devstack@n-api-meta.service[95856]: DEBUG oslo_concurrency.lockutils [None req-bb1c1a1a-42ea-459d-8f3b-35441811e526 None None] Acquiring lock "00000000-0000-0000-0000-000000000000" by "nova.context.set_target_cell..get_or_set_cached_cell_and_set_connections" {{(pid=95856) inner /opt/stack/data/venv/lib/python3.12/site-packages/oslo_concurrency/lockutils.py:511}}
Jul 03 05:17:51.121329 np0000004370 devstack@n-api-meta.service[95856]: DEBUG oslo_concurrency.lockutils [None req-bb1c1a1a-42ea-459d-8f3b-35441811e526 None None] Lock "00000000-0000-0000-0000-000000000000" acquired by "nova.context.set_target_cell..get_or_set_cached_cell_and_set_connections" :: waited 0.000s {{(pid=95856) inner /opt/stack/data/venv/lib/python3.12/site-packages/oslo_concurrency/lockutils.py:524}}
Jul 03 05:17:51.121726 np0000004370 devstack@n-api-meta.service[95856]: DEBUG oslo_concurrency.lockutils [None req-bb1c1a1a-42ea-459d-8f3b-35441811e526 None None] Lock "00000000-0000-0000-0000-000000000000" "released" by "nova.context.set_target_cell..get_or_set_cached_cell_and_set_connections" :: held 0.000s {{(pid=95856) inner /opt/stack/data/venv/lib/python3.12/site-packages/oslo_concurrency/lockutils.py:543}}
Jul 03 05:17:51.122302 np0000004370 devstack@n-api-meta.service[95856]: DEBUG oslo_concurrency.lockutils [None req-bb1c1a1a-42ea-459d-8f3b-35441811e526 None None] Acquiring lock "a8e20325-e11c-4bca-9ca3-d49506c087a4" by "nova.context.set_target_cell..get_or_set_cached_cell_and_set_connections" {{(pid=95856) inner /opt/stack/data/venv/lib/python3.12/site-packages/oslo_concurrency/lockutils.py:511}}
Jul 03 05:17:51.123520 np0000004370 devstack@n-api-meta.service[95856]: DEBUG oslo_concurrency.lockutils [None req-bb1c1a1a-42ea-459d-8f3b-35441811e526 None None] Lock "a8e20325-e11c-4bca-9ca3-d49506c087a4" acquired by "nova.context.set_target_cell..get_or_set_cached_cell_and_set_connections" :: waited 0.000s {{(pid=95856) inner /opt/stack/data/venv/lib/python3.12/site-packages/oslo_concurrency/lockutils.py:524}}
Jul 03 05:17:51.124481 np0000004370 devstack@n-api-meta.service[95856]: INFO dbcounter [None req-bb1c1a1a-42ea-459d-8f3b-35441811e526 None None] Registered counter for database nova_cell0
Jul 03 05:17:51.125913 np0000004370 devstack@n-api-meta.service[95856]: DEBUG oslo_concurrency.lockutils [None req-bb1c1a1a-42ea-459d-8f3b-35441811e526 None None] Lock "a8e20325-e11c-4bca-9ca3-d49506c087a4" "released" by "nova.context.set_target_cell..get_or_set_cached_cell_and_set_connections" :: held 0.002s {{(pid=95856) inner /opt/stack/data/venv/lib/python3.12/site-packages/oslo_concurrency/lockutils.py:543}}
Jul 03 05:17:51.127826 np0000004370 devstack@n-api-meta.service[95856]: INFO dbcounter [None req-bb1c1a1a-42ea-459d-8f3b-35441811e526 None None] Registered counter for database nova_cell1
Jul 03 05:17:51.140286 np0000004370 devstack@n-api-meta.service[95857]: INFO dbcounter [None req-8af23c8b-fd11-41af-aaea-e01526347bac None None] Registered counter for database nova_api
Jul 03 05:17:51.142894 np0000004370 devstack@n-api-meta.service[95858]: DEBUG oslo_db.sqlalchemy.engines [None req-42999a49-0a96-4718-a4f3-727573ebf141 None None] MySQL server mode set to STRICT_TRANS_TABLES,STRICT_ALL_TABLES,NO_ZERO_IN_DATE,NO_ZERO_DATE,ERROR_FOR_DIVISION_BY_ZERO,TRADITIONAL,NO_ENGINE_SUBSTITUTION {{(pid=95858) _check_effective_sql_mode /opt/stack/data/venv/lib/python3.12/site-packages/oslo_db/sqlalchemy/engines.py:325}}
Jul 03 05:17:51.146057 np0000004370 devstack@n-api-meta.service[95855]: DEBUG oslo_db.sqlalchemy.engines [None req-f0e929e3-4319-4d6b-8622-9d36ba58a55e None None] MySQL server mode set to STRICT_TRANS_TABLES,STRICT_ALL_TABLES,NO_ZERO_IN_DATE,NO_ZERO_DATE,ERROR_FOR_DIVISION_BY_ZERO,TRADITIONAL,NO_ENGINE_SUBSTITUTION {{(pid=95855) _check_effective_sql_mode /opt/stack/data/venv/lib/python3.12/site-packages/oslo_db/sqlalchemy/engines.py:325}}
Jul 03 05:17:51.160759 np0000004370 devstack@n-api-meta.service[95855]: DEBUG oslo_db.sqlalchemy.engines [None req-f0e929e3-4319-4d6b-8622-9d36ba58a55e None None] MySQL server mode set to STRICT_TRANS_TABLES,STRICT_ALL_TABLES,NO_ZERO_IN_DATE,NO_ZERO_DATE,ERROR_FOR_DIVISION_BY_ZERO,TRADITIONAL,NO_ENGINE_SUBSTITUTION {{(pid=95855) _check_effective_sql_mode /opt/stack/data/venv/lib/python3.12/site-packages/oslo_db/sqlalchemy/engines.py:325}}
Jul 03 05:17:51.172279 np0000004370 devstack@n-api-meta.service[95858]: DEBUG dbcounter [-] [95858] Writer thread running {{(pid=95858) stat_writer /opt/stack/data/venv/lib/python3.12/site-packages/dbcounter.py:102}}
Jul 03 05:17:51.175718 np0000004370 devstack@n-api-meta.service[95858]: DEBUG nova.context [None req-42999a49-0a96-4718-a4f3-727573ebf141 None None] Found 2 cells: 00000000-0000-0000-0000-000000000000(cell0),a8e20325-e11c-4bca-9ca3-d49506c087a4(cell1) {{(pid=95858) load_cells /opt/stack/nova/nova/context.py:509}}
Jul 03 05:17:51.175718 np0000004370 devstack@n-api-meta.service[95858]: INFO nova.utils [None req-42999a49-0a96-4718-a4f3-727573ebf141 None None] The cell worker thread pool MainProcess.cell_worker is initialized
Jul 03 05:17:51.176499 np0000004370 devstack@n-api-meta.service[95858]: DEBUG oslo_concurrency.lockutils [None req-42999a49-0a96-4718-a4f3-727573ebf141 None None] Acquiring lock "00000000-0000-0000-0000-000000000000" by "nova.context.set_target_cell..get_or_set_cached_cell_and_set_connections" {{(pid=95858) inner /opt/stack/data/venv/lib/python3.12/site-packages/oslo_concurrency/lockutils.py:511}}
Jul 03 05:17:51.176675 np0000004370 devstack@n-api-meta.service[95858]: DEBUG oslo_concurrency.lockutils [None req-42999a49-0a96-4718-a4f3-727573ebf141 None None] Lock "00000000-0000-0000-0000-000000000000" acquired by "nova.context.set_target_cell..get_or_set_cached_cell_and_set_connections" :: waited 0.000s {{(pid=95858) inner /opt/stack/data/venv/lib/python3.12/site-packages/oslo_concurrency/lockutils.py:524}}
Jul 03 05:17:51.177022 np0000004370 devstack@n-api-meta.service[95858]: DEBUG oslo_concurrency.lockutils [None req-42999a49-0a96-4718-a4f3-727573ebf141 None None] Lock "00000000-0000-0000-0000-000000000000" "released" by "nova.context.set_target_cell..get_or_set_cached_cell_and_set_connections" :: held 0.000s {{(pid=95858) inner /opt/stack/data/venv/lib/python3.12/site-packages/oslo_concurrency/lockutils.py:543}}
Jul 03 05:17:51.177862 np0000004370 devstack@n-api-meta.service[95858]: DEBUG oslo_concurrency.lockutils [None req-42999a49-0a96-4718-a4f3-727573ebf141 None None] Acquiring lock "a8e20325-e11c-4bca-9ca3-d49506c087a4" by "nova.context.set_target_cell..get_or_set_cached_cell_and_set_connections" {{(pid=95858) inner /opt/stack/data/venv/lib/python3.12/site-packages/oslo_concurrency/lockutils.py:511}}
Jul 03 05:17:51.178005 np0000004370 devstack@n-api-meta.service[95858]: DEBUG oslo_concurrency.lockutils [None req-42999a49-0a96-4718-a4f3-727573ebf141 None None] Lock "a8e20325-e11c-4bca-9ca3-d49506c087a4" acquired by "nova.context.set_target_cell..get_or_set_cached_cell_and_set_connections" :: waited 0.000s {{(pid=95858) inner /opt/stack/data/venv/lib/python3.12/site-packages/oslo_concurrency/lockutils.py:524}}
Jul 03 05:17:51.178875 np0000004370 devstack@n-api-meta.service[95858]: DEBUG oslo_concurrency.lockutils [None req-42999a49-0a96-4718-a4f3-727573ebf141 None None] Lock "a8e20325-e11c-4bca-9ca3-d49506c087a4" "released" by "nova.context.set_target_cell..get_or_set_cached_cell_and_set_connections" :: held 0.001s {{(pid=95858) inner /opt/stack/data/venv/lib/python3.12/site-packages/oslo_concurrency/lockutils.py:543}}
Jul 03 05:17:51.180493 np0000004370 devstack@n-api-meta.service[95858]: INFO dbcounter [None req-42999a49-0a96-4718-a4f3-727573ebf141 None None] Registered counter for database nova_cell0
Jul 03 05:17:51.181427 np0000004370 devstack@n-api-meta.service[95856]: DEBUG oslo_db.sqlalchemy.engines [None req-bb1c1a1a-42ea-459d-8f3b-35441811e526 None None] MySQL server mode set to STRICT_TRANS_TABLES,STRICT_ALL_TABLES,NO_ZERO_IN_DATE,NO_ZERO_DATE,ERROR_FOR_DIVISION_BY_ZERO,TRADITIONAL,NO_ENGINE_SUBSTITUTION {{(pid=95856) _check_effective_sql_mode /opt/stack/data/venv/lib/python3.12/site-packages/oslo_db/sqlalchemy/engines.py:325}}
Jul 03 05:17:51.183233 np0000004370 devstack@n-api-meta.service[95858]: INFO dbcounter [None req-42999a49-0a96-4718-a4f3-727573ebf141 None None] Registered counter for database nova_cell1
Jul 03 05:17:51.184036 np0000004370 devstack@n-api-meta.service[95856]: DEBUG oslo_db.sqlalchemy.engines [None req-bb1c1a1a-42ea-459d-8f3b-35441811e526 None None] MySQL server mode set to STRICT_TRANS_TABLES,STRICT_ALL_TABLES,NO_ZERO_IN_DATE,NO_ZERO_DATE,ERROR_FOR_DIVISION_BY_ZERO,TRADITIONAL,NO_ENGINE_SUBSTITUTION {{(pid=95856) _check_effective_sql_mode /opt/stack/data/venv/lib/python3.12/site-packages/oslo_db/sqlalchemy/engines.py:325}}
Jul 03 05:17:51.187009 np0000004370 devstack@n-api-meta.service[95857]: DEBUG oslo_db.sqlalchemy.engines [None req-8af23c8b-fd11-41af-aaea-e01526347bac None None] MySQL server mode set to STRICT_TRANS_TABLES,STRICT_ALL_TABLES,NO_ZERO_IN_DATE,NO_ZERO_DATE,ERROR_FOR_DIVISION_BY_ZERO,TRADITIONAL,NO_ENGINE_SUBSTITUTION {{(pid=95857) _check_effective_sql_mode /opt/stack/data/venv/lib/python3.12/site-packages/oslo_db/sqlalchemy/engines.py:325}}
Jul 03 05:17:51.221754 np0000004370 devstack@n-api-meta.service[95857]: DEBUG dbcounter [-] [95857] Writer thread running {{(pid=95857) stat_writer /opt/stack/data/venv/lib/python3.12/site-packages/dbcounter.py:102}}
Jul 03 05:17:51.224504 np0000004370 devstack@n-api-meta.service[95857]: DEBUG nova.context [None req-8af23c8b-fd11-41af-aaea-e01526347bac None None] Found 2 cells: 00000000-0000-0000-0000-000000000000(cell0),a8e20325-e11c-4bca-9ca3-d49506c087a4(cell1) {{(pid=95857) load_cells /opt/stack/nova/nova/context.py:509}}
Jul 03 05:17:51.225191 np0000004370 devstack@n-api-meta.service[95857]: INFO nova.utils [None req-8af23c8b-fd11-41af-aaea-e01526347bac None None] The cell worker thread pool MainProcess.cell_worker is initialized
Jul 03 05:17:51.225550 np0000004370 devstack@n-api-meta.service[95858]: DEBUG oslo_db.sqlalchemy.engines [None req-42999a49-0a96-4718-a4f3-727573ebf141 None None] MySQL server mode set to STRICT_TRANS_TABLES,STRICT_ALL_TABLES,NO_ZERO_IN_DATE,NO_ZERO_DATE,ERROR_FOR_DIVISION_BY_ZERO,TRADITIONAL,NO_ENGINE_SUBSTITUTION {{(pid=95858) _check_effective_sql_mode /opt/stack/data/venv/lib/python3.12/site-packages/oslo_db/sqlalchemy/engines.py:325}}
Jul 03 05:17:51.227036 np0000004370 devstack@n-api-meta.service[95857]: DEBUG oslo_concurrency.lockutils [None req-8af23c8b-fd11-41af-aaea-e01526347bac None None] Acquiring lock "00000000-0000-0000-0000-000000000000" by "nova.context.set_target_cell..get_or_set_cached_cell_and_set_connections" {{(pid=95857) inner /opt/stack/data/venv/lib/python3.12/site-packages/oslo_concurrency/lockutils.py:511}}
Jul 03 05:17:51.227280 np0000004370 devstack@n-api-meta.service[95857]: DEBUG oslo_concurrency.lockutils [None req-8af23c8b-fd11-41af-aaea-e01526347bac None None] Lock "00000000-0000-0000-0000-000000000000" acquired by "nova.context.set_target_cell..get_or_set_cached_cell_and_set_connections" :: waited 0.000s {{(pid=95857) inner /opt/stack/data/venv/lib/python3.12/site-packages/oslo_concurrency/lockutils.py:524}}
Jul 03 05:17:51.227704 np0000004370 devstack@n-api-meta.service[95857]: DEBUG oslo_concurrency.lockutils [None req-8af23c8b-fd11-41af-aaea-e01526347bac None None] Lock "00000000-0000-0000-0000-000000000000" "released" by "nova.context.set_target_cell..get_or_set_cached_cell_and_set_connections" :: held 0.000s {{(pid=95857) inner /opt/stack/data/venv/lib/python3.12/site-packages/oslo_concurrency/lockutils.py:543}}
Jul 03 05:17:51.228386 np0000004370 devstack@n-api-meta.service[95857]: DEBUG oslo_concurrency.lockutils [None req-8af23c8b-fd11-41af-aaea-e01526347bac None None] Acquiring lock "a8e20325-e11c-4bca-9ca3-d49506c087a4" by "nova.context.set_target_cell..get_or_set_cached_cell_and_set_connections" {{(pid=95857) inner /opt/stack/data/venv/lib/python3.12/site-packages/oslo_concurrency/lockutils.py:511}}
Jul 03 05:17:51.228605 np0000004370 devstack@n-api-meta.service[95857]: DEBUG oslo_concurrency.lockutils [None req-8af23c8b-fd11-41af-aaea-e01526347bac None None] Lock "a8e20325-e11c-4bca-9ca3-d49506c087a4" acquired by "nova.context.set_target_cell..get_or_set_cached_cell_and_set_connections" :: waited 0.000s {{(pid=95857) inner /opt/stack/data/venv/lib/python3.12/site-packages/oslo_concurrency/lockutils.py:524}}
Jul 03 05:17:51.230905 np0000004370 devstack@n-api-meta.service[95857]: INFO dbcounter [None req-8af23c8b-fd11-41af-aaea-e01526347bac None None] Registered counter for database nova_cell0
Jul 03 05:17:51.232152 np0000004370 devstack@n-api-meta.service[95857]: DEBUG oslo_concurrency.lockutils [None req-8af23c8b-fd11-41af-aaea-e01526347bac None None] Lock "a8e20325-e11c-4bca-9ca3-d49506c087a4" "released" by "nova.context.set_target_cell..get_or_set_cached_cell_and_set_connections" :: held 0.002s {{(pid=95857) inner /opt/stack/data/venv/lib/python3.12/site-packages/oslo_concurrency/lockutils.py:543}}
Jul 03 05:17:51.234079 np0000004370 devstack@n-api-meta.service[95857]: INFO dbcounter [None req-8af23c8b-fd11-41af-aaea-e01526347bac None None] Registered counter for database nova_cell1
Jul 03 05:17:51.236590 np0000004370 devstack@n-api-meta.service[95855]: DEBUG dbcounter [-] [95855] Writer thread running {{(pid=95855) stat_writer /opt/stack/data/venv/lib/python3.12/site-packages/dbcounter.py:102}}
Jul 03 05:17:51.241305 np0000004370 devstack@n-api-meta.service[95858]: DEBUG oslo_db.sqlalchemy.engines [None req-42999a49-0a96-4718-a4f3-727573ebf141 None None] MySQL server mode set to STRICT_TRANS_TABLES,STRICT_ALL_TABLES,NO_ZERO_IN_DATE,NO_ZERO_DATE,ERROR_FOR_DIVISION_BY_ZERO,TRADITIONAL,NO_ENGINE_SUBSTITUTION {{(pid=95858) _check_effective_sql_mode /opt/stack/data/venv/lib/python3.12/site-packages/oslo_db/sqlalchemy/engines.py:325}}
Jul 03 05:17:51.241922 np0000004370 devstack@n-api-meta.service[95855]: DEBUG dbcounter [-] [95855] Writer thread running {{(pid=95855) stat_writer /opt/stack/data/venv/lib/python3.12/site-packages/dbcounter.py:102}}
Jul 03 05:17:51.244974 np0000004370 devstack@n-api-meta.service[95855]: INFO dbcounter [None req-f0e929e3-4319-4d6b-8622-9d36ba58a55e None None] Registered counter for database nova_cell0
Jul 03 05:17:51.271444 np0000004370 devstack@n-api-meta.service[95856]: DEBUG dbcounter [-] [95856] Writer thread running {{(pid=95856) stat_writer /opt/stack/data/venv/lib/python3.12/site-packages/dbcounter.py:102}}
Jul 03 05:17:51.275232 np0000004370 devstack@n-api-meta.service[95856]: DEBUG dbcounter [-] [95856] Writer thread running {{(pid=95856) stat_writer /opt/stack/data/venv/lib/python3.12/site-packages/dbcounter.py:102}}
Jul 03 05:17:51.278146 np0000004370 devstack@n-api-meta.service[95856]: INFO dbcounter [None req-bb1c1a1a-42ea-459d-8f3b-35441811e526 None None] Registered counter for database nova_cell0
Jul 03 05:17:51.279842 np0000004370 devstack@n-api-meta.service[95855]: DEBUG oslo_db.sqlalchemy.engines [None req-f0e929e3-4319-4d6b-8622-9d36ba58a55e None None] MySQL server mode set to STRICT_TRANS_TABLES,STRICT_ALL_TABLES,NO_ZERO_IN_DATE,NO_ZERO_DATE,ERROR_FOR_DIVISION_BY_ZERO,TRADITIONAL,NO_ENGINE_SUBSTITUTION {{(pid=95855) _check_effective_sql_mode /opt/stack/data/venv/lib/python3.12/site-packages/oslo_db/sqlalchemy/engines.py:325}}
Jul 03 05:17:51.283704 np0000004370 devstack@n-api-meta.service[95857]: DEBUG oslo_db.sqlalchemy.engines [None req-8af23c8b-fd11-41af-aaea-e01526347bac None None] MySQL server mode set to STRICT_TRANS_TABLES,STRICT_ALL_TABLES,NO_ZERO_IN_DATE,NO_ZERO_DATE,ERROR_FOR_DIVISION_BY_ZERO,TRADITIONAL,NO_ENGINE_SUBSTITUTION {{(pid=95857) _check_effective_sql_mode /opt/stack/data/venv/lib/python3.12/site-packages/oslo_db/sqlalchemy/engines.py:325}}
Jul 03 05:17:51.286265 np0000004370 devstack@n-api-meta.service[95855]: DEBUG dbcounter [-] [95855] Writer thread running {{(pid=95855) stat_writer /opt/stack/data/venv/lib/python3.12/site-packages/dbcounter.py:102}}
Jul 03 05:17:51.312989 np0000004370 devstack@n-api-meta.service[95856]: DEBUG oslo_db.sqlalchemy.engines [None req-bb1c1a1a-42ea-459d-8f3b-35441811e526 None None] MySQL server mode set to STRICT_TRANS_TABLES,STRICT_ALL_TABLES,NO_ZERO_IN_DATE,NO_ZERO_DATE,ERROR_FOR_DIVISION_BY_ZERO,TRADITIONAL,NO_ENGINE_SUBSTITUTION {{(pid=95856) _check_effective_sql_mode /opt/stack/data/venv/lib/python3.12/site-packages/oslo_db/sqlalchemy/engines.py:325}}
Jul 03 05:17:51.317717 np0000004370 devstack@n-api-meta.service[95858]: DEBUG dbcounter [-] [95858] Writer thread running {{(pid=95858) stat_writer /opt/stack/data/venv/lib/python3.12/site-packages/dbcounter.py:102}}
Jul 03 05:17:51.318854 np0000004370 devstack@n-api-meta.service[95856]: DEBUG dbcounter [-] [95856] Writer thread running {{(pid=95856) stat_writer /opt/stack/data/venv/lib/python3.12/site-packages/dbcounter.py:102}}
Jul 03 05:17:51.322133 np0000004370 devstack@n-api-meta.service[95858]: DEBUG dbcounter [-] [95858] Writer thread running {{(pid=95858) stat_writer /opt/stack/data/venv/lib/python3.12/site-packages/dbcounter.py:102}}
Jul 03 05:17:51.325344 np0000004370 devstack@n-api-meta.service[95858]: INFO dbcounter [None req-42999a49-0a96-4718-a4f3-727573ebf141 None None] Registered counter for database nova_cell0
Jul 03 05:17:51.328295 np0000004370 devstack@n-api-meta.service[95855]: WARNING nova.api.metadata.handler [None req-f0e929e3-4319-4d6b-8622-9d36ba58a55e None None] metadata_proxy_shared_secret is not configured, the metadata information returned by the proxy cannot be trusted
Jul 03 05:17:51.330804 np0000004370 devstack@n-api-meta.service[95855]: DEBUG nova.api.openstack.wsgi_app [None req-f0e929e3-4319-4d6b-8622-9d36ba58a55e None None] ******************************************************************************** {{(pid=95855) log_opt_values /opt/stack/data/venv/lib/python3.12/site-packages/oslo_config/cfg.py:3226}}
Jul 03 05:17:51.330933 np0000004370 devstack@n-api-meta.service[95855]: DEBUG nova.api.openstack.wsgi_app [None req-f0e929e3-4319-4d6b-8622-9d36ba58a55e None None] Configuration options gathered from: {{(pid=95855) log_opt_values /opt/stack/data/venv/lib/python3.12/site-packages/oslo_config/cfg.py:3227}}
Jul 03 05:17:51.331058 np0000004370 devstack@n-api-meta.service[95855]: DEBUG nova.api.openstack.wsgi_app [None req-f0e929e3-4319-4d6b-8622-9d36ba58a55e None None] command line args: [] {{(pid=95855) log_opt_values /opt/stack/data/venv/lib/python3.12/site-packages/oslo_config/cfg.py:3228}}
Jul 03 05:17:51.331246 np0000004370 devstack@n-api-meta.service[95855]: DEBUG nova.api.openstack.wsgi_app [None req-f0e929e3-4319-4d6b-8622-9d36ba58a55e None None] config files: ['/etc/nova/api-paste.ini', '/etc/nova/nova.conf'] {{(pid=95855) log_opt_values /opt/stack/data/venv/lib/python3.12/site-packages/oslo_config/cfg.py:3229}}
Jul 03 05:17:51.331361 np0000004370 devstack@n-api-meta.service[95855]: DEBUG nova.api.openstack.wsgi_app [None req-f0e929e3-4319-4d6b-8622-9d36ba58a55e None None] ================================================================================ {{(pid=95855) log_opt_values /opt/stack/data/venv/lib/python3.12/site-packages/oslo_config/cfg.py:3234}}
Jul 03 05:17:51.331574 np0000004370 devstack@n-api-meta.service[95855]: DEBUG nova.api.openstack.wsgi_app [None req-f0e929e3-4319-4d6b-8622-9d36ba58a55e None None] allow_resize_to_same_host = True {{(pid=95855) log_opt_values /opt/stack/data/venv/lib/python3.12/site-packages/oslo_config/cfg.py:3242}}
Jul 03 05:17:51.331698 np0000004370 devstack@n-api-meta.service[95855]: DEBUG nova.api.openstack.wsgi_app [None req-f0e929e3-4319-4d6b-8622-9d36ba58a55e None None] arq_binding_timeout = 300 {{(pid=95855) log_opt_values /opt/stack/data/venv/lib/python3.12/site-packages/oslo_config/cfg.py:3242}}
Jul 03 05:17:51.331844 np0000004370 devstack@n-api-meta.service[95855]: DEBUG nova.api.openstack.wsgi_app [None req-f0e929e3-4319-4d6b-8622-9d36ba58a55e None None] block_device_allocate_retries = 60 {{(pid=95855) log_opt_values /opt/stack/data/venv/lib/python3.12/site-packages/oslo_config/cfg.py:3242}}
Jul 03 05:17:51.331985 np0000004370 devstack@n-api-meta.service[95855]: DEBUG nova.api.openstack.wsgi_app [None req-f0e929e3-4319-4d6b-8622-9d36ba58a55e None None] block_device_allocate_retries_interval = 3 {{(pid=95855) log_opt_values /opt/stack/data/venv/lib/python3.12/site-packages/oslo_config/cfg.py:3242}}
Jul 03 05:17:51.332142 np0000004370 devstack@n-api-meta.service[95855]: DEBUG nova.api.openstack.wsgi_app [None req-f0e929e3-4319-4d6b-8622-9d36ba58a55e None None] cell_worker_thread_pool_size = 5 {{(pid=95855) log_opt_values /opt/stack/data/venv/lib/python3.12/site-packages/oslo_config/cfg.py:3242}}
Jul 03 05:17:51.332291 np0000004370 devstack@n-api-meta.service[95855]: DEBUG nova.api.openstack.wsgi_app [None req-f0e929e3-4319-4d6b-8622-9d36ba58a55e None None] cert = self.pem {{(pid=95855) log_opt_values /opt/stack/data/venv/lib/python3.12/site-packages/oslo_config/cfg.py:3242}}
Jul 03 05:17:51.332431 np0000004370 devstack@n-api-meta.service[95855]: DEBUG nova.api.openstack.wsgi_app [None req-f0e929e3-4319-4d6b-8622-9d36ba58a55e None None] compute_driver = libvirt.LibvirtDriver {{(pid=95855) log_opt_values /opt/stack/data/venv/lib/python3.12/site-packages/oslo_config/cfg.py:3242}}
Jul 03 05:17:51.332583 np0000004370 devstack@n-api-meta.service[95855]: DEBUG nova.api.openstack.wsgi_app [None req-f0e929e3-4319-4d6b-8622-9d36ba58a55e None None] compute_monitors = [] {{(pid=95855) log_opt_values /opt/stack/data/venv/lib/python3.12/site-packages/oslo_config/cfg.py:3242}}
Jul 03 05:17:51.332722 np0000004370 devstack@n-api-meta.service[95855]: DEBUG nova.api.openstack.wsgi_app [None req-f0e929e3-4319-4d6b-8622-9d36ba58a55e None None] config_dir = [] {{(pid=95855) log_opt_values /opt/stack/data/venv/lib/python3.12/site-packages/oslo_config/cfg.py:3242}}
Jul 03 05:17:51.332866 np0000004370 devstack@n-api-meta.service[95855]: DEBUG nova.api.openstack.wsgi_app [None req-f0e929e3-4319-4d6b-8622-9d36ba58a55e None None] config_drive_format = iso9660 {{(pid=95855) log_opt_values /opt/stack/data/venv/lib/python3.12/site-packages/oslo_config/cfg.py:3242}}
Jul 03 05:17:51.332979 np0000004370 devstack@n-api-meta.service[95855]: DEBUG nova.api.openstack.wsgi_app [None req-f0e929e3-4319-4d6b-8622-9d36ba58a55e None None] config_file = ['/etc/nova/api-paste.ini', '/etc/nova/nova.conf'] {{(pid=95855) log_opt_values /opt/stack/data/venv/lib/python3.12/site-packages/oslo_config/cfg.py:3242}}
Jul 03 05:17:51.333143 np0000004370 devstack@n-api-meta.service[95855]: DEBUG nova.api.openstack.wsgi_app [None req-f0e929e3-4319-4d6b-8622-9d36ba58a55e None None] config_source = [] {{(pid=95855) log_opt_values /opt/stack/data/venv/lib/python3.12/site-packages/oslo_config/cfg.py:3242}}
Jul 03 05:17:51.333291 np0000004370 devstack@n-api-meta.service[95855]: DEBUG nova.api.openstack.wsgi_app [None req-f0e929e3-4319-4d6b-8622-9d36ba58a55e None None] console_host = np0000004370 {{(pid=95855) log_opt_values /opt/stack/data/venv/lib/python3.12/site-packages/oslo_config/cfg.py:3242}}
Jul 03 05:17:51.333434 np0000004370 devstack@n-api-meta.service[95855]: DEBUG nova.api.openstack.wsgi_app [None req-f0e929e3-4319-4d6b-8622-9d36ba58a55e None None] control_exchange = nova {{(pid=95855) log_opt_values /opt/stack/data/venv/lib/python3.12/site-packages/oslo_config/cfg.py:3242}}
Jul 03 05:17:51.333585 np0000004370 devstack@n-api-meta.service[95855]: DEBUG nova.api.openstack.wsgi_app [None req-f0e929e3-4319-4d6b-8622-9d36ba58a55e None None] cpu_allocation_ratio = None {{(pid=95855) log_opt_values /opt/stack/data/venv/lib/python3.12/site-packages/oslo_config/cfg.py:3242}}
Jul 03 05:17:51.333717 np0000004370 devstack@n-api-meta.service[95855]: DEBUG nova.api.openstack.wsgi_app [None req-f0e929e3-4319-4d6b-8622-9d36ba58a55e None None] daemon = False {{(pid=95855) log_opt_values /opt/stack/data/venv/lib/python3.12/site-packages/oslo_config/cfg.py:3242}}
Jul 03 05:17:51.333861 np0000004370 devstack@n-api-meta.service[95855]: DEBUG nova.api.openstack.wsgi_app [None req-f0e929e3-4319-4d6b-8622-9d36ba58a55e None None] debug = True {{(pid=95855) log_opt_values /opt/stack/data/venv/lib/python3.12/site-packages/oslo_config/cfg.py:3242}}
Jul 03 05:17:51.333995 np0000004370 devstack@n-api-meta.service[95855]: DEBUG nova.api.openstack.wsgi_app [None req-f0e929e3-4319-4d6b-8622-9d36ba58a55e None None] default_access_ip_network_name = None {{(pid=95855) log_opt_values /opt/stack/data/venv/lib/python3.12/site-packages/oslo_config/cfg.py:3242}}
Jul 03 05:17:51.334155 np0000004370 devstack@n-api-meta.service[95855]: DEBUG nova.api.openstack.wsgi_app [None req-f0e929e3-4319-4d6b-8622-9d36ba58a55e None None] default_availability_zone = nova {{(pid=95855) log_opt_values /opt/stack/data/venv/lib/python3.12/site-packages/oslo_config/cfg.py:3242}}
Jul 03 05:17:51.334296 np0000004370 devstack@n-api-meta.service[95855]: DEBUG nova.api.openstack.wsgi_app [None req-f0e929e3-4319-4d6b-8622-9d36ba58a55e None None] default_ephemeral_format = ext4 {{(pid=95855) log_opt_values /opt/stack/data/venv/lib/python3.12/site-packages/oslo_config/cfg.py:3242}}
Jul 03 05:17:51.334429 np0000004370 devstack@n-api-meta.service[95855]: DEBUG nova.api.openstack.wsgi_app [None req-f0e929e3-4319-4d6b-8622-9d36ba58a55e None None] default_green_pool_size = 1000 {{(pid=95855) log_opt_values /opt/stack/data/venv/lib/python3.12/site-packages/oslo_config/cfg.py:3242}}
Jul 03 05:17:51.334671 np0000004370 devstack@n-api-meta.service[95855]: DEBUG nova.api.openstack.wsgi_app [None req-f0e929e3-4319-4d6b-8622-9d36ba58a55e None None] default_log_levels = ['amqp=WARN', 'boto=WARN', 'sqlalchemy=WARN', 'suds=INFO', 'oslo.messaging=INFO', 'oslo_messaging=INFO', 'iso8601=WARN', 'requests.packages.urllib3.connectionpool=WARN', 'urllib3.connectionpool=WARN', 'websocket=WARN', 'requests.packages.urllib3.util.retry=WARN', 'urllib3.util.retry=WARN', 'keystonemiddleware=WARN', 'routes.middleware=WARN', 'stevedore=WARN', 'taskflow=WARN', 'keystoneauth=WARN', 'oslo.cache=INFO', 'oslo_policy=INFO', 'dogpile.core.dogpile=INFO', 'glanceclient=WARN', 'oslo.privsep.daemon=INFO'] {{(pid=95855) log_opt_values /opt/stack/data/venv/lib/python3.12/site-packages/oslo_config/cfg.py:3242}}
Jul 03 05:17:51.334802 np0000004370 devstack@n-api-meta.service[95855]: DEBUG nova.api.openstack.wsgi_app [None req-f0e929e3-4319-4d6b-8622-9d36ba58a55e None None] default_schedule_zone = None {{(pid=95855) log_opt_values /opt/stack/data/venv/lib/python3.12/site-packages/oslo_config/cfg.py:3242}}
Jul 03 05:17:51.334935 np0000004370 devstack@n-api-meta.service[95855]: DEBUG nova.api.openstack.wsgi_app [None req-f0e929e3-4319-4d6b-8622-9d36ba58a55e None None] default_thread_pool_size = 10 {{(pid=95855) log_opt_values /opt/stack/data/venv/lib/python3.12/site-packages/oslo_config/cfg.py:3242}}
Jul 03 05:17:51.335068 np0000004370 devstack@n-api-meta.service[95855]: DEBUG nova.api.openstack.wsgi_app [None req-f0e929e3-4319-4d6b-8622-9d36ba58a55e None None] disk_allocation_ratio = None {{(pid=95855) log_opt_values /opt/stack/data/venv/lib/python3.12/site-packages/oslo_config/cfg.py:3242}}
Jul 03 05:17:51.335224 np0000004370 devstack@n-api-meta.service[95855]: DEBUG nova.api.openstack.wsgi_app [None req-f0e929e3-4319-4d6b-8622-9d36ba58a55e None None] enable_new_services = True {{(pid=95855) log_opt_values /opt/stack/data/venv/lib/python3.12/site-packages/oslo_config/cfg.py:3242}}
Jul 03 05:17:51.335355 np0000004370 devstack@n-api-meta.service[95855]: DEBUG nova.api.openstack.wsgi_app [None req-f0e929e3-4319-4d6b-8622-9d36ba58a55e None None] flat_injected = False {{(pid=95855) log_opt_values /opt/stack/data/venv/lib/python3.12/site-packages/oslo_config/cfg.py:3242}}
Jul 03 05:17:51.335501 np0000004370 devstack@n-api-meta.service[95855]: DEBUG nova.api.openstack.wsgi_app [None req-f0e929e3-4319-4d6b-8622-9d36ba58a55e None None] force_config_drive = True {{(pid=95855) log_opt_values /opt/stack/data/venv/lib/python3.12/site-packages/oslo_config/cfg.py:3242}}
Jul 03 05:17:51.335650 np0000004370 devstack@n-api-meta.service[95855]: DEBUG nova.api.openstack.wsgi_app [None req-f0e929e3-4319-4d6b-8622-9d36ba58a55e None None] force_raw_images = True {{(pid=95855) log_opt_values /opt/stack/data/venv/lib/python3.12/site-packages/oslo_config/cfg.py:3242}}
Jul 03 05:17:51.335791 np0000004370 devstack@n-api-meta.service[95855]: DEBUG nova.api.openstack.wsgi_app [None req-f0e929e3-4319-4d6b-8622-9d36ba58a55e None None] graceful_shutdown_timeout = 5 {{(pid=95855) log_opt_values /opt/stack/data/venv/lib/python3.12/site-packages/oslo_config/cfg.py:3242}}
Jul 03 05:17:51.335927 np0000004370 devstack@n-api-meta.service[95855]: DEBUG nova.api.openstack.wsgi_app [None req-f0e929e3-4319-4d6b-8622-9d36ba58a55e None None] heal_instance_info_cache_interval = -1 {{(pid=95855) log_opt_values /opt/stack/data/venv/lib/python3.12/site-packages/oslo_config/cfg.py:3242}}
Jul 03 05:17:51.336158 np0000004370 devstack@n-api-meta.service[95855]: DEBUG nova.api.openstack.wsgi_app [None req-f0e929e3-4319-4d6b-8622-9d36ba58a55e None None] host = np0000004370 {{(pid=95855) log_opt_values /opt/stack/data/venv/lib/python3.12/site-packages/oslo_config/cfg.py:3242}}
Jul 03 05:17:51.336308 np0000004370 devstack@n-api-meta.service[95855]: DEBUG nova.api.openstack.wsgi_app [None req-f0e929e3-4319-4d6b-8622-9d36ba58a55e None None] initial_cpu_allocation_ratio = 4.0 {{(pid=95855) log_opt_values /opt/stack/data/venv/lib/python3.12/site-packages/oslo_config/cfg.py:3242}}
Jul 03 05:17:51.336443 np0000004370 devstack@n-api-meta.service[95855]: DEBUG nova.api.openstack.wsgi_app [None req-f0e929e3-4319-4d6b-8622-9d36ba58a55e None None] initial_disk_allocation_ratio = 1.0 {{(pid=95855) log_opt_values /opt/stack/data/venv/lib/python3.12/site-packages/oslo_config/cfg.py:3242}}
Jul 03 05:17:51.336588 np0000004370 devstack@n-api-meta.service[95855]: DEBUG nova.api.openstack.wsgi_app [None req-f0e929e3-4319-4d6b-8622-9d36ba58a55e None None] initial_ram_allocation_ratio = 1.0 {{(pid=95855) log_opt_values /opt/stack/data/venv/lib/python3.12/site-packages/oslo_config/cfg.py:3242}}
Jul 03 05:17:51.336782 np0000004370 devstack@n-api-meta.service[95855]: DEBUG nova.api.openstack.wsgi_app [None req-f0e929e3-4319-4d6b-8622-9d36ba58a55e None None] injected_network_template = /opt/stack/nova/nova/virt/interfaces.template {{(pid=95855) log_opt_values /opt/stack/data/venv/lib/python3.12/site-packages/oslo_config/cfg.py:3242}}
Jul 03 05:17:51.336917 np0000004370 devstack@n-api-meta.service[95855]: DEBUG nova.api.openstack.wsgi_app [None req-f0e929e3-4319-4d6b-8622-9d36ba58a55e None None] instance_build_timeout = 0 {{(pid=95855) log_opt_values /opt/stack/data/venv/lib/python3.12/site-packages/oslo_config/cfg.py:3242}}
Jul 03 05:17:51.337054 np0000004370 devstack@n-api-meta.service[95855]: DEBUG nova.api.openstack.wsgi_app [None req-f0e929e3-4319-4d6b-8622-9d36ba58a55e None None] instance_delete_interval = 300 {{(pid=95855) log_opt_values /opt/stack/data/venv/lib/python3.12/site-packages/oslo_config/cfg.py:3242}}
Jul 03 05:17:51.337219 np0000004370 devstack@n-api-meta.service[95855]: DEBUG nova.api.openstack.wsgi_app [None req-f0e929e3-4319-4d6b-8622-9d36ba58a55e None None] instance_format = [instance: %(uuid)s] {{(pid=95855) log_opt_values /opt/stack/data/venv/lib/python3.12/site-packages/oslo_config/cfg.py:3242}}
Jul 03 05:17:51.337359 np0000004370 devstack@n-api-meta.service[95855]: DEBUG nova.api.openstack.wsgi_app [None req-f0e929e3-4319-4d6b-8622-9d36ba58a55e None None] instance_name_template = instance-%08x {{(pid=95855) log_opt_values /opt/stack/data/venv/lib/python3.12/site-packages/oslo_config/cfg.py:3242}}
Jul 03 05:17:51.337489 np0000004370 devstack@n-api-meta.service[95855]: DEBUG nova.api.openstack.wsgi_app [None req-f0e929e3-4319-4d6b-8622-9d36ba58a55e None None] instance_usage_audit = False {{(pid=95855) log_opt_values /opt/stack/data/venv/lib/python3.12/site-packages/oslo_config/cfg.py:3242}}
Jul 03 05:17:51.337646 np0000004370 devstack@n-api-meta.service[95855]: DEBUG nova.api.openstack.wsgi_app [None req-f0e929e3-4319-4d6b-8622-9d36ba58a55e None None] instance_usage_audit_period = month {{(pid=95855) log_opt_values /opt/stack/data/venv/lib/python3.12/site-packages/oslo_config/cfg.py:3242}}
Jul 03 05:17:51.337791 np0000004370 devstack@n-api-meta.service[95855]: DEBUG nova.api.openstack.wsgi_app [None req-f0e929e3-4319-4d6b-8622-9d36ba58a55e None None] instance_uuid_format = [instance: %(uuid)s] {{(pid=95855) log_opt_values /opt/stack/data/venv/lib/python3.12/site-packages/oslo_config/cfg.py:3242}}
Jul 03 05:17:51.337932 np0000004370 devstack@n-api-meta.service[95855]: DEBUG nova.api.openstack.wsgi_app [None req-f0e929e3-4319-4d6b-8622-9d36ba58a55e None None] instances_path = /opt/stack/data/nova/instances {{(pid=95855) log_opt_values /opt/stack/data/venv/lib/python3.12/site-packages/oslo_config/cfg.py:3242}}
Jul 03 05:17:51.338067 np0000004370 devstack@n-api-meta.service[95855]: DEBUG nova.api.openstack.wsgi_app [None req-f0e929e3-4319-4d6b-8622-9d36ba58a55e None None] internal_service_availability_zone = internal {{(pid=95855) log_opt_values /opt/stack/data/venv/lib/python3.12/site-packages/oslo_config/cfg.py:3242}}
Jul 03 05:17:51.338220 np0000004370 devstack@n-api-meta.service[95855]: DEBUG nova.api.openstack.wsgi_app [None req-f0e929e3-4319-4d6b-8622-9d36ba58a55e None None] key = None {{(pid=95855) log_opt_values /opt/stack/data/venv/lib/python3.12/site-packages/oslo_config/cfg.py:3242}}
Jul 03 05:17:51.338353 np0000004370 devstack@n-api-meta.service[95855]: DEBUG nova.api.openstack.wsgi_app [None req-f0e929e3-4319-4d6b-8622-9d36ba58a55e None None] live_migration_retry_count = 30 {{(pid=95855) log_opt_values /opt/stack/data/venv/lib/python3.12/site-packages/oslo_config/cfg.py:3242}}
Jul 03 05:17:51.338493 np0000004370 devstack@n-api-meta.service[95855]: DEBUG nova.api.openstack.wsgi_app [None req-f0e929e3-4319-4d6b-8622-9d36ba58a55e None None] log_color = False {{(pid=95855) log_opt_values /opt/stack/data/venv/lib/python3.12/site-packages/oslo_config/cfg.py:3242}}
Jul 03 05:17:51.338644 np0000004370 devstack@n-api-meta.service[95855]: DEBUG nova.api.openstack.wsgi_app [None req-f0e929e3-4319-4d6b-8622-9d36ba58a55e None None] log_config_append = None {{(pid=95855) log_opt_values /opt/stack/data/venv/lib/python3.12/site-packages/oslo_config/cfg.py:3242}}
Jul 03 05:17:51.338784 np0000004370 devstack@n-api-meta.service[95855]: DEBUG nova.api.openstack.wsgi_app [None req-f0e929e3-4319-4d6b-8622-9d36ba58a55e None None] log_date_format = %Y-%m-%d %H:%M:%S {{(pid=95855) log_opt_values /opt/stack/data/venv/lib/python3.12/site-packages/oslo_config/cfg.py:3242}}
Jul 03 05:17:51.338918 np0000004370 devstack@n-api-meta.service[95855]: DEBUG nova.api.openstack.wsgi_app [None req-f0e929e3-4319-4d6b-8622-9d36ba58a55e None None] log_dir = None {{(pid=95855) log_opt_values /opt/stack/data/venv/lib/python3.12/site-packages/oslo_config/cfg.py:3242}}
Jul 03 05:17:51.339053 np0000004370 devstack@n-api-meta.service[95855]: DEBUG nova.api.openstack.wsgi_app [None req-f0e929e3-4319-4d6b-8622-9d36ba58a55e None None] log_file = None {{(pid=95855) log_opt_values /opt/stack/data/venv/lib/python3.12/site-packages/oslo_config/cfg.py:3242}}
Jul 03 05:17:51.339178 np0000004370 devstack@n-api-meta.service[95855]: DEBUG nova.api.openstack.wsgi_app [None req-f0e929e3-4319-4d6b-8622-9d36ba58a55e None None] log_options = True {{(pid=95855) log_opt_values /opt/stack/data/venv/lib/python3.12/site-packages/oslo_config/cfg.py:3242}}
Jul 03 05:17:51.339317 np0000004370 devstack@n-api-meta.service[95855]: DEBUG nova.api.openstack.wsgi_app [None req-f0e929e3-4319-4d6b-8622-9d36ba58a55e None None] log_rotate_interval = 1 {{(pid=95855) log_opt_values /opt/stack/data/venv/lib/python3.12/site-packages/oslo_config/cfg.py:3242}}
Jul 03 05:17:51.339472 np0000004370 devstack@n-api-meta.service[95855]: DEBUG nova.api.openstack.wsgi_app [None req-f0e929e3-4319-4d6b-8622-9d36ba58a55e None None] log_rotate_interval_type = days {{(pid=95855) log_opt_values /opt/stack/data/venv/lib/python3.12/site-packages/oslo_config/cfg.py:3242}}
Jul 03 05:17:51.339629 np0000004370 devstack@n-api-meta.service[95855]: DEBUG nova.api.openstack.wsgi_app [None req-f0e929e3-4319-4d6b-8622-9d36ba58a55e None None] log_rotation_type = none {{(pid=95855) log_opt_values /opt/stack/data/venv/lib/python3.12/site-packages/oslo_config/cfg.py:3242}}
Jul 03 05:17:51.339739 np0000004370 devstack@n-api-meta.service[95855]: DEBUG nova.api.openstack.wsgi_app [None req-f0e929e3-4319-4d6b-8622-9d36ba58a55e None None] logging_context_format_string = %(color)s%(levelname)s %(name)s [%(global_request_id)s %(request_id)s %(project_name)s %(user_name)s%(color)s] %(instance)s%(color)s%(message)s {{(pid=95855) log_opt_values /opt/stack/data/venv/lib/python3.12/site-packages/oslo_config/cfg.py:3242}}
Jul 03 05:17:51.339847 np0000004370 devstack@n-api-meta.service[95855]: DEBUG nova.api.openstack.wsgi_app [None req-f0e929e3-4319-4d6b-8622-9d36ba58a55e None None] logging_debug_format_suffix = {{(pid=%(process)d) %(funcName)s %(pathname)s:%(lineno)d}} {{(pid=95855) log_opt_values /opt/stack/data/venv/lib/python3.12/site-packages/oslo_config/cfg.py:3242}}
Jul 03 05:17:51.339988 np0000004370 devstack@n-api-meta.service[95855]: DEBUG nova.api.openstack.wsgi_app [None req-f0e929e3-4319-4d6b-8622-9d36ba58a55e None None] logging_default_format_string = %(color)s%(levelname)s %(name)s [-%(color)s] %(instance)s%(color)s%(message)s {{(pid=95855) log_opt_values /opt/stack/data/venv/lib/python3.12/site-packages/oslo_config/cfg.py:3242}}
Jul 03 05:17:51.340147 np0000004370 devstack@n-api-meta.service[95855]: DEBUG nova.api.openstack.wsgi_app [None req-f0e929e3-4319-4d6b-8622-9d36ba58a55e None None] logging_exception_prefix = ERROR %(name)s %(instance)s {{(pid=95855) log_opt_values /opt/stack/data/venv/lib/python3.12/site-packages/oslo_config/cfg.py:3242}}
Jul 03 05:17:51.340258 np0000004370 devstack@n-api-meta.service[95855]: DEBUG nova.api.openstack.wsgi_app [None req-f0e929e3-4319-4d6b-8622-9d36ba58a55e None None] logging_user_identity_format = %(user)s %(project)s %(domain)s %(system_scope)s %(user_domain)s %(project_domain)s {{(pid=95855) log_opt_values /opt/stack/data/venv/lib/python3.12/site-packages/oslo_config/cfg.py:3242}}
Jul 03 05:17:51.340395 np0000004370 devstack@n-api-meta.service[95855]: DEBUG nova.api.openstack.wsgi_app [None req-f0e929e3-4319-4d6b-8622-9d36ba58a55e None None] long_rpc_timeout = 1800 {{(pid=95855) log_opt_values /opt/stack/data/venv/lib/python3.12/site-packages/oslo_config/cfg.py:3242}}
Jul 03 05:17:51.340527 np0000004370 devstack@n-api-meta.service[95855]: DEBUG nova.api.openstack.wsgi_app [None req-f0e929e3-4319-4d6b-8622-9d36ba58a55e None None] manager_shutdown_timeout = 160 {{(pid=95855) log_opt_values /opt/stack/data/venv/lib/python3.12/site-packages/oslo_config/cfg.py:3242}}
Jul 03 05:17:51.340672 np0000004370 devstack@n-api-meta.service[95855]: DEBUG nova.api.openstack.wsgi_app [None req-f0e929e3-4319-4d6b-8622-9d36ba58a55e None None] max_concurrent_builds = 10 {{(pid=95855) log_opt_values /opt/stack/data/venv/lib/python3.12/site-packages/oslo_config/cfg.py:3242}}
Jul 03 05:17:51.340806 np0000004370 devstack@n-api-meta.service[95855]: DEBUG nova.api.openstack.wsgi_app [None req-f0e929e3-4319-4d6b-8622-9d36ba58a55e None None] max_concurrent_live_migrations = 1 {{(pid=95855) log_opt_values /opt/stack/data/venv/lib/python3.12/site-packages/oslo_config/cfg.py:3242}}
