Jul 03 05:17:50.835842 np0000004370 nova-scheduler[96434]: DEBUG cotyledon.oslo_config_glue [-] profiler.es_scroll_size = 10000 {{(pid=96434) log_opt_values /opt/stack/data/venv/lib/python3.12/site-packages/oslo_config/cfg.py:3253}}
Jul 03 05:17:50.835842 np0000004370 nova-scheduler[96434]: DEBUG cotyledon.oslo_config_glue [-] profiler.es_scroll_time = 2m {{(pid=96434) log_opt_values /opt/stack/data/venv/lib/python3.12/site-packages/oslo_config/cfg.py:3253}}
Jul 03 05:17:50.835842 np0000004370 nova-scheduler[96434]: DEBUG cotyledon.oslo_config_glue [-] profiler.filter_error_trace = False {{(pid=96434) log_opt_values /opt/stack/data/venv/lib/python3.12/site-packages/oslo_config/cfg.py:3253}}
Jul 03 05:17:50.835842 np0000004370 nova-scheduler[96434]: DEBUG cotyledon.oslo_config_glue [-] profiler.hmac_keys = **** {{(pid=96434) log_opt_values /opt/stack/data/venv/lib/python3.12/site-packages/oslo_config/cfg.py:3253}}
Jul 03 05:17:50.835842 np0000004370 nova-scheduler[96434]: DEBUG cotyledon.oslo_config_glue [-] profiler.sentinel_service_name = mymaster {{(pid=96434) log_opt_values /opt/stack/data/venv/lib/python3.12/site-packages/oslo_config/cfg.py:3253}}
Jul 03 05:17:50.835842 np0000004370 nova-scheduler[96434]: DEBUG cotyledon.oslo_config_glue [-] profiler.socket_timeout = 0.1 {{(pid=96434) log_opt_values /opt/stack/data/venv/lib/python3.12/site-packages/oslo_config/cfg.py:3253}}
Jul 03 05:17:50.836238 np0000004370 nova-scheduler[96434]: DEBUG cotyledon.oslo_config_glue [-] profiler.trace_requests = False {{(pid=96434) log_opt_values /opt/stack/data/venv/lib/python3.12/site-packages/oslo_config/cfg.py:3253}}
Jul 03 05:17:50.836238 np0000004370 nova-scheduler[96434]: DEBUG cotyledon.oslo_config_glue [-] profiler.trace_sqlalchemy = False {{(pid=96434) log_opt_values /opt/stack/data/venv/lib/python3.12/site-packages/oslo_config/cfg.py:3253}}
Jul 03 05:17:50.836238 np0000004370 nova-scheduler[96434]: DEBUG cotyledon.oslo_config_glue [-] profiler_jaeger.process_tags = {} {{(pid=96434) log_opt_values /opt/stack/data/venv/lib/python3.12/site-packages/oslo_config/cfg.py:3253}}
Jul 03 05:17:50.836238 np0000004370 nova-scheduler[96434]: DEBUG cotyledon.oslo_config_glue [-] profiler_jaeger.service_name_prefix = None {{(pid=96434) log_opt_values /opt/stack/data/venv/lib/python3.12/site-packages/oslo_config/cfg.py:3253}}
Jul 03 05:17:50.836238 np0000004370 nova-scheduler[96434]: DEBUG cotyledon.oslo_config_glue [-] profiler_otlp.service_name_prefix = None {{(pid=96434) log_opt_values /opt/stack/data/venv/lib/python3.12/site-packages/oslo_config/cfg.py:3253}}
Jul 03 05:17:50.836238 np0000004370 nova-scheduler[96434]: DEBUG cotyledon.oslo_config_glue [-] oslo_messaging_rabbit.amqp_auto_delete = False {{(pid=96434) log_opt_values /opt/stack/data/venv/lib/python3.12/site-packages/oslo_config/cfg.py:3253}}
Jul 03 05:17:50.836238 np0000004370 nova-scheduler[96434]: DEBUG cotyledon.oslo_config_glue [-] oslo_messaging_rabbit.amqp_durable_queues = False {{(pid=96434) log_opt_values /opt/stack/data/venv/lib/python3.12/site-packages/oslo_config/cfg.py:3253}}
Jul 03 05:17:50.836238 np0000004370 nova-scheduler[96434]: DEBUG cotyledon.oslo_config_glue [-] oslo_messaging_rabbit.conn_pool_min_size = 2 {{(pid=96434) log_opt_values /opt/stack/data/venv/lib/python3.12/site-packages/oslo_config/cfg.py:3253}}
Jul 03 05:17:50.836238 np0000004370 nova-scheduler[96434]: DEBUG cotyledon.oslo_config_glue [-] oslo_messaging_rabbit.conn_pool_ttl = 1200 {{(pid=96434) log_opt_values /opt/stack/data/venv/lib/python3.12/site-packages/oslo_config/cfg.py:3253}}
Jul 03 05:17:50.836544 np0000004370 nova-scheduler[96434]: DEBUG cotyledon.oslo_config_glue [-] oslo_messaging_rabbit.direct_mandatory_flag = True {{(pid=96434) log_opt_values /opt/stack/data/venv/lib/python3.12/site-packages/oslo_config/cfg.py:3253}}
Jul 03 05:17:50.836544 np0000004370 nova-scheduler[96434]: DEBUG cotyledon.oslo_config_glue [-] oslo_messaging_rabbit.enable_cancel_on_failover = False {{(pid=96434) log_opt_values /opt/stack/data/venv/lib/python3.12/site-packages/oslo_config/cfg.py:3253}}
Jul 03 05:17:50.836544 np0000004370 nova-scheduler[96434]: DEBUG cotyledon.oslo_config_glue [-] oslo_messaging_rabbit.heartbeat_rate = 3 {{(pid=96434) log_opt_values /opt/stack/data/venv/lib/python3.12/site-packages/oslo_config/cfg.py:3253}}
Jul 03 05:17:50.836544 np0000004370 nova-scheduler[96434]: DEBUG cotyledon.oslo_config_glue [-] oslo_messaging_rabbit.heartbeat_timeout_threshold = 60 {{(pid=96434) log_opt_values /opt/stack/data/venv/lib/python3.12/site-packages/oslo_config/cfg.py:3253}}
Jul 03 05:17:50.836544 np0000004370 nova-scheduler[96434]: DEBUG cotyledon.oslo_config_glue [-] oslo_messaging_rabbit.hostname = np0000004370 {{(pid=96434) log_opt_values /opt/stack/data/venv/lib/python3.12/site-packages/oslo_config/cfg.py:3253}}
Jul 03 05:17:50.836544 np0000004370 nova-scheduler[96434]: DEBUG cotyledon.oslo_config_glue [-] oslo_messaging_rabbit.kombu_compression = None {{(pid=96434) log_opt_values /opt/stack/data/venv/lib/python3.12/site-packages/oslo_config/cfg.py:3253}}
Jul 03 05:17:50.836544 np0000004370 nova-scheduler[96434]: DEBUG cotyledon.oslo_config_glue [-] oslo_messaging_rabbit.kombu_failover_strategy = round-robin {{(pid=96434) log_opt_values /opt/stack/data/venv/lib/python3.12/site-packages/oslo_config/cfg.py:3253}}
Jul 03 05:17:50.836544 np0000004370 nova-scheduler[96434]: DEBUG cotyledon.oslo_config_glue [-] oslo_messaging_rabbit.kombu_missing_consumer_retry_timeout = 60 {{(pid=96434) log_opt_values /opt/stack/data/venv/lib/python3.12/site-packages/oslo_config/cfg.py:3253}}
Jul 03 05:17:50.836544 np0000004370 nova-scheduler[96434]: DEBUG cotyledon.oslo_config_glue [-] oslo_messaging_rabbit.kombu_reconnect_delay = 1.0 {{(pid=96434) log_opt_values /opt/stack/data/venv/lib/python3.12/site-packages/oslo_config/cfg.py:3253}}
Jul 03 05:17:50.836836 np0000004370 nova-scheduler[96434]: DEBUG cotyledon.oslo_config_glue [-] oslo_messaging_rabbit.kombu_reconnect_splay = 0.0 {{(pid=96434) log_opt_values /opt/stack/data/venv/lib/python3.12/site-packages/oslo_config/cfg.py:3253}}
Jul 03 05:17:50.836836 np0000004370 nova-scheduler[96434]: DEBUG cotyledon.oslo_config_glue [-] oslo_messaging_rabbit.processname = nova-scheduler {{(pid=96434) log_opt_values /opt/stack/data/venv/lib/python3.12/site-packages/oslo_config/cfg.py:3253}}
Jul 03 05:17:50.836836 np0000004370 nova-scheduler[96434]: DEBUG cotyledon.oslo_config_glue [-] oslo_messaging_rabbit.rabbit_ha_queues = False {{(pid=96434) log_opt_values /opt/stack/data/venv/lib/python3.12/site-packages/oslo_config/cfg.py:3253}}
Jul 03 05:17:50.836836 np0000004370 nova-scheduler[96434]: DEBUG cotyledon.oslo_config_glue [-] oslo_messaging_rabbit.rabbit_interval_max = 30 {{(pid=96434) log_opt_values /opt/stack/data/venv/lib/python3.12/site-packages/oslo_config/cfg.py:3253}}
Jul 03 05:17:50.836836 np0000004370 nova-scheduler[96434]: DEBUG cotyledon.oslo_config_glue [-] oslo_messaging_rabbit.rabbit_login_method = AMQPLAIN {{(pid=96434) log_opt_values /opt/stack/data/venv/lib/python3.12/site-packages/oslo_config/cfg.py:3253}}
Jul 03 05:17:50.836836 np0000004370 nova-scheduler[96434]: DEBUG cotyledon.oslo_config_glue [-] oslo_messaging_rabbit.rabbit_qos_prefetch_count = 0 {{(pid=96434) log_opt_values /opt/stack/data/venv/lib/python3.12/site-packages/oslo_config/cfg.py:3253}}
Jul 03 05:17:50.836836 np0000004370 nova-scheduler[96434]: DEBUG cotyledon.oslo_config_glue [-] oslo_messaging_rabbit.rabbit_quorum_delivery_limit = 0 {{(pid=96434) log_opt_values /opt/stack/data/venv/lib/python3.12/site-packages/oslo_config/cfg.py:3253}}
Jul 03 05:17:50.836836 np0000004370 nova-scheduler[96434]: DEBUG cotyledon.oslo_config_glue [-] oslo_messaging_rabbit.rabbit_quorum_max_memory_bytes = 0 {{(pid=96434) log_opt_values /opt/stack/data/venv/lib/python3.12/site-packages/oslo_config/cfg.py:3253}}
Jul 03 05:17:50.836836 np0000004370 nova-scheduler[96434]: DEBUG cotyledon.oslo_config_glue [-] oslo_messaging_rabbit.rabbit_quorum_max_memory_length = 0 {{(pid=96434) log_opt_values /opt/stack/data/venv/lib/python3.12/site-packages/oslo_config/cfg.py:3253}}
Jul 03 05:17:50.837250 np0000004370 nova-scheduler[96434]: DEBUG cotyledon.oslo_config_glue [-] oslo_messaging_rabbit.rabbit_quorum_queue = False {{(pid=96434) log_opt_values /opt/stack/data/venv/lib/python3.12/site-packages/oslo_config/cfg.py:3253}}
Jul 03 05:17:50.837250 np0000004370 nova-scheduler[96434]: DEBUG cotyledon.oslo_config_glue [-] oslo_messaging_rabbit.rabbit_retry_backoff = 2 {{(pid=96434) log_opt_values /opt/stack/data/venv/lib/python3.12/site-packages/oslo_config/cfg.py:3253}}
Jul 03 05:17:50.837250 np0000004370 nova-scheduler[96434]: DEBUG cotyledon.oslo_config_glue [-] oslo_messaging_rabbit.rabbit_retry_interval = 1 {{(pid=96434) log_opt_values /opt/stack/data/venv/lib/python3.12/site-packages/oslo_config/cfg.py:3253}}
Jul 03 05:17:50.837250 np0000004370 nova-scheduler[96434]: DEBUG cotyledon.oslo_config_glue [-] oslo_messaging_rabbit.rabbit_stream_fanout = False {{(pid=96434) log_opt_values /opt/stack/data/venv/lib/python3.12/site-packages/oslo_config/cfg.py:3253}}
Jul 03 05:17:50.837250 np0000004370 nova-scheduler[96434]: DEBUG cotyledon.oslo_config_glue [-] oslo_messaging_rabbit.rabbit_transient_queues_ttl = 1800 {{(pid=96434) log_opt_values /opt/stack/data/venv/lib/python3.12/site-packages/oslo_config/cfg.py:3253}}
Jul 03 05:17:50.837250 np0000004370 nova-scheduler[96434]: DEBUG cotyledon.oslo_config_glue [-] oslo_messaging_rabbit.rabbit_transient_quorum_queue = False {{(pid=96434) log_opt_values /opt/stack/data/venv/lib/python3.12/site-packages/oslo_config/cfg.py:3253}}
Jul 03 05:17:50.837250 np0000004370 nova-scheduler[96434]: DEBUG cotyledon.oslo_config_glue [-] oslo_messaging_rabbit.rpc_conn_pool_size = 30 {{(pid=96434) log_opt_values /opt/stack/data/venv/lib/python3.12/site-packages/oslo_config/cfg.py:3253}}
Jul 03 05:17:50.837250 np0000004370 nova-scheduler[96434]: DEBUG cotyledon.oslo_config_glue [-] oslo_messaging_rabbit.ssl = False {{(pid=96434) log_opt_values /opt/stack/data/venv/lib/python3.12/site-packages/oslo_config/cfg.py:3253}}
Jul 03 05:17:50.837250 np0000004370 nova-scheduler[96434]: DEBUG cotyledon.oslo_config_glue [-] oslo_messaging_rabbit.ssl_ca_file = {{(pid=96434) log_opt_values /opt/stack/data/venv/lib/python3.12/site-packages/oslo_config/cfg.py:3253}}
Jul 03 05:17:50.837550 np0000004370 nova-scheduler[96434]: DEBUG cotyledon.oslo_config_glue [-] oslo_messaging_rabbit.ssl_cert_file = {{(pid=96434) log_opt_values /opt/stack/data/venv/lib/python3.12/site-packages/oslo_config/cfg.py:3253}}
Jul 03 05:17:50.837550 np0000004370 nova-scheduler[96434]: DEBUG cotyledon.oslo_config_glue [-] oslo_messaging_rabbit.ssl_enforce_fips_mode = False {{(pid=96434) log_opt_values /opt/stack/data/venv/lib/python3.12/site-packages/oslo_config/cfg.py:3253}}
Jul 03 05:17:50.837550 np0000004370 nova-scheduler[96434]: DEBUG cotyledon.oslo_config_glue [-] oslo_messaging_rabbit.ssl_enforce_hostname_verification = True {{(pid=96434) log_opt_values /opt/stack/data/venv/lib/python3.12/site-packages/oslo_config/cfg.py:3253}}
Jul 03 05:17:50.837550 np0000004370 nova-scheduler[96434]: DEBUG cotyledon.oslo_config_glue [-] oslo_messaging_rabbit.ssl_key_file = {{(pid=96434) log_opt_values /opt/stack/data/venv/lib/python3.12/site-packages/oslo_config/cfg.py:3253}}
Jul 03 05:17:50.837550 np0000004370 nova-scheduler[96434]: DEBUG cotyledon.oslo_config_glue [-] oslo_messaging_rabbit.ssl_version = {{(pid=96434) log_opt_values /opt/stack/data/venv/lib/python3.12/site-packages/oslo_config/cfg.py:3253}}
Jul 03 05:17:50.837550 np0000004370 nova-scheduler[96434]: DEBUG cotyledon.oslo_config_glue [-] oslo_messaging_rabbit.use_queue_manager = False {{(pid=96434) log_opt_values /opt/stack/data/venv/lib/python3.12/site-packages/oslo_config/cfg.py:3253}}
Jul 03 05:17:50.837550 np0000004370 nova-scheduler[96434]: DEBUG cotyledon.oslo_config_glue [-] oslo_messaging_notifications.driver = ['messagingv2'] {{(pid=96434) log_opt_values /opt/stack/data/venv/lib/python3.12/site-packages/oslo_config/cfg.py:3253}}
Jul 03 05:17:50.837550 np0000004370 nova-scheduler[96434]: DEBUG cotyledon.oslo_config_glue [-] oslo_messaging_notifications.retry = -1 {{(pid=96434) log_opt_values /opt/stack/data/venv/lib/python3.12/site-packages/oslo_config/cfg.py:3253}}
Jul 03 05:17:50.837550 np0000004370 nova-scheduler[96434]: DEBUG cotyledon.oslo_config_glue [-] oslo_messaging_notifications.topics = ['notifications'] {{(pid=96434) log_opt_values /opt/stack/data/venv/lib/python3.12/site-packages/oslo_config/cfg.py:3253}}
Jul 03 05:17:50.837831 np0000004370 nova-scheduler[96434]: DEBUG cotyledon.oslo_config_glue [-] oslo_messaging_notifications.transport_url = **** {{(pid=96434) log_opt_values /opt/stack/data/venv/lib/python3.12/site-packages/oslo_config/cfg.py:3253}}
Jul 03 05:17:50.837831 np0000004370 nova-scheduler[96434]: DEBUG cotyledon.oslo_config_glue [-] oslo_limit.auth_section = None {{(pid=96434) log_opt_values /opt/stack/data/venv/lib/python3.12/site-packages/oslo_config/cfg.py:3253}}
Jul 03 05:17:50.837831 np0000004370 nova-scheduler[96434]: DEBUG cotyledon.oslo_config_glue [-] oslo_limit.auth_type = None {{(pid=96434) log_opt_values /opt/stack/data/venv/lib/python3.12/site-packages/oslo_config/cfg.py:3253}}
Jul 03 05:17:50.837831 np0000004370 nova-scheduler[96434]: DEBUG cotyledon.oslo_config_glue [-] oslo_limit.cafile = None {{(pid=96434) log_opt_values /opt/stack/data/venv/lib/python3.12/site-packages/oslo_config/cfg.py:3253}}
Jul 03 05:17:50.837831 np0000004370 nova-scheduler[96434]: DEBUG cotyledon.oslo_config_glue [-] oslo_limit.certfile = None {{(pid=96434) log_opt_values /opt/stack/data/venv/lib/python3.12/site-packages/oslo_config/cfg.py:3253}}
Jul 03 05:17:50.837831 np0000004370 nova-scheduler[96434]: DEBUG cotyledon.oslo_config_glue [-] oslo_limit.collect_timing = False {{(pid=96434) log_opt_values /opt/stack/data/venv/lib/python3.12/site-packages/oslo_config/cfg.py:3253}}
Jul 03 05:17:50.837831 np0000004370 nova-scheduler[96434]: DEBUG cotyledon.oslo_config_glue [-] oslo_limit.connect_retries = None {{(pid=96434) log_opt_values /opt/stack/data/venv/lib/python3.12/site-packages/oslo_config/cfg.py:3253}}
Jul 03 05:17:50.837831 np0000004370 nova-scheduler[96434]: DEBUG cotyledon.oslo_config_glue [-] oslo_limit.connect_retry_delay = None {{(pid=96434) log_opt_values /opt/stack/data/venv/lib/python3.12/site-packages/oslo_config/cfg.py:3253}}
Jul 03 05:17:50.837831 np0000004370 nova-scheduler[96434]: DEBUG cotyledon.oslo_config_glue [-] oslo_limit.endpoint_id = None {{(pid=96434) log_opt_values /opt/stack/data/venv/lib/python3.12/site-packages/oslo_config/cfg.py:3253}}
Jul 03 05:17:50.838105 np0000004370 nova-scheduler[96434]: DEBUG cotyledon.oslo_config_glue [-] oslo_limit.endpoint_interface = public {{(pid=96434) log_opt_values /opt/stack/data/venv/lib/python3.12/site-packages/oslo_config/cfg.py:3253}}
Jul 03 05:17:50.838105 np0000004370 nova-scheduler[96434]: DEBUG cotyledon.oslo_config_glue [-] oslo_limit.endpoint_override = None {{(pid=96434) log_opt_values /opt/stack/data/venv/lib/python3.12/site-packages/oslo_config/cfg.py:3253}}
Jul 03 05:17:50.838105 np0000004370 nova-scheduler[96434]: DEBUG cotyledon.oslo_config_glue [-] oslo_limit.endpoint_region_name = None {{(pid=96434) log_opt_values /opt/stack/data/venv/lib/python3.12/site-packages/oslo_config/cfg.py:3253}}
Jul 03 05:17:50.838105 np0000004370 nova-scheduler[96434]: DEBUG cotyledon.oslo_config_glue [-] oslo_limit.endpoint_service_name = None {{(pid=96434) log_opt_values /opt/stack/data/venv/lib/python3.12/site-packages/oslo_config/cfg.py:3253}}
Jul 03 05:17:50.838105 np0000004370 nova-scheduler[96434]: DEBUG cotyledon.oslo_config_glue [-] oslo_limit.endpoint_service_type = None {{(pid=96434) log_opt_values /opt/stack/data/venv/lib/python3.12/site-packages/oslo_config/cfg.py:3253}}
Jul 03 05:17:50.838105 np0000004370 nova-scheduler[96434]: DEBUG cotyledon.oslo_config_glue [-] oslo_limit.insecure = False {{(pid=96434) log_opt_values /opt/stack/data/venv/lib/python3.12/site-packages/oslo_config/cfg.py:3253}}
Jul 03 05:17:50.838105 np0000004370 nova-scheduler[96434]: DEBUG cotyledon.oslo_config_glue [-] oslo_limit.keyfile = None {{(pid=96434) log_opt_values /opt/stack/data/venv/lib/python3.12/site-packages/oslo_config/cfg.py:3253}}
Jul 03 05:17:50.838105 np0000004370 nova-scheduler[96434]: DEBUG cotyledon.oslo_config_glue [-] oslo_limit.max_version = None {{(pid=96434) log_opt_values /opt/stack/data/venv/lib/python3.12/site-packages/oslo_config/cfg.py:3253}}
Jul 03 05:17:50.838105 np0000004370 nova-scheduler[96434]: DEBUG cotyledon.oslo_config_glue [-] oslo_limit.min_version = None {{(pid=96434) log_opt_values /opt/stack/data/venv/lib/python3.12/site-packages/oslo_config/cfg.py:3253}}
Jul 03 05:17:50.838417 np0000004370 nova-scheduler[96434]: DEBUG cotyledon.oslo_config_glue [-] oslo_limit.region_name = None {{(pid=96434) log_opt_values /opt/stack/data/venv/lib/python3.12/site-packages/oslo_config/cfg.py:3253}}
Jul 03 05:17:50.838417 np0000004370 nova-scheduler[96434]: DEBUG cotyledon.oslo_config_glue [-] oslo_limit.retriable_status_codes = None {{(pid=96434) log_opt_values /opt/stack/data/venv/lib/python3.12/site-packages/oslo_config/cfg.py:3253}}
Jul 03 05:17:50.838417 np0000004370 nova-scheduler[96434]: DEBUG cotyledon.oslo_config_glue [-] oslo_limit.service_name = None {{(pid=96434) log_opt_values /opt/stack/data/venv/lib/python3.12/site-packages/oslo_config/cfg.py:3253}}
Jul 03 05:17:50.838417 np0000004370 nova-scheduler[96434]: DEBUG cotyledon.oslo_config_glue [-] oslo_limit.service_type = None {{(pid=96434) log_opt_values /opt/stack/data/venv/lib/python3.12/site-packages/oslo_config/cfg.py:3253}}
Jul 03 05:17:50.838417 np0000004370 nova-scheduler[96434]: DEBUG cotyledon.oslo_config_glue [-] oslo_limit.split_loggers = False {{(pid=96434) log_opt_values /opt/stack/data/venv/lib/python3.12/site-packages/oslo_config/cfg.py:3253}}
Jul 03 05:17:50.838417 np0000004370 nova-scheduler[96434]: DEBUG cotyledon.oslo_config_glue [-] oslo_limit.status_code_retries = None {{(pid=96434) log_opt_values /opt/stack/data/venv/lib/python3.12/site-packages/oslo_config/cfg.py:3253}}
Jul 03 05:17:50.838417 np0000004370 nova-scheduler[96434]: DEBUG cotyledon.oslo_config_glue [-] oslo_limit.status_code_retry_delay = None {{(pid=96434) log_opt_values /opt/stack/data/venv/lib/python3.12/site-packages/oslo_config/cfg.py:3253}}
Jul 03 05:17:50.838417 np0000004370 nova-scheduler[96434]: DEBUG cotyledon.oslo_config_glue [-] oslo_limit.timeout = None {{(pid=96434) log_opt_values /opt/stack/data/venv/lib/python3.12/site-packages/oslo_config/cfg.py:3253}}
Jul 03 05:17:50.838417 np0000004370 nova-scheduler[96434]: DEBUG cotyledon.oslo_config_glue [-] oslo_limit.valid_interfaces = None {{(pid=96434) log_opt_values /opt/stack/data/venv/lib/python3.12/site-packages/oslo_config/cfg.py:3253}}
Jul 03 05:17:50.838747 np0000004370 nova-scheduler[96434]: DEBUG cotyledon.oslo_config_glue [-] oslo_limit.version = None {{(pid=96434) log_opt_values /opt/stack/data/venv/lib/python3.12/site-packages/oslo_config/cfg.py:3253}}
Jul 03 05:17:50.838747 np0000004370 nova-scheduler[96434]: DEBUG cotyledon.oslo_config_glue [-] oslo_reports.file_event_handler = None {{(pid=96434) log_opt_values /opt/stack/data/venv/lib/python3.12/site-packages/oslo_config/cfg.py:3253}}
Jul 03 05:17:50.838747 np0000004370 nova-scheduler[96434]: DEBUG cotyledon.oslo_config_glue [-] oslo_reports.file_event_handler_interval = 1 {{(pid=96434) log_opt_values /opt/stack/data/venv/lib/python3.12/site-packages/oslo_config/cfg.py:3253}}
Jul 03 05:17:50.838747 np0000004370 nova-scheduler[96434]: DEBUG cotyledon.oslo_config_glue [-] oslo_reports.log_dir = None {{(pid=96434) log_opt_values /opt/stack/data/venv/lib/python3.12/site-packages/oslo_config/cfg.py:3253}}
Jul 03 05:17:50.838747 np0000004370 nova-scheduler[96434]: DEBUG cotyledon.oslo_config_glue [-] ******************************************************************************** {{(pid=96434) log_opt_values /opt/stack/data/venv/lib/python3.12/site-packages/oslo_config/cfg.py:3260}}
Jul 03 05:17:50.838747 np0000004370 nova-scheduler[96434]: DEBUG cotyledon._service_worker [-] Run service ServiceWrapper(3) [96434] {{(pid=96434) wait_forever /opt/stack/data/venv/lib/python3.12/site-packages/cotyledon/_service_worker.py:218}}
Jul 03 05:17:50.838747 np0000004370 nova-scheduler[96434]: INFO nova.service [-] Starting scheduler node (version 33.1.0)
Jul 03 05:17:50.838976 np0000004370 nova-scheduler[96428]: DEBUG oslo_db.sqlalchemy.engines [None req-88b44c13-7269-42e5-a65b-0edfb3180029 None None] MySQL server mode set to STRICT_TRANS_TABLES,STRICT_ALL_TABLES,NO_ZERO_IN_DATE,NO_ZERO_DATE,ERROR_FOR_DIVISION_BY_ZERO,TRADITIONAL,NO_ENGINE_SUBSTITUTION {{(pid=96428) _check_effective_sql_mode /opt/stack/data/venv/lib/python3.12/site-packages/oslo_db/sqlalchemy/engines.py:325}}
Jul 03 05:17:50.839034 np0000004370 nova-scheduler[96434]: INFO dbcounter [None req-2f708d7b-575b-4825-8160-998c3113314a None None] Registered counter for database nova_cell0
Jul 03 05:17:50.839074 np0000004370 nova-scheduler[96428]: DEBUG dbcounter [-] [96428] Writer thread running {{(pid=96428) stat_writer /opt/stack/data/venv/lib/python3.12/site-packages/dbcounter.py:102}}
Jul 03 05:17:50.839130 np0000004370 nova-scheduler[96432]: DEBUG oslo_db.sqlalchemy.engines [None req-81ac0183-74ba-4a66-9966-944c19c88229 None None] MySQL server mode set to STRICT_TRANS_TABLES,STRICT_ALL_TABLES,NO_ZERO_IN_DATE,NO_ZERO_DATE,ERROR_FOR_DIVISION_BY_ZERO,TRADITIONAL,NO_ENGINE_SUBSTITUTION {{(pid=96432) _check_effective_sql_mode /opt/stack/data/venv/lib/python3.12/site-packages/oslo_db/sqlalchemy/engines.py:325}}
Jul 03 05:17:50.839184 np0000004370 nova-scheduler[96428]: DEBUG nova.service [None req-88b44c13-7269-42e5-a65b-0edfb3180029 None None] Creating RPC server for service: nova-scheduler on topic: scheduler {{(pid=96428) start /opt/stack/nova/nova/service.py:196}}
Jul 03 05:17:50.839231 np0000004370 nova-scheduler[96430]: DEBUG oslo_db.sqlalchemy.engines [None req-7a4992d4-1031-49cc-9571-d921f9c8eb9e None None] MySQL server mode set to STRICT_TRANS_TABLES,STRICT_ALL_TABLES,NO_ZERO_IN_DATE,NO_ZERO_DATE,ERROR_FOR_DIVISION_BY_ZERO,TRADITIONAL,NO_ENGINE_SUBSTITUTION {{(pid=96430) _check_effective_sql_mode /opt/stack/data/venv/lib/python3.12/site-packages/oslo_db/sqlalchemy/engines.py:325}}
Jul 03 05:17:50.842190 np0000004370 nova-scheduler[96432]: DEBUG dbcounter [-] [96432] Writer thread running {{(pid=96432) stat_writer /opt/stack/data/venv/lib/python3.12/site-packages/dbcounter.py:102}}
Jul 03 05:17:50.845994 np0000004370 nova-scheduler[96432]: DEBUG nova.service [None req-81ac0183-74ba-4a66-9966-944c19c88229 None None] Creating RPC server for service: nova-scheduler on topic: scheduler {{(pid=96432) start /opt/stack/nova/nova/service.py:196}}
Jul 03 05:17:50.848645 np0000004370 nova-scheduler[96430]: DEBUG dbcounter [-] [96430] Writer thread running {{(pid=96430) stat_writer /opt/stack/data/venv/lib/python3.12/site-packages/dbcounter.py:102}}
Jul 03 05:17:50.851830 np0000004370 nova-scheduler[96430]: DEBUG nova.service [None req-7a4992d4-1031-49cc-9571-d921f9c8eb9e None None] Creating RPC server for service: nova-scheduler on topic: scheduler {{(pid=96430) start /opt/stack/nova/nova/service.py:196}}
Jul 03 05:17:50.865908 np0000004370 nova-scheduler[96428]: DEBUG nova.service [None req-88b44c13-7269-42e5-a65b-0edfb3180029 None None] Join ServiceGroup membership for this service scheduler {{(pid=96428) start /opt/stack/nova/nova/service.py:222}}
Jul 03 05:17:50.866171 np0000004370 nova-scheduler[96428]: DEBUG nova.servicegroup.drivers.db [None req-88b44c13-7269-42e5-a65b-0edfb3180029 None None] DB_Driver: join new ServiceGroup member np0000004370 to the scheduler group, service = {{(pid=96428) join /opt/stack/nova/nova/servicegroup/drivers/db.py:44}}
Jul 03 05:17:50.868150 np0000004370 nova-scheduler[96434]: DEBUG oslo_db.sqlalchemy.engines [None req-2f708d7b-575b-4825-8160-998c3113314a None None] MySQL server mode set to STRICT_TRANS_TABLES,STRICT_ALL_TABLES,NO_ZERO_IN_DATE,NO_ZERO_DATE,ERROR_FOR_DIVISION_BY_ZERO,TRADITIONAL,NO_ENGINE_SUBSTITUTION {{(pid=96434) _check_effective_sql_mode /opt/stack/data/venv/lib/python3.12/site-packages/oslo_db/sqlalchemy/engines.py:325}}
Jul 03 05:17:50.874689 np0000004370 nova-scheduler[96430]: DEBUG nova.service [None req-7a4992d4-1031-49cc-9571-d921f9c8eb9e None None] Join ServiceGroup membership for this service scheduler {{(pid=96430) start /opt/stack/nova/nova/service.py:222}}
Jul 03 05:17:50.874830 np0000004370 nova-scheduler[96430]: DEBUG nova.servicegroup.drivers.db [None req-7a4992d4-1031-49cc-9571-d921f9c8eb9e None None] DB_Driver: join new ServiceGroup member np0000004370 to the scheduler group, service = {{(pid=96430) join /opt/stack/nova/nova/servicegroup/drivers/db.py:44}}
Jul 03 05:17:50.875765 np0000004370 nova-scheduler[96432]: DEBUG nova.service [None req-81ac0183-74ba-4a66-9966-944c19c88229 None None] Join ServiceGroup membership for this service scheduler {{(pid=96432) start /opt/stack/nova/nova/service.py:222}}
Jul 03 05:17:50.875960 np0000004370 nova-scheduler[96432]: DEBUG nova.servicegroup.drivers.db [None req-81ac0183-74ba-4a66-9966-944c19c88229 None None] DB_Driver: join new ServiceGroup member np0000004370 to the scheduler group, service = {{(pid=96432) join /opt/stack/nova/nova/servicegroup/drivers/db.py:44}}
Jul 03 05:17:50.879709 np0000004370 nova-scheduler[96434]: DEBUG dbcounter [-] [96434] Writer thread running {{(pid=96434) stat_writer /opt/stack/data/venv/lib/python3.12/site-packages/dbcounter.py:102}}
Jul 03 05:17:50.883379 np0000004370 nova-scheduler[96434]: DEBUG nova.service [None req-2f708d7b-575b-4825-8160-998c3113314a None None] Creating RPC server for service: nova-scheduler on topic: scheduler {{(pid=96434) start /opt/stack/nova/nova/service.py:196}}
Jul 03 05:17:50.904791 np0000004370 nova-scheduler[96434]: DEBUG nova.service [None req-2f708d7b-575b-4825-8160-998c3113314a None None] Join ServiceGroup membership for this service scheduler {{(pid=96434) start /opt/stack/nova/nova/service.py:222}}
Jul 03 05:17:50.904978 np0000004370 nova-scheduler[96434]: DEBUG nova.servicegroup.drivers.db [None req-2f708d7b-575b-4825-8160-998c3113314a None None] DB_Driver: join new ServiceGroup member np0000004370 to the scheduler group, service = {{(pid=96434) join /opt/stack/nova/nova/servicegroup/drivers/db.py:44}}
Jul 03 05:17:54.907967 np0000004370 nova-scheduler[96434]: DEBUG oslo.service.backend._threading.loopingcall [None req-da7a82b2-4e1c-402b-8b34-c8445680adb8 None None] Dynamic interval looping call 'nova.service.Service.periodic_tasks' sleeping for 60.00 seconds {{(pid=96434) _run_loop /opt/stack/data/venv/lib/python3.12/site-packages/oslo_service/backend/_threading/loopingcall.py:125}}
Jul 03 05:17:55.881920 np0000004370 nova-scheduler[96428]: DEBUG oslo.service.backend._threading.loopingcall [-] Fixed interval looping call 'nova.servicegroup.drivers.db.DbDriver._report_state' sleeping for 119.99 seconds {{(pid=96428) _run_loop /opt/stack/data/venv/lib/python3.12/site-packages/oslo_service/backend/_threading/loopingcall.py:125}}
Jul 03 05:17:55.886012 np0000004370 nova-scheduler[96430]: DEBUG oslo.service.backend._threading.loopingcall [-] Fixed interval looping call 'nova.servicegroup.drivers.db.DbDriver._report_state' sleeping for 119.99 seconds {{(pid=96430) _run_loop /opt/stack/data/venv/lib/python3.12/site-packages/oslo_service/backend/_threading/loopingcall.py:125}}
Jul 03 05:17:55.888332 np0000004370 nova-scheduler[96432]: DEBUG oslo.service.backend._threading.loopingcall [-] Fixed interval looping call 'nova.servicegroup.drivers.db.DbDriver._report_state' sleeping for 119.99 seconds {{(pid=96432) _run_loop /opt/stack/data/venv/lib/python3.12/site-packages/oslo_service/backend/_threading/loopingcall.py:125}}
Jul 03 05:17:55.915995 np0000004370 nova-scheduler[96434]: DEBUG oslo.service.backend._threading.loopingcall [-] Fixed interval looping call 'nova.servicegroup.drivers.db.DbDriver._report_state' sleeping for 119.99 seconds {{(pid=96434) _run_loop /opt/stack/data/venv/lib/python3.12/site-packages/oslo_service/backend/_threading/loopingcall.py:125}}
Jul 03 05:17:59.424947 np0000004370 nova-scheduler[95235]: DEBUG dbcounter [-] [95235] Writing DB stats nova_api:SELECT=3 {{(pid=95235) stat_writer /opt/stack/data/venv/lib/python3.12/site-packages/dbcounter.py:115}}
Jul 03 05:17:59.549598 np0000004370 nova-scheduler[95235]: DEBUG dbcounter [-] [95235] Writing DB stats nova_cell1:SELECT=1 {{(pid=95235) stat_writer /opt/stack/data/venv/lib/python3.12/site-packages/dbcounter.py:115}}
Jul 03 05:17:59.554302 np0000004370 nova-scheduler[95235]: DEBUG dbcounter [-] [95235] Writing DB stats nova_cell0:SELECT=1 {{(pid=95235) stat_writer /opt/stack/data/venv/lib/python3.12/site-packages/dbcounter.py:115}}
Jul 03 05:18:05.876657 np0000004370 nova-scheduler[96428]: DEBUG dbcounter [-] [96428] Writing DB stats nova_cell0:SELECT=4,nova_cell0:INSERT=1,nova_cell0:UPDATE=1 {{(pid=96428) stat_writer /opt/stack/data/venv/lib/python3.12/site-packages/dbcounter.py:115}}
Jul 03 05:18:05.883353 np0000004370 nova-scheduler[96430]: DEBUG dbcounter [-] [96430] Writing DB stats nova_cell0:SELECT=3 {{(pid=96430) stat_writer /opt/stack/data/venv/lib/python3.12/site-packages/dbcounter.py:115}}
Jul 03 05:18:05.885524 np0000004370 nova-scheduler[96432]: DEBUG dbcounter [-] [96432] Writing DB stats nova_cell0:SELECT=3 {{(pid=96432) stat_writer /opt/stack/data/venv/lib/python3.12/site-packages/dbcounter.py:115}}
Jul 03 05:18:05.912989 np0000004370 nova-scheduler[96434]: DEBUG dbcounter [-] [96434] Writing DB stats nova_cell0:SELECT=3 {{(pid=96434) stat_writer /opt/stack/data/venv/lib/python3.12/site-packages/dbcounter.py:115}}
Jul 03 05:18:16.869121 np0000004370 nova-scheduler[96428]: DEBUG oslo.service.backend._threading.loopingcall [None req-51737600-ab27-416b-9997-dd1d3b55a804 None None] Dynamic interval looping call 'nova.service.Service.periodic_tasks' sleeping for 60.00 seconds {{(pid=96428) _run_loop /opt/stack/data/venv/lib/python3.12/site-packages/oslo_service/backend/_threading/loopingcall.py:125}}
Jul 03 05:18:35.876978 np0000004370 nova-scheduler[96430]: DEBUG oslo.service.backend._threading.loopingcall [None req-0c8434fb-08d0-423d-a6e6-7fc906a67be4 None None] Dynamic interval looping call 'nova.service.Service.periodic_tasks' sleeping for 60.00 seconds {{(pid=96430) _run_loop /opt/stack/data/venv/lib/python3.12/site-packages/oslo_service/backend/_threading/loopingcall.py:125}}
Jul 03 05:18:46.878165 np0000004370 nova-scheduler[96432]: DEBUG oslo.service.backend._threading.loopingcall [None req-62063ec7-e528-4cbe-8a12-7deac7bb1fe3 None None] Dynamic interval looping call 'nova.service.Service.periodic_tasks' sleeping for 60.00 seconds {{(pid=96432) _run_loop /opt/stack/data/venv/lib/python3.12/site-packages/oslo_service/backend/_threading/loopingcall.py:125}}
Jul 03 05:18:54.908517 np0000004370 nova-scheduler[96434]: DEBUG oslo.service.backend._threading.loopingcall [None req-da7a82b2-4e1c-402b-8b34-c8445680adb8 None None] Dynamic interval looping call 'nova.service.Service.periodic_tasks' sleeping for 60.00 seconds {{(pid=96434) _run_loop /opt/stack/data/venv/lib/python3.12/site-packages/oslo_service/backend/_threading/loopingcall.py:125}}
Jul 03 05:19:16.869601 np0000004370 nova-scheduler[96428]: DEBUG oslo.service.backend._threading.loopingcall [None req-51737600-ab27-416b-9997-dd1d3b55a804 None None] Dynamic interval looping call 'nova.service.Service.periodic_tasks' sleeping for 60.00 seconds {{(pid=96428) _run_loop /opt/stack/data/venv/lib/python3.12/site-packages/oslo_service/backend/_threading/loopingcall.py:125}}
Jul 03 05:19:35.877557 np0000004370 nova-scheduler[96430]: DEBUG oslo.service.backend._threading.loopingcall [None req-0c8434fb-08d0-423d-a6e6-7fc906a67be4 None None] Dynamic interval looping call 'nova.service.Service.periodic_tasks' sleeping for 60.00 seconds {{(pid=96430) _run_loop /opt/stack/data/venv/lib/python3.12/site-packages/oslo_service/backend/_threading/loopingcall.py:125}}
Jul 03 05:19:46.878638 np0000004370 nova-scheduler[96432]: DEBUG oslo.service.backend._threading.loopingcall [None req-62063ec7-e528-4cbe-8a12-7deac7bb1fe3 None None] Dynamic interval looping call 'nova.service.Service.periodic_tasks' sleeping for 60.00 seconds {{(pid=96432) _run_loop /opt/stack/data/venv/lib/python3.12/site-packages/oslo_service/backend/_threading/loopingcall.py:125}}
Jul 03 05:19:54.908985 np0000004370 nova-scheduler[96434]: DEBUG oslo.service.backend._threading.loopingcall [None req-da7a82b2-4e1c-402b-8b34-c8445680adb8 None None] Dynamic interval looping call 'nova.service.Service.periodic_tasks' sleeping for 60.00 seconds {{(pid=96434) _run_loop /opt/stack/data/venv/lib/python3.12/site-packages/oslo_service/backend/_threading/loopingcall.py:125}}
Jul 03 05:19:55.883539 np0000004370 nova-scheduler[96428]: DEBUG oslo.service.backend._threading.loopingcall [-] Fixed interval looping call 'nova.servicegroup.drivers.db.DbDriver._report_state' sleeping for 119.99 seconds {{(pid=96428) _run_loop /opt/stack/data/venv/lib/python3.12/site-packages/oslo_service/backend/_threading/loopingcall.py:125}}
Jul 03 05:19:55.884487 np0000004370 nova-scheduler[96430]: DEBUG oslo.service.backend._threading.loopingcall [-] Fixed interval looping call 'nova.servicegroup.drivers.db.DbDriver._report_state' sleeping for 119.99 seconds {{(pid=96430) _run_loop /opt/stack/data/venv/lib/python3.12/site-packages/oslo_service/backend/_threading/loopingcall.py:125}}
Jul 03 05:19:55.885026 np0000004370 nova-scheduler[96432]: DEBUG oslo.service.backend._threading.loopingcall [-] Fixed interval looping call 'nova.servicegroup.drivers.db.DbDriver._report_state' sleeping for 119.99 seconds {{(pid=96432) _run_loop /opt/stack/data/venv/lib/python3.12/site-packages/oslo_service/backend/_threading/loopingcall.py:125}}
Jul 03 05:19:55.910556 np0000004370 nova-scheduler[96434]: DEBUG oslo.service.backend._threading.loopingcall [-] Fixed interval looping call 'nova.servicegroup.drivers.db.DbDriver._report_state' sleeping for 120.00 seconds {{(pid=96434) _run_loop /opt/stack/data/venv/lib/python3.12/site-packages/oslo_service/backend/_threading/loopingcall.py:125}}
Jul 03 05:20:05.875160 np0000004370 nova-scheduler[96428]: DEBUG dbcounter [-] [96428] Writing DB stats nova_cell0:SELECT=1,nova_cell0:UPDATE=1 {{(pid=96428) stat_writer /opt/stack/data/venv/lib/python3.12/site-packages/dbcounter.py:115}}
Jul 03 05:20:05.881862 np0000004370 nova-scheduler[96430]: DEBUG dbcounter [-] [96430] Writing DB stats nova_cell0:SELECT=1,nova_cell0:UPDATE=1 {{(pid=96430) stat_writer /opt/stack/data/venv/lib/python3.12/site-packages/dbcounter.py:115}}
Jul 03 05:20:05.882873 np0000004370 nova-scheduler[96432]: DEBUG dbcounter [-] [96432] Writing DB stats nova_cell0:SELECT=1,nova_cell0:UPDATE=1 {{(pid=96432) stat_writer /opt/stack/data/venv/lib/python3.12/site-packages/dbcounter.py:115}}
Jul 03 05:20:05.908688 np0000004370 nova-scheduler[96434]: DEBUG dbcounter [-] [96434] Writing DB stats nova_cell0:SELECT=1 {{(pid=96434) stat_writer /opt/stack/data/venv/lib/python3.12/site-packages/dbcounter.py:115}}
Jul 03 05:20:16.261855 np0000004370 nova-scheduler[96428]: DEBUG nova.scheduler.manager [None req-13887145-d1f3-4763-a2d0-e98aae0eb942 tempest-AttachVolumeNegativeTest-1776624853 tempest-AttachVolumeNegativeTest-1776624853-project-member] Starting to schedule for instances: ['d5016729-794e-4d5b-a0f8-e61ae5a08057'] {{(pid=96428) select_destinations /opt/stack/nova/nova/scheduler/manager.py:209}}
Jul 03 05:20:16.267809 np0000004370 nova-scheduler[96428]: DEBUG nova.scheduler.request_filter [None req-13887145-d1f3-4763-a2d0-e98aae0eb942 tempest-AttachVolumeNegativeTest-1776624853 tempest-AttachVolumeNegativeTest-1776624853-project-member] compute_status_filter request filter added forbidden trait COMPUTE_STATUS_DISABLED {{(pid=96428) compute_status_filter /opt/stack/nova/nova/scheduler/request_filter.py:253}}
Jul 03 05:20:16.267809 np0000004370 nova-scheduler[96428]: DEBUG nova.scheduler.request_filter [None req-13887145-d1f3-4763-a2d0-e98aae0eb942 tempest-AttachVolumeNegativeTest-1776624853 tempest-AttachVolumeNegativeTest-1776624853-project-member] Request filter 'compute_status_filter' took 0.0 seconds {{(pid=96428) wrapper /opt/stack/nova/nova/scheduler/request_filter.py:46}}
Jul 03 05:20:16.267809 np0000004370 nova-scheduler[96428]: DEBUG nova.scheduler.request_filter [None req-13887145-d1f3-4763-a2d0-e98aae0eb942 tempest-AttachVolumeNegativeTest-1776624853 tempest-AttachVolumeNegativeTest-1776624853-project-member] Request filter 'accelerators_filter' took 0.0 seconds {{(pid=96428) wrapper /opt/stack/nova/nova/scheduler/request_filter.py:46}}
Jul 03 05:20:16.267809 np0000004370 nova-scheduler[96428]: DEBUG nova.scheduler.request_filter [None req-13887145-d1f3-4763-a2d0-e98aae0eb942 tempest-AttachVolumeNegativeTest-1776624853 tempest-AttachVolumeNegativeTest-1776624853-project-member] Request filter 'packed_virtqueue_filter' took 0.0 seconds {{(pid=96428) wrapper /opt/stack/nova/nova/scheduler/request_filter.py:46}}
Jul 03 05:20:16.267809 np0000004370 nova-scheduler[96428]: DEBUG nova.scheduler.request_filter [None req-13887145-d1f3-4763-a2d0-e98aae0eb942 tempest-AttachVolumeNegativeTest-1776624853 tempest-AttachVolumeNegativeTest-1776624853-project-member] Request filter 'remote_managed_ports_filter' took 0.0 seconds {{(pid=96428) wrapper /opt/stack/nova/nova/scheduler/request_filter.py:46}}
Jul 03 05:20:16.268016 np0000004370 nova-scheduler[96428]: DEBUG nova.scheduler.request_filter [None req-13887145-d1f3-4763-a2d0-e98aae0eb942 tempest-AttachVolumeNegativeTest-1776624853 tempest-AttachVolumeNegativeTest-1776624853-project-member] ephemeral_encryption_filter skipped {{(pid=96428) ephemeral_encryption_filter /opt/stack/nova/nova/scheduler/request_filter.py:426}}
Jul 03 05:20:16.268016 np0000004370 nova-scheduler[96428]: DEBUG nova.scheduler.request_filter [None req-13887145-d1f3-4763-a2d0-e98aae0eb942 tempest-AttachVolumeNegativeTest-1776624853 tempest-AttachVolumeNegativeTest-1776624853-project-member] virtio_sound_filter skipped {{(pid=96428) virtio_sound_filter /opt/stack/nova/nova/scheduler/request_filter.py:460}}
Jul 03 05:20:16.268016 np0000004370 nova-scheduler[96428]: DEBUG nova.scheduler.request_filter [None req-13887145-d1f3-4763-a2d0-e98aae0eb942 tempest-AttachVolumeNegativeTest-1776624853 tempest-AttachVolumeNegativeTest-1776624853-project-member] tpm_secret_security_filter skipped {{(pid=96428) tpm_secret_security_filter /opt/stack/nova/nova/scheduler/request_filter.py:477}}
Jul 03 05:20:16.870016 np0000004370 nova-scheduler[96428]: DEBUG oslo.service.backend._threading.loopingcall [None req-51737600-ab27-416b-9997-dd1d3b55a804 None None] Dynamic interval looping call 'nova.service.Service.periodic_tasks' sleeping for 60.00 seconds {{(pid=96428) _run_loop /opt/stack/data/venv/lib/python3.12/site-packages/oslo_service/backend/_threading/loopingcall.py:125}}
Jul 03 05:20:16.872858 np0000004370 nova-scheduler[96428]: INFO nova.utils [None req-13887145-d1f3-4763-a2d0-e98aae0eb942 tempest-AttachVolumeNegativeTest-1776624853 tempest-AttachVolumeNegativeTest-1776624853-project-member] The cell worker thread pool ForkProcess-1.cell_worker is initialized
Jul 03 05:20:16.873714 np0000004370 nova-scheduler[96428]: DEBUG oslo_concurrency.lockutils [None req-13887145-d1f3-4763-a2d0-e98aae0eb942 tempest-AttachVolumeNegativeTest-1776624853 tempest-AttachVolumeNegativeTest-1776624853-project-member] Acquiring lock "a8e20325-e11c-4bca-9ca3-d49506c087a4" by "nova.context.set_target_cell..get_or_set_cached_cell_and_set_connections" {{(pid=96428) inner /opt/stack/data/venv/lib/python3.12/site-packages/oslo_concurrency/lockutils.py:511}}
Jul 03 05:20:16.873714 np0000004370 nova-scheduler[96428]: DEBUG oslo_concurrency.lockutils [None req-13887145-d1f3-4763-a2d0-e98aae0eb942 tempest-AttachVolumeNegativeTest-1776624853 tempest-AttachVolumeNegativeTest-1776624853-project-member] Lock "a8e20325-e11c-4bca-9ca3-d49506c087a4" acquired by "nova.context.set_target_cell..get_or_set_cached_cell_and_set_connections" :: waited 0.000s {{(pid=96428) inner /opt/stack/data/venv/lib/python3.12/site-packages/oslo_concurrency/lockutils.py:524}}
Jul 03 05:20:16.874774 np0000004370 nova-scheduler[96428]: DEBUG oslo_concurrency.lockutils [None req-13887145-d1f3-4763-a2d0-e98aae0eb942 tempest-AttachVolumeNegativeTest-1776624853 tempest-AttachVolumeNegativeTest-1776624853-project-member] Lock "a8e20325-e11c-4bca-9ca3-d49506c087a4" "released" by "nova.context.set_target_cell..get_or_set_cached_cell_and_set_connections" :: held 0.001s {{(pid=96428) inner /opt/stack/data/venv/lib/python3.12/site-packages/oslo_concurrency/lockutils.py:543}}
Jul 03 05:20:16.877222 np0000004370 nova-scheduler[96428]: INFO dbcounter [None req-13887145-d1f3-4763-a2d0-e98aae0eb942 tempest-AttachVolumeNegativeTest-1776624853 tempest-AttachVolumeNegativeTest-1776624853-project-member] Registered counter for database nova_cell1
Jul 03 05:20:16.914214 np0000004370 nova-scheduler[96428]: DEBUG oslo_db.sqlalchemy.engines [None req-13887145-d1f3-4763-a2d0-e98aae0eb942 tempest-AttachVolumeNegativeTest-1776624853 tempest-AttachVolumeNegativeTest-1776624853-project-member] MySQL server mode set to STRICT_TRANS_TABLES,STRICT_ALL_TABLES,NO_ZERO_IN_DATE,NO_ZERO_DATE,ERROR_FOR_DIVISION_BY_ZERO,TRADITIONAL,NO_ENGINE_SUBSTITUTION {{(pid=96428) _check_effective_sql_mode /opt/stack/data/venv/lib/python3.12/site-packages/oslo_db/sqlalchemy/engines.py:325}}
Jul 03 05:20:16.921695 np0000004370 nova-scheduler[96428]: DEBUG dbcounter [-] [96428] Writer thread running {{(pid=96428) stat_writer /opt/stack/data/venv/lib/python3.12/site-packages/dbcounter.py:102}}
Jul 03 05:20:16.933982 np0000004370 nova-scheduler[96428]: DEBUG oslo_db.sqlalchemy.engines [None req-13887145-d1f3-4763-a2d0-e98aae0eb942 tempest-AttachVolumeNegativeTest-1776624853 tempest-AttachVolumeNegativeTest-1776624853-project-member] Parent process 95235 forked (96428) with an open database connection, which is being discarded and recreated. {{(pid=96428) checkout /opt/stack/data/venv/lib/python3.12/site-packages/oslo_db/sqlalchemy/engines.py:402}}
Jul 03 05:20:16.979515 np0000004370 nova-scheduler[96428]: DEBUG dbcounter [-] [96428] Writer thread running {{(pid=96428) stat_writer /opt/stack/data/venv/lib/python3.12/site-packages/dbcounter.py:102}}
Jul 03 05:20:16.981990 np0000004370 nova-scheduler[96428]: DEBUG oslo_concurrency.lockutils [None req-13887145-d1f3-4763-a2d0-e98aae0eb942 tempest-AttachVolumeNegativeTest-1776624853 tempest-AttachVolumeNegativeTest-1776624853-project-member] Acquiring lock "a8e20325-e11c-4bca-9ca3-d49506c087a4" by "nova.context.set_target_cell..get_or_set_cached_cell_and_set_connections" {{(pid=96428) inner /opt/stack/data/venv/lib/python3.12/site-packages/oslo_concurrency/lockutils.py:511}}
Jul 03 05:20:16.982157 np0000004370 nova-scheduler[96428]: DEBUG oslo_concurrency.lockutils [None req-13887145-d1f3-4763-a2d0-e98aae0eb942 tempest-AttachVolumeNegativeTest-1776624853 tempest-AttachVolumeNegativeTest-1776624853-project-member] Lock "a8e20325-e11c-4bca-9ca3-d49506c087a4" acquired by "nova.context.set_target_cell..get_or_set_cached_cell_and_set_connections" :: waited 0.000s {{(pid=96428) inner /opt/stack/data/venv/lib/python3.12/site-packages/oslo_concurrency/lockutils.py:524}}
Jul 03 05:20:16.982412 np0000004370 nova-scheduler[96428]: DEBUG oslo_concurrency.lockutils [None req-13887145-d1f3-4763-a2d0-e98aae0eb942 tempest-AttachVolumeNegativeTest-1776624853 tempest-AttachVolumeNegativeTest-1776624853-project-member] Lock "a8e20325-e11c-4bca-9ca3-d49506c087a4" "released" by "nova.context.set_target_cell..get_or_set_cached_cell_and_set_connections" :: held 0.000s {{(pid=96428) inner /opt/stack/data/venv/lib/python3.12/site-packages/oslo_concurrency/lockutils.py:543}}
Jul 03 05:20:16.985724 np0000004370 nova-scheduler[96428]: DEBUG oslo_concurrency.lockutils [None req-13887145-d1f3-4763-a2d0-e98aae0eb942 tempest-AttachVolumeNegativeTest-1776624853 tempest-AttachVolumeNegativeTest-1776624853-project-member] Acquiring lock "np0000004370-np0000004370" by "nova.scheduler.host_manager.HostState.update.._locked_update" {{(pid=96428) inner /opt/stack/data/venv/lib/python3.12/site-packages/oslo_concurrency/lockutils.py:511}}
Jul 03 05:20:16.985867 np0000004370 nova-scheduler[96428]: DEBUG oslo_concurrency.lockutils [None req-13887145-d1f3-4763-a2d0-e98aae0eb942 tempest-AttachVolumeNegativeTest-1776624853 tempest-AttachVolumeNegativeTest-1776624853-project-member] Lock "np0000004370-np0000004370" acquired by "nova.scheduler.host_manager.HostState.update.._locked_update" :: waited 0.000s {{(pid=96428) inner /opt/stack/data/venv/lib/python3.12/site-packages/oslo_concurrency/lockutils.py:524}}
Jul 03 05:20:16.987245 np0000004370 nova-scheduler[96428]: DEBUG nova.scheduler.host_manager [None req-13887145-d1f3-4763-a2d0-e98aae0eb942 tempest-AttachVolumeNegativeTest-1776624853 tempest-AttachVolumeNegativeTest-1776624853-project-member] Update host state from compute node: ComputeNode(cpu_allocation_ratio=4.0,cpu_info='{"arch": "x86_64", "model": "EPYC-Milan", "vendor": "AMD", "topology": {"cells": 1, "sockets": 16, "cores": 1, "threads": 1}, "maxphysaddr": {"mode": "emulate", "bits": 40}, "features": ["wbnoinvd", "stibp-always-on", "bmi1", "pse", "mca", "pge", "rdctl-no", "flushbyasid", "lm", "tsc_adjust", "null-sel-clr-base", "cx8", "pdpe1gb", "apic", "virt-ssbd", "svm", "tsc-deadline", "xsaves", "lahf_lm", "mtrr", "fxsr_opt", "pat", "svme-addr-chk", "lbrv", "tsc-scale", "arch-capabilities", "clzero", "mmx", "skip-l1dfl-vmentry", "f16c", "sse2", "clwb", "movbe", "pause-filter", "spec-ctrl", "lfence-always-serializing", "mmxext", "rdrand", "pae", "sep", "v-vmsave-vmload", "xsaveopt", "fma", "avx", "msr", "pschange-mc-no", "arat", "sse4.2", "nx", "aes", "pni", "vaes", "smep", "fsgsbase", "sse4a", "xsaveerptr", "fxsr", "clflush", "vme", "erms", "umip", "stibp", "nrip-save", "hypervisor", "pse36", "amd-psfd", "pcid", "fsrm", "ssbd", "tsc", "fpu", "no-nested-data-bp", "amd-stibp", "misalignsse", "pclmuldq", "npt", "smap", "osvw", "xsave", "clflushopt", "sha-ni", "xgetbv1", "abm", "sse", "ibpb", "gds-no", "mce", "vgif", "cr8legacy", "ssse3", "vpclmulqdq", "vmcb-clean", "cmov", "pfthreshold", "mds-no", "cmp_legacy", "topoext", "syscall", "rdseed", "avx2", "x2apic", "rdpid", "amd-ssbd", "de", "ibrs", "rdtscp", "3dnowprefetch", "pku", "cx16", "invpcid", "perfctr_core", "bmi2", "popcnt", "sse4.1", "adx", "xsavec"]}',created_at=2026-07-03T05:18:15Z,current_workload=0,deleted=False,deleted_at=None,disk_allocation_ratio=1.0,disk_available_least=75,free_disk_gb=95,free_ram_mb=63789,host='np0000004370',host_ip=10.4.3.126,hypervisor_hostname='np0000004370',hypervisor_type='QEMU',hypervisor_version=8002002,id=1,local_gb=95,local_gb_used=0,mapped=1,memory_mb=64301,memory_mb_used=512,metrics='[]',numa_topology='{"nova_object.name": "NUMATopology", "nova_object.namespace": "nova", "nova_object.version": "1.2", "nova_object.data": {"cells": [{"nova_object.name": "NUMACell", "nova_object.namespace": "nova", "nova_object.version": "1.5", "nova_object.data": {"id": 0, "cpuset": [0, 1, 2, 3, 4, 5, 6, 7, 8, 9, 10, 11, 12, 13, 14, 15], "pcpuset": [0, 1, 2, 3, 4, 5, 6, 7, 8, 9, 10, 11, 12, 13, 14, 15], "memory": 64301, "cpu_usage": 0, "memory_usage": 0, "pinned_cpus": [], "siblings": [[6], [12], [2], [15], [5], [11], [8], [14], [4], [1], [7], [10], [0], [13], [3], [9]], "mempages": [{"nova_object.name": "NUMAPagesTopology", "nova_object.namespace": "nova", "nova_object.version": "1.1", "nova_object.data": {"size_kb": 4, "total": 16461069, "used": 0, "reserved": 0}, "nova_object.changes": ["total", "reserved", "used", "size_kb"]}, {"nova_object.name": "NUMAPagesTopology", "nova_object.namespace": "nova", "nova_object.version": "1.1", "nova_object.data": {"size_kb": 2048, "total": 0, "used": 0, "reserved": 0}, "nova_object.changes": ["total", "reserved", "used", "size_kb"]}, {"nova_object.name": "NUMAPagesTopology", "nova_object.namespace": "nova", "nova_object.version": "1.1", "nova_object.data": {"size_kb": 1048576, "total": 0, "used": 0, "reserved": 0}, "nova_object.changes": ["total", "reserved", "used", "size_kb"]}], "network_metadata": {"nova_object.name": "NetworkMetadata", "nova_object.namespace": "nova", "nova_object.version": "1.0", "nova_object.data": {"physnets": [], "tunneled": false}, "nova_object.changes": ["physnets", "tunneled"]}, "socket": null}, "nova_object.changes": ["siblings", "id", "cpu_usage", "cpuset", "memory", "pcpuset", "mempages", "network_metadata", "memory_usage", "pinned_cpus", "socket"]}]}, "nova_object.changes": ["cells"]}',pci_device_pools=PciDevicePoolList,ram_allocation_ratio=1.0,running_vms=0,service_id=3,stats={failed_builds='0',uptime=' 05:20:01 up 25 min, 2 users, load average: 1.58, 1.39, 0.81
Jul 03 05:20:16.987245 np0000004370 nova-scheduler[96428]: '},supported_hv_specs=[HVSpec,HVSpec,HVSpec,HVSpec,HVSpec,HVSpec,HVSpec,HVSpec,HVSpec,HVSpec,HVSpec,HVSpec,HVSpec,HVSpec,HVSpec,HVSpec,HVSpec,HVSpec,HVSpec,HVSpec,HVSpec,HVSpec,HVSpec,HVSpec,HVSpec],updated_at=2026-07-03T05:20:03Z,uuid=da6a563a-0aca-4874-b215-8afa98100091,vcpus=16,vcpus_used=0) {{(pid=96428) _locked_update /opt/stack/nova/nova/scheduler/host_manager.py:168}}
Jul 03 05:20:16.988022 np0000004370 nova-scheduler[96428]: DEBUG nova.scheduler.host_manager [None req-13887145-d1f3-4763-a2d0-e98aae0eb942 tempest-AttachVolumeNegativeTest-1776624853 tempest-AttachVolumeNegativeTest-1776624853-project-member] Update host state with aggregates: [] {{(pid=96428) _locked_update /opt/stack/nova/nova/scheduler/host_manager.py:171}}
