Jun 30 14:26:08.425100 np0000003995 nova-scheduler[93246]: DEBUG cotyledon.oslo_config_glue [-] oslo_limit.auth_section = None {{(pid=93246) log_opt_values /opt/stack/data/venv/lib/python3.12/site-packages/oslo_config/cfg.py:3253}}
Jun 30 14:26:08.425100 np0000003995 nova-scheduler[93246]: DEBUG cotyledon.oslo_config_glue [-] oslo_limit.auth_type = None {{(pid=93246) log_opt_values /opt/stack/data/venv/lib/python3.12/site-packages/oslo_config/cfg.py:3253}}
Jun 30 14:26:08.425100 np0000003995 nova-scheduler[93246]: DEBUG cotyledon.oslo_config_glue [-] oslo_limit.cafile = None {{(pid=93246) log_opt_values /opt/stack/data/venv/lib/python3.12/site-packages/oslo_config/cfg.py:3253}}
Jun 30 14:26:08.425100 np0000003995 nova-scheduler[93246]: DEBUG cotyledon.oslo_config_glue [-] oslo_limit.certfile = None {{(pid=93246) log_opt_values /opt/stack/data/venv/lib/python3.12/site-packages/oslo_config/cfg.py:3253}}
Jun 30 14:26:08.425100 np0000003995 nova-scheduler[93246]: DEBUG cotyledon.oslo_config_glue [-] oslo_limit.collect_timing = False {{(pid=93246) log_opt_values /opt/stack/data/venv/lib/python3.12/site-packages/oslo_config/cfg.py:3253}}
Jun 30 14:26:08.425100 np0000003995 nova-scheduler[93246]: DEBUG cotyledon.oslo_config_glue [-] oslo_limit.connect_retries = None {{(pid=93246) log_opt_values /opt/stack/data/venv/lib/python3.12/site-packages/oslo_config/cfg.py:3253}}
Jun 30 14:26:08.425100 np0000003995 nova-scheduler[93246]: DEBUG cotyledon.oslo_config_glue [-] oslo_limit.connect_retry_delay = None {{(pid=93246) log_opt_values /opt/stack/data/venv/lib/python3.12/site-packages/oslo_config/cfg.py:3253}}
Jun 30 14:26:08.425100 np0000003995 nova-scheduler[93246]: DEBUG cotyledon.oslo_config_glue [-] oslo_limit.endpoint_id = None {{(pid=93246) log_opt_values /opt/stack/data/venv/lib/python3.12/site-packages/oslo_config/cfg.py:3253}}
Jun 30 14:26:08.425409 np0000003995 nova-scheduler[93246]: DEBUG cotyledon.oslo_config_glue [-] oslo_limit.endpoint_interface = public {{(pid=93246) log_opt_values /opt/stack/data/venv/lib/python3.12/site-packages/oslo_config/cfg.py:3253}}
Jun 30 14:26:08.425409 np0000003995 nova-scheduler[93246]: DEBUG cotyledon.oslo_config_glue [-] oslo_limit.endpoint_override = None {{(pid=93246) log_opt_values /opt/stack/data/venv/lib/python3.12/site-packages/oslo_config/cfg.py:3253}}
Jun 30 14:26:08.425409 np0000003995 nova-scheduler[93246]: DEBUG cotyledon.oslo_config_glue [-] oslo_limit.endpoint_region_name = None {{(pid=93246) log_opt_values /opt/stack/data/venv/lib/python3.12/site-packages/oslo_config/cfg.py:3253}}
Jun 30 14:26:08.425409 np0000003995 nova-scheduler[93246]: DEBUG cotyledon.oslo_config_glue [-] oslo_limit.endpoint_service_name = None {{(pid=93246) log_opt_values /opt/stack/data/venv/lib/python3.12/site-packages/oslo_config/cfg.py:3253}}
Jun 30 14:26:08.425409 np0000003995 nova-scheduler[93246]: DEBUG cotyledon.oslo_config_glue [-] oslo_limit.endpoint_service_type = None {{(pid=93246) log_opt_values /opt/stack/data/venv/lib/python3.12/site-packages/oslo_config/cfg.py:3253}}
Jun 30 14:26:08.425409 np0000003995 nova-scheduler[93246]: DEBUG cotyledon.oslo_config_glue [-] oslo_limit.insecure = False {{(pid=93246) log_opt_values /opt/stack/data/venv/lib/python3.12/site-packages/oslo_config/cfg.py:3253}}
Jun 30 14:26:08.425409 np0000003995 nova-scheduler[93246]: DEBUG cotyledon.oslo_config_glue [-] oslo_limit.keyfile = None {{(pid=93246) log_opt_values /opt/stack/data/venv/lib/python3.12/site-packages/oslo_config/cfg.py:3253}}
Jun 30 14:26:08.425409 np0000003995 nova-scheduler[93246]: DEBUG cotyledon.oslo_config_glue [-] oslo_limit.max_version = None {{(pid=93246) log_opt_values /opt/stack/data/venv/lib/python3.12/site-packages/oslo_config/cfg.py:3253}}
Jun 30 14:26:08.425409 np0000003995 nova-scheduler[93246]: DEBUG cotyledon.oslo_config_glue [-] oslo_limit.min_version = None {{(pid=93246) log_opt_values /opt/stack/data/venv/lib/python3.12/site-packages/oslo_config/cfg.py:3253}}
Jun 30 14:26:08.425763 np0000003995 nova-scheduler[93246]: DEBUG cotyledon.oslo_config_glue [-] oslo_limit.region_name = None {{(pid=93246) log_opt_values /opt/stack/data/venv/lib/python3.12/site-packages/oslo_config/cfg.py:3253}}
Jun 30 14:26:08.425763 np0000003995 nova-scheduler[93246]: DEBUG cotyledon.oslo_config_glue [-] oslo_limit.retriable_status_codes = None {{(pid=93246) log_opt_values /opt/stack/data/venv/lib/python3.12/site-packages/oslo_config/cfg.py:3253}}
Jun 30 14:26:08.425763 np0000003995 nova-scheduler[93246]: DEBUG cotyledon.oslo_config_glue [-] oslo_limit.service_name = None {{(pid=93246) log_opt_values /opt/stack/data/venv/lib/python3.12/site-packages/oslo_config/cfg.py:3253}}
Jun 30 14:26:08.425763 np0000003995 nova-scheduler[93246]: DEBUG cotyledon.oslo_config_glue [-] oslo_limit.service_type = None {{(pid=93246) log_opt_values /opt/stack/data/venv/lib/python3.12/site-packages/oslo_config/cfg.py:3253}}
Jun 30 14:26:08.425763 np0000003995 nova-scheduler[93246]: DEBUG cotyledon.oslo_config_glue [-] oslo_limit.split_loggers = False {{(pid=93246) log_opt_values /opt/stack/data/venv/lib/python3.12/site-packages/oslo_config/cfg.py:3253}}
Jun 30 14:26:08.425763 np0000003995 nova-scheduler[93246]: DEBUG cotyledon.oslo_config_glue [-] oslo_limit.status_code_retries = None {{(pid=93246) log_opt_values /opt/stack/data/venv/lib/python3.12/site-packages/oslo_config/cfg.py:3253}}
Jun 30 14:26:08.425763 np0000003995 nova-scheduler[93246]: DEBUG cotyledon.oslo_config_glue [-] oslo_limit.status_code_retry_delay = None {{(pid=93246) log_opt_values /opt/stack/data/venv/lib/python3.12/site-packages/oslo_config/cfg.py:3253}}
Jun 30 14:26:08.425763 np0000003995 nova-scheduler[93246]: DEBUG cotyledon.oslo_config_glue [-] oslo_limit.timeout = None {{(pid=93246) log_opt_values /opt/stack/data/venv/lib/python3.12/site-packages/oslo_config/cfg.py:3253}}
Jun 30 14:26:08.425763 np0000003995 nova-scheduler[93246]: DEBUG cotyledon.oslo_config_glue [-] oslo_limit.valid_interfaces = None {{(pid=93246) log_opt_values /opt/stack/data/venv/lib/python3.12/site-packages/oslo_config/cfg.py:3253}}
Jun 30 14:26:08.426068 np0000003995 nova-scheduler[93246]: DEBUG cotyledon.oslo_config_glue [-] oslo_limit.version = None {{(pid=93246) log_opt_values /opt/stack/data/venv/lib/python3.12/site-packages/oslo_config/cfg.py:3253}}
Jun 30 14:26:08.426068 np0000003995 nova-scheduler[93246]: DEBUG cotyledon.oslo_config_glue [-] oslo_reports.file_event_handler = None {{(pid=93246) log_opt_values /opt/stack/data/venv/lib/python3.12/site-packages/oslo_config/cfg.py:3253}}
Jun 30 14:26:08.426068 np0000003995 nova-scheduler[93246]: DEBUG cotyledon.oslo_config_glue [-] oslo_reports.file_event_handler_interval = 1 {{(pid=93246) log_opt_values /opt/stack/data/venv/lib/python3.12/site-packages/oslo_config/cfg.py:3253}}
Jun 30 14:26:08.426068 np0000003995 nova-scheduler[93246]: DEBUG cotyledon.oslo_config_glue [-] oslo_reports.log_dir = None {{(pid=93246) log_opt_values /opt/stack/data/venv/lib/python3.12/site-packages/oslo_config/cfg.py:3253}}
Jun 30 14:26:08.426068 np0000003995 nova-scheduler[93246]: DEBUG cotyledon.oslo_config_glue [-] ******************************************************************************** {{(pid=93246) log_opt_values /opt/stack/data/venv/lib/python3.12/site-packages/oslo_config/cfg.py:3260}}
Jun 30 14:26:08.426068 np0000003995 nova-scheduler[93246]: DEBUG cotyledon._service_worker [-] Run service ServiceWrapper(2) [93246] {{(pid=93246) wait_forever /opt/stack/data/venv/lib/python3.12/site-packages/cotyledon/_service_worker.py:218}}
Jun 30 14:26:08.426068 np0000003995 nova-scheduler[93246]: INFO nova.service [-] Starting scheduler node (version 33.1.0)
Jun 30 14:26:08.426068 np0000003995 nova-scheduler[93246]: INFO dbcounter [None req-3526716f-fa47-4787-bbad-8ad83a71f154 None None] Registered counter for database nova_cell0
Jun 30 14:26:08.426361 np0000003995 nova-scheduler[93244]: DEBUG dbcounter [-] [93244] Writer thread running {{(pid=93244) stat_writer /opt/stack/data/venv/lib/python3.12/site-packages/dbcounter.py:102}}
Jun 30 14:26:08.427575 np0000003995 nova-scheduler[93244]: DEBUG nova.service [None req-983d6cac-9159-41fc-b9d9-dc221e2ad062 None None] Creating RPC server for service: nova-scheduler on topic: scheduler {{(pid=93244) start /opt/stack/nova/nova/service.py:196}}
Jun 30 14:26:08.437033 np0000003995 nova-scheduler[93242]: DEBUG oslo_db.sqlalchemy.engines [None req-ff68bfa4-f3c6-4a03-a193-9618e1b56df8 None None] MySQL server mode set to STRICT_TRANS_TABLES,STRICT_ALL_TABLES,NO_ZERO_IN_DATE,NO_ZERO_DATE,ERROR_FOR_DIVISION_BY_ZERO,TRADITIONAL,NO_ENGINE_SUBSTITUTION {{(pid=93242) _check_effective_sql_mode /opt/stack/data/venv/lib/python3.12/site-packages/oslo_db/sqlalchemy/engines.py:325}}
Jun 30 14:26:08.445153 np0000003995 nova-scheduler[93246]: DEBUG oslo_db.sqlalchemy.engines [None req-3526716f-fa47-4787-bbad-8ad83a71f154 None None] MySQL server mode set to STRICT_TRANS_TABLES,STRICT_ALL_TABLES,NO_ZERO_IN_DATE,NO_ZERO_DATE,ERROR_FOR_DIVISION_BY_ZERO,TRADITIONAL,NO_ENGINE_SUBSTITUTION {{(pid=93246) _check_effective_sql_mode /opt/stack/data/venv/lib/python3.12/site-packages/oslo_db/sqlalchemy/engines.py:325}}
Jun 30 14:26:08.448044 np0000003995 nova-scheduler[93242]: DEBUG dbcounter [-] [93242] Writer thread running {{(pid=93242) stat_writer /opt/stack/data/venv/lib/python3.12/site-packages/dbcounter.py:102}}
Jun 30 14:26:08.451701 np0000003995 nova-scheduler[93242]: DEBUG nova.service [None req-ff68bfa4-f3c6-4a03-a193-9618e1b56df8 None None] Creating RPC server for service: nova-scheduler on topic: scheduler {{(pid=93242) start /opt/stack/nova/nova/service.py:196}}
Jun 30 14:26:08.454383 np0000003995 nova-scheduler[93246]: DEBUG dbcounter [-] [93246] Writer thread running {{(pid=93246) stat_writer /opt/stack/data/venv/lib/python3.12/site-packages/dbcounter.py:102}}
Jun 30 14:26:08.455307 np0000003995 nova-scheduler[93244]: DEBUG nova.service [None req-983d6cac-9159-41fc-b9d9-dc221e2ad062 None None] Join ServiceGroup membership for this service scheduler {{(pid=93244) start /opt/stack/nova/nova/service.py:222}}
Jun 30 14:26:08.455600 np0000003995 nova-scheduler[93244]: DEBUG nova.servicegroup.drivers.db [None req-983d6cac-9159-41fc-b9d9-dc221e2ad062 None None] DB_Driver: join new ServiceGroup member np0000003995 to the scheduler group, service = {{(pid=93244) join /opt/stack/nova/nova/servicegroup/drivers/db.py:44}}
Jun 30 14:26:08.456952 np0000003995 nova-scheduler[93246]: DEBUG nova.service [None req-3526716f-fa47-4787-bbad-8ad83a71f154 None None] Creating RPC server for service: nova-scheduler on topic: scheduler {{(pid=93246) start /opt/stack/nova/nova/service.py:196}}
Jun 30 14:26:08.478923 np0000003995 nova-scheduler[93242]: DEBUG nova.service [None req-ff68bfa4-f3c6-4a03-a193-9618e1b56df8 None None] Join ServiceGroup membership for this service scheduler {{(pid=93242) start /opt/stack/nova/nova/service.py:222}}
Jun 30 14:26:08.479151 np0000003995 nova-scheduler[93242]: DEBUG nova.servicegroup.drivers.db [None req-ff68bfa4-f3c6-4a03-a193-9618e1b56df8 None None] DB_Driver: join new ServiceGroup member np0000003995 to the scheduler group, service = {{(pid=93242) join /opt/stack/nova/nova/servicegroup/drivers/db.py:44}}
Jun 30 14:26:08.481834 np0000003995 nova-scheduler[93246]: DEBUG nova.service [None req-3526716f-fa47-4787-bbad-8ad83a71f154 None None] Join ServiceGroup membership for this service scheduler {{(pid=93246) start /opt/stack/nova/nova/service.py:222}}
Jun 30 14:26:08.482066 np0000003995 nova-scheduler[93246]: DEBUG nova.servicegroup.drivers.db [None req-3526716f-fa47-4787-bbad-8ad83a71f154 None None] DB_Driver: join new ServiceGroup member np0000003995 to the scheduler group, service = {{(pid=93246) join /opt/stack/nova/nova/servicegroup/drivers/db.py:44}}
Jun 30 14:26:13.467210 np0000003995 nova-scheduler[93244]: DEBUG oslo.service.backend._threading.loopingcall [-] Fixed interval looping call 'nova.servicegroup.drivers.db.DbDriver._report_state' sleeping for 119.99 seconds {{(pid=93244) _run_loop /opt/stack/data/venv/lib/python3.12/site-packages/oslo_service/backend/_threading/loopingcall.py:125}}
Jun 30 14:26:13.491931 np0000003995 nova-scheduler[93242]: DEBUG oslo.service.backend._threading.loopingcall [-] Fixed interval looping call 'nova.servicegroup.drivers.db.DbDriver._report_state' sleeping for 119.99 seconds {{(pid=93242) _run_loop /opt/stack/data/venv/lib/python3.12/site-packages/oslo_service/backend/_threading/loopingcall.py:125}}
Jun 30 14:26:13.497375 np0000003995 nova-scheduler[93246]: DEBUG oslo.service.backend._threading.loopingcall [-] Fixed interval looping call 'nova.servicegroup.drivers.db.DbDriver._report_state' sleeping for 119.99 seconds {{(pid=93246) _run_loop /opt/stack/data/venv/lib/python3.12/site-packages/oslo_service/backend/_threading/loopingcall.py:125}}
Jun 30 14:26:17.048894 np0000003995 nova-scheduler[92044]: DEBUG dbcounter [-] [92044] Writing DB stats nova_api:SELECT=3 {{(pid=92044) stat_writer /opt/stack/data/venv/lib/python3.12/site-packages/dbcounter.py:115}}
Jun 30 14:26:17.183171 np0000003995 nova-scheduler[92044]: DEBUG dbcounter [-] [92044] Writing DB stats nova_cell0:SELECT=1 {{(pid=92044) stat_writer /opt/stack/data/venv/lib/python3.12/site-packages/dbcounter.py:115}}
Jun 30 14:26:17.187114 np0000003995 nova-scheduler[92044]: DEBUG dbcounter [-] [92044] Writing DB stats nova_cell1:SELECT=1 {{(pid=92044) stat_writer /opt/stack/data/venv/lib/python3.12/site-packages/dbcounter.py:115}}
Jun 30 14:26:23.464616 np0000003995 nova-scheduler[93244]: DEBUG dbcounter [-] [93244] Writing DB stats nova_cell0:SELECT=4,nova_cell0:INSERT=1,nova_cell0:UPDATE=1 {{(pid=93244) stat_writer /opt/stack/data/venv/lib/python3.12/site-packages/dbcounter.py:115}}
Jun 30 14:26:23.488285 np0000003995 nova-scheduler[93242]: DEBUG dbcounter [-] [93242] Writing DB stats nova_cell0:SELECT=3 {{(pid=93242) stat_writer /opt/stack/data/venv/lib/python3.12/site-packages/dbcounter.py:115}}
Jun 30 14:26:23.493381 np0000003995 nova-scheduler[93246]: DEBUG dbcounter [-] [93246] Writing DB stats nova_cell0:SELECT=3 {{(pid=93246) stat_writer /opt/stack/data/venv/lib/python3.12/site-packages/dbcounter.py:115}}
Jun 30 14:26:31.484265 np0000003995 nova-scheduler[93246]: DEBUG oslo.service.backend._threading.loopingcall [None req-e939ad79-e20c-47f4-a022-3aadb42e3240 None None] Dynamic interval looping call 'nova.service.Service.periodic_tasks' sleeping for 60.00 seconds {{(pid=93246) _run_loop /opt/stack/data/venv/lib/python3.12/site-packages/oslo_service/backend/_threading/loopingcall.py:125}}
Jun 30 14:27:04.481727 np0000003995 nova-scheduler[93242]: DEBUG oslo.service.backend._threading.loopingcall [None req-b5732239-7543-4a06-98db-7f5c500c8b36 None None] Dynamic interval looping call 'nova.service.Service.periodic_tasks' sleeping for 60.00 seconds {{(pid=93242) _run_loop /opt/stack/data/venv/lib/python3.12/site-packages/oslo_service/backend/_threading/loopingcall.py:125}}
Jun 30 14:27:06.461256 np0000003995 nova-scheduler[93244]: DEBUG oslo.service.backend._threading.loopingcall [None req-c854499f-87f3-4c3f-b8c1-0cce8341b3a0 None None] Dynamic interval looping call 'nova.service.Service.periodic_tasks' sleeping for 60.00 seconds {{(pid=93244) _run_loop /opt/stack/data/venv/lib/python3.12/site-packages/oslo_service/backend/_threading/loopingcall.py:125}}
Jun 30 14:27:31.484980 np0000003995 nova-scheduler[93246]: DEBUG oslo.service.backend._threading.loopingcall [None req-e939ad79-e20c-47f4-a022-3aadb42e3240 None None] Dynamic interval looping call 'nova.service.Service.periodic_tasks' sleeping for 60.00 seconds {{(pid=93246) _run_loop /opt/stack/data/venv/lib/python3.12/site-packages/oslo_service/backend/_threading/loopingcall.py:125}}
Jun 30 14:28:04.483322 np0000003995 nova-scheduler[93242]: DEBUG oslo.service.backend._threading.loopingcall [None req-b5732239-7543-4a06-98db-7f5c500c8b36 None None] Dynamic interval looping call 'nova.service.Service.periodic_tasks' sleeping for 60.00 seconds {{(pid=93242) _run_loop /opt/stack/data/venv/lib/python3.12/site-packages/oslo_service/backend/_threading/loopingcall.py:125}}
Jun 30 14:28:06.461802 np0000003995 nova-scheduler[93244]: DEBUG oslo.service.backend._threading.loopingcall [None req-c854499f-87f3-4c3f-b8c1-0cce8341b3a0 None None] Dynamic interval looping call 'nova.service.Service.periodic_tasks' sleeping for 60.00 seconds {{(pid=93244) _run_loop /opt/stack/data/venv/lib/python3.12/site-packages/oslo_service/backend/_threading/loopingcall.py:125}}
Jun 30 14:28:13.464683 np0000003995 nova-scheduler[93244]: DEBUG oslo.service.backend._threading.loopingcall [-] Fixed interval looping call 'nova.servicegroup.drivers.db.DbDriver._report_state' sleeping for 119.99 seconds {{(pid=93244) _run_loop /opt/stack/data/venv/lib/python3.12/site-packages/oslo_service/backend/_threading/loopingcall.py:125}}
Jun 30 14:28:13.486061 np0000003995 nova-scheduler[93242]: DEBUG oslo.service.backend._threading.loopingcall [-] Fixed interval looping call 'nova.servicegroup.drivers.db.DbDriver._report_state' sleeping for 120.00 seconds {{(pid=93242) _run_loop /opt/stack/data/venv/lib/python3.12/site-packages/oslo_service/backend/_threading/loopingcall.py:125}}
Jun 30 14:28:13.491472 np0000003995 nova-scheduler[93246]: DEBUG oslo.service.backend._threading.loopingcall [-] Fixed interval looping call 'nova.servicegroup.drivers.db.DbDriver._report_state' sleeping for 120.00 seconds {{(pid=93246) _run_loop /opt/stack/data/venv/lib/python3.12/site-packages/oslo_service/backend/_threading/loopingcall.py:125}}
Jun 30 14:28:23.462128 np0000003995 nova-scheduler[93244]: DEBUG dbcounter [-] [93244] Writing DB stats nova_cell0:SELECT=1,nova_cell0:UPDATE=1 {{(pid=93244) stat_writer /opt/stack/data/venv/lib/python3.12/site-packages/dbcounter.py:115}}
Jun 30 14:28:23.484152 np0000003995 nova-scheduler[93242]: DEBUG dbcounter [-] [93242] Writing DB stats nova_cell0:SELECT=1 {{(pid=93242) stat_writer /opt/stack/data/venv/lib/python3.12/site-packages/dbcounter.py:115}}
Jun 30 14:28:23.489951 np0000003995 nova-scheduler[93246]: DEBUG dbcounter [-] [93246] Writing DB stats nova_cell0:SELECT=1 {{(pid=93246) stat_writer /opt/stack/data/venv/lib/python3.12/site-packages/dbcounter.py:115}}
Jun 30 14:28:31.485675 np0000003995 nova-scheduler[93246]: DEBUG oslo.service.backend._threading.loopingcall [None req-e939ad79-e20c-47f4-a022-3aadb42e3240 None None] Dynamic interval looping call 'nova.service.Service.periodic_tasks' sleeping for 60.00 seconds {{(pid=93246) _run_loop /opt/stack/data/venv/lib/python3.12/site-packages/oslo_service/backend/_threading/loopingcall.py:125}}
Jun 30 14:28:49.791272 np0000003995 nova-scheduler[93244]: DEBUG nova.scheduler.manager [None req-2056a722-d54c-4829-b128-9f63aabb3e64 tempest-DeleteServersTestJSON-1599697133 tempest-DeleteServersTestJSON-1599697133-project-member] Starting to schedule for instances: ['6b8acc20-4f66-4b82-af08-5e660a23807d'] {{(pid=93244) select_destinations /opt/stack/nova/nova/scheduler/manager.py:209}}
Jun 30 14:28:49.791908 np0000003995 nova-scheduler[93244]: DEBUG nova.scheduler.request_filter [None req-2056a722-d54c-4829-b128-9f63aabb3e64 tempest-DeleteServersTestJSON-1599697133 tempest-DeleteServersTestJSON-1599697133-project-member] compute_status_filter request filter added forbidden trait COMPUTE_STATUS_DISABLED {{(pid=93244) compute_status_filter /opt/stack/nova/nova/scheduler/request_filter.py:253}}
Jun 30 14:28:49.791987 np0000003995 nova-scheduler[93244]: DEBUG nova.scheduler.request_filter [None req-2056a722-d54c-4829-b128-9f63aabb3e64 tempest-DeleteServersTestJSON-1599697133 tempest-DeleteServersTestJSON-1599697133-project-member] Request filter 'compute_status_filter' took 0.0 seconds {{(pid=93244) wrapper /opt/stack/nova/nova/scheduler/request_filter.py:46}}
Jun 30 14:28:49.792294 np0000003995 nova-scheduler[93244]: DEBUG nova.scheduler.request_filter [None req-2056a722-d54c-4829-b128-9f63aabb3e64 tempest-DeleteServersTestJSON-1599697133 tempest-DeleteServersTestJSON-1599697133-project-member] Request filter 'accelerators_filter' took 0.0 seconds {{(pid=93244) wrapper /opt/stack/nova/nova/scheduler/request_filter.py:46}}
Jun 30 14:28:49.792814 np0000003995 nova-scheduler[93244]: DEBUG nova.scheduler.request_filter [None req-2056a722-d54c-4829-b128-9f63aabb3e64 tempest-DeleteServersTestJSON-1599697133 tempest-DeleteServersTestJSON-1599697133-project-member] Request filter 'packed_virtqueue_filter' took 0.0 seconds {{(pid=93244) wrapper /opt/stack/nova/nova/scheduler/request_filter.py:46}}
Jun 30 14:28:49.793263 np0000003995 nova-scheduler[93244]: DEBUG nova.scheduler.request_filter [None req-2056a722-d54c-4829-b128-9f63aabb3e64 tempest-DeleteServersTestJSON-1599697133 tempest-DeleteServersTestJSON-1599697133-project-member] Request filter 'remote_managed_ports_filter' took 0.0 seconds {{(pid=93244) wrapper /opt/stack/nova/nova/scheduler/request_filter.py:46}}
Jun 30 14:28:49.793395 np0000003995 nova-scheduler[93244]: DEBUG nova.scheduler.request_filter [None req-2056a722-d54c-4829-b128-9f63aabb3e64 tempest-DeleteServersTestJSON-1599697133 tempest-DeleteServersTestJSON-1599697133-project-member] ephemeral_encryption_filter skipped {{(pid=93244) ephemeral_encryption_filter /opt/stack/nova/nova/scheduler/request_filter.py:426}}
Jun 30 14:28:49.793655 np0000003995 nova-scheduler[93244]: DEBUG nova.scheduler.request_filter [None req-2056a722-d54c-4829-b128-9f63aabb3e64 tempest-DeleteServersTestJSON-1599697133 tempest-DeleteServersTestJSON-1599697133-project-member] virtio_sound_filter skipped {{(pid=93244) virtio_sound_filter /opt/stack/nova/nova/scheduler/request_filter.py:460}}
Jun 30 14:28:49.793863 np0000003995 nova-scheduler[93244]: DEBUG nova.scheduler.request_filter [None req-2056a722-d54c-4829-b128-9f63aabb3e64 tempest-DeleteServersTestJSON-1599697133 tempest-DeleteServersTestJSON-1599697133-project-member] tpm_secret_security_filter skipped {{(pid=93244) tpm_secret_security_filter /opt/stack/nova/nova/scheduler/request_filter.py:477}}
Jun 30 14:28:50.457245 np0000003995 nova-scheduler[93244]: INFO nova.utils [None req-2056a722-d54c-4829-b128-9f63aabb3e64 tempest-DeleteServersTestJSON-1599697133 tempest-DeleteServersTestJSON-1599697133-project-member] The cell worker thread pool ForkProcess-2.cell_worker is initialized
Jun 30 14:28:50.457679 np0000003995 nova-scheduler[93244]: DEBUG oslo_concurrency.lockutils [None req-2056a722-d54c-4829-b128-9f63aabb3e64 tempest-DeleteServersTestJSON-1599697133 tempest-DeleteServersTestJSON-1599697133-project-member] Acquiring lock "32e9b492-7163-4cbd-b23d-08c4020ed6cc" by "nova.context.set_target_cell..get_or_set_cached_cell_and_set_connections" {{(pid=93244) inner /opt/stack/data/venv/lib/python3.12/site-packages/oslo_concurrency/lockutils.py:511}}
Jun 30 14:28:50.457915 np0000003995 nova-scheduler[93244]: DEBUG oslo_concurrency.lockutils [None req-2056a722-d54c-4829-b128-9f63aabb3e64 tempest-DeleteServersTestJSON-1599697133 tempest-DeleteServersTestJSON-1599697133-project-member] Lock "32e9b492-7163-4cbd-b23d-08c4020ed6cc" acquired by "nova.context.set_target_cell..get_or_set_cached_cell_and_set_connections" :: waited 0.000s {{(pid=93244) inner /opt/stack/data/venv/lib/python3.12/site-packages/oslo_concurrency/lockutils.py:524}}
Jun 30 14:28:50.459748 np0000003995 nova-scheduler[93244]: DEBUG oslo_concurrency.lockutils [None req-2056a722-d54c-4829-b128-9f63aabb3e64 tempest-DeleteServersTestJSON-1599697133 tempest-DeleteServersTestJSON-1599697133-project-member] Lock "32e9b492-7163-4cbd-b23d-08c4020ed6cc" "released" by "nova.context.set_target_cell..get_or_set_cached_cell_and_set_connections" :: held 0.002s {{(pid=93244) inner /opt/stack/data/venv/lib/python3.12/site-packages/oslo_concurrency/lockutils.py:543}}
Jun 30 14:28:50.462179 np0000003995 nova-scheduler[93244]: INFO dbcounter [None req-2056a722-d54c-4829-b128-9f63aabb3e64 tempest-DeleteServersTestJSON-1599697133 tempest-DeleteServersTestJSON-1599697133-project-member] Registered counter for database nova_cell1
Jun 30 14:28:50.506525 np0000003995 nova-scheduler[93244]: DEBUG oslo_db.sqlalchemy.engines [None req-2056a722-d54c-4829-b128-9f63aabb3e64 tempest-DeleteServersTestJSON-1599697133 tempest-DeleteServersTestJSON-1599697133-project-member] MySQL server mode set to STRICT_TRANS_TABLES,STRICT_ALL_TABLES,NO_ZERO_IN_DATE,NO_ZERO_DATE,ERROR_FOR_DIVISION_BY_ZERO,TRADITIONAL,NO_ENGINE_SUBSTITUTION {{(pid=93244) _check_effective_sql_mode /opt/stack/data/venv/lib/python3.12/site-packages/oslo_db/sqlalchemy/engines.py:325}}
Jun 30 14:28:50.514313 np0000003995 nova-scheduler[93244]: DEBUG dbcounter [-] [93244] Writer thread running {{(pid=93244) stat_writer /opt/stack/data/venv/lib/python3.12/site-packages/dbcounter.py:102}}
Jun 30 14:28:50.528076 np0000003995 nova-scheduler[93244]: DEBUG oslo_db.sqlalchemy.engines [None req-2056a722-d54c-4829-b128-9f63aabb3e64 tempest-DeleteServersTestJSON-1599697133 tempest-DeleteServersTestJSON-1599697133-project-member] Parent process 92044 forked (93244) with an open database connection, which is being discarded and recreated. {{(pid=93244) checkout /opt/stack/data/venv/lib/python3.12/site-packages/oslo_db/sqlalchemy/engines.py:402}}
Jun 30 14:28:50.578080 np0000003995 nova-scheduler[93244]: DEBUG dbcounter [-] [93244] Writer thread running {{(pid=93244) stat_writer /opt/stack/data/venv/lib/python3.12/site-packages/dbcounter.py:102}}
Jun 30 14:28:50.583969 np0000003995 nova-scheduler[93244]: DEBUG oslo_concurrency.lockutils [None req-2056a722-d54c-4829-b128-9f63aabb3e64 tempest-DeleteServersTestJSON-1599697133 tempest-DeleteServersTestJSON-1599697133-project-member] Acquiring lock "32e9b492-7163-4cbd-b23d-08c4020ed6cc" by "nova.context.set_target_cell..get_or_set_cached_cell_and_set_connections" {{(pid=93244) inner /opt/stack/data/venv/lib/python3.12/site-packages/oslo_concurrency/lockutils.py:511}}
Jun 30 14:28:50.583969 np0000003995 nova-scheduler[93244]: DEBUG oslo_concurrency.lockutils [None req-2056a722-d54c-4829-b128-9f63aabb3e64 tempest-DeleteServersTestJSON-1599697133 tempest-DeleteServersTestJSON-1599697133-project-member] Lock "32e9b492-7163-4cbd-b23d-08c4020ed6cc" acquired by "nova.context.set_target_cell..get_or_set_cached_cell_and_set_connections" :: waited 0.000s {{(pid=93244) inner /opt/stack/data/venv/lib/python3.12/site-packages/oslo_concurrency/lockutils.py:524}}
Jun 30 14:28:50.583969 np0000003995 nova-scheduler[93244]: DEBUG oslo_concurrency.lockutils [None req-2056a722-d54c-4829-b128-9f63aabb3e64 tempest-DeleteServersTestJSON-1599697133 tempest-DeleteServersTestJSON-1599697133-project-member] Lock "32e9b492-7163-4cbd-b23d-08c4020ed6cc" "released" by "nova.context.set_target_cell..get_or_set_cached_cell_and_set_connections" :: held 0.000s {{(pid=93244) inner /opt/stack/data/venv/lib/python3.12/site-packages/oslo_concurrency/lockutils.py:543}}
Jun 30 14:28:50.589206 np0000003995 nova-scheduler[93244]: DEBUG oslo_concurrency.lockutils [None req-2056a722-d54c-4829-b128-9f63aabb3e64 tempest-DeleteServersTestJSON-1599697133 tempest-DeleteServersTestJSON-1599697133-project-member] Acquiring lock "np0000003995-np0000003995" by "nova.scheduler.host_manager.HostState.update.._locked_update" {{(pid=93244) inner /opt/stack/data/venv/lib/python3.12/site-packages/oslo_concurrency/lockutils.py:511}}
Jun 30 14:28:50.589856 np0000003995 nova-scheduler[93244]: DEBUG oslo_concurrency.lockutils [None req-2056a722-d54c-4829-b128-9f63aabb3e64 tempest-DeleteServersTestJSON-1599697133 tempest-DeleteServersTestJSON-1599697133-project-member] Lock "np0000003995-np0000003995" acquired by "nova.scheduler.host_manager.HostState.update.._locked_update" :: waited 0.001s {{(pid=93244) inner /opt/stack/data/venv/lib/python3.12/site-packages/oslo_concurrency/lockutils.py:524}}
Jun 30 14:28:50.591028 np0000003995 nova-scheduler[93244]: DEBUG nova.scheduler.host_manager [None req-2056a722-d54c-4829-b128-9f63aabb3e64 tempest-DeleteServersTestJSON-1599697133 tempest-DeleteServersTestJSON-1599697133-project-member] Update host state from compute node: ComputeNode(cpu_allocation_ratio=4.0,cpu_info='{"arch": "x86_64", "model": "EPYC-Milan", "vendor": "AMD", "topology": {"cells": 1, "sockets": 16, "cores": 1, "threads": 1}, "maxphysaddr": {"mode": "emulate", "bits": 40}, "features": ["cx8", "bmi2", "xsaveopt", "sha-ni", "sep", "mmx", "cmp_legacy", "spec-ctrl", "ssse3", "v-vmsave-vmload", "skip-l1dfl-vmentry", "smap", "fpu", "misalignsse", "amd-ssbd", "fxsr_opt", "msr", "xsave", "lfence-always-serializing", "pku", "sse4.2", "movbe", "avx", "syscall", "pni", "pdpe1gb", "mmxext", "pse", "nx", "null-sel-clr-base", "bmi1", "vaes", "hypervisor", "popcnt", "aes", "svme-addr-chk", "tsc-deadline", "mds-no", "pge", "pse36", "xsavec", "tsc-scale", "abm", "amd-psfd", "x2apic", "erms", "amd-stibp", "fsgsbase", "sse4a", "clwb", "3dnowprefetch", "fxsr", "vmcb-clean", "clzero", "smep", "arat", "osvw", "sse", "no-nested-data-bp", "flushbyasid", "umip", "cr8legacy", "ibpb", "pcid", "npt", "rdrand", "lm", "mtrr", "perfctr_core", "invpcid", "adx", "clflushopt", "cx16", "wbnoinvd", "rdtscp", "pause-filter", "mca", "virt-ssbd", "svm", "stibp-always-on", "gds-no", "ibrs", "xsaves", "pschange-mc-no", "de", "lahf_lm", "tsc", "tsc_adjust", "stibp", "sse4.1", "rdctl-no", "fsrm", "lbrv", "apic", "mce", "vpclmulqdq", "avx2", "clflush", "rdseed", "ssbd", "pfthreshold", "f16c", "arch-capabilities", "pclmuldq", "vgif", "topoext", "pat", "xsaveerptr", "rdpid", "nrip-save", "xgetbv1", "fma", "vme", "sse2", "cmov", "pae"]}',created_at=2026-06-30T14:26:34Z,current_workload=0,deleted=False,deleted_at=None,disk_allocation_ratio=1.0,disk_available_least=73,free_disk_gb=95,free_ram_mb=62765,host='np0000003995',host_ip=10.4.3.160,hypervisor_hostname='np0000003995',hypervisor_type='QEMU',hypervisor_version=8002002,id=1,local_gb=95,local_gb_used=0,mapped=1,memory_mb=63277,memory_mb_used=512,metrics='[]',numa_topology='{"nova_object.name": "NUMATopology", "nova_object.namespace": "nova", "nova_object.version": "1.2", "nova_object.data": {"cells": [{"nova_object.name": "NUMACell", "nova_object.namespace": "nova", "nova_object.version": "1.5", "nova_object.data": {"id": 0, "cpuset": [0, 1, 2, 3, 4, 5, 6, 7, 8, 9, 10, 11, 12, 13, 14, 15], "pcpuset": [0, 1, 2, 3, 4, 5, 6, 7, 8, 9, 10, 11, 12, 13, 14, 15], "memory": 63277, "cpu_usage": 0, "memory_usage": 0, "pinned_cpus": [], "siblings": [[6], [12], [2], [15], [5], [11], [8], [14], [4], [1], [7], [10], [0], [13], [3], [9]], "mempages": [{"nova_object.name": "NUMAPagesTopology", "nova_object.namespace": "nova", "nova_object.version": "1.1", "nova_object.data": {"size_kb": 4, "total": 16177930, "used": 0, "reserved": 0}, "nova_object.changes": ["reserved", "total", "used", "size_kb"]}, {"nova_object.name": "NUMAPagesTopology", "nova_object.namespace": "nova", "nova_object.version": "1.1", "nova_object.data": {"size_kb": 2048, "total": 41, "used": 0, "reserved": 0}, "nova_object.changes": ["reserved", "total", "used", "size_kb"]}, {"nova_object.name": "NUMAPagesTopology", "nova_object.namespace": "nova", "nova_object.version": "1.1", "nova_object.data": {"size_kb": 1048576, "total": 0, "used": 0, "reserved": 0}, "nova_object.changes": ["reserved", "total", "used", "size_kb"]}], "network_metadata": {"nova_object.name": "NetworkMetadata", "nova_object.namespace": "nova", "nova_object.version": "1.0", "nova_object.data": {"physnets": [], "tunneled": false}, "nova_object.changes": ["physnets", "tunneled"]}, "socket": null}, "nova_object.changes": ["pinned_cpus", "id", "pcpuset", "memory_usage", "socket", "memory", "cpu_usage", "cpuset", "siblings", "mempages", "network_metadata"]}]}, "nova_object.changes": ["cells"]}',pci_device_pools=PciDevicePoolList,ram_allocation_ratio=1.0,running_vms=0,service_id=3,stats={failed_builds='0',uptime=' 14:28:19 up 13 min, 2 users, load average: 1.22, 1.25, 0.72
Jun 30 14:28:50.591028 np0000003995 nova-scheduler[93244]: '},supported_hv_specs=[HVSpec,HVSpec,HVSpec,HVSpec,HVSpec,HVSpec,HVSpec,HVSpec,HVSpec,HVSpec,HVSpec,HVSpec,HVSpec,HVSpec,HVSpec,HVSpec,HVSpec,HVSpec,HVSpec,HVSpec,HVSpec,HVSpec,HVSpec,HVSpec,HVSpec],updated_at=2026-06-30T14:28:21Z,uuid=04e3fccf-432a-4340-bf0a-9c4c46193d38,vcpus=16,vcpus_used=0) {{(pid=93244) _locked_update /opt/stack/nova/nova/scheduler/host_manager.py:168}}
Jun 30 14:28:50.591774 np0000003995 nova-scheduler[93244]: DEBUG nova.scheduler.host_manager [None req-2056a722-d54c-4829-b128-9f63aabb3e64 tempest-DeleteServersTestJSON-1599697133 tempest-DeleteServersTestJSON-1599697133-project-member] Update host state with aggregates: [] {{(pid=93244) _locked_update /opt/stack/nova/nova/scheduler/host_manager.py:171}}
Jun 30 14:28:50.591909 np0000003995 nova-scheduler[93244]: DEBUG nova.scheduler.host_manager [None req-2056a722-d54c-4829-b128-9f63aabb3e64 tempest-DeleteServersTestJSON-1599697133 tempest-DeleteServersTestJSON-1599697133-project-member] Update host state with service dict: {'id': 3, 'uuid': '731bab09-e27e-4429-a15f-4a44696c3007', 'host': 'np0000003995', 'binary': 'nova-compute', 'topic': 'compute', 'report_count': 2, 'disabled': False, 'disabled_reason': None, 'last_seen_up': datetime.datetime(2026, 6, 30, 14, 28, 43, tzinfo=datetime.timezone.utc), 'forced_down': False, 'version': 72, 'created_at': datetime.datetime(2026, 6, 30, 14, 26, 32, tzinfo=datetime.timezone.utc), 'updated_at': datetime.datetime(2026, 6, 30, 14, 28, 43, tzinfo=datetime.timezone.utc), 'deleted_at': None, 'deleted': False} {{(pid=93244) _locked_update /opt/stack/nova/nova/scheduler/host_manager.py:174}}
Jun 30 14:28:50.592522 np0000003995 nova-scheduler[93244]: DEBUG nova.scheduler.host_manager [None req-2056a722-d54c-4829-b128-9f63aabb3e64 tempest-DeleteServersTestJSON-1599697133 tempest-DeleteServersTestJSON-1599697133-project-member] Update host state with instances: [] {{(pid=93244) _locked_update /opt/stack/nova/nova/scheduler/host_manager.py:177}}
Jun 30 14:28:50.592522 np0000003995 nova-scheduler[93244]: DEBUG oslo_concurrency.lockutils [None req-2056a722-d54c-4829-b128-9f63aabb3e64 tempest-DeleteServersTestJSON-1599697133 tempest-DeleteServersTestJSON-1599697133-project-member] Lock "np0000003995-np0000003995" "released" by "nova.scheduler.host_manager.HostState.update.._locked_update" :: held 0.003s {{(pid=93244) inner /opt/stack/data/venv/lib/python3.12/site-packages/oslo_concurrency/lockutils.py:543}}
Jun 30 14:28:50.592615 np0000003995 nova-scheduler[93244]: DEBUG nova.filters [None req-2056a722-d54c-4829-b128-9f63aabb3e64 tempest-DeleteServersTestJSON-1599697133 tempest-DeleteServersTestJSON-1599697133-project-member] Starting with 1 host(s) {{(pid=93244) get_filtered_objects /opt/stack/nova/nova/filters.py:70}}
Jun 30 14:28:50.592957 np0000003995 nova-scheduler[93244]: DEBUG nova.filters [None req-2056a722-d54c-4829-b128-9f63aabb3e64 tempest-DeleteServersTestJSON-1599697133 tempest-DeleteServersTestJSON-1599697133-project-member] Filter ComputeFilter returned 1 host(s) {{(pid=93244) get_filtered_objects /opt/stack/nova/nova/filters.py:102}}
Jun 30 14:28:50.592957 np0000003995 nova-scheduler[93244]: DEBUG nova.filters [None req-2056a722-d54c-4829-b128-9f63aabb3e64 tempest-DeleteServersTestJSON-1599697133 tempest-DeleteServersTestJSON-1599697133-project-member] Filter ComputeCapabilitiesFilter returned 1 host(s) {{(pid=93244) get_filtered_objects /opt/stack/nova/nova/filters.py:102}}
Jun 30 14:28:50.593514 np0000003995 nova-scheduler[93244]: DEBUG nova.filters [None req-2056a722-d54c-4829-b128-9f63aabb3e64 tempest-DeleteServersTestJSON-1599697133 tempest-DeleteServersTestJSON-1599697133-project-member] Filter ImagePropertiesFilter returned 1 host(s) {{(pid=93244) get_filtered_objects /opt/stack/nova/nova/filters.py:102}}
Jun 30 14:28:50.593514 np0000003995 nova-scheduler[93244]: DEBUG nova.filters [None req-2056a722-d54c-4829-b128-9f63aabb3e64 tempest-DeleteServersTestJSON-1599697133 tempest-DeleteServersTestJSON-1599697133-project-member] Filter ServerGroupAntiAffinityFilter returned 1 host(s) {{(pid=93244) get_filtered_objects /opt/stack/nova/nova/filters.py:102}}
Jun 30 14:28:50.593514 np0000003995 nova-scheduler[93244]: DEBUG nova.filters [None req-2056a722-d54c-4829-b128-9f63aabb3e64 tempest-DeleteServersTestJSON-1599697133 tempest-DeleteServersTestJSON-1599697133-project-member] Filter ServerGroupAffinityFilter returned 1 host(s) {{(pid=93244) get_filtered_objects /opt/stack/nova/nova/filters.py:102}}
Jun 30 14:28:50.593622 np0000003995 nova-scheduler[93244]: DEBUG nova.filters [None req-2056a722-d54c-4829-b128-9f63aabb3e64 tempest-DeleteServersTestJSON-1599697133 tempest-DeleteServersTestJSON-1599697133-project-member] Filter SameHostFilter returned 1 host(s) {{(pid=93244) get_filtered_objects /opt/stack/nova/nova/filters.py:102}}
Jun 30 14:28:50.593894 np0000003995 nova-scheduler[93244]: DEBUG nova.filters [None req-2056a722-d54c-4829-b128-9f63aabb3e64 tempest-DeleteServersTestJSON-1599697133 tempest-DeleteServersTestJSON-1599697133-project-member] Filter DifferentHostFilter returned 1 host(s) {{(pid=93244) get_filtered_objects /opt/stack/nova/nova/filters.py:102}}
Jun 30 14:28:50.593894 np0000003995 nova-scheduler[93244]: DEBUG nova.scheduler.manager [None req-2056a722-d54c-4829-b128-9f63aabb3e64 tempest-DeleteServersTestJSON-1599697133 tempest-DeleteServersTestJSON-1599697133-project-member] Filtered [(np0000003995, np0000003995) ram: 62765MB disk: 74752MB io_ops: 0 instances: 0, allocation_candidates: 1] {{(pid=93244) _get_sorted_hosts /opt/stack/nova/nova/scheduler/manager.py:742}}
Jun 30 14:28:50.593958 np0000003995 nova-scheduler[93244]: DEBUG nova.scheduler.manager [None req-2056a722-d54c-4829-b128-9f63aabb3e64 tempest-DeleteServersTestJSON-1599697133 tempest-DeleteServersTestJSON-1599697133-project-member] Weighed [WeighedHost [host: (np0000003995, np0000003995) ram: 62765MB disk: 74752MB io_ops: 0 instances: 0, allocation_candidates: 1, weight: 0.0]] {{(pid=93244) _get_sorted_hosts /opt/stack/nova/nova/scheduler/manager.py:764}}
Jun 30 14:28:50.594840 np0000003995 nova-scheduler[93244]: DEBUG nova.scheduler.utils [None req-2056a722-d54c-4829-b128-9f63aabb3e64 tempest-DeleteServersTestJSON-1599697133 tempest-DeleteServersTestJSON-1599697133-project-member] Attempting to claim resources in the placement API for instance 6b8acc20-4f66-4b82-af08-5e660a23807d {{(pid=93244) claim_resources /opt/stack/nova/nova/scheduler/utils.py:1345}}
Jun 30 14:28:50.783178 np0000003995 nova-scheduler[93244]: DEBUG nova.scheduler.manager [None req-2056a722-d54c-4829-b128-9f63aabb3e64 tempest-DeleteServersTestJSON-1599697133 tempest-DeleteServersTestJSON-1599697133-project-member] [instance: 6b8acc20-4f66-4b82-af08-5e660a23807d] Selected host: (np0000003995, np0000003995) ram: 62765MB disk: 74752MB io_ops: 0 instances: 0, allocation_candidates: 1 {{(pid=93244) _consume_selected_host /opt/stack/nova/nova/scheduler/manager.py:624}}
Jun 30 14:28:50.783178 np0000003995 nova-scheduler[93244]: DEBUG oslo_concurrency.lockutils [None req-2056a722-d54c-4829-b128-9f63aabb3e64 tempest-DeleteServersTestJSON-1599697133 tempest-DeleteServersTestJSON-1599697133-project-member] Acquiring lock "np0000003995-np0000003995" by "nova.scheduler.host_manager.HostState.consume_from_request.._locked" {{(pid=93244) inner /opt/stack/data/venv/lib/python3.12/site-packages/oslo_concurrency/lockutils.py:511}}
Jun 30 14:28:50.783178 np0000003995 nova-scheduler[93244]: DEBUG oslo_concurrency.lockutils [None req-2056a722-d54c-4829-b128-9f63aabb3e64 tempest-DeleteServersTestJSON-1599697133 tempest-DeleteServersTestJSON-1599697133-project-member] Lock "np0000003995-np0000003995" acquired by "nova.scheduler.host_manager.HostState.consume_from_request.._locked" :: waited 0.000s {{(pid=93244) inner /opt/stack/data/venv/lib/python3.12/site-packages/oslo_concurrency/lockutils.py:524}}
Jun 30 14:28:50.783178 np0000003995 nova-scheduler[93244]: DEBUG oslo_concurrency.lockutils [None req-2056a722-d54c-4829-b128-9f63aabb3e64 tempest-DeleteServersTestJSON-1599697133 tempest-DeleteServersTestJSON-1599697133-project-member] Lock "np0000003995-np0000003995" "released" by "nova.scheduler.host_manager.HostState.consume_from_request.._locked" :: held 0.000s {{(pid=93244) inner /opt/stack/data/venv/lib/python3.12/site-packages/oslo_concurrency/lockutils.py:543}}
Jun 30 14:28:50.884299 np0000003995 nova-scheduler[93242]: DEBUG nova.scheduler.manager [None req-9344ab4e-ead9-4c0b-a676-2e344176ed9a tempest-ServerStableDeviceRescueTest-1639246822 tempest-ServerStableDeviceRescueTest-1639246822-project-member] Starting to schedule for instances: ['4fc23dd5-22d3-48e8-b1c7-7863f366c87e'] {{(pid=93242) select_destinations /opt/stack/nova/nova/scheduler/manager.py:209}}
Jun 30 14:28:50.885634 np0000003995 nova-scheduler[93242]: DEBUG nova.scheduler.request_filter [None req-9344ab4e-ead9-4c0b-a676-2e344176ed9a tempest-ServerStableDeviceRescueTest-1639246822 tempest-ServerStableDeviceRescueTest-1639246822-project-member] compute_status_filter request filter added forbidden trait COMPUTE_STATUS_DISABLED {{(pid=93242) compute_status_filter /opt/stack/nova/nova/scheduler/request_filter.py:253}}
Jun 30 14:28:50.885800 np0000003995 nova-scheduler[93242]: DEBUG nova.scheduler.request_filter [None req-9344ab4e-ead9-4c0b-a676-2e344176ed9a tempest-ServerStableDeviceRescueTest-1639246822 tempest-ServerStableDeviceRescueTest-1639246822-project-member] Request filter 'compute_status_filter' took 0.0 seconds {{(pid=93242) wrapper /opt/stack/nova/nova/scheduler/request_filter.py:46}}
Jun 30 14:28:50.886181 np0000003995 nova-scheduler[93242]: DEBUG nova.scheduler.request_filter [None req-9344ab4e-ead9-4c0b-a676-2e344176ed9a tempest-ServerStableDeviceRescueTest-1639246822 tempest-ServerStableDeviceRescueTest-1639246822-project-member] Request filter 'accelerators_filter' took 0.0 seconds {{(pid=93242) wrapper /opt/stack/nova/nova/scheduler/request_filter.py:46}}
Jun 30 14:28:50.886793 np0000003995 nova-scheduler[93242]: DEBUG nova.scheduler.request_filter [None req-9344ab4e-ead9-4c0b-a676-2e344176ed9a tempest-ServerStableDeviceRescueTest-1639246822 tempest-ServerStableDeviceRescueTest-1639246822-project-member] Request filter 'packed_virtqueue_filter' took 0.0 seconds {{(pid=93242) wrapper /opt/stack/nova/nova/scheduler/request_filter.py:46}}
Jun 30 14:28:50.887256 np0000003995 nova-scheduler[93242]: DEBUG nova.scheduler.request_filter [None req-9344ab4e-ead9-4c0b-a676-2e344176ed9a tempest-ServerStableDeviceRescueTest-1639246822 tempest-ServerStableDeviceRescueTest-1639246822-project-member] Request filter 'remote_managed_ports_filter' took 0.0 seconds {{(pid=93242) wrapper /opt/stack/nova/nova/scheduler/request_filter.py:46}}
Jun 30 14:28:50.887351 np0000003995 nova-scheduler[93242]: DEBUG nova.scheduler.request_filter [None req-9344ab4e-ead9-4c0b-a676-2e344176ed9a tempest-ServerStableDeviceRescueTest-1639246822 tempest-ServerStableDeviceRescueTest-1639246822-project-member] ephemeral_encryption_filter skipped {{(pid=93242) ephemeral_encryption_filter /opt/stack/nova/nova/scheduler/request_filter.py:426}}
Jun 30 14:28:50.887603 np0000003995 nova-scheduler[93242]: DEBUG nova.scheduler.request_filter [None req-9344ab4e-ead9-4c0b-a676-2e344176ed9a tempest-ServerStableDeviceRescueTest-1639246822 tempest-ServerStableDeviceRescueTest-1639246822-project-member] virtio_sound_filter skipped {{(pid=93242) virtio_sound_filter /opt/stack/nova/nova/scheduler/request_filter.py:460}}
Jun 30 14:28:50.887753 np0000003995 nova-scheduler[93242]: DEBUG nova.scheduler.request_filter [None req-9344ab4e-ead9-4c0b-a676-2e344176ed9a tempest-ServerStableDeviceRescueTest-1639246822 tempest-ServerStableDeviceRescueTest-1639246822-project-member] tpm_secret_security_filter skipped {{(pid=93242) tpm_secret_security_filter /opt/stack/nova/nova/scheduler/request_filter.py:477}}
Jun 30 14:28:51.014320 np0000003995 nova-scheduler[93242]: INFO nova.utils [None req-9344ab4e-ead9-4c0b-a676-2e344176ed9a tempest-ServerStableDeviceRescueTest-1639246822 tempest-ServerStableDeviceRescueTest-1639246822-project-member] The cell worker thread pool ForkProcess-1.cell_worker is initialized
Jun 30 14:28:51.014771 np0000003995 nova-scheduler[93242]: DEBUG oslo_concurrency.lockutils [None req-9344ab4e-ead9-4c0b-a676-2e344176ed9a tempest-ServerStableDeviceRescueTest-1639246822 tempest-ServerStableDeviceRescueTest-1639246822-project-member] Acquiring lock "32e9b492-7163-4cbd-b23d-08c4020ed6cc" by "nova.context.set_target_cell..get_or_set_cached_cell_and_set_connections" {{(pid=93242) inner /opt/stack/data/venv/lib/python3.12/site-packages/oslo_concurrency/lockutils.py:511}}
Jun 30 14:28:51.015727 np0000003995 nova-scheduler[93242]: DEBUG oslo_concurrency.lockutils [None req-9344ab4e-ead9-4c0b-a676-2e344176ed9a tempest-ServerStableDeviceRescueTest-1639246822 tempest-ServerStableDeviceRescueTest-1639246822-project-member] Lock "32e9b492-7163-4cbd-b23d-08c4020ed6cc" acquired by "nova.context.set_target_cell..get_or_set_cached_cell_and_set_connections" :: waited 0.000s {{(pid=93242) inner /opt/stack/data/venv/lib/python3.12/site-packages/oslo_concurrency/lockutils.py:524}}
Jun 30 14:28:51.018073 np0000003995 nova-scheduler[93242]: DEBUG oslo_concurrency.lockutils [None req-9344ab4e-ead9-4c0b-a676-2e344176ed9a tempest-ServerStableDeviceRescueTest-1639246822 tempest-ServerStableDeviceRescueTest-1639246822-project-member] Lock "32e9b492-7163-4cbd-b23d-08c4020ed6cc" "released" by "nova.context.set_target_cell..get_or_set_cached_cell_and_set_connections" :: held 0.002s {{(pid=93242) inner /opt/stack/data/venv/lib/python3.12/site-packages/oslo_concurrency/lockutils.py:543}}
Jun 30 14:28:51.022485 np0000003995 nova-scheduler[93242]: INFO dbcounter [None req-9344ab4e-ead9-4c0b-a676-2e344176ed9a tempest-ServerStableDeviceRescueTest-1639246822 tempest-ServerStableDeviceRescueTest-1639246822-project-member] Registered counter for database nova_cell1
Jun 30 14:28:51.062715 np0000003995 nova-scheduler[93242]: DEBUG oslo_db.sqlalchemy.engines [None req-9344ab4e-ead9-4c0b-a676-2e344176ed9a tempest-ServerStableDeviceRescueTest-1639246822 tempest-ServerStableDeviceRescueTest-1639246822-project-member] MySQL server mode set to STRICT_TRANS_TABLES,STRICT_ALL_TABLES,NO_ZERO_IN_DATE,NO_ZERO_DATE,ERROR_FOR_DIVISION_BY_ZERO,TRADITIONAL,NO_ENGINE_SUBSTITUTION {{(pid=93242) _check_effective_sql_mode /opt/stack/data/venv/lib/python3.12/site-packages/oslo_db/sqlalchemy/engines.py:325}}
Jun 30 14:28:51.068822 np0000003995 nova-scheduler[93242]: DEBUG dbcounter [-] [93242] Writer thread running {{(pid=93242) stat_writer /opt/stack/data/venv/lib/python3.12/site-packages/dbcounter.py:102}}
Jun 30 14:28:51.132714 np0000003995 nova-scheduler[93242]: DEBUG dbcounter [-] [93242] Writer thread running {{(pid=93242) stat_writer /opt/stack/data/venv/lib/python3.12/site-packages/dbcounter.py:102}}
Jun 30 14:28:51.136643 np0000003995 nova-scheduler[93242]: DEBUG oslo_concurrency.lockutils [None req-9344ab4e-ead9-4c0b-a676-2e344176ed9a tempest-ServerStableDeviceRescueTest-1639246822 tempest-ServerStableDeviceRescueTest-1639246822-project-member] Acquiring lock "32e9b492-7163-4cbd-b23d-08c4020ed6cc" by "nova.context.set_target_cell..get_or_set_cached_cell_and_set_connections" {{(pid=93242) inner /opt/stack/data/venv/lib/python3.12/site-packages/oslo_concurrency/lockutils.py:511}}
Jun 30 14:28:51.136882 np0000003995 nova-scheduler[93242]: DEBUG oslo_concurrency.lockutils [None req-9344ab4e-ead9-4c0b-a676-2e344176ed9a tempest-ServerStableDeviceRescueTest-1639246822 tempest-ServerStableDeviceRescueTest-1639246822-project-member] Lock "32e9b492-7163-4cbd-b23d-08c4020ed6cc" acquired by "nova.context.set_target_cell..get_or_set_cached_cell_and_set_connections" :: waited 0.000s {{(pid=93242) inner /opt/stack/data/venv/lib/python3.12/site-packages/oslo_concurrency/lockutils.py:524}}
Jun 30 14:28:51.137037 np0000003995 nova-scheduler[93242]: DEBUG oslo_concurrency.lockutils [None req-9344ab4e-ead9-4c0b-a676-2e344176ed9a tempest-ServerStableDeviceRescueTest-1639246822 tempest-ServerStableDeviceRescueTest-1639246822-project-member] Lock "32e9b492-7163-4cbd-b23d-08c4020ed6cc" "released" by "nova.context.set_target_cell..get_or_set_cached_cell_and_set_connections" :: held 0.000s {{(pid=93242) inner /opt/stack/data/venv/lib/python3.12/site-packages/oslo_concurrency/lockutils.py:543}}
Jun 30 14:28:51.142774 np0000003995 nova-scheduler[93242]: DEBUG oslo_concurrency.lockutils [None req-9344ab4e-ead9-4c0b-a676-2e344176ed9a tempest-ServerStableDeviceRescueTest-1639246822 tempest-ServerStableDeviceRescueTest-1639246822-project-member] Acquiring lock "np0000003995-np0000003995" by "nova.scheduler.host_manager.HostState.update.._locked_update" {{(pid=93242) inner /opt/stack/data/venv/lib/python3.12/site-packages/oslo_concurrency/lockutils.py:511}}
Jun 30 14:28:51.143002 np0000003995 nova-scheduler[93242]: DEBUG oslo_concurrency.lockutils [None req-9344ab4e-ead9-4c0b-a676-2e344176ed9a tempest-ServerStableDeviceRescueTest-1639246822 tempest-ServerStableDeviceRescueTest-1639246822-project-member] Lock "np0000003995-np0000003995" acquired by "nova.scheduler.host_manager.HostState.update.._locked_update" :: waited 0.000s {{(pid=93242) inner /opt/stack/data/venv/lib/python3.12/site-packages/oslo_concurrency/lockutils.py:524}}
