Jun 18 04:53:38.998349 np0000003110 nova-scheduler[95817]: DEBUG cotyledon.oslo_config_glue [-] oslo_limit.cafile = None {{(pid=95817) log_opt_values /opt/stack/data/venv/lib/python3.12/site-packages/oslo_config/cfg.py:3253}}
Jun 18 04:53:38.998386 np0000003110 nova-scheduler[95817]: DEBUG cotyledon.oslo_config_glue [-] oslo_limit.certfile = None {{(pid=95817) log_opt_values /opt/stack/data/venv/lib/python3.12/site-packages/oslo_config/cfg.py:3253}}
Jun 18 04:53:38.998420 np0000003110 nova-scheduler[95817]: DEBUG cotyledon.oslo_config_glue [-] oslo_limit.collect_timing = False {{(pid=95817) log_opt_values /opt/stack/data/venv/lib/python3.12/site-packages/oslo_config/cfg.py:3253}}
Jun 18 04:53:38.998456 np0000003110 nova-scheduler[95817]: DEBUG cotyledon.oslo_config_glue [-] oslo_limit.connect_retries = None {{(pid=95817) log_opt_values /opt/stack/data/venv/lib/python3.12/site-packages/oslo_config/cfg.py:3253}}
Jun 18 04:53:38.998507 np0000003110 nova-scheduler[95817]: DEBUG cotyledon.oslo_config_glue [-] oslo_limit.connect_retry_delay = None {{(pid=95817) log_opt_values /opt/stack/data/venv/lib/python3.12/site-packages/oslo_config/cfg.py:3253}}
Jun 18 04:53:38.998588 np0000003110 nova-scheduler[95817]: DEBUG cotyledon.oslo_config_glue [-] oslo_limit.endpoint_id = None {{(pid=95817) log_opt_values /opt/stack/data/venv/lib/python3.12/site-packages/oslo_config/cfg.py:3253}}
Jun 18 04:53:38.998632 np0000003110 nova-scheduler[95817]: DEBUG cotyledon.oslo_config_glue [-] oslo_limit.endpoint_interface = public {{(pid=95817) log_opt_values /opt/stack/data/venv/lib/python3.12/site-packages/oslo_config/cfg.py:3253}}
Jun 18 04:53:38.998668 np0000003110 nova-scheduler[95817]: DEBUG cotyledon.oslo_config_glue [-] oslo_limit.endpoint_override = None {{(pid=95817) log_opt_values /opt/stack/data/venv/lib/python3.12/site-packages/oslo_config/cfg.py:3253}}
Jun 18 04:53:38.998741 np0000003110 nova-scheduler[95817]: DEBUG cotyledon.oslo_config_glue [-] oslo_limit.endpoint_region_name = None {{(pid=95817) log_opt_values /opt/stack/data/venv/lib/python3.12/site-packages/oslo_config/cfg.py:3253}}
Jun 18 04:53:38.998799 np0000003110 nova-scheduler[95817]: DEBUG cotyledon.oslo_config_glue [-] oslo_limit.endpoint_service_name = None {{(pid=95817) log_opt_values /opt/stack/data/venv/lib/python3.12/site-packages/oslo_config/cfg.py:3253}}
Jun 18 04:53:38.998835 np0000003110 nova-scheduler[95817]: DEBUG cotyledon.oslo_config_glue [-] oslo_limit.endpoint_service_type = None {{(pid=95817) log_opt_values /opt/stack/data/venv/lib/python3.12/site-packages/oslo_config/cfg.py:3253}}
Jun 18 04:53:38.998921 np0000003110 nova-scheduler[95817]: DEBUG cotyledon.oslo_config_glue [-] oslo_limit.insecure = False {{(pid=95817) log_opt_values /opt/stack/data/venv/lib/python3.12/site-packages/oslo_config/cfg.py:3253}}
Jun 18 04:53:38.999024 np0000003110 nova-scheduler[95817]: DEBUG cotyledon.oslo_config_glue [-] oslo_limit.keyfile = None {{(pid=95817) log_opt_values /opt/stack/data/venv/lib/python3.12/site-packages/oslo_config/cfg.py:3253}}
Jun 18 04:53:38.999101 np0000003110 nova-scheduler[95817]: DEBUG cotyledon.oslo_config_glue [-] oslo_limit.max_version = None {{(pid=95817) log_opt_values /opt/stack/data/venv/lib/python3.12/site-packages/oslo_config/cfg.py:3253}}
Jun 18 04:53:38.999199 np0000003110 nova-scheduler[95817]: DEBUG cotyledon.oslo_config_glue [-] oslo_limit.min_version = None {{(pid=95817) log_opt_values /opt/stack/data/venv/lib/python3.12/site-packages/oslo_config/cfg.py:3253}}
Jun 18 04:53:38.999275 np0000003110 nova-scheduler[95817]: DEBUG cotyledon.oslo_config_glue [-] oslo_limit.region_name = None {{(pid=95817) log_opt_values /opt/stack/data/venv/lib/python3.12/site-packages/oslo_config/cfg.py:3253}}
Jun 18 04:53:38.999313 np0000003110 nova-scheduler[95817]: DEBUG cotyledon.oslo_config_glue [-] oslo_limit.retriable_status_codes = None {{(pid=95817) log_opt_values /opt/stack/data/venv/lib/python3.12/site-packages/oslo_config/cfg.py:3253}}
Jun 18 04:53:38.999367 np0000003110 nova-scheduler[95817]: DEBUG cotyledon.oslo_config_glue [-] oslo_limit.service_name = None {{(pid=95817) log_opt_values /opt/stack/data/venv/lib/python3.12/site-packages/oslo_config/cfg.py:3253}}
Jun 18 04:53:38.999462 np0000003110 nova-scheduler[95817]: DEBUG cotyledon.oslo_config_glue [-] oslo_limit.service_type = None {{(pid=95817) log_opt_values /opt/stack/data/venv/lib/python3.12/site-packages/oslo_config/cfg.py:3253}}
Jun 18 04:53:38.999568 np0000003110 nova-scheduler[95817]: DEBUG cotyledon.oslo_config_glue [-] oslo_limit.split_loggers = False {{(pid=95817) log_opt_values /opt/stack/data/venv/lib/python3.12/site-packages/oslo_config/cfg.py:3253}}
Jun 18 04:53:38.999604 np0000003110 nova-scheduler[95817]: DEBUG cotyledon.oslo_config_glue [-] oslo_limit.status_code_retries = None {{(pid=95817) log_opt_values /opt/stack/data/venv/lib/python3.12/site-packages/oslo_config/cfg.py:3253}}
Jun 18 04:53:38.999666 np0000003110 nova-scheduler[95817]: DEBUG cotyledon.oslo_config_glue [-] oslo_limit.status_code_retry_delay = None {{(pid=95817) log_opt_values /opt/stack/data/venv/lib/python3.12/site-packages/oslo_config/cfg.py:3253}}
Jun 18 04:53:38.999728 np0000003110 nova-scheduler[95817]: DEBUG cotyledon.oslo_config_glue [-] oslo_limit.timeout = None {{(pid=95817) log_opt_values /opt/stack/data/venv/lib/python3.12/site-packages/oslo_config/cfg.py:3253}}
Jun 18 04:53:38.999813 np0000003110 nova-scheduler[95817]: DEBUG cotyledon.oslo_config_glue [-] oslo_limit.valid_interfaces = None {{(pid=95817) log_opt_values /opt/stack/data/venv/lib/python3.12/site-packages/oslo_config/cfg.py:3253}}
Jun 18 04:53:38.999865 np0000003110 nova-scheduler[95817]: DEBUG cotyledon.oslo_config_glue [-] oslo_limit.version = None {{(pid=95817) log_opt_values /opt/stack/data/venv/lib/python3.12/site-packages/oslo_config/cfg.py:3253}}
Jun 18 04:53:38.999947 np0000003110 nova-scheduler[95817]: DEBUG cotyledon.oslo_config_glue [-] oslo_reports.file_event_handler = None {{(pid=95817) log_opt_values /opt/stack/data/venv/lib/python3.12/site-packages/oslo_config/cfg.py:3253}}
Jun 18 04:53:38.999999 np0000003110 nova-scheduler[95817]: DEBUG cotyledon.oslo_config_glue [-] oslo_reports.file_event_handler_interval = 1 {{(pid=95817) log_opt_values /opt/stack/data/venv/lib/python3.12/site-packages/oslo_config/cfg.py:3253}}
Jun 18 04:53:39.000076 np0000003110 nova-scheduler[95817]: DEBUG cotyledon.oslo_config_glue [-] oslo_reports.log_dir = None {{(pid=95817) log_opt_values /opt/stack/data/venv/lib/python3.12/site-packages/oslo_config/cfg.py:3253}}
Jun 18 04:53:39.000153 np0000003110 nova-scheduler[95817]: DEBUG cotyledon.oslo_config_glue [-] ******************************************************************************** {{(pid=95817) log_opt_values /opt/stack/data/venv/lib/python3.12/site-packages/oslo_config/cfg.py:3260}}
Jun 18 04:53:39.000321 np0000003110 nova-scheduler[95817]: DEBUG cotyledon._service_worker [-] Run service ServiceWrapper(2) [95817] {{(pid=95817) wait_forever /opt/stack/data/venv/lib/python3.12/site-packages/cotyledon/_service_worker.py:218}}
Jun 18 04:53:39.001842 np0000003110 nova-scheduler[95817]: INFO nova.service [-] Starting scheduler node (version 33.1.0)
Jun 18 04:53:39.007889 np0000003110 nova-scheduler[95817]: INFO dbcounter [None req-4da5fff7-3132-4a15-a12a-c78089a60e4f None None] Registered counter for database nova_cell0
Jun 18 04:53:39.019631 np0000003110 nova-scheduler[95808]: DEBUG oslo_db.sqlalchemy.engines [None req-c37d17a9-b7d9-4b65-a00f-5d344512bd83 None None] MySQL server mode set to STRICT_TRANS_TABLES,STRICT_ALL_TABLES,NO_ZERO_IN_DATE,NO_ZERO_DATE,ERROR_FOR_DIVISION_BY_ZERO,TRADITIONAL,NO_ENGINE_SUBSTITUTION {{(pid=95808) _check_effective_sql_mode /opt/stack/data/venv/lib/python3.12/site-packages/oslo_db/sqlalchemy/engines.py:325}}
Jun 18 04:53:39.030172 np0000003110 nova-scheduler[95808]: DEBUG dbcounter [-] [95808] Writer thread running {{(pid=95808) stat_writer /opt/stack/data/venv/lib/python3.12/site-packages/dbcounter.py:102}}
Jun 18 04:53:39.050848 np0000003110 nova-scheduler[95814]: DEBUG oslo_db.sqlalchemy.engines [None req-8013816c-e1be-430a-973f-ddf7a48aff09 None None] MySQL server mode set to STRICT_TRANS_TABLES,STRICT_ALL_TABLES,NO_ZERO_IN_DATE,NO_ZERO_DATE,ERROR_FOR_DIVISION_BY_ZERO,TRADITIONAL,NO_ENGINE_SUBSTITUTION {{(pid=95814) _check_effective_sql_mode /opt/stack/data/venv/lib/python3.12/site-packages/oslo_db/sqlalchemy/engines.py:325}}
Jun 18 04:53:39.058228 np0000003110 nova-scheduler[95808]: DEBUG nova.service [None req-c37d17a9-b7d9-4b65-a00f-5d344512bd83 None None] Creating RPC server for service: nova-scheduler on topic: scheduler {{(pid=95808) start /opt/stack/nova/nova/service.py:196}}
Jun 18 04:53:39.060987 np0000003110 nova-scheduler[95814]: DEBUG dbcounter [-] [95814] Writer thread running {{(pid=95814) stat_writer /opt/stack/data/venv/lib/python3.12/site-packages/dbcounter.py:102}}
Jun 18 04:53:39.067513 np0000003110 nova-scheduler[95814]: DEBUG nova.service [None req-8013816c-e1be-430a-973f-ddf7a48aff09 None None] Creating RPC server for service: nova-scheduler on topic: scheduler {{(pid=95814) start /opt/stack/nova/nova/service.py:196}}
Jun 18 04:53:39.069387 np0000003110 nova-scheduler[95817]: DEBUG oslo_db.sqlalchemy.engines [None req-4da5fff7-3132-4a15-a12a-c78089a60e4f None None] MySQL server mode set to STRICT_TRANS_TABLES,STRICT_ALL_TABLES,NO_ZERO_IN_DATE,NO_ZERO_DATE,ERROR_FOR_DIVISION_BY_ZERO,TRADITIONAL,NO_ENGINE_SUBSTITUTION {{(pid=95817) _check_effective_sql_mode /opt/stack/data/venv/lib/python3.12/site-packages/oslo_db/sqlalchemy/engines.py:325}}
Jun 18 04:53:39.078574 np0000003110 nova-scheduler[95817]: DEBUG dbcounter [-] [95817] Writer thread running {{(pid=95817) stat_writer /opt/stack/data/venv/lib/python3.12/site-packages/dbcounter.py:102}}
Jun 18 04:53:39.081362 np0000003110 nova-scheduler[95817]: DEBUG nova.service [None req-4da5fff7-3132-4a15-a12a-c78089a60e4f None None] Creating RPC server for service: nova-scheduler on topic: scheduler {{(pid=95817) start /opt/stack/nova/nova/service.py:196}}
Jun 18 04:53:39.100067 np0000003110 nova-scheduler[95808]: DEBUG nova.service [None req-c37d17a9-b7d9-4b65-a00f-5d344512bd83 None None] Join ServiceGroup membership for this service scheduler {{(pid=95808) start /opt/stack/nova/nova/service.py:222}}
Jun 18 04:53:39.100315 np0000003110 nova-scheduler[95808]: DEBUG nova.servicegroup.drivers.db [None req-c37d17a9-b7d9-4b65-a00f-5d344512bd83 None None] DB_Driver: join new ServiceGroup member np0000003110 to the scheduler group, service = {{(pid=95808) join /opt/stack/nova/nova/servicegroup/drivers/db.py:44}}
Jun 18 04:53:39.104174 np0000003110 nova-scheduler[95817]: DEBUG nova.service [None req-4da5fff7-3132-4a15-a12a-c78089a60e4f None None] Join ServiceGroup membership for this service scheduler {{(pid=95817) start /opt/stack/nova/nova/service.py:222}}
Jun 18 04:53:39.104398 np0000003110 nova-scheduler[95817]: DEBUG nova.servicegroup.drivers.db [None req-4da5fff7-3132-4a15-a12a-c78089a60e4f None None] DB_Driver: join new ServiceGroup member np0000003110 to the scheduler group, service = {{(pid=95817) join /opt/stack/nova/nova/servicegroup/drivers/db.py:44}}
Jun 18 04:53:39.104975 np0000003110 nova-scheduler[95814]: DEBUG nova.service [None req-8013816c-e1be-430a-973f-ddf7a48aff09 None None] Join ServiceGroup membership for this service scheduler {{(pid=95814) start /opt/stack/nova/nova/service.py:222}}
Jun 18 04:53:39.105278 np0000003110 nova-scheduler[95814]: DEBUG nova.servicegroup.drivers.db [None req-8013816c-e1be-430a-973f-ddf7a48aff09 None None] DB_Driver: join new ServiceGroup member np0000003110 to the scheduler group, service = {{(pid=95814) join /opt/stack/nova/nova/servicegroup/drivers/db.py:44}}
Jun 18 04:53:43.103585 np0000003110 nova-scheduler[95808]: DEBUG oslo.service.backend._threading.loopingcall [None req-c4376b83-2fa5-4088-9393-261b5b8d87c6 None None] Dynamic interval looping call 'nova.service.Service.periodic_tasks' sleeping for 60.00 seconds {{(pid=95808) _run_loop /opt/stack/data/venv/lib/python3.12/site-packages/oslo_service/backend/_threading/loopingcall.py:125}}
Jun 18 04:53:44.113497 np0000003110 nova-scheduler[95808]: DEBUG oslo.service.backend._threading.loopingcall [-] Fixed interval looping call 'nova.servicegroup.drivers.db.DbDriver._report_state' sleeping for 119.99 seconds {{(pid=95808) _run_loop /opt/stack/data/venv/lib/python3.12/site-packages/oslo_service/backend/_threading/loopingcall.py:125}}
Jun 18 04:53:44.116477 np0000003110 nova-scheduler[95817]: DEBUG oslo.service.backend._threading.loopingcall [-] Fixed interval looping call 'nova.servicegroup.drivers.db.DbDriver._report_state' sleeping for 119.99 seconds {{(pid=95817) _run_loop /opt/stack/data/venv/lib/python3.12/site-packages/oslo_service/backend/_threading/loopingcall.py:125}}
Jun 18 04:53:44.118386 np0000003110 nova-scheduler[95814]: DEBUG oslo.service.backend._threading.loopingcall [-] Fixed interval looping call 'nova.servicegroup.drivers.db.DbDriver._report_state' sleeping for 119.99 seconds {{(pid=95814) _run_loop /opt/stack/data/venv/lib/python3.12/site-packages/oslo_service/backend/_threading/loopingcall.py:125}}
Jun 18 04:53:47.625966 np0000003110 nova-scheduler[94617]: DEBUG dbcounter [-] [94617] Writing DB stats nova_api:SELECT=3 {{(pid=94617) stat_writer /opt/stack/data/venv/lib/python3.12/site-packages/dbcounter.py:115}}
Jun 18 04:53:47.754995 np0000003110 nova-scheduler[94617]: DEBUG dbcounter [-] [94617] Writing DB stats nova_cell0:SELECT=1 {{(pid=94617) stat_writer /opt/stack/data/venv/lib/python3.12/site-packages/dbcounter.py:115}}
Jun 18 04:53:47.760067 np0000003110 nova-scheduler[94617]: DEBUG dbcounter [-] [94617] Writing DB stats nova_cell1:SELECT=1 {{(pid=94617) stat_writer /opt/stack/data/venv/lib/python3.12/site-packages/dbcounter.py:115}}
Jun 18 04:53:52.106607 np0000003110 nova-scheduler[95817]: DEBUG oslo.service.backend._threading.loopingcall [None req-d6f3aa8c-0f7e-4830-8370-09c59a33a920 None None] Dynamic interval looping call 'nova.service.Service.periodic_tasks' sleeping for 60.00 seconds {{(pid=95817) _run_loop /opt/stack/data/venv/lib/python3.12/site-packages/oslo_service/backend/_threading/loopingcall.py:125}}
Jun 18 04:53:52.107600 np0000003110 nova-scheduler[95814]: DEBUG oslo.service.backend._threading.loopingcall [None req-75067c3b-fd48-4b56-8876-3a14786663cb None None] Dynamic interval looping call 'nova.service.Service.periodic_tasks' sleeping for 60.00 seconds {{(pid=95814) _run_loop /opt/stack/data/venv/lib/python3.12/site-packages/oslo_service/backend/_threading/loopingcall.py:125}}
Jun 18 04:53:54.109661 np0000003110 nova-scheduler[95808]: DEBUG dbcounter [-] [95808] Writing DB stats nova_cell0:SELECT=4,nova_cell0:INSERT=1,nova_cell0:UPDATE=1 {{(pid=95808) stat_writer /opt/stack/data/venv/lib/python3.12/site-packages/dbcounter.py:115}}
Jun 18 04:53:54.113644 np0000003110 nova-scheduler[95817]: DEBUG dbcounter [-] [95817] Writing DB stats nova_cell0:SELECT=3 {{(pid=95817) stat_writer /opt/stack/data/venv/lib/python3.12/site-packages/dbcounter.py:115}}
Jun 18 04:53:54.115869 np0000003110 nova-scheduler[95814]: DEBUG dbcounter [-] [95814] Writing DB stats nova_cell0:SELECT=3 {{(pid=95814) stat_writer /opt/stack/data/venv/lib/python3.12/site-packages/dbcounter.py:115}}
Jun 18 04:54:43.103945 np0000003110 nova-scheduler[95808]: DEBUG oslo.service.backend._threading.loopingcall [None req-c4376b83-2fa5-4088-9393-261b5b8d87c6 None None] Dynamic interval looping call 'nova.service.Service.periodic_tasks' sleeping for 60.00 seconds {{(pid=95808) _run_loop /opt/stack/data/venv/lib/python3.12/site-packages/oslo_service/backend/_threading/loopingcall.py:125}}
Jun 18 04:54:52.107103 np0000003110 nova-scheduler[95817]: DEBUG oslo.service.backend._threading.loopingcall [None req-d6f3aa8c-0f7e-4830-8370-09c59a33a920 None None] Dynamic interval looping call 'nova.service.Service.periodic_tasks' sleeping for 60.00 seconds {{(pid=95817) _run_loop /opt/stack/data/venv/lib/python3.12/site-packages/oslo_service/backend/_threading/loopingcall.py:125}}
Jun 18 04:54:52.108005 np0000003110 nova-scheduler[95814]: DEBUG oslo.service.backend._threading.loopingcall [None req-75067c3b-fd48-4b56-8876-3a14786663cb None None] Dynamic interval looping call 'nova.service.Service.periodic_tasks' sleeping for 60.00 seconds {{(pid=95814) _run_loop /opt/stack/data/venv/lib/python3.12/site-packages/oslo_service/backend/_threading/loopingcall.py:125}}
Jun 18 04:55:43.104390 np0000003110 nova-scheduler[95808]: DEBUG oslo.service.backend._threading.loopingcall [None req-c4376b83-2fa5-4088-9393-261b5b8d87c6 None None] Dynamic interval looping call 'nova.service.Service.periodic_tasks' sleeping for 60.00 seconds {{(pid=95808) _run_loop /opt/stack/data/venv/lib/python3.12/site-packages/oslo_service/backend/_threading/loopingcall.py:125}}
Jun 18 04:55:44.115843 np0000003110 nova-scheduler[95808]: DEBUG oslo.service.backend._threading.loopingcall [-] Fixed interval looping call 'nova.servicegroup.drivers.db.DbDriver._report_state' sleeping for 119.99 seconds {{(pid=95808) _run_loop /opt/stack/data/venv/lib/python3.12/site-packages/oslo_service/backend/_threading/loopingcall.py:125}}
Jun 18 04:55:44.116231 np0000003110 nova-scheduler[95817]: DEBUG oslo.service.backend._threading.loopingcall [-] Fixed interval looping call 'nova.servicegroup.drivers.db.DbDriver._report_state' sleeping for 119.99 seconds {{(pid=95817) _run_loop /opt/stack/data/venv/lib/python3.12/site-packages/oslo_service/backend/_threading/loopingcall.py:125}}
Jun 18 04:55:44.116584 np0000003110 nova-scheduler[95814]: DEBUG oslo.service.backend._threading.loopingcall [-] Fixed interval looping call 'nova.servicegroup.drivers.db.DbDriver._report_state' sleeping for 119.99 seconds {{(pid=95814) _run_loop /opt/stack/data/venv/lib/python3.12/site-packages/oslo_service/backend/_threading/loopingcall.py:125}}
Jun 18 04:55:52.107568 np0000003110 nova-scheduler[95817]: DEBUG oslo.service.backend._threading.loopingcall [None req-d6f3aa8c-0f7e-4830-8370-09c59a33a920 None None] Dynamic interval looping call 'nova.service.Service.periodic_tasks' sleeping for 60.00 seconds {{(pid=95817) _run_loop /opt/stack/data/venv/lib/python3.12/site-packages/oslo_service/backend/_threading/loopingcall.py:125}}
Jun 18 04:55:52.108375 np0000003110 nova-scheduler[95814]: DEBUG oslo.service.backend._threading.loopingcall [None req-75067c3b-fd48-4b56-8876-3a14786663cb None None] Dynamic interval looping call 'nova.service.Service.periodic_tasks' sleeping for 60.00 seconds {{(pid=95814) _run_loop /opt/stack/data/venv/lib/python3.12/site-packages/oslo_service/backend/_threading/loopingcall.py:125}}
Jun 18 04:55:54.106638 np0000003110 nova-scheduler[95808]: DEBUG dbcounter [-] [95808] Writing DB stats nova_cell0:SELECT=1,nova_cell0:UPDATE=1 {{(pid=95808) stat_writer /opt/stack/data/venv/lib/python3.12/site-packages/dbcounter.py:115}}
Jun 18 04:55:54.113105 np0000003110 nova-scheduler[95817]: DEBUG dbcounter [-] [95817] Writing DB stats nova_cell0:SELECT=1,nova_cell0:UPDATE=1 {{(pid=95817) stat_writer /opt/stack/data/venv/lib/python3.12/site-packages/dbcounter.py:115}}
Jun 18 04:55:54.114207 np0000003110 nova-scheduler[95814]: DEBUG dbcounter [-] [95814] Writing DB stats nova_cell0:SELECT=1,nova_cell0:UPDATE=1 {{(pid=95814) stat_writer /opt/stack/data/venv/lib/python3.12/site-packages/dbcounter.py:115}}
Jun 18 04:56:27.058599 np0000003110 nova-scheduler[95808]: DEBUG nova.scheduler.manager [None req-109ae58d-3219-4007-8b87-7ac2d42cf35d tempest-ServersNegativeTestJSON-1126330247 tempest-ServersNegativeTestJSON-1126330247-project-member] Starting to schedule for instances: ['3447782c-8d3b-4ee1-ae90-df3375c20089'] {{(pid=95808) select_destinations /opt/stack/nova/nova/scheduler/manager.py:210}}
Jun 18 04:56:27.059119 np0000003110 nova-scheduler[95808]: DEBUG nova.scheduler.request_filter [None req-109ae58d-3219-4007-8b87-7ac2d42cf35d tempest-ServersNegativeTestJSON-1126330247 tempest-ServersNegativeTestJSON-1126330247-project-member] compute_status_filter request filter added forbidden trait COMPUTE_STATUS_DISABLED {{(pid=95808) compute_status_filter /opt/stack/nova/nova/scheduler/request_filter.py:253}}
Jun 18 04:56:27.059235 np0000003110 nova-scheduler[95808]: DEBUG nova.scheduler.request_filter [None req-109ae58d-3219-4007-8b87-7ac2d42cf35d tempest-ServersNegativeTestJSON-1126330247 tempest-ServersNegativeTestJSON-1126330247-project-member] Request filter 'compute_status_filter' took 0.0 seconds {{(pid=95808) wrapper /opt/stack/nova/nova/scheduler/request_filter.py:46}}
Jun 18 04:56:27.059539 np0000003110 nova-scheduler[95808]: DEBUG nova.scheduler.request_filter [None req-109ae58d-3219-4007-8b87-7ac2d42cf35d tempest-ServersNegativeTestJSON-1126330247 tempest-ServersNegativeTestJSON-1126330247-project-member] Request filter 'accelerators_filter' took 0.0 seconds {{(pid=95808) wrapper /opt/stack/nova/nova/scheduler/request_filter.py:46}}
Jun 18 04:56:27.059785 np0000003110 nova-scheduler[95808]: DEBUG nova.scheduler.request_filter [None req-109ae58d-3219-4007-8b87-7ac2d42cf35d tempest-ServersNegativeTestJSON-1126330247 tempest-ServersNegativeTestJSON-1126330247-project-member] Request filter 'packed_virtqueue_filter' took 0.0 seconds {{(pid=95808) wrapper /opt/stack/nova/nova/scheduler/request_filter.py:46}}
Jun 18 04:56:27.060096 np0000003110 nova-scheduler[95808]: DEBUG nova.scheduler.request_filter [None req-109ae58d-3219-4007-8b87-7ac2d42cf35d tempest-ServersNegativeTestJSON-1126330247 tempest-ServersNegativeTestJSON-1126330247-project-member] Request filter 'remote_managed_ports_filter' took 0.0 seconds {{(pid=95808) wrapper /opt/stack/nova/nova/scheduler/request_filter.py:46}}
Jun 18 04:56:27.060634 np0000003110 nova-scheduler[95808]: DEBUG nova.scheduler.request_filter [None req-109ae58d-3219-4007-8b87-7ac2d42cf35d tempest-ServersNegativeTestJSON-1126330247 tempest-ServersNegativeTestJSON-1126330247-project-member] ephemeral_encryption_filter skipped {{(pid=95808) ephemeral_encryption_filter /opt/stack/nova/nova/scheduler/request_filter.py:426}}
Jun 18 04:56:27.060823 np0000003110 nova-scheduler[95808]: DEBUG nova.scheduler.request_filter [None req-109ae58d-3219-4007-8b87-7ac2d42cf35d tempest-ServersNegativeTestJSON-1126330247 tempest-ServersNegativeTestJSON-1126330247-project-member] virtio_sound_filter skipped {{(pid=95808) virtio_sound_filter /opt/stack/nova/nova/scheduler/request_filter.py:460}}
Jun 18 04:56:27.060952 np0000003110 nova-scheduler[95808]: DEBUG nova.scheduler.request_filter [None req-109ae58d-3219-4007-8b87-7ac2d42cf35d tempest-ServersNegativeTestJSON-1126330247 tempest-ServersNegativeTestJSON-1126330247-project-member] tpm_secret_security_filter skipped {{(pid=95808) tpm_secret_security_filter /opt/stack/nova/nova/scheduler/request_filter.py:477}}
Jun 18 04:56:28.131392 np0000003110 nova-scheduler[95808]: INFO nova.utils [None req-109ae58d-3219-4007-8b87-7ac2d42cf35d tempest-ServersNegativeTestJSON-1126330247 tempest-ServersNegativeTestJSON-1126330247-project-member] The cell worker thread pool ForkProcess-1.cell_worker is initialized
Jun 18 04:56:28.134510 np0000003110 nova-scheduler[95808]: DEBUG oslo_concurrency.lockutils [None req-109ae58d-3219-4007-8b87-7ac2d42cf35d tempest-ServersNegativeTestJSON-1126330247 tempest-ServersNegativeTestJSON-1126330247-project-member] Acquiring lock "599bc17d-bf21-47f9-88d0-37073305dd32" by "nova.context.set_target_cell..get_or_set_cached_cell_and_set_connections" {{(pid=95808) inner /opt/stack/data/venv/lib/python3.12/site-packages/oslo_concurrency/lockutils.py:511}}
Jun 18 04:56:28.134510 np0000003110 nova-scheduler[95808]: DEBUG oslo_concurrency.lockutils [None req-109ae58d-3219-4007-8b87-7ac2d42cf35d tempest-ServersNegativeTestJSON-1126330247 tempest-ServersNegativeTestJSON-1126330247-project-member] Lock "599bc17d-bf21-47f9-88d0-37073305dd32" acquired by "nova.context.set_target_cell..get_or_set_cached_cell_and_set_connections" :: waited 0.000s {{(pid=95808) inner /opt/stack/data/venv/lib/python3.12/site-packages/oslo_concurrency/lockutils.py:524}}
Jun 18 04:56:28.134510 np0000003110 nova-scheduler[95808]: DEBUG oslo_concurrency.lockutils [None req-109ae58d-3219-4007-8b87-7ac2d42cf35d tempest-ServersNegativeTestJSON-1126330247 tempest-ServersNegativeTestJSON-1126330247-project-member] Lock "599bc17d-bf21-47f9-88d0-37073305dd32" "released" by "nova.context.set_target_cell..get_or_set_cached_cell_and_set_connections" :: held 0.001s {{(pid=95808) inner /opt/stack/data/venv/lib/python3.12/site-packages/oslo_concurrency/lockutils.py:543}}
Jun 18 04:56:28.136332 np0000003110 nova-scheduler[95808]: INFO dbcounter [None req-109ae58d-3219-4007-8b87-7ac2d42cf35d tempest-ServersNegativeTestJSON-1126330247 tempest-ServersNegativeTestJSON-1126330247-project-member] Registered counter for database nova_cell1
Jun 18 04:56:28.196559 np0000003110 nova-scheduler[95808]: DEBUG oslo_db.sqlalchemy.engines [None req-109ae58d-3219-4007-8b87-7ac2d42cf35d tempest-ServersNegativeTestJSON-1126330247 tempest-ServersNegativeTestJSON-1126330247-project-member] MySQL server mode set to STRICT_TRANS_TABLES,STRICT_ALL_TABLES,NO_ZERO_IN_DATE,NO_ZERO_DATE,ERROR_FOR_DIVISION_BY_ZERO,TRADITIONAL,NO_ENGINE_SUBSTITUTION {{(pid=95808) _check_effective_sql_mode /opt/stack/data/venv/lib/python3.12/site-packages/oslo_db/sqlalchemy/engines.py:325}}
Jun 18 04:56:28.203410 np0000003110 nova-scheduler[95808]: DEBUG dbcounter [-] [95808] Writer thread running {{(pid=95808) stat_writer /opt/stack/data/venv/lib/python3.12/site-packages/dbcounter.py:102}}
Jun 18 04:56:28.221251 np0000003110 nova-scheduler[95808]: DEBUG oslo_db.sqlalchemy.engines [None req-109ae58d-3219-4007-8b87-7ac2d42cf35d tempest-ServersNegativeTestJSON-1126330247 tempest-ServersNegativeTestJSON-1126330247-project-member] Parent process 94617 forked (95808) with an open database connection, which is being discarded and recreated. {{(pid=95808) checkout /opt/stack/data/venv/lib/python3.12/site-packages/oslo_db/sqlalchemy/engines.py:402}}
Jun 18 04:56:28.286508 np0000003110 nova-scheduler[95808]: DEBUG dbcounter [-] [95808] Writer thread running {{(pid=95808) stat_writer /opt/stack/data/venv/lib/python3.12/site-packages/dbcounter.py:102}}
Jun 18 04:56:28.288680 np0000003110 nova-scheduler[95808]: DEBUG oslo_concurrency.lockutils [None req-109ae58d-3219-4007-8b87-7ac2d42cf35d tempest-ServersNegativeTestJSON-1126330247 tempest-ServersNegativeTestJSON-1126330247-project-member] Acquiring lock "599bc17d-bf21-47f9-88d0-37073305dd32" by "nova.context.set_target_cell..get_or_set_cached_cell_and_set_connections" {{(pid=95808) inner /opt/stack/data/venv/lib/python3.12/site-packages/oslo_concurrency/lockutils.py:511}}
Jun 18 04:56:28.288956 np0000003110 nova-scheduler[95808]: DEBUG oslo_concurrency.lockutils [None req-109ae58d-3219-4007-8b87-7ac2d42cf35d tempest-ServersNegativeTestJSON-1126330247 tempest-ServersNegativeTestJSON-1126330247-project-member] Lock "599bc17d-bf21-47f9-88d0-37073305dd32" acquired by "nova.context.set_target_cell..get_or_set_cached_cell_and_set_connections" :: waited 0.000s {{(pid=95808) inner /opt/stack/data/venv/lib/python3.12/site-packages/oslo_concurrency/lockutils.py:524}}
Jun 18 04:56:28.289192 np0000003110 nova-scheduler[95808]: DEBUG oslo_concurrency.lockutils [None req-109ae58d-3219-4007-8b87-7ac2d42cf35d tempest-ServersNegativeTestJSON-1126330247 tempest-ServersNegativeTestJSON-1126330247-project-member] Lock "599bc17d-bf21-47f9-88d0-37073305dd32" "released" by "nova.context.set_target_cell..get_or_set_cached_cell_and_set_connections" :: held 0.000s {{(pid=95808) inner /opt/stack/data/venv/lib/python3.12/site-packages/oslo_concurrency/lockutils.py:543}}
Jun 18 04:56:28.295125 np0000003110 nova-scheduler[95808]: DEBUG oslo_concurrency.lockutils [None req-109ae58d-3219-4007-8b87-7ac2d42cf35d tempest-ServersNegativeTestJSON-1126330247 tempest-ServersNegativeTestJSON-1126330247-project-member] Acquiring lock "('np0000003110', 'np0000003110')" by "nova.scheduler.host_manager.HostState.update.._locked_update" {{(pid=95808) inner /opt/stack/data/venv/lib/python3.12/site-packages/oslo_concurrency/lockutils.py:511}}
Jun 18 04:56:28.295125 np0000003110 nova-scheduler[95808]: DEBUG oslo_concurrency.lockutils [None req-109ae58d-3219-4007-8b87-7ac2d42cf35d tempest-ServersNegativeTestJSON-1126330247 tempest-ServersNegativeTestJSON-1126330247-project-member] Lock "('np0000003110', 'np0000003110')" acquired by "nova.scheduler.host_manager.HostState.update.._locked_update" :: waited 0.000s {{(pid=95808) inner /opt/stack/data/venv/lib/python3.12/site-packages/oslo_concurrency/lockutils.py:524}}
Jun 18 04:56:28.295338 np0000003110 nova-scheduler[95808]: DEBUG nova.scheduler.host_manager [None req-109ae58d-3219-4007-8b87-7ac2d42cf35d tempest-ServersNegativeTestJSON-1126330247 tempest-ServersNegativeTestJSON-1126330247-project-member] Update host state from compute node: ComputeNode(cpu_allocation_ratio=4.0,cpu_info='{"arch": "x86_64", "model": "EPYC-Milan", "vendor": "AMD", "topology": {"cells": 1, "sockets": 12, "cores": 1, "threads": 1}, "maxphysaddr": {"mode": "emulate", "bits": 40}, "features": ["avx", "fxsr", "rdrand", "pge", "fxsr_opt", "popcnt", "avx2", "cmov", "invpcid", "amd-psfd", "sse4a", "cr8legacy", "fpu", "pause-filter", "arch-capabilities", "nrip-save", "pni", "sep", "cx16", "ibpb", "movbe", "misalignsse", "bmi2", "bmi1", "lbrv", "v-vmsave-vmload", "pat", "fma", "vgif", "vme", "null-sel-clr-base", "vpclmulqdq", "cmp_legacy", "xgetbv1", "xsaveerptr", "sse2", "nx", "mca", "x2apic", "pku", "de", "pse", "stibp-always-on", "virt-ssbd", "rdctl-no", "mce", "sha-ni", "tsc", "stibp", "flushbyasid", "sse4.2", "umip", "osvw", "pse36", "erms", "amd-stibp", "vmcb-clean", "pfthreshold", "pschange-mc-no", "amd-ssbd", "npt", "f16c", "clwb", "pcid", "sse", "lahf_lm", "skip-l1dfl-vmentry", "mtrr", "apic", "topoext", "smep", "pae", "xsavec", "3dnowprefetch", "perfctr_core", "syscall", "abm", "rdseed", "tsc-scale", "aes", "xsave", "xsaves", "pclmuldq", "mmx", "mmxext", "tsc-deadline", "clflush", "tsc_adjust", "no-nested-data-bp", "ssbd", "xsaveopt", "clflushopt", "msr", "lm", "gds-no", "ibrs", "sse4.1", "cx8", "pdpe1gb", "fsgsbase", "lfence-always-serializing", "svm", "vaes", "svme-addr-chk", "wbnoinvd", "rdpid", "hypervisor", "spec-ctrl", "mds-no", "fsrm", "rdtscp", "ssse3", "clzero", "arat", "smap", "adx"]}',created_at=2026-06-18T04:54:05Z,current_workload=0,deleted=False,deleted_at=None,disk_allocation_ratio=1.0,disk_available_least=74,free_disk_gb=95,free_ram_mb=23518,host='np0000003110',host_ip=10.4.3.123,hypervisor_hostname='np0000003110',hypervisor_type='QEMU',hypervisor_version=8002002,id=1,local_gb=95,local_gb_used=0,mapped=1,memory_mb=24030,memory_mb_used=512,metrics='[]',numa_topology='{"nova_object.name": "NUMATopology", "nova_object.namespace": "nova", "nova_object.version": "1.2", "nova_object.data": {"cells": [{"nova_object.name": "NUMACell", "nova_object.namespace": "nova", "nova_object.version": "1.5", "nova_object.data": {"id": 0, "cpuset": [0, 1, 2, 3, 4, 5, 6, 7, 8, 9, 10, 11], "pcpuset": [0, 1, 2, 3, 4, 5, 6, 7, 8, 9, 10, 11], "memory": 24030, "cpu_usage": 0, "memory_usage": 0, "pinned_cpus": [], "siblings": [[6], [2], [5], [11], [8], [4], [1], [7], [10], [0], [3], [9]], "mempages": [{"nova_object.name": "NUMAPagesTopology", "nova_object.namespace": "nova", "nova_object.version": "1.1", "nova_object.data": {"size_kb": 4, "total": 6151797, "used": 0, "reserved": 0}, "nova_object.changes": ["reserved", "total", "size_kb", "used"]}, {"nova_object.name": "NUMAPagesTopology", "nova_object.namespace": "nova", "nova_object.version": "1.1", "nova_object.data": {"size_kb": 2048, "total": 0, "used": 0, "reserved": 0}, "nova_object.changes": ["reserved", "total", "size_kb", "used"]}, {"nova_object.name": "NUMAPagesTopology", "nova_object.namespace": "nova", "nova_object.version": "1.1", "nova_object.data": {"size_kb": 1048576, "total": 0, "used": 0, "reserved": 0}, "nova_object.changes": ["reserved", "total", "size_kb", "used"]}], "network_metadata": {"nova_object.name": "NetworkMetadata", "nova_object.namespace": "nova", "nova_object.version": "1.0", "nova_object.data": {"physnets": [], "tunneled": false}, "nova_object.changes": ["physnets", "tunneled"]}, "socket": null}, "nova_object.changes": ["pcpuset", "cpuset", "cpu_usage", "socket", "mempages", "network_metadata", "pinned_cpus", "memory_usage", "memory", "id", "siblings"]}]}, "nova_object.changes": ["cells"]}',pci_device_pools=PciDevicePoolList,ram_allocation_ratio=1.0,running_vms=0,service_id=2,stats={failed_builds='0',uptime=' 04:55:50 up 25 min, 2 users, load average: 1.25, 1.41, 0.81
Jun 18 04:56:28.295338 np0000003110 nova-scheduler[95808]: '},supported_hv_specs=[HVSpec,HVSpec,HVSpec,HVSpec,HVSpec,HVSpec,HVSpec,HVSpec,HVSpec,HVSpec,HVSpec,HVSpec,HVSpec,HVSpec,HVSpec,HVSpec,HVSpec,HVSpec,HVSpec,HVSpec,HVSpec,HVSpec,HVSpec,HVSpec,HVSpec],updated_at=2026-06-18T04:55:52Z,uuid=af5b2c52-f9a1-416a-afb9-ffad95b17f65,vcpus=12,vcpus_used=0) {{(pid=95808) _locked_update /opt/stack/nova/nova/scheduler/host_manager.py:168}}
Jun 18 04:56:28.295979 np0000003110 nova-scheduler[95808]: DEBUG nova.scheduler.host_manager [None req-109ae58d-3219-4007-8b87-7ac2d42cf35d tempest-ServersNegativeTestJSON-1126330247 tempest-ServersNegativeTestJSON-1126330247-project-member] Update host state with aggregates: [] {{(pid=95808) _locked_update /opt/stack/nova/nova/scheduler/host_manager.py:171}}
Jun 18 04:56:28.296135 np0000003110 nova-scheduler[95808]: DEBUG nova.scheduler.host_manager [None req-109ae58d-3219-4007-8b87-7ac2d42cf35d tempest-ServersNegativeTestJSON-1126330247 tempest-ServersNegativeTestJSON-1126330247-project-member] Update host state with service dict: {'id': 2, 'uuid': '543cf1f6-d4e7-45ea-898f-aed28cf3d301', 'host': 'np0000003110', 'binary': 'nova-compute', 'topic': 'compute', 'report_count': 2, 'disabled': False, 'disabled_reason': None, 'last_seen_up': datetime.datetime(2026, 6, 18, 4, 56, 13, tzinfo=datetime.timezone.utc), 'forced_down': False, 'version': 72, 'created_at': datetime.datetime(2026, 6, 18, 4, 54, 3, tzinfo=datetime.timezone.utc), 'updated_at': datetime.datetime(2026, 6, 18, 4, 56, 13, tzinfo=datetime.timezone.utc), 'deleted_at': None, 'deleted': False} {{(pid=95808) _locked_update /opt/stack/nova/nova/scheduler/host_manager.py:174}}
Jun 18 04:56:28.296296 np0000003110 nova-scheduler[95808]: DEBUG nova.scheduler.host_manager [None req-109ae58d-3219-4007-8b87-7ac2d42cf35d tempest-ServersNegativeTestJSON-1126330247 tempest-ServersNegativeTestJSON-1126330247-project-member] Update host state with instances: [] {{(pid=95808) _locked_update /opt/stack/nova/nova/scheduler/host_manager.py:177}}
Jun 18 04:56:28.296514 np0000003110 nova-scheduler[95808]: DEBUG oslo_concurrency.lockutils [None req-109ae58d-3219-4007-8b87-7ac2d42cf35d tempest-ServersNegativeTestJSON-1126330247 tempest-ServersNegativeTestJSON-1126330247-project-member] Lock "('np0000003110', 'np0000003110')" "released" by "nova.scheduler.host_manager.HostState.update.._locked_update" :: held 0.003s {{(pid=95808) inner /opt/stack/data/venv/lib/python3.12/site-packages/oslo_concurrency/lockutils.py:543}}
Jun 18 04:56:28.297174 np0000003110 nova-scheduler[95808]: DEBUG nova.filters [None req-109ae58d-3219-4007-8b87-7ac2d42cf35d tempest-ServersNegativeTestJSON-1126330247 tempest-ServersNegativeTestJSON-1126330247-project-member] Starting with 1 host(s) {{(pid=95808) get_filtered_objects /opt/stack/nova/nova/filters.py:70}}
Jun 18 04:56:28.297540 np0000003110 nova-scheduler[95808]: DEBUG nova.filters [None req-109ae58d-3219-4007-8b87-7ac2d42cf35d tempest-ServersNegativeTestJSON-1126330247 tempest-ServersNegativeTestJSON-1126330247-project-member] Filter ComputeFilter returned 1 host(s) {{(pid=95808) get_filtered_objects /opt/stack/nova/nova/filters.py:102}}
Jun 18 04:56:28.297783 np0000003110 nova-scheduler[95808]: DEBUG nova.filters [None req-109ae58d-3219-4007-8b87-7ac2d42cf35d tempest-ServersNegativeTestJSON-1126330247 tempest-ServersNegativeTestJSON-1126330247-project-member] Filter ComputeCapabilitiesFilter returned 1 host(s) {{(pid=95808) get_filtered_objects /opt/stack/nova/nova/filters.py:102}}
Jun 18 04:56:28.298093 np0000003110 nova-scheduler[95808]: DEBUG nova.filters [None req-109ae58d-3219-4007-8b87-7ac2d42cf35d tempest-ServersNegativeTestJSON-1126330247 tempest-ServersNegativeTestJSON-1126330247-project-member] Filter ImagePropertiesFilter returned 1 host(s) {{(pid=95808) get_filtered_objects /opt/stack/nova/nova/filters.py:102}}
Jun 18 04:56:28.298287 np0000003110 nova-scheduler[95808]: DEBUG nova.filters [None req-109ae58d-3219-4007-8b87-7ac2d42cf35d tempest-ServersNegativeTestJSON-1126330247 tempest-ServersNegativeTestJSON-1126330247-project-member] Filter ServerGroupAntiAffinityFilter returned 1 host(s) {{(pid=95808) get_filtered_objects /opt/stack/nova/nova/filters.py:102}}
Jun 18 04:56:28.299984 np0000003110 nova-scheduler[95808]: DEBUG nova.filters [None req-109ae58d-3219-4007-8b87-7ac2d42cf35d tempest-ServersNegativeTestJSON-1126330247 tempest-ServersNegativeTestJSON-1126330247-project-member] Filter ServerGroupAffinityFilter returned 1 host(s) {{(pid=95808) get_filtered_objects /opt/stack/nova/nova/filters.py:102}}
Jun 18 04:56:28.299984 np0000003110 nova-scheduler[95808]: DEBUG nova.filters [None req-109ae58d-3219-4007-8b87-7ac2d42cf35d tempest-ServersNegativeTestJSON-1126330247 tempest-ServersNegativeTestJSON-1126330247-project-member] Filter SameHostFilter returned 1 host(s) {{(pid=95808) get_filtered_objects /opt/stack/nova/nova/filters.py:102}}
Jun 18 04:56:28.299984 np0000003110 nova-scheduler[95808]: DEBUG nova.filters [None req-109ae58d-3219-4007-8b87-7ac2d42cf35d tempest-ServersNegativeTestJSON-1126330247 tempest-ServersNegativeTestJSON-1126330247-project-member] Filter DifferentHostFilter returned 1 host(s) {{(pid=95808) get_filtered_objects /opt/stack/nova/nova/filters.py:102}}
Jun 18 04:56:28.299984 np0000003110 nova-scheduler[95808]: DEBUG nova.scheduler.manager [None req-109ae58d-3219-4007-8b87-7ac2d42cf35d tempest-ServersNegativeTestJSON-1126330247 tempest-ServersNegativeTestJSON-1126330247-project-member] Filtered [(np0000003110, np0000003110) ram: 23518MB disk: 75776MB io_ops: 0 instances: 0, allocation_candidates: 1] {{(pid=95808) _get_sorted_hosts /opt/stack/nova/nova/scheduler/manager.py:743}}
Jun 18 04:56:28.299984 np0000003110 nova-scheduler[95808]: DEBUG nova.scheduler.manager [None req-109ae58d-3219-4007-8b87-7ac2d42cf35d tempest-ServersNegativeTestJSON-1126330247 tempest-ServersNegativeTestJSON-1126330247-project-member] Weighed [WeighedHost [host: (np0000003110, np0000003110) ram: 23518MB disk: 75776MB io_ops: 0 instances: 0, allocation_candidates: 1, weight: 0.0]] {{(pid=95808) _get_sorted_hosts /opt/stack/nova/nova/scheduler/manager.py:765}}
Jun 18 04:56:28.299984 np0000003110 nova-scheduler[95808]: DEBUG nova.scheduler.utils [None req-109ae58d-3219-4007-8b87-7ac2d42cf35d tempest-ServersNegativeTestJSON-1126330247 tempest-ServersNegativeTestJSON-1126330247-project-member] Attempting to claim resources in the placement API for instance 3447782c-8d3b-4ee1-ae90-df3375c20089 {{(pid=95808) claim_resources /opt/stack/nova/nova/scheduler/utils.py:1345}}
Jun 18 04:56:28.524755 np0000003110 nova-scheduler[95808]: DEBUG nova.scheduler.manager [None req-109ae58d-3219-4007-8b87-7ac2d42cf35d tempest-ServersNegativeTestJSON-1126330247 tempest-ServersNegativeTestJSON-1126330247-project-member] [instance: 3447782c-8d3b-4ee1-ae90-df3375c20089] Selected host: (np0000003110, np0000003110) ram: 23518MB disk: 75776MB io_ops: 0 instances: 0, allocation_candidates: 1 {{(pid=95808) _consume_selected_host /opt/stack/nova/nova/scheduler/manager.py:625}}
Jun 18 04:56:28.528703 np0000003110 nova-scheduler[95808]: DEBUG oslo_concurrency.lockutils [None req-109ae58d-3219-4007-8b87-7ac2d42cf35d tempest-ServersNegativeTestJSON-1126330247 tempest-ServersNegativeTestJSON-1126330247-project-member] Acquiring lock "('np0000003110', 'np0000003110')" by "nova.scheduler.host_manager.HostState.consume_from_request.._locked" {{(pid=95808) inner /opt/stack/data/venv/lib/python3.12/site-packages/oslo_concurrency/lockutils.py:511}}
Jun 18 04:56:28.529384 np0000003110 nova-scheduler[95808]: DEBUG oslo_concurrency.lockutils [None req-109ae58d-3219-4007-8b87-7ac2d42cf35d tempest-ServersNegativeTestJSON-1126330247 tempest-ServersNegativeTestJSON-1126330247-project-member] Lock "('np0000003110', 'np0000003110')" acquired by "nova.scheduler.host_manager.HostState.consume_from_request.._locked" :: waited 0.004s {{(pid=95808) inner /opt/stack/data/venv/lib/python3.12/site-packages/oslo_concurrency/lockutils.py:524}}
Jun 18 04:56:28.529384 np0000003110 nova-scheduler[95808]: DEBUG oslo_concurrency.lockutils [None req-109ae58d-3219-4007-8b87-7ac2d42cf35d tempest-ServersNegativeTestJSON-1126330247 tempest-ServersNegativeTestJSON-1126330247-project-member] Lock "('np0000003110', 'np0000003110')" "released" by "nova.scheduler.host_manager.HostState.consume_from_request.._locked" :: held 0.000s {{(pid=95808) inner /opt/stack/data/venv/lib/python3.12/site-packages/oslo_concurrency/lockutils.py:543}}
Jun 18 04:56:29.953196 np0000003110 nova-scheduler[95817]: DEBUG nova.scheduler.manager [None req-2c4b306d-9d67-4b86-9482-559dd8ae25ed tempest-AttachVolumeShelveTestJSON-1998891017 tempest-AttachVolumeShelveTestJSON-1998891017-project-member] Starting to schedule for instances: ['a7e823fc-3ec9-4b43-9e8b-b35394f3c7b3'] {{(pid=95817) select_destinations /opt/stack/nova/nova/scheduler/manager.py:210}}
Jun 18 04:56:29.954475 np0000003110 nova-scheduler[95817]: DEBUG nova.scheduler.request_filter [None req-2c4b306d-9d67-4b86-9482-559dd8ae25ed tempest-AttachVolumeShelveTestJSON-1998891017 tempest-AttachVolumeShelveTestJSON-1998891017-project-member] compute_status_filter request filter added forbidden trait COMPUTE_STATUS_DISABLED {{(pid=95817) compute_status_filter /opt/stack/nova/nova/scheduler/request_filter.py:253}}
Jun 18 04:56:29.954688 np0000003110 nova-scheduler[95817]: DEBUG nova.scheduler.request_filter [None req-2c4b306d-9d67-4b86-9482-559dd8ae25ed tempest-AttachVolumeShelveTestJSON-1998891017 tempest-AttachVolumeShelveTestJSON-1998891017-project-member] Request filter 'compute_status_filter' took 0.0 seconds {{(pid=95817) wrapper /opt/stack/nova/nova/scheduler/request_filter.py:46}}
Jun 18 04:56:29.955108 np0000003110 nova-scheduler[95817]: DEBUG nova.scheduler.request_filter [None req-2c4b306d-9d67-4b86-9482-559dd8ae25ed tempest-AttachVolumeShelveTestJSON-1998891017 tempest-AttachVolumeShelveTestJSON-1998891017-project-member] Request filter 'accelerators_filter' took 0.0 seconds {{(pid=95817) wrapper /opt/stack/nova/nova/scheduler/request_filter.py:46}}
Jun 18 04:56:29.955295 np0000003110 nova-scheduler[95817]: DEBUG nova.scheduler.request_filter [None req-2c4b306d-9d67-4b86-9482-559dd8ae25ed tempest-AttachVolumeShelveTestJSON-1998891017 tempest-AttachVolumeShelveTestJSON-1998891017-project-member] Request filter 'packed_virtqueue_filter' took 0.0 seconds {{(pid=95817) wrapper /opt/stack/nova/nova/scheduler/request_filter.py:46}}
Jun 18 04:56:29.955673 np0000003110 nova-scheduler[95817]: DEBUG nova.scheduler.request_filter [None req-2c4b306d-9d67-4b86-9482-559dd8ae25ed tempest-AttachVolumeShelveTestJSON-1998891017 tempest-AttachVolumeShelveTestJSON-1998891017-project-member] Request filter 'remote_managed_ports_filter' took 0.0 seconds {{(pid=95817) wrapper /opt/stack/nova/nova/scheduler/request_filter.py:46}}
Jun 18 04:56:29.955886 np0000003110 nova-scheduler[95817]: DEBUG nova.scheduler.request_filter [None req-2c4b306d-9d67-4b86-9482-559dd8ae25ed tempest-AttachVolumeShelveTestJSON-1998891017 tempest-AttachVolumeShelveTestJSON-1998891017-project-member] ephemeral_encryption_filter skipped {{(pid=95817) ephemeral_encryption_filter /opt/stack/nova/nova/scheduler/request_filter.py:426}}
Jun 18 04:56:29.956039 np0000003110 nova-scheduler[95817]: DEBUG nova.scheduler.request_filter [None req-2c4b306d-9d67-4b86-9482-559dd8ae25ed tempest-AttachVolumeShelveTestJSON-1998891017 tempest-AttachVolumeShelveTestJSON-1998891017-project-member] virtio_sound_filter skipped {{(pid=95817) virtio_sound_filter /opt/stack/nova/nova/scheduler/request_filter.py:460}}
Jun 18 04:56:29.956579 np0000003110 nova-scheduler[95817]: DEBUG nova.scheduler.request_filter [None req-2c4b306d-9d67-4b86-9482-559dd8ae25ed tempest-AttachVolumeShelveTestJSON-1998891017 tempest-AttachVolumeShelveTestJSON-1998891017-project-member] tpm_secret_security_filter skipped {{(pid=95817) tpm_secret_security_filter /opt/stack/nova/nova/scheduler/request_filter.py:477}}
Jun 18 04:56:30.096333 np0000003110 nova-scheduler[95817]: INFO nova.utils [None req-2c4b306d-9d67-4b86-9482-559dd8ae25ed tempest-AttachVolumeShelveTestJSON-1998891017 tempest-AttachVolumeShelveTestJSON-1998891017-project-member] The cell worker thread pool ForkProcess-3.cell_worker is initialized
Jun 18 04:56:30.096333 np0000003110 nova-scheduler[95817]: DEBUG oslo_concurrency.lockutils [None req-2c4b306d-9d67-4b86-9482-559dd8ae25ed tempest-AttachVolumeShelveTestJSON-1998891017 tempest-AttachVolumeShelveTestJSON-1998891017-project-member] Acquiring lock "599bc17d-bf21-47f9-88d0-37073305dd32" by "nova.context.set_target_cell..get_or_set_cached_cell_and_set_connections" {{(pid=95817) inner /opt/stack/data/venv/lib/python3.12/site-packages/oslo_concurrency/lockutils.py:511}}
Jun 18 04:56:30.098008 np0000003110 nova-scheduler[95817]: DEBUG oslo_concurrency.lockutils [None req-2c4b306d-9d67-4b86-9482-559dd8ae25ed tempest-AttachVolumeShelveTestJSON-1998891017 tempest-AttachVolumeShelveTestJSON-1998891017-project-member] Lock "599bc17d-bf21-47f9-88d0-37073305dd32" acquired by "nova.context.set_target_cell..get_or_set_cached_cell_and_set_connections" :: waited 0.000s {{(pid=95817) inner /opt/stack/data/venv/lib/python3.12/site-packages/oslo_concurrency/lockutils.py:524}}
Jun 18 04:56:30.098968 np0000003110 nova-scheduler[95817]: DEBUG oslo_concurrency.lockutils [None req-2c4b306d-9d67-4b86-9482-559dd8ae25ed tempest-AttachVolumeShelveTestJSON-1998891017 tempest-AttachVolumeShelveTestJSON-1998891017-project-member] Lock "599bc17d-bf21-47f9-88d0-37073305dd32" "released" by "nova.context.set_target_cell..get_or_set_cached_cell_and_set_connections" :: held 0.002s {{(pid=95817) inner /opt/stack/data/venv/lib/python3.12/site-packages/oslo_concurrency/lockutils.py:543}}
Jun 18 04:56:30.105147 np0000003110 nova-scheduler[95817]: INFO dbcounter [None req-2c4b306d-9d67-4b86-9482-559dd8ae25ed tempest-AttachVolumeShelveTestJSON-1998891017 tempest-AttachVolumeShelveTestJSON-1998891017-project-member] Registered counter for database nova_cell1
Jun 18 04:56:30.149580 np0000003110 nova-scheduler[95817]: DEBUG oslo_db.sqlalchemy.engines [None req-2c4b306d-9d67-4b86-9482-559dd8ae25ed tempest-AttachVolumeShelveTestJSON-1998891017 tempest-AttachVolumeShelveTestJSON-1998891017-project-member] MySQL server mode set to STRICT_TRANS_TABLES,STRICT_ALL_TABLES,NO_ZERO_IN_DATE,NO_ZERO_DATE,ERROR_FOR_DIVISION_BY_ZERO,TRADITIONAL,NO_ENGINE_SUBSTITUTION {{(pid=95817) _check_effective_sql_mode /opt/stack/data/venv/lib/python3.12/site-packages/oslo_db/sqlalchemy/engines.py:325}}
Jun 18 04:56:30.157835 np0000003110 nova-scheduler[95817]: DEBUG dbcounter [-] [95817] Writer thread running {{(pid=95817) stat_writer /opt/stack/data/venv/lib/python3.12/site-packages/dbcounter.py:102}}
Jun 18 04:56:30.231473 np0000003110 nova-scheduler[95817]: DEBUG dbcounter [-] [95817] Writer thread running {{(pid=95817) stat_writer /opt/stack/data/venv/lib/python3.12/site-packages/dbcounter.py:102}}
Jun 18 04:56:30.235153 np0000003110 nova-scheduler[95817]: DEBUG oslo_concurrency.lockutils [None req-2c4b306d-9d67-4b86-9482-559dd8ae25ed tempest-AttachVolumeShelveTestJSON-1998891017 tempest-AttachVolumeShelveTestJSON-1998891017-project-member] Acquiring lock "599bc17d-bf21-47f9-88d0-37073305dd32" by "nova.context.set_target_cell..get_or_set_cached_cell_and_set_connections" {{(pid=95817) inner /opt/stack/data/venv/lib/python3.12/site-packages/oslo_concurrency/lockutils.py:511}}
Jun 18 04:56:30.235349 np0000003110 nova-scheduler[95817]: DEBUG oslo_concurrency.lockutils [None req-2c4b306d-9d67-4b86-9482-559dd8ae25ed tempest-AttachVolumeShelveTestJSON-1998891017 tempest-AttachVolumeShelveTestJSON-1998891017-project-member] Lock "599bc17d-bf21-47f9-88d0-37073305dd32" acquired by "nova.context.set_target_cell..get_or_set_cached_cell_and_set_connections" :: waited 0.000s {{(pid=95817) inner /opt/stack/data/venv/lib/python3.12/site-packages/oslo_concurrency/lockutils.py:524}}
Jun 18 04:56:30.235675 np0000003110 nova-scheduler[95817]: DEBUG oslo_concurrency.lockutils [None req-2c4b306d-9d67-4b86-9482-559dd8ae25ed tempest-AttachVolumeShelveTestJSON-1998891017 tempest-AttachVolumeShelveTestJSON-1998891017-project-member] Lock "599bc17d-bf21-47f9-88d0-37073305dd32" "released" by "nova.context.set_target_cell..get_or_set_cached_cell_and_set_connections" :: held 0.000s {{(pid=95817) inner /opt/stack/data/venv/lib/python3.12/site-packages/oslo_concurrency/lockutils.py:543}}
Jun 18 04:56:30.241079 np0000003110 nova-scheduler[95817]: DEBUG oslo_concurrency.lockutils [None req-2c4b306d-9d67-4b86-9482-559dd8ae25ed tempest-AttachVolumeShelveTestJSON-1998891017 tempest-AttachVolumeShelveTestJSON-1998891017-project-member] Acquiring lock "('np0000003110', 'np0000003110')" by "nova.scheduler.host_manager.HostState.update.._locked_update" {{(pid=95817) inner /opt/stack/data/venv/lib/python3.12/site-packages/oslo_concurrency/lockutils.py:511}}
