Jul 24 05:52:06.188007 np0000005810 devstack@neutron-api.service[90742]: DEBUG neutron.api.extensions [None req-2b16178c-13f1-4bc4-8d20-9a84b75d1edf None None] Ext name="Tag support for resources with standard attribute: port, subnet, subnetpool, network, security_group, router, floatingip, policy, trunk, network_segment_range" alias="standard-attr-tag" description="Enables to set tag on resources with standard attribute." updated="2017-01-01T00:00:00-00:00" {{(pid=90742) _check_extension /opt/stack/neutron/neutron/api/extensions.py:415}}
Jul 24 05:52:06.188007 np0000005810 devstack@neutron-api.service[90742]: INFO neutron.api.extensions [None req-2b16178c-13f1-4bc4-8d20-9a84b75d1edf None None] Loaded extension: standard-attr-tag
Jul 24 05:52:06.188007 np0000005810 devstack@neutron-api.service[90742]: DEBUG neutron.api.extensions [None req-2b16178c-13f1-4bc4-8d20-9a84b75d1edf None None] Loading extension file: timestamp.py {{(pid=90742) _load_all_extensions_from_path /opt/stack/neutron/neutron/api/extensions.py:449}}
Jul 24 05:52:06.188145 np0000005810 devstack@neutron-api.service[90744]: DEBUG neutron.api.extensions [None req-45044b9d-3385-4bc6-88d2-6117f3019e95 None None] Extended resource: routers {{(pid=90744) __init__ /opt/stack/neutron/neutron/api/extensions.py:156}}
Jul 24 05:52:06.188233 np0000005810 devstack@neutron-api.service[90742]: DEBUG neutron.api.extensions [None req-2b16178c-13f1-4bc4-8d20-9a84b75d1edf None None] Ext name="Resource timestamps" alias="standard-attr-timestamp" description="Adds created_at and updated_at fields to all Neutron resources that have Neutron standard attributes." updated="2016-09-12T10:00:00-00:00" {{(pid=90742) _check_extension /opt/stack/neutron/neutron/api/extensions.py:415}}
Jul 24 05:52:06.188233 np0000005810 devstack@neutron-api.service[90742]: INFO neutron.api.extensions [None req-2b16178c-13f1-4bc4-8d20-9a84b75d1edf None None] Loaded extension: standard-attr-timestamp
Jul 24 05:52:06.188233 np0000005810 devstack@neutron-api.service[90742]: DEBUG neutron.api.extensions [None req-2b16178c-13f1-4bc4-8d20-9a84b75d1edf None None] Loading extension file: trunk.py {{(pid=90742) _load_all_extensions_from_path /opt/stack/neutron/neutron/api/extensions.py:449}}
Jul 24 05:52:06.188233 np0000005810 devstack@neutron-api.service[90742]: DEBUG neutron.api.extensions [None req-2b16178c-13f1-4bc4-8d20-9a84b75d1edf None None] Ext name="Trunk Extension" alias="trunk" description="Provides support for trunk ports" updated="2016-01-01T10:00:00-00:00" {{(pid=90742) _check_extension /opt/stack/neutron/neutron/api/extensions.py:415}}
Jul 24 05:52:06.188233 np0000005810 devstack@neutron-api.service[90742]: INFO neutron.api.extensions [None req-2b16178c-13f1-4bc4-8d20-9a84b75d1edf None None] Extension trunk not supported by any of loaded plugins
Jul 24 05:52:06.188233 np0000005810 devstack@neutron-api.service[90742]: DEBUG neutron.api.extensions [None req-2b16178c-13f1-4bc4-8d20-9a84b75d1edf None None] Loading extension file: trunk_details.py {{(pid=90742) _load_all_extensions_from_path /opt/stack/neutron/neutron/api/extensions.py:449}}
Jul 24 05:52:06.188402 np0000005810 devstack@neutron-api.service[90741]: DEBUG neutron_lib.callbacks.manager [None req-36b51942-355c-447a-9c14-f216a64f6e65 None None] Publish callbacks ['neutron.plugins.ml2.drivers.ovn.mech_driver.mech_driver.OVNMechanismDriver.pre_fork_initialize-4155958'] for process (None), before_spawn {{(pid=90741) _notify_loop /opt/stack/data/venv/lib/python3.12/site-packages/neutron_lib/callbacks/manager.py:184}}
Jul 24 05:52:06.188467 np0000005810 devstack@neutron-api.service[90742]: DEBUG neutron.api.extensions [None req-2b16178c-13f1-4bc4-8d20-9a84b75d1edf None None] Ext name="Trunk port details" alias="trunk-details" description="Expose trunk port details" updated="2016-01-01T10:00:00-00:00" {{(pid=90742) _check_extension /opt/stack/neutron/neutron/api/extensions.py:415}}
Jul 24 05:52:06.188524 np0000005810 devstack@neutron-api.service[90744]: DEBUG neutron.api.extensions [None req-45044b9d-3385-4bc6-88d2-6117f3019e95 None None] Extended resource: flavors {{(pid=90744) __init__ /opt/stack/neutron/neutron/api/extensions.py:156}}
Jul 24 05:52:06.188586 np0000005810 devstack@neutron-api.service[90742]: INFO neutron.api.extensions [None req-2b16178c-13f1-4bc4-8d20-9a84b75d1edf None None] Extension trunk-details not supported by any of loaded plugins
Jul 24 05:52:06.188586 np0000005810 devstack@neutron-api.service[90742]: DEBUG neutron.api.extensions [None req-2b16178c-13f1-4bc4-8d20-9a84b75d1edf None None] Loading extension file: uplink_status_propagation.py {{(pid=90742) _load_all_extensions_from_path /opt/stack/neutron/neutron/api/extensions.py:449}}
Jul 24 05:52:06.188664 np0000005810 devstack@neutron-api.service[90741]: DEBUG oslo_concurrency.processutils [None req-36b51942-355c-447a-9c14-f216a64f6e65 None None] Running cmd (subprocess): ovsdb-client transact ssl:10.4.3.200:6641 --timeout 180 -p /opt/stack/data/CA/int-ca/private/devstack-cert.key -c /opt/stack/data/CA/int-ca/devstack-cert.crt -C /opt/stack/data/CA/int-ca/ca-chain.pem ["OVN_Northbound", {"op": "wait", "timeout": 0, "table": "Port_Group", "where": [["name", "==", "neutron_pg_drop"]], "until": "==", "rows": []}, {"op": "insert", "table": "ACL", "row": {"action": "drop", "direction": "to-lport", "match": "outport == @neutron_pg_drop && ip", "priority": 1001}, "uuid-name": "droptoport"}, {"op": "insert", "table": "ACL", "row": {"action": "drop", "direction": "from-lport", "match": "inport == @neutron_pg_drop && ip", "priority": 1001}, "uuid-name": "dropfromport"}, {"op": "insert", "table": "Port_Group", "row": {"name": "neutron_pg_drop", "acls": ["set", [["named-uuid", "droptoport"], ["named-uuid", "dropfromport"]]]}}] {{(pid=90741) execute /opt/stack/data/venv/lib/python3.12/site-packages/oslo_concurrency/processutils.py:440}}
Jul 24 05:52:06.188790 np0000005810 devstack@neutron-api.service[90742]: DEBUG neutron.api.extensions [None req-2b16178c-13f1-4bc4-8d20-9a84b75d1edf None None] Ext name="Uplink status propagation extension" alias="uplink-status-propagation" description="Provides ability to propagate port uplink status." updated="2018-05-31T18:00:00-00:00" {{(pid=90742) _check_extension /opt/stack/neutron/neutron/api/extensions.py:415}}
Jul 24 05:52:06.188790 np0000005810 devstack@neutron-api.service[90742]: INFO neutron.api.extensions [None req-2b16178c-13f1-4bc4-8d20-9a84b75d1edf None None] Extension uplink-status-propagation not supported by any of loaded plugins
Jul 24 05:52:06.188790 np0000005810 devstack@neutron-api.service[90742]: DEBUG neutron.api.extensions [None req-2b16178c-13f1-4bc4-8d20-9a84b75d1edf None None] Loading extension file: uplink_status_propagation_updatable.py {{(pid=90742) _load_all_extensions_from_path /opt/stack/neutron/neutron/api/extensions.py:449}}
Jul 24 05:52:06.188986 np0000005810 devstack@neutron-api.service[90744]: DEBUG neutron.api.extensions [None req-45044b9d-3385-4bc6-88d2-6117f3019e95 None None] Extended resource: service_profiles {{(pid=90744) __init__ /opt/stack/neutron/neutron/api/extensions.py:156}}
Jul 24 05:52:06.189046 np0000005810 devstack@neutron-api.service[90742]: DEBUG neutron.api.extensions [None req-2b16178c-13f1-4bc4-8d20-9a84b75d1edf None None] Ext name="Uplink status propagation updatable extension" alias="uplink-status-propagation-updatable" description="Provides ability to update the port uplink status." updated="2024-09-03T18:00:00-00:00" {{(pid=90742) _check_extension /opt/stack/neutron/neutron/api/extensions.py:415}}
Jul 24 05:52:06.189046 np0000005810 devstack@neutron-api.service[90742]: INFO neutron.api.extensions [None req-2b16178c-13f1-4bc4-8d20-9a84b75d1edf None None] Extension uplink-status-propagation-updatable not supported by any of loaded plugins
Jul 24 05:52:06.189046 np0000005810 devstack@neutron-api.service[90742]: DEBUG neutron.api.extensions [None req-2b16178c-13f1-4bc4-8d20-9a84b75d1edf None None] Loading extension file: vlantransparent.py {{(pid=90742) _load_all_extensions_from_path /opt/stack/neutron/neutron/api/extensions.py:449}}
Jul 24 05:52:06.189149 np0000005810 devstack@neutron-api.service[90744]: DEBUG neutron.api.extensions [None req-45044b9d-3385-4bc6-88d2-6117f3019e95 None None] Extended resource: next_providers {{(pid=90744) __init__ /opt/stack/neutron/neutron/api/extensions.py:156}}
Jul 24 05:52:06.189221 np0000005810 devstack@neutron-api.service[90742]: DEBUG neutron.api.extensions [None req-2b16178c-13f1-4bc4-8d20-9a84b75d1edf None None] Ext name="Vlantransparent" alias="vlan-transparent" description="Provides Vlan Transparent Networks" updated="2015-03-23T09:00:00-00:00" {{(pid=90742) _check_extension /opt/stack/neutron/neutron/api/extensions.py:415}}
Jul 24 05:52:06.189221 np0000005810 devstack@neutron-api.service[90742]: INFO neutron.api.extensions [None req-2b16178c-13f1-4bc4-8d20-9a84b75d1edf None None] Loaded extension: vlan-transparent
Jul 24 05:52:06.189365 np0000005810 devstack@neutron-api.service[90744]: DEBUG neutron.api.extensions [None req-45044b9d-3385-4bc6-88d2-6117f3019e95 None None] Extended resource: service_profiles {{(pid=90744) __init__ /opt/stack/neutron/neutron/api/extensions.py:156}}
Jul 24 05:52:06.189462 np0000005810 devstack@neutron-api.service[90742]: INFO neutron.quota.resource_registry [None req-2b16178c-13f1-4bc4-8d20-9a84b75d1edf None None] Creating instance of TrackedResource for resource:network
Jul 24 05:52:06.189462 np0000005810 devstack@neutron-api.service[90742]: INFO neutron.quota.resource_registry [None req-2b16178c-13f1-4bc4-8d20-9a84b75d1edf None None] Creating instance of TrackedResource for resource:subnet
Jul 24 05:52:06.189462 np0000005810 devstack@neutron-api.service[90742]: INFO neutron.quota.resource_registry [None req-2b16178c-13f1-4bc4-8d20-9a84b75d1edf None None] Creating instance of TrackedResource for resource:subnetpool
Jul 24 05:52:06.189462 np0000005810 devstack@neutron-api.service[90742]: INFO neutron.quota.resource_registry [None req-2b16178c-13f1-4bc4-8d20-9a84b75d1edf None None] Creating instance of TrackedResource for resource:port
Jul 24 05:52:06.189591 np0000005810 devstack@neutron-api.service[90744]: DEBUG neutron.api.extensions [None req-45044b9d-3385-4bc6-88d2-6117f3019e95 None None] Extended resource: floatingip-pools {{(pid=90744) __init__ /opt/stack/neutron/neutron/api/extensions.py:156}}
Jul 24 05:52:06.189591 np0000005810 devstack@neutron-api.service[90744]: DEBUG neutron.api.extensions [None req-45044b9d-3385-4bc6-88d2-6117f3019e95 None None] Extended resource: routers {{(pid=90744) __init__ /opt/stack/neutron/neutron/api/extensions.py:156}}
Jul 24 05:52:06.189691 np0000005810 devstack@neutron-api.service[90742]: INFO neutron.quota.resource_registry [None req-2b16178c-13f1-4bc4-8d20-9a84b75d1edf None None] Creating instance of CountableResource for resource:router_route
Jul 24 05:52:06.189691 np0000005810 devstack@neutron-api.service[90742]: DEBUG neutron.api.v2.resource_helper [None req-2b16178c-13f1-4bc4-8d20-9a84b75d1edf None None] Service L3_ROUTER_NAT assigned prefix: {{(pid=90742) build_resource_info /opt/stack/neutron/neutron/api/v2/resource_helper.py:77}}
Jul 24 05:52:06.189691 np0000005810 devstack@neutron-api.service[90742]: DEBUG neutron.api.v2.resource_helper [None req-2b16178c-13f1-4bc4-8d20-9a84b75d1edf None None] Service FLAVORS assigned prefix: {{(pid=90742) build_resource_info /opt/stack/neutron/neutron/api/v2/resource_helper.py:77}}
Jul 24 05:52:06.189837 np0000005810 devstack@neutron-api.service[90744]: DEBUG neutron.api.extensions [None req-45044b9d-3385-4bc6-88d2-6117f3019e95 None None] Extended resource: floatingips {{(pid=90744) __init__ /opt/stack/neutron/neutron/api/extensions.py:156}}
Jul 24 05:52:06.189918 np0000005810 devstack@neutron-api.service[90742]: DEBUG neutron.api.v2.resource_helper [None req-2b16178c-13f1-4bc4-8d20-9a84b75d1edf None None] Service L3_ROUTER_NAT assigned prefix: {{(pid=90742) build_resource_info /opt/stack/neutron/neutron/api/v2/resource_helper.py:77}}
Jul 24 05:52:06.189976 np0000005810 devstack@neutron-api.service[90744]: DEBUG neutron.api.extensions [None req-45044b9d-3385-4bc6-88d2-6117f3019e95 None None] Extended resource: l3-routers {{(pid=90744) __init__ /opt/stack/neutron/neutron/api/extensions.py:156}}
Jul 24 05:52:06.190032 np0000005810 devstack@neutron-api.service[90742]: DEBUG neutron.api.v2.resource_helper [None req-2b16178c-13f1-4bc4-8d20-9a84b75d1edf None None] Service L3_ROUTER_NAT assigned prefix: {{(pid=90742) build_resource_info /opt/stack/neutron/neutron/api/v2/resource_helper.py:77}}
Jul 24 05:52:06.190032 np0000005810 devstack@neutron-api.service[90742]: INFO neutron.quota.resource_registry [None req-2b16178c-13f1-4bc4-8d20-9a84b75d1edf None None] Creating instance of TrackedResource for resource:router
Jul 24 05:52:06.190032 np0000005810 devstack@neutron-api.service[90742]: INFO neutron.quota.resource_registry [None req-2b16178c-13f1-4bc4-8d20-9a84b75d1edf None None] Creating instance of TrackedResource for resource:floatingip
Jul 24 05:52:06.190118 np0000005810 devstack@neutron-api.service[90744]: DEBUG neutron.api.extensions [None req-45044b9d-3385-4bc6-88d2-6117f3019e95 None None] Extended resource: l3-agents {{(pid=90744) __init__ /opt/stack/neutron/neutron/api/extensions.py:156}}
Jul 24 05:52:06.190118 np0000005810 devstack@neutron-api.service[90744]: DEBUG neutron.api.extensions [None req-45044b9d-3385-4bc6-88d2-6117f3019e95 None None] Extended resource: network-ip-availabilities {{(pid=90744) __init__ /opt/stack/neutron/neutron/api/extensions.py:156}}
Jul 24 05:52:06.190190 np0000005810 devstack@neutron-api.service[90742]: INFO neutron.quota.resource_registry [None req-2b16178c-13f1-4bc4-8d20-9a84b75d1edf None None] Creating instance of CountableResource for resource:rbac_policy
Jul 24 05:52:06.190251 np0000005810 devstack@neutron-api.service[90744]: DEBUG neutron.api.extensions [None req-45044b9d-3385-4bc6-88d2-6117f3019e95 None None] Extended resource: network-ip-availabilities {{(pid=90744) __init__ /opt/stack/neutron/neutron/api/extensions.py:156}}
Jul 24 05:52:06.190306 np0000005810 devstack@neutron-api.service[90742]: INFO neutron.quota.resource_registry [None req-2b16178c-13f1-4bc4-8d20-9a84b75d1edf None None] Creating instance of TrackedResource for resource:security_group
Jul 24 05:52:06.190371 np0000005810 devstack@neutron-api.service[90744]: DEBUG neutron.api.extensions [None req-45044b9d-3385-4bc6-88d2-6117f3019e95 None None] Extended resource: bindings {{(pid=90744) __init__ /opt/stack/neutron/neutron/api/extensions.py:156}}
Jul 24 05:52:06.190433 np0000005810 devstack@neutron-api.service[90742]: INFO neutron.quota.resource_registry [None req-2b16178c-13f1-4bc4-8d20-9a84b75d1edf None None] Creating instance of TrackedResource for resource:security_group_rule
Jul 24 05:52:06.190433 np0000005810 devstack@neutron-api.service[90742]: DEBUG neutron.api.v2.resource_helper [None req-2b16178c-13f1-4bc4-8d20-9a84b75d1edf None None] Service CORE assigned prefix: {{(pid=90742) build_resource_info /opt/stack/neutron/neutron/api/v2/resource_helper.py:77}}
Jul 24 05:52:06.190573 np0000005810 devstack@neutron-api.service[90744]: DEBUG neutron.api.extensions [None req-45044b9d-3385-4bc6-88d2-6117f3019e95 None None] Extended resource: quotas {{(pid=90744) __init__ /opt/stack/neutron/neutron/api/extensions.py:156}}
Jul 24 05:52:06.190694 np0000005810 devstack@neutron-api.service[90742]: INFO neutron.quota.resource_registry [None req-2b16178c-13f1-4bc4-8d20-9a84b75d1edf None None] Creating instance of TrackedResource for resource:subnetpool
Jul 24 05:52:06.190694 np0000005810 devstack@neutron-api.service[90742]: WARNING neutron.quota.resource_registry [None req-2b16178c-13f1-4bc4-8d20-9a84b75d1edf None None] subnetpool is already registered
Jul 24 05:52:06.190694 np0000005810 devstack@neutron-api.service[90742]: DEBUG neutron.api.v2.resource_helper [None req-2b16178c-13f1-4bc4-8d20-9a84b75d1edf None None] Service CORE assigned prefix: {{(pid=90742) build_resource_info /opt/stack/neutron/neutron/api/v2/resource_helper.py:77}}
Jul 24 05:52:06.190694 np0000005810 devstack@neutron-api.service[90742]: INFO neutron.quota.resource_registry [None req-2b16178c-13f1-4bc4-8d20-9a84b75d1edf None None] Creating instance of TrackedResource for resource:subnetpool
Jul 24 05:52:06.190694 np0000005810 devstack@neutron-api.service[90742]: WARNING neutron.quota.resource_registry [None req-2b16178c-13f1-4bc4-8d20-9a84b75d1edf None None] subnetpool is already registered
Jul 24 05:52:06.190889 np0000005810 devstack@neutron-api.service[90744]: DEBUG neutron.api.extensions [None req-45044b9d-3385-4bc6-88d2-6117f3019e95 None None] Extended resource: quotas {{(pid=90744) __init__ /opt/stack/neutron/neutron/api/extensions.py:156}}
Jul 24 05:52:06.190889 np0000005810 devstack@neutron-api.service[90744]: DEBUG neutron.api.extensions [None req-45044b9d-3385-4bc6-88d2-6117f3019e95 None None] Extended resource: rbac-policies {{(pid=90744) __init__ /opt/stack/neutron/neutron/api/extensions.py:156}}
Jul 24 05:52:06.190889 np0000005810 devstack@neutron-api.service[90744]: DEBUG neutron.api.extensions [None req-45044b9d-3385-4bc6-88d2-6117f3019e95 None None] Extended resource: default-security-group-rules {{(pid=90744) __init__ /opt/stack/neutron/neutron/api/extensions.py:156}}
Jul 24 05:52:06.190889 np0000005810 devstack@neutron-api.service[90744]: DEBUG neutron.api.extensions [None req-45044b9d-3385-4bc6-88d2-6117f3019e95 None None] Extended resource: security-groups-default-statefulness {{(pid=90744) __init__ /opt/stack/neutron/neutron/api/extensions.py:156}}
Jul 24 05:52:06.190999 np0000005810 devstack@neutron-api.service[90742]: INFO neutron.quota.resource_registry [None req-2b16178c-13f1-4bc4-8d20-9a84b75d1edf None None] Creating instance of CountableResource for resource:router_route
Jul 24 05:52:06.190999 np0000005810 devstack@neutron-api.service[90742]: WARNING neutron.quota.resource_registry [None req-2b16178c-13f1-4bc4-8d20-9a84b75d1edf None None] router_route is already registered
Jul 24 05:52:06.190999 np0000005810 devstack@neutron-api.service[90742]: DEBUG neutron.api.v2.resource_helper [None req-2b16178c-13f1-4bc4-8d20-9a84b75d1edf None None] Service L3_ROUTER_NAT assigned prefix: {{(pid=90742) build_resource_info /opt/stack/neutron/neutron/api/v2/resource_helper.py:77}}
Jul 24 05:52:06.190999 np0000005810 devstack@neutron-api.service[90742]: DEBUG neutron.api.v2.resource_helper [None req-2b16178c-13f1-4bc4-8d20-9a84b75d1edf None None] Service FLAVORS assigned prefix: {{(pid=90742) build_resource_info /opt/stack/neutron/neutron/api/v2/resource_helper.py:77}}
Jul 24 05:52:06.191104 np0000005810 devstack@neutron-api.service[90744]: DEBUG neutron.api.extensions [None req-45044b9d-3385-4bc6-88d2-6117f3019e95 None None] Extended resource: security-groups {{(pid=90744) __init__ /opt/stack/neutron/neutron/api/extensions.py:156}}
Jul 24 05:52:06.191104 np0000005810 devstack@neutron-api.service[90744]: DEBUG neutron.api.extensions [None req-45044b9d-3385-4bc6-88d2-6117f3019e95 None None] Extended resource: security-group-rules {{(pid=90744) __init__ /opt/stack/neutron/neutron/api/extensions.py:156}}
Jul 24 05:52:06.191329 np0000005810 devstack@neutron-api.service[90742]: DEBUG neutron.api.v2.resource_helper [None req-2b16178c-13f1-4bc4-8d20-9a84b75d1edf None None] Service L3_ROUTER_NAT assigned prefix: {{(pid=90742) build_resource_info /opt/stack/neutron/neutron/api/v2/resource_helper.py:77}}
Jul 24 05:52:06.191329 np0000005810 devstack@neutron-api.service[90742]: DEBUG neutron.api.v2.resource_helper [None req-2b16178c-13f1-4bc4-8d20-9a84b75d1edf None None] Service L3_ROUTER_NAT assigned prefix: {{(pid=90742) build_resource_info /opt/stack/neutron/neutron/api/v2/resource_helper.py:77}}
Jul 24 05:52:06.191329 np0000005810 devstack@neutron-api.service[90742]: INFO neutron.quota.resource_registry [None req-2b16178c-13f1-4bc4-8d20-9a84b75d1edf None None] Creating instance of TrackedResource for resource:router
Jul 24 05:52:06.191439 np0000005810 devstack@neutron-api.service[90744]: DEBUG neutron.api.extensions [None req-45044b9d-3385-4bc6-88d2-6117f3019e95 None None] Extended resource: service-providers {{(pid=90744) __init__ /opt/stack/neutron/neutron/api/extensions.py:156}}
Jul 24 05:52:06.191497 np0000005810 devstack@neutron-api.service[90742]: WARNING neutron.quota.resource_registry [None req-2b16178c-13f1-4bc4-8d20-9a84b75d1edf None None] router is already registered
Jul 24 05:52:06.191551 np0000005810 devstack@neutron-api.service[90744]: DEBUG neutron.api.extensions [None req-45044b9d-3385-4bc6-88d2-6117f3019e95 None None] Extended resource: subnetpools {{(pid=90744) __init__ /opt/stack/neutron/neutron/api/extensions.py:156}}
Jul 24 05:52:06.191610 np0000005810 devstack@neutron-api.service[90742]: INFO neutron.quota.resource_registry [None req-2b16178c-13f1-4bc4-8d20-9a84b75d1edf None None] Creating instance of TrackedResource for resource:floatingip
Jul 24 05:52:06.191610 np0000005810 devstack@neutron-api.service[90742]: WARNING neutron.quota.resource_registry [None req-2b16178c-13f1-4bc4-8d20-9a84b75d1edf None None] floatingip is already registered
Jul 24 05:52:06.191786 np0000005810 devstack@neutron-api.service[90744]: DEBUG neutron.api.extensions [None req-45044b9d-3385-4bc6-88d2-6117f3019e95 None None] Extended resource: subnetpools {{(pid=90744) __init__ /opt/stack/neutron/neutron/api/extensions.py:156}}
Jul 24 05:52:06.191862 np0000005810 devstack@neutron-api.service[90742]: INFO neutron.quota.resource_registry [None req-2b16178c-13f1-4bc4-8d20-9a84b75d1edf None None] Creating instance of CountableResource for resource:rbac_policy
Jul 24 05:52:06.191862 np0000005810 devstack@neutron-api.service[90742]: WARNING neutron.quota.resource_registry [None req-2b16178c-13f1-4bc4-8d20-9a84b75d1edf None None] rbac_policy is already registered
Jul 24 05:52:06.191958 np0000005810 devstack@neutron-api.service[90744]: DEBUG neutron.api.extensions [None req-45044b9d-3385-4bc6-88d2-6117f3019e95 None None] Extended resource: tags {{(pid=90744) __init__ /opt/stack/neutron/neutron/api/extensions.py:156}}
Jul 24 05:52:06.192015 np0000005810 devstack@neutron-api.service[90742]: INFO neutron.quota.resource_registry [None req-2b16178c-13f1-4bc4-8d20-9a84b75d1edf None None] Creating instance of TrackedResource for resource:security_group
Jul 24 05:52:06.192015 np0000005810 devstack@neutron-api.service[90742]: WARNING neutron.quota.resource_registry [None req-2b16178c-13f1-4bc4-8d20-9a84b75d1edf None None] security_group is already registered
Jul 24 05:52:06.192118 np0000005810 devstack@neutron-api.service[90744]: DEBUG neutron.api.extensions [None req-45044b9d-3385-4bc6-88d2-6117f3019e95 None None] Extended resource: tags {{(pid=90744) __init__ /opt/stack/neutron/neutron/api/extensions.py:156}}
Jul 24 05:52:06.192216 np0000005810 devstack@neutron-api.service[90742]: INFO neutron.quota.resource_registry [None req-2b16178c-13f1-4bc4-8d20-9a84b75d1edf None None] Creating instance of TrackedResource for resource:security_group_rule
Jul 24 05:52:06.192216 np0000005810 devstack@neutron-api.service[90742]: WARNING neutron.quota.resource_registry [None req-2b16178c-13f1-4bc4-8d20-9a84b75d1edf None None] security_group_rule is already registered
Jul 24 05:52:06.192216 np0000005810 devstack@neutron-api.service[90742]: DEBUG neutron.api.v2.resource_helper [None req-2b16178c-13f1-4bc4-8d20-9a84b75d1edf None None] Service CORE assigned prefix: {{(pid=90742) build_resource_info /opt/stack/neutron/neutron/api/v2/resource_helper.py:77}}
Jul 24 05:52:06.192216 np0000005810 devstack@neutron-api.service[90742]: INFO neutron.quota.resource_registry [None req-2b16178c-13f1-4bc4-8d20-9a84b75d1edf None None] Creating instance of TrackedResource for resource:subnetpool
Jul 24 05:52:06.192363 np0000005810 devstack@neutron-api.service[90744]: DEBUG neutron.api.extensions [None req-45044b9d-3385-4bc6-88d2-6117f3019e95 None None] Extended resource: tags {{(pid=90744) __init__ /opt/stack/neutron/neutron/api/extensions.py:156}}
Jul 24 05:52:06.192418 np0000005810 devstack@neutron-api.service[90742]: WARNING neutron.quota.resource_registry [None req-2b16178c-13f1-4bc4-8d20-9a84b75d1edf None None] subnetpool is already registered
Jul 24 05:52:06.192418 np0000005810 devstack@neutron-api.service[90742]: DEBUG neutron.api.v2.resource_helper [None req-2b16178c-13f1-4bc4-8d20-9a84b75d1edf None None] Service CORE assigned prefix: {{(pid=90742) build_resource_info /opt/stack/neutron/neutron/api/v2/resource_helper.py:77}}
Jul 24 05:52:06.192418 np0000005810 devstack@neutron-api.service[90742]: INFO neutron.quota.resource_registry [None req-2b16178c-13f1-4bc4-8d20-9a84b75d1edf None None] Creating instance of TrackedResource for resource:subnetpool
Jul 24 05:52:06.192418 np0000005810 devstack@neutron-api.service[90742]: WARNING neutron.quota.resource_registry [None req-2b16178c-13f1-4bc4-8d20-9a84b75d1edf None None] subnetpool is already registered
Jul 24 05:52:06.192518 np0000005810 devstack@neutron-api.service[90744]: DEBUG neutron.api.extensions [None req-45044b9d-3385-4bc6-88d2-6117f3019e95 None None] Extended resource: tags {{(pid=90744) __init__ /opt/stack/neutron/neutron/api/extensions.py:156}}
Jul 24 05:52:06.192575 np0000005810 devstack@neutron-api.service[90742]: DEBUG neutron.api.extensions [None req-2b16178c-13f1-4bc4-8d20-9a84b75d1edf None None] Extended resource: extensions {{(pid=90742) __init__ /opt/stack/neutron/neutron/api/extensions.py:156}}
Jul 24 05:52:06.192641 np0000005810 devstack@neutron-api.service[90744]: DEBUG neutron.api.extensions [None req-45044b9d-3385-4bc6-88d2-6117f3019e95 None None] Extended resource: tags {{(pid=90744) __init__ /opt/stack/neutron/neutron/api/extensions.py:156}}
Jul 24 05:52:06.192714 np0000005810 devstack@neutron-api.service[90742]: DEBUG neutron.api.extensions [None req-2b16178c-13f1-4bc4-8d20-9a84b75d1edf None None] Extended resource: address-groups {{(pid=90742) __init__ /opt/stack/neutron/neutron/api/extensions.py:156}}
Jul 24 05:52:06.192714 np0000005810 devstack@neutron-api.service[90742]: DEBUG neutron.api.extensions [None req-2b16178c-13f1-4bc4-8d20-9a84b75d1edf None None] Extended resource: address-scopes {{(pid=90742) __init__ /opt/stack/neutron/neutron/api/extensions.py:156}}
Jul 24 05:52:06.192812 np0000005810 devstack@neutron-api.service[90744]: DEBUG neutron.api.extensions [None req-45044b9d-3385-4bc6-88d2-6117f3019e95 None None] Extended resource: tags {{(pid=90744) __init__ /opt/stack/neutron/neutron/api/extensions.py:156}}
Jul 24 05:52:06.192949 np0000005810 devstack@neutron-api.service[90742]: DEBUG neutron.api.extensions [None req-2b16178c-13f1-4bc4-8d20-9a84b75d1edf None None] Extended resource: agents {{(pid=90742) __init__ /opt/stack/neutron/neutron/api/extensions.py:156}}
Jul 24 05:52:06.193049 np0000005810 devstack@neutron-api.service[90744]: DEBUG neutron.api.extensions [None req-45044b9d-3385-4bc6-88d2-6117f3019e95 None None] Extended resource: tags {{(pid=90744) __init__ /opt/stack/neutron/neutron/api/extensions.py:156}}
Jul 24 05:52:06.193129 np0000005810 devstack@neutron-api.service[90742]: DEBUG neutron.api.extensions [None req-2b16178c-13f1-4bc4-8d20-9a84b75d1edf None None] Extended resource: auto-allocated-topology {{(pid=90742) __init__ /opt/stack/neutron/neutron/api/extensions.py:156}}
Jul 24 05:52:06.193129 np0000005810 devstack@neutron-api.service[90742]: DEBUG neutron.api.extensions [None req-2b16178c-13f1-4bc4-8d20-9a84b75d1edf None None] Extended resource: availability_zones {{(pid=90742) __init__ /opt/stack/neutron/neutron/api/extensions.py:156}}
Jul 24 05:52:06.193221 np0000005810 devstack@neutron-api.service[90744]: DEBUG neutron.api.extensions [None req-45044b9d-3385-4bc6-88d2-6117f3019e95 None None] Extended resource: tags {{(pid=90744) __init__ /opt/stack/neutron/neutron/api/extensions.py:156}}
Jul 24 05:52:06.193318 np0000005810 devstack@neutron-api.service[90742]: DEBUG neutron.api.extensions [None req-2b16178c-13f1-4bc4-8d20-9a84b75d1edf None None] Extended resource: dhcp-networks {{(pid=90742) __init__ /opt/stack/neutron/neutron/api/extensions.py:156}}
Jul 24 05:52:06.193403 np0000005810 devstack@neutron-api.service[90744]: DEBUG neutron.api.extensions [None req-45044b9d-3385-4bc6-88d2-6117f3019e95 None None] Extended resource: tags {{(pid=90744) __init__ /opt/stack/neutron/neutron/api/extensions.py:156}}
Jul 24 05:52:06.193403 np0000005810 devstack@neutron-api.service[90744]: DEBUG neutron.api.extensions [None req-45044b9d-3385-4bc6-88d2-6117f3019e95 None None] Extended resource: tags {{(pid=90744) __init__ /opt/stack/neutron/neutron/api/extensions.py:156}}
Jul 24 05:52:06.193522 np0000005810 devstack@neutron-api.service[90742]: DEBUG neutron.api.extensions [None req-2b16178c-13f1-4bc4-8d20-9a84b75d1edf None None] Extended resource: dhcp-agents {{(pid=90742) __init__ /opt/stack/neutron/neutron/api/extensions.py:156}}
Jul 24 05:52:06.193522 np0000005810 devstack@neutron-api.service[90742]: DEBUG neutron.api.extensions [None req-2b16178c-13f1-4bc4-8d20-9a84b75d1edf None None] Extended resource: routers {{(pid=90742) __init__ /opt/stack/neutron/neutron/api/extensions.py:156}}
Jul 24 05:52:06.193522 np0000005810 devstack@neutron-api.service[90742]: DEBUG neutron.api.extensions [None req-2b16178c-13f1-4bc4-8d20-9a84b75d1edf None None] Extended resource: flavors {{(pid=90742) __init__ /opt/stack/neutron/neutron/api/extensions.py:156}}
Jul 24 05:52:06.193522 np0000005810 devstack@neutron-api.service[90742]: DEBUG neutron.api.extensions [None req-2b16178c-13f1-4bc4-8d20-9a84b75d1edf None None] Extended resource: service_profiles {{(pid=90742) __init__ /opt/stack/neutron/neutron/api/extensions.py:156}}
Jul 24 05:52:06.193522 np0000005810 devstack@neutron-api.service[90742]: DEBUG neutron.api.extensions [None req-2b16178c-13f1-4bc4-8d20-9a84b75d1edf None None] Extended resource: next_providers {{(pid=90742) __init__ /opt/stack/neutron/neutron/api/extensions.py:156}}
Jul 24 05:52:06.193522 np0000005810 devstack@neutron-api.service[90742]: DEBUG neutron.api.extensions [None req-2b16178c-13f1-4bc4-8d20-9a84b75d1edf None None] Extended resource: service_profiles {{(pid=90742) __init__ /opt/stack/neutron/neutron/api/extensions.py:156}}
Jul 24 05:52:06.193522 np0000005810 devstack@neutron-api.service[90742]: DEBUG neutron.api.extensions [None req-2b16178c-13f1-4bc4-8d20-9a84b75d1edf None None] Extended resource: floatingip-pools {{(pid=90742) __init__ /opt/stack/neutron/neutron/api/extensions.py:156}}
Jul 24 05:52:06.193522 np0000005810 devstack@neutron-api.service[90742]: DEBUG neutron.api.extensions [None req-2b16178c-13f1-4bc4-8d20-9a84b75d1edf None None] Extended resource: routers {{(pid=90742) __init__ /opt/stack/neutron/neutron/api/extensions.py:156}}
Jul 24 05:52:06.193955 np0000005810 devstack@neutron-api.service[90742]: DEBUG neutron.api.extensions [None req-2b16178c-13f1-4bc4-8d20-9a84b75d1edf None None] Extended resource: floatingips {{(pid=90742) __init__ /opt/stack/neutron/neutron/api/extensions.py:156}}
Jul 24 05:52:06.193955 np0000005810 devstack@neutron-api.service[90742]: DEBUG neutron.api.extensions [None req-2b16178c-13f1-4bc4-8d20-9a84b75d1edf None None] Extended resource: l3-routers {{(pid=90742) __init__ /opt/stack/neutron/neutron/api/extensions.py:156}}
Jul 24 05:52:06.194136 np0000005810 devstack@neutron-api.service[90742]: DEBUG neutron.api.extensions [None req-2b16178c-13f1-4bc4-8d20-9a84b75d1edf None None] Extended resource: l3-agents {{(pid=90742) __init__ /opt/stack/neutron/neutron/api/extensions.py:156}}
Jul 24 05:52:06.194742 np0000005810 devstack@neutron-api.service[90742]: DEBUG neutron.api.extensions [None req-2b16178c-13f1-4bc4-8d20-9a84b75d1edf None None] Extended resource: network-ip-availabilities {{(pid=90742) __init__ /opt/stack/neutron/neutron/api/extensions.py:156}}
Jul 24 05:52:06.195289 np0000005810 devstack@neutron-api.service[90742]: DEBUG neutron.api.extensions [None req-2b16178c-13f1-4bc4-8d20-9a84b75d1edf None None] Extended resource: network-ip-availabilities {{(pid=90742) __init__ /opt/stack/neutron/neutron/api/extensions.py:156}}
Jul 24 05:52:06.195832 np0000005810 devstack@neutron-api.service[90742]: DEBUG neutron.api.extensions [None req-2b16178c-13f1-4bc4-8d20-9a84b75d1edf None None] Extended resource: bindings {{(pid=90742) __init__ /opt/stack/neutron/neutron/api/extensions.py:156}}
Jul 24 05:52:06.196490 np0000005810 devstack@neutron-api.service[90742]: DEBUG neutron.api.extensions [None req-2b16178c-13f1-4bc4-8d20-9a84b75d1edf None None] Extended resource: quotas {{(pid=90742) __init__ /opt/stack/neutron/neutron/api/extensions.py:156}}
Jul 24 05:52:06.197234 np0000005810 devstack@neutron-api.service[90742]: DEBUG neutron.api.extensions [None req-2b16178c-13f1-4bc4-8d20-9a84b75d1edf None None] Extended resource: quotas {{(pid=90742) __init__ /opt/stack/neutron/neutron/api/extensions.py:156}}
Jul 24 05:52:06.197886 np0000005810 devstack@neutron-api.service[90742]: DEBUG neutron.api.extensions [None req-2b16178c-13f1-4bc4-8d20-9a84b75d1edf None None] Extended resource: rbac-policies {{(pid=90742) __init__ /opt/stack/neutron/neutron/api/extensions.py:156}}
Jul 24 05:52:06.198384 np0000005810 devstack@neutron-api.service[90742]: DEBUG neutron.api.extensions [None req-2b16178c-13f1-4bc4-8d20-9a84b75d1edf None None] Extended resource: default-security-group-rules {{(pid=90742) __init__ /opt/stack/neutron/neutron/api/extensions.py:156}}
Jul 24 05:52:06.198988 np0000005810 devstack@neutron-api.service[90742]: DEBUG neutron.api.extensions [None req-2b16178c-13f1-4bc4-8d20-9a84b75d1edf None None] Extended resource: security-groups-default-statefulness {{(pid=90742) __init__ /opt/stack/neutron/neutron/api/extensions.py:156}}
Jul 24 05:52:06.199522 np0000005810 devstack@neutron-api.service[90742]: DEBUG neutron.api.extensions [None req-2b16178c-13f1-4bc4-8d20-9a84b75d1edf None None] Extended resource: security-groups {{(pid=90742) __init__ /opt/stack/neutron/neutron/api/extensions.py:156}}
Jul 24 05:52:06.199999 np0000005810 devstack@neutron-api.service[90741]: DEBUG oslo_concurrency.processutils [None req-36b51942-355c-447a-9c14-f216a64f6e65 None None] CMD "ovsdb-client transact ssl:10.4.3.200:6641 --timeout 180 -p /opt/stack/data/CA/int-ca/private/devstack-cert.key -c /opt/stack/data/CA/int-ca/devstack-cert.crt -C /opt/stack/data/CA/int-ca/ca-chain.pem ["OVN_Northbound", {"op": "wait", "timeout": 0, "table": "Port_Group", "where": [["name", "==", "neutron_pg_drop"]], "until": "==", "rows": []}, {"op": "insert", "table": "ACL", "row": {"action": "drop", "direction": "to-lport", "match": "outport == @neutron_pg_drop && ip", "priority": 1001}, "uuid-name": "droptoport"}, {"op": "insert", "table": "ACL", "row": {"action": "drop", "direction": "from-lport", "match": "inport == @neutron_pg_drop && ip", "priority": 1001}, "uuid-name": "dropfromport"}, {"op": "insert", "table": "Port_Group", "row": {"name": "neutron_pg_drop", "acls": ["set", [["named-uuid", "droptoport"], ["named-uuid", "dropfromport"]]]}}]" returned: 0 in 0.044s {{(pid=90741) execute /opt/stack/data/venv/lib/python3.12/site-packages/oslo_concurrency/processutils.py:468}}
Jul 24 05:52:06.200443 np0000005810 devstack@neutron-api.service[90742]: DEBUG neutron.api.extensions [None req-2b16178c-13f1-4bc4-8d20-9a84b75d1edf None None] Extended resource: security-group-rules {{(pid=90742) __init__ /opt/stack/neutron/neutron/api/extensions.py:156}}
Jul 24 05:52:06.200578 np0000005810 devstack@neutron-api.service[90741]: DEBUG neutron_lib.callbacks.manager [None req-36b51942-355c-447a-9c14-f216a64f6e65 None None] Publish callbacks ['neutron.plugins.ml2.drivers.ovn.mech_driver.mech_driver.OVNMechanismDriver.post_fork_initialize-4155934', 'neutron.services.pvlan.drivers.ovn.driver._initialize_pvlan_pg_drop-8156392321508', 'neutron.services.ovn_l3.plugin.OVNL3RouterPlugin._post_fork_initialize-7252312'] for process (None), after_init {{(pid=90741) _notify_loop /opt/stack/data/venv/lib/python3.12/site-packages/neutron_lib/callbacks/manager.py:184}}
Jul 24 05:52:06.200660 np0000005810 devstack@neutron-api.service[90742]: DEBUG neutron.api.extensions [None req-2b16178c-13f1-4bc4-8d20-9a84b75d1edf None None] Extended resource: service-providers {{(pid=90742) __init__ /opt/stack/neutron/neutron/api/extensions.py:156}}
Jul 24 05:52:06.201197 np0000005810 devstack@neutron-api.service[90741]: DEBUG oslo_concurrency.lockutils [None req-36b51942-355c-447a-9c14-f216a64f6e65 None None] Acquiring lock "singleton_lock" {{(pid=90741) lock /opt/stack/data/venv/lib/python3.12/site-packages/oslo_concurrency/lockutils.py:396}}
Jul 24 05:52:06.201265 np0000005810 devstack@neutron-api.service[90744]: DEBUG neutron_lib.callbacks.manager [None req-45044b9d-3385-4bc6-88d2-6117f3019e95 None None] Publish callbacks ['neutron.plugins.ml2.drivers.ovn.mech_driver.mech_driver.OVNMechanismDriver.pre_fork_initialize-3973674'] for process (None), before_spawn {{(pid=90744) _notify_loop /opt/stack/data/venv/lib/python3.12/site-packages/neutron_lib/callbacks/manager.py:184}}
Jul 24 05:52:06.201337 np0000005810 devstack@neutron-api.service[90741]: DEBUG oslo_concurrency.lockutils [None req-36b51942-355c-447a-9c14-f216a64f6e65 None None] Acquired lock "singleton_lock" {{(pid=90741) lock /opt/stack/data/venv/lib/python3.12/site-packages/oslo_concurrency/lockutils.py:399}}
Jul 24 05:52:06.201394 np0000005810 devstack@neutron-api.service[90742]: DEBUG neutron.api.extensions [None req-2b16178c-13f1-4bc4-8d20-9a84b75d1edf None None] Extended resource: subnetpools {{(pid=90742) __init__ /opt/stack/neutron/neutron/api/extensions.py:156}}
Jul 24 05:52:06.201504 np0000005810 devstack@neutron-api.service[90741]: DEBUG oslo_concurrency.lockutils [None req-36b51942-355c-447a-9c14-f216a64f6e65 None None] Releasing lock "singleton_lock" {{(pid=90741) lock /opt/stack/data/venv/lib/python3.12/site-packages/oslo_concurrency/lockutils.py:419}}
Jul 24 05:52:06.201864 np0000005810 devstack@neutron-api.service[90744]: DEBUG oslo_concurrency.processutils [None req-45044b9d-3385-4bc6-88d2-6117f3019e95 None None] Running cmd (subprocess): ovsdb-client transact ssl:10.4.3.200:6641 --timeout 180 -p /opt/stack/data/CA/int-ca/private/devstack-cert.key -c /opt/stack/data/CA/int-ca/devstack-cert.crt -C /opt/stack/data/CA/int-ca/ca-chain.pem ["OVN_Northbound", {"op": "wait", "timeout": 0, "table": "Port_Group", "where": [["name", "==", "neutron_pg_drop"]], "until": "==", "rows": []}, {"op": "insert", "table": "ACL", "row": {"action": "drop", "direction": "to-lport", "match": "outport == @neutron_pg_drop && ip", "priority": 1001}, "uuid-name": "droptoport"}, {"op": "insert", "table": "ACL", "row": {"action": "drop", "direction": "from-lport", "match": "inport == @neutron_pg_drop && ip", "priority": 1001}, "uuid-name": "dropfromport"}, {"op": "insert", "table": "Port_Group", "row": {"name": "neutron_pg_drop", "acls": ["set", [["named-uuid", "droptoport"], ["named-uuid", "dropfromport"]]]}}] {{(pid=90744) execute /opt/stack/data/venv/lib/python3.12/site-packages/oslo_concurrency/processutils.py:440}}
Jul 24 05:52:06.202052 np0000005810 devstack@neutron-api.service[90742]: DEBUG neutron.api.extensions [None req-2b16178c-13f1-4bc4-8d20-9a84b75d1edf None None] Extended resource: subnetpools {{(pid=90742) __init__ /opt/stack/neutron/neutron/api/extensions.py:156}}
Jul 24 05:52:06.202923 np0000005810 devstack@neutron-api.service[90742]: DEBUG neutron.api.extensions [None req-2b16178c-13f1-4bc4-8d20-9a84b75d1edf None None] Extended resource: tags {{(pid=90742) __init__ /opt/stack/neutron/neutron/api/extensions.py:156}}
Jul 24 05:52:06.204072 np0000005810 devstack@neutron-api.service[90742]: DEBUG neutron.api.extensions [None req-2b16178c-13f1-4bc4-8d20-9a84b75d1edf None None] Extended resource: tags {{(pid=90742) __init__ /opt/stack/neutron/neutron/api/extensions.py:156}}
Jul 24 05:52:06.204871 np0000005810 devstack@neutron-api.service[90741]: DEBUG neutron.plugins.ml2.drivers.ovn.mech_driver.mech_driver [None req-36b51942-355c-447a-9c14-f216a64f6e65 None None] Hash Ring setup using WSGI start time 2026-07-24 05:51:59+00:00 {{(pid=90741) _init_hash_ring /opt/stack/neutron/neutron/plugins/ml2/drivers/ovn/mech_driver/mech_driver.py:404}}
Jul 24 05:52:06.205278 np0000005810 devstack@neutron-api.service[90742]: DEBUG neutron.api.extensions [None req-2b16178c-13f1-4bc4-8d20-9a84b75d1edf None None] Extended resource: tags {{(pid=90742) __init__ /opt/stack/neutron/neutron/api/extensions.py:156}}
Jul 24 05:52:06.205495 np0000005810 devstack@neutron-api.service[90742]: DEBUG neutron.api.extensions [None req-2b16178c-13f1-4bc4-8d20-9a84b75d1edf None None] Extended resource: tags {{(pid=90742) __init__ /opt/stack/neutron/neutron/api/extensions.py:156}}
Jul 24 05:52:06.206404 np0000005810 devstack@neutron-api.service[90742]: DEBUG neutron.api.extensions [None req-2b16178c-13f1-4bc4-8d20-9a84b75d1edf None None] Extended resource: tags {{(pid=90742) __init__ /opt/stack/neutron/neutron/api/extensions.py:156}}
Jul 24 05:52:06.207578 np0000005810 devstack@neutron-api.service[90742]: DEBUG neutron.api.extensions [None req-2b16178c-13f1-4bc4-8d20-9a84b75d1edf None None] Extended resource: tags {{(pid=90742) __init__ /opt/stack/neutron/neutron/api/extensions.py:156}}
Jul 24 05:52:06.208542 np0000005810 devstack@neutron-api.service[90742]: DEBUG neutron.api.extensions [None req-2b16178c-13f1-4bc4-8d20-9a84b75d1edf None None] Extended resource: tags {{(pid=90742) __init__ /opt/stack/neutron/neutron/api/extensions.py:156}}
Jul 24 05:52:06.209553 np0000005810 devstack@neutron-api.service[90742]: DEBUG neutron.api.extensions [None req-2b16178c-13f1-4bc4-8d20-9a84b75d1edf None None] Extended resource: tags {{(pid=90742) __init__ /opt/stack/neutron/neutron/api/extensions.py:156}}
Jul 24 05:52:06.210546 np0000005810 devstack@neutron-api.service[90742]: DEBUG neutron.api.extensions [None req-2b16178c-13f1-4bc4-8d20-9a84b75d1edf None None] Extended resource: tags {{(pid=90742) __init__ /opt/stack/neutron/neutron/api/extensions.py:156}}
Jul 24 05:52:06.211397 np0000005810 devstack@neutron-api.service[90741]: INFO neutron.db.ovn_hash_ring_db [None req-36b51942-355c-447a-9c14-f216a64f6e65 None None] Nodes from host "np0000005810" and group "mechanism_driver" removed from the Hash Ring created at 2026-07-24 05:51:59+00:00
Jul 24 05:52:06.211780 np0000005810 devstack@neutron-api.service[90742]: DEBUG neutron.api.extensions [None req-2b16178c-13f1-4bc4-8d20-9a84b75d1edf None None] Extended resource: tags {{(pid=90742) __init__ /opt/stack/neutron/neutron/api/extensions.py:156}}
Jul 24 05:52:06.217049 np0000005810 devstack@neutron-api.service[90741]: INFO neutron.db.ovn_hash_ring_db [None req-36b51942-355c-447a-9c14-f216a64f6e65 None None] Node be684e3123e7588288204bc85846c647 from host "np0000005810" and group "mechanism_driver" added to the Hash Ring
Jul 24 05:52:06.222444 np0000005810 devstack@neutron-api.service[90741]: DEBUG neutron.plugins.ml2.drivers.ovn.mech_driver.mech_driver [None req-36b51942-355c-447a-9c14-f216a64f6e65 None None] Hash Ring setup, this worker has detected 2 OVN hash ring registers in the database {{(pid=90741) _init_hash_ring /opt/stack/neutron/neutron/plugins/ml2/drivers/ovn/mech_driver/mech_driver.py:414}}
Jul 24 05:52:06.225587 np0000005810 devstack@neutron-api.service[90742]: DEBUG neutron_lib.callbacks.manager [None req-2b16178c-13f1-4bc4-8d20-9a84b75d1edf None None] Publish callbacks ['neutron.plugins.ml2.drivers.ovn.mech_driver.mech_driver.OVNMechanismDriver.pre_fork_initialize-3994852'] for process (None), before_spawn {{(pid=90742) _notify_loop /opt/stack/data/venv/lib/python3.12/site-packages/neutron_lib/callbacks/manager.py:184}}
Jul 24 05:52:06.226159 np0000005810 devstack@neutron-api.service[90742]: DEBUG oslo_concurrency.processutils [None req-2b16178c-13f1-4bc4-8d20-9a84b75d1edf None None] Running cmd (subprocess): ovsdb-client transact ssl:10.4.3.200:6641 --timeout 180 -p /opt/stack/data/CA/int-ca/private/devstack-cert.key -c /opt/stack/data/CA/int-ca/devstack-cert.crt -C /opt/stack/data/CA/int-ca/ca-chain.pem ["OVN_Northbound", {"op": "wait", "timeout": 0, "table": "Port_Group", "where": [["name", "==", "neutron_pg_drop"]], "until": "==", "rows": []}, {"op": "insert", "table": "ACL", "row": {"action": "drop", "direction": "to-lport", "match": "outport == @neutron_pg_drop && ip", "priority": 1001}, "uuid-name": "droptoport"}, {"op": "insert", "table": "ACL", "row": {"action": "drop", "direction": "from-lport", "match": "inport == @neutron_pg_drop && ip", "priority": 1001}, "uuid-name": "dropfromport"}, {"op": "insert", "table": "Port_Group", "row": {"name": "neutron_pg_drop", "acls": ["set", [["named-uuid", "droptoport"], ["named-uuid", "dropfromport"]]]}}] {{(pid=90742) execute /opt/stack/data/venv/lib/python3.12/site-packages/oslo_concurrency/processutils.py:440}}
Jul 24 05:52:06.238503 np0000005810 devstack@neutron-api.service[90741]: DEBUG neutron.plugins.ml2.drivers.ovn.mech_driver.ovsdb.maintenance [None req-36b51942-355c-447a-9c14-f216a64f6e65 None None] Periodic task found: HashRingHealthCheckPeriodics.touch_hash_ring_node {{(pid=90741) add_periodics /opt/stack/neutron/neutron/plugins/ml2/drivers/ovn/mech_driver/ovsdb/maintenance.py:146}}
Jul 24 05:52:06.239551 np0000005810 devstack@neutron-api.service[90741]: INFO neutron.plugins.ml2.drivers.ovn.mech_driver.mech_driver [None req-36b51942-355c-447a-9c14-f216a64f6e65 None None] Hash Ring probing thread for node be684e3123e7588288204bc85846c647 has started
Jul 24 05:52:06.240370 np0000005810 devstack@neutron-api.service[90744]: DEBUG oslo_concurrency.processutils [None req-45044b9d-3385-4bc6-88d2-6117f3019e95 None None] CMD "ovsdb-client transact ssl:10.4.3.200:6641 --timeout 180 -p /opt/stack/data/CA/int-ca/private/devstack-cert.key -c /opt/stack/data/CA/int-ca/devstack-cert.crt -C /opt/stack/data/CA/int-ca/ca-chain.pem ["OVN_Northbound", {"op": "wait", "timeout": 0, "table": "Port_Group", "where": [["name", "==", "neutron_pg_drop"]], "until": "==", "rows": []}, {"op": "insert", "table": "ACL", "row": {"action": "drop", "direction": "to-lport", "match": "outport == @neutron_pg_drop && ip", "priority": 1001}, "uuid-name": "droptoport"}, {"op": "insert", "table": "ACL", "row": {"action": "drop", "direction": "from-lport", "match": "inport == @neutron_pg_drop && ip", "priority": 1001}, "uuid-name": "dropfromport"}, {"op": "insert", "table": "Port_Group", "row": {"name": "neutron_pg_drop", "acls": ["set", [["named-uuid", "droptoport"], ["named-uuid", "dropfromport"]]]}}]" returned: 0 in 0.038s {{(pid=90744) execute /opt/stack/data/venv/lib/python3.12/site-packages/oslo_concurrency/processutils.py:468}}
Jul 24 05:52:06.240556 np0000005810 devstack@neutron-api.service[90741]: INFO neutron.plugins.ml2.drivers.ovn.mech_driver.ovsdb.impl_idl_ovn [None req-36b51942-355c-447a-9c14-f216a64f6e65 None None] Getting OvsdbNbOvnIdl for WorkerService with retry
Jul 24 05:52:06.241608 np0000005810 devstack@neutron-api.service[90744]: DEBUG neutron_lib.callbacks.manager [None req-45044b9d-3385-4bc6-88d2-6117f3019e95 None None] Publish callbacks ['neutron.plugins.ml2.drivers.ovn.mech_driver.mech_driver.OVNMechanismDriver.post_fork_initialize-3973698', 'neutron.services.pvlan.drivers.ovn.driver._initialize_pvlan_pg_drop-8156392318206', 'neutron.services.ovn_l3.plugin.OVNL3RouterPlugin._post_fork_initialize-1773010'] for process (None), after_init {{(pid=90744) _notify_loop /opt/stack/data/venv/lib/python3.12/site-packages/neutron_lib/callbacks/manager.py:184}}
Jul 24 05:52:06.241608 np0000005810 devstack@neutron-api.service[90744]: DEBUG oslo_concurrency.lockutils [None req-45044b9d-3385-4bc6-88d2-6117f3019e95 None None] Acquiring lock "singleton_lock" {{(pid=90744) lock /opt/stack/data/venv/lib/python3.12/site-packages/oslo_concurrency/lockutils.py:396}}
Jul 24 05:52:06.241608 np0000005810 devstack@neutron-api.service[90744]: DEBUG oslo_concurrency.lockutils [None req-45044b9d-3385-4bc6-88d2-6117f3019e95 None None] Acquired lock "singleton_lock" {{(pid=90744) lock /opt/stack/data/venv/lib/python3.12/site-packages/oslo_concurrency/lockutils.py:399}}
Jul 24 05:52:06.242062 np0000005810 devstack@neutron-api.service[90744]: DEBUG oslo_concurrency.lockutils [None req-45044b9d-3385-4bc6-88d2-6117f3019e95 None None] Releasing lock "singleton_lock" {{(pid=90744) lock /opt/stack/data/venv/lib/python3.12/site-packages/oslo_concurrency/lockutils.py:419}}
Jul 24 05:52:06.244831 np0000005810 devstack@neutron-api.service[90744]: DEBUG neutron.plugins.ml2.drivers.ovn.mech_driver.mech_driver [None req-45044b9d-3385-4bc6-88d2-6117f3019e95 None None] Hash Ring setup using WSGI start time 2026-07-24 05:51:59+00:00 {{(pid=90744) _init_hash_ring /opt/stack/neutron/neutron/plugins/ml2/drivers/ovn/mech_driver/mech_driver.py:404}}
Jul 24 05:52:06.252098 np0000005810 devstack@neutron-api.service[90744]: INFO neutron.db.ovn_hash_ring_db [None req-45044b9d-3385-4bc6-88d2-6117f3019e95 None None] Nodes from host "np0000005810" and group "mechanism_driver" removed from the Hash Ring created at 2026-07-24 05:51:59+00:00
Jul 24 05:52:06.256172 np0000005810 devstack@neutron-api.service[90744]: INFO neutron.db.ovn_hash_ring_db [None req-45044b9d-3385-4bc6-88d2-6117f3019e95 None None] Node 69d2129768ca53cb80aeca8151c8501b from host "np0000005810" and group "mechanism_driver" added to the Hash Ring
Jul 24 05:52:06.259918 np0000005810 devstack@neutron-api.service[90744]: DEBUG neutron.plugins.ml2.drivers.ovn.mech_driver.mech_driver [None req-45044b9d-3385-4bc6-88d2-6117f3019e95 None None] Hash Ring setup, this worker has detected 3 OVN hash ring registers in the database {{(pid=90744) _init_hash_ring /opt/stack/neutron/neutron/plugins/ml2/drivers/ovn/mech_driver/mech_driver.py:414}}
