Jul 20 15:33:03.898648 np0000005510 nova-scheduler[96567]: DEBUG cotyledon.oslo_config_glue [-] workarounds.handle_virt_lifecycle_events = True {{(pid=96567) log_opt_values /opt/stack/data/venv/lib/python3.12/site-packages/oslo_config/cfg.py:3253}}
Jul 20 15:33:03.898648 np0000005510 nova-scheduler[96567]: DEBUG cotyledon.oslo_config_glue [-] workarounds.libvirt_disable_apic = False {{(pid=96567) log_opt_values /opt/stack/data/venv/lib/python3.12/site-packages/oslo_config/cfg.py:3253}}
Jul 20 15:33:03.898648 np0000005510 nova-scheduler[96567]: DEBUG cotyledon.oslo_config_glue [-] workarounds.never_download_image_if_on_rbd = False {{(pid=96567) log_opt_values /opt/stack/data/venv/lib/python3.12/site-packages/oslo_config/cfg.py:3253}}
Jul 20 15:33:03.898648 np0000005510 nova-scheduler[96567]: DEBUG cotyledon.oslo_config_glue [-] workarounds.qemu_monitor_announce_self_count = 3 {{(pid=96567) log_opt_values /opt/stack/data/venv/lib/python3.12/site-packages/oslo_config/cfg.py:3253}}
Jul 20 15:33:03.898648 np0000005510 nova-scheduler[96567]: DEBUG cotyledon.oslo_config_glue [-] workarounds.qemu_monitor_announce_self_interval = 1 {{(pid=96567) log_opt_values /opt/stack/data/venv/lib/python3.12/site-packages/oslo_config/cfg.py:3253}}
Jul 20 15:33:03.898648 np0000005510 nova-scheduler[96567]: DEBUG cotyledon.oslo_config_glue [-] workarounds.reserve_disk_resource_for_image_cache = False {{(pid=96567) log_opt_values /opt/stack/data/venv/lib/python3.12/site-packages/oslo_config/cfg.py:3253}}
Jul 20 15:33:03.898933 np0000005510 nova-scheduler[96567]: DEBUG cotyledon.oslo_config_glue [-] workarounds.skip_cpu_compare_at_startup = False {{(pid=96567) log_opt_values /opt/stack/data/venv/lib/python3.12/site-packages/oslo_config/cfg.py:3253}}
Jul 20 15:33:03.898933 np0000005510 nova-scheduler[96567]: DEBUG cotyledon.oslo_config_glue [-] workarounds.skip_cpu_compare_on_dest = False {{(pid=96567) log_opt_values /opt/stack/data/venv/lib/python3.12/site-packages/oslo_config/cfg.py:3253}}
Jul 20 15:33:03.898933 np0000005510 nova-scheduler[96567]: DEBUG cotyledon.oslo_config_glue [-] workarounds.skip_hypervisor_version_check_on_lm = False {{(pid=96567) log_opt_values /opt/stack/data/venv/lib/python3.12/site-packages/oslo_config/cfg.py:3253}}
Jul 20 15:33:03.898933 np0000005510 nova-scheduler[96567]: DEBUG cotyledon.oslo_config_glue [-] workarounds.skip_reserve_in_use_ironic_nodes = False {{(pid=96567) log_opt_values /opt/stack/data/venv/lib/python3.12/site-packages/oslo_config/cfg.py:3253}}
Jul 20 15:33:03.898933 np0000005510 nova-scheduler[96567]: DEBUG cotyledon.oslo_config_glue [-] workarounds.unified_limits_count_pcpu_as_vcpu = False {{(pid=96567) log_opt_values /opt/stack/data/venv/lib/python3.12/site-packages/oslo_config/cfg.py:3253}}
Jul 20 15:33:03.898933 np0000005510 nova-scheduler[96567]: DEBUG cotyledon.oslo_config_glue [-] workarounds.wait_for_vif_plugged_event_during_hard_reboot = [] {{(pid=96567) log_opt_values /opt/stack/data/venv/lib/python3.12/site-packages/oslo_config/cfg.py:3253}}
Jul 20 15:33:03.898933 np0000005510 nova-scheduler[96567]: DEBUG cotyledon.oslo_config_glue [-] wsgi.api_paste_config = /etc/nova/api-paste.ini {{(pid=96567) log_opt_values /opt/stack/data/venv/lib/python3.12/site-packages/oslo_config/cfg.py:3253}}
Jul 20 15:33:03.898933 np0000005510 nova-scheduler[96567]: DEBUG cotyledon.oslo_config_glue [-] wsgi.secure_proxy_ssl_header = None {{(pid=96567) log_opt_values /opt/stack/data/venv/lib/python3.12/site-packages/oslo_config/cfg.py:3253}}
Jul 20 15:33:03.898933 np0000005510 nova-scheduler[96567]: DEBUG cotyledon.oslo_config_glue [-] zvm.ca_file = None {{(pid=96567) log_opt_values /opt/stack/data/venv/lib/python3.12/site-packages/oslo_config/cfg.py:3253}}
Jul 20 15:33:03.899228 np0000005510 nova-scheduler[96567]: DEBUG cotyledon.oslo_config_glue [-] zvm.cloud_connector_url = None {{(pid=96567) log_opt_values /opt/stack/data/venv/lib/python3.12/site-packages/oslo_config/cfg.py:3253}}
Jul 20 15:33:03.899228 np0000005510 nova-scheduler[96567]: DEBUG cotyledon.oslo_config_glue [-] zvm.image_tmp_path = /opt/stack/data/nova/images {{(pid=96567) log_opt_values /opt/stack/data/venv/lib/python3.12/site-packages/oslo_config/cfg.py:3253}}
Jul 20 15:33:03.899228 np0000005510 nova-scheduler[96567]: DEBUG cotyledon.oslo_config_glue [-] zvm.reachable_timeout = 300 {{(pid=96567) log_opt_values /opt/stack/data/venv/lib/python3.12/site-packages/oslo_config/cfg.py:3253}}
Jul 20 15:33:03.899228 np0000005510 nova-scheduler[96567]: DEBUG cotyledon.oslo_config_glue [-] oslo_versionedobjects.fatal_exception_format_errors = False {{(pid=96567) log_opt_values /opt/stack/data/venv/lib/python3.12/site-packages/oslo_config/cfg.py:3253}}
Jul 20 15:33:03.899228 np0000005510 nova-scheduler[96567]: DEBUG cotyledon.oslo_config_glue [-] oslo_middleware.http_basic_auth_user_file = /etc/htpasswd {{(pid=96567) log_opt_values /opt/stack/data/venv/lib/python3.12/site-packages/oslo_config/cfg.py:3253}}
Jul 20 15:33:03.899228 np0000005510 nova-scheduler[96567]: DEBUG cotyledon.oslo_config_glue [-] oslo_messaging_metrics.metrics_buffer_size = 1000 {{(pid=96567) log_opt_values /opt/stack/data/venv/lib/python3.12/site-packages/oslo_config/cfg.py:3253}}
Jul 20 15:33:03.899228 np0000005510 nova-scheduler[96567]: DEBUG cotyledon.oslo_config_glue [-] oslo_messaging_metrics.metrics_enabled = False {{(pid=96567) log_opt_values /opt/stack/data/venv/lib/python3.12/site-packages/oslo_config/cfg.py:3253}}
Jul 20 15:33:03.899228 np0000005510 nova-scheduler[96567]: DEBUG cotyledon.oslo_config_glue [-] oslo_messaging_metrics.metrics_process_name = {{(pid=96567) log_opt_values /opt/stack/data/venv/lib/python3.12/site-packages/oslo_config/cfg.py:3253}}
Jul 20 15:33:03.899501 np0000005510 nova-scheduler[96567]: DEBUG cotyledon.oslo_config_glue [-] oslo_messaging_metrics.metrics_socket_file = /var/tmp/metrics_collector.sock {{(pid=96567) log_opt_values /opt/stack/data/venv/lib/python3.12/site-packages/oslo_config/cfg.py:3253}}
Jul 20 15:33:03.899501 np0000005510 nova-scheduler[96567]: DEBUG cotyledon.oslo_config_glue [-] oslo_messaging_metrics.metrics_thread_stop_timeout = 10 {{(pid=96567) log_opt_values /opt/stack/data/venv/lib/python3.12/site-packages/oslo_config/cfg.py:3253}}
Jul 20 15:33:03.899501 np0000005510 nova-scheduler[96567]: DEBUG cotyledon.oslo_config_glue [-] profiler.connection_string = messaging:// {{(pid=96567) log_opt_values /opt/stack/data/venv/lib/python3.12/site-packages/oslo_config/cfg.py:3253}}
Jul 20 15:33:03.899501 np0000005510 nova-scheduler[96567]: DEBUG cotyledon.oslo_config_glue [-] profiler.enabled = False {{(pid=96567) log_opt_values /opt/stack/data/venv/lib/python3.12/site-packages/oslo_config/cfg.py:3253}}
Jul 20 15:33:03.899501 np0000005510 nova-scheduler[96567]: DEBUG cotyledon.oslo_config_glue [-] profiler.es_doc_type = notification {{(pid=96567) log_opt_values /opt/stack/data/venv/lib/python3.12/site-packages/oslo_config/cfg.py:3253}}
Jul 20 15:33:03.899501 np0000005510 nova-scheduler[96567]: DEBUG cotyledon.oslo_config_glue [-] profiler.es_scroll_size = 10000 {{(pid=96567) log_opt_values /opt/stack/data/venv/lib/python3.12/site-packages/oslo_config/cfg.py:3253}}
Jul 20 15:33:03.899501 np0000005510 nova-scheduler[96567]: DEBUG cotyledon.oslo_config_glue [-] profiler.es_scroll_time = 2m {{(pid=96567) log_opt_values /opt/stack/data/venv/lib/python3.12/site-packages/oslo_config/cfg.py:3253}}
Jul 20 15:33:03.899501 np0000005510 nova-scheduler[96567]: DEBUG cotyledon.oslo_config_glue [-] profiler.filter_error_trace = False {{(pid=96567) log_opt_values /opt/stack/data/venv/lib/python3.12/site-packages/oslo_config/cfg.py:3253}}
Jul 20 15:33:03.899501 np0000005510 nova-scheduler[96567]: DEBUG cotyledon.oslo_config_glue [-] profiler.hmac_keys = **** {{(pid=96567) log_opt_values /opt/stack/data/venv/lib/python3.12/site-packages/oslo_config/cfg.py:3253}}
Jul 20 15:33:03.899787 np0000005510 nova-scheduler[96567]: DEBUG cotyledon.oslo_config_glue [-] profiler.sentinel_service_name = mymaster {{(pid=96567) log_opt_values /opt/stack/data/venv/lib/python3.12/site-packages/oslo_config/cfg.py:3253}}
Jul 20 15:33:03.899787 np0000005510 nova-scheduler[96567]: DEBUG cotyledon.oslo_config_glue [-] profiler.socket_timeout = 0.1 {{(pid=96567) log_opt_values /opt/stack/data/venv/lib/python3.12/site-packages/oslo_config/cfg.py:3253}}
Jul 20 15:33:03.899787 np0000005510 nova-scheduler[96567]: DEBUG cotyledon.oslo_config_glue [-] profiler.trace_requests = False {{(pid=96567) log_opt_values /opt/stack/data/venv/lib/python3.12/site-packages/oslo_config/cfg.py:3253}}
Jul 20 15:33:03.899787 np0000005510 nova-scheduler[96567]: DEBUG cotyledon.oslo_config_glue [-] profiler.trace_sqlalchemy = False {{(pid=96567) log_opt_values /opt/stack/data/venv/lib/python3.12/site-packages/oslo_config/cfg.py:3253}}
Jul 20 15:33:03.899787 np0000005510 nova-scheduler[96567]: DEBUG cotyledon.oslo_config_glue [-] profiler_jaeger.process_tags = {} {{(pid=96567) log_opt_values /opt/stack/data/venv/lib/python3.12/site-packages/oslo_config/cfg.py:3253}}
Jul 20 15:33:03.899787 np0000005510 nova-scheduler[96567]: DEBUG cotyledon.oslo_config_glue [-] profiler_jaeger.service_name_prefix = None {{(pid=96567) log_opt_values /opt/stack/data/venv/lib/python3.12/site-packages/oslo_config/cfg.py:3253}}
Jul 20 15:33:03.899787 np0000005510 nova-scheduler[96567]: DEBUG cotyledon.oslo_config_glue [-] profiler_otlp.service_name_prefix = None {{(pid=96567) log_opt_values /opt/stack/data/venv/lib/python3.12/site-packages/oslo_config/cfg.py:3253}}
Jul 20 15:33:03.899787 np0000005510 nova-scheduler[96567]: DEBUG cotyledon.oslo_config_glue [-] oslo_messaging_rabbit.amqp_auto_delete = False {{(pid=96567) log_opt_values /opt/stack/data/venv/lib/python3.12/site-packages/oslo_config/cfg.py:3253}}
Jul 20 15:33:03.899787 np0000005510 nova-scheduler[96567]: DEBUG cotyledon.oslo_config_glue [-] oslo_messaging_rabbit.amqp_durable_queues = False {{(pid=96567) log_opt_values /opt/stack/data/venv/lib/python3.12/site-packages/oslo_config/cfg.py:3253}}
Jul 20 15:33:03.900075 np0000005510 nova-scheduler[96567]: DEBUG cotyledon.oslo_config_glue [-] oslo_messaging_rabbit.conn_pool_min_size = 2 {{(pid=96567) log_opt_values /opt/stack/data/venv/lib/python3.12/site-packages/oslo_config/cfg.py:3253}}
Jul 20 15:33:03.900075 np0000005510 nova-scheduler[96567]: DEBUG cotyledon.oslo_config_glue [-] oslo_messaging_rabbit.conn_pool_ttl = 1200 {{(pid=96567) log_opt_values /opt/stack/data/venv/lib/python3.12/site-packages/oslo_config/cfg.py:3253}}
Jul 20 15:33:03.900075 np0000005510 nova-scheduler[96567]: DEBUG cotyledon.oslo_config_glue [-] oslo_messaging_rabbit.direct_mandatory_flag = True {{(pid=96567) log_opt_values /opt/stack/data/venv/lib/python3.12/site-packages/oslo_config/cfg.py:3253}}
Jul 20 15:33:03.900075 np0000005510 nova-scheduler[96567]: DEBUG cotyledon.oslo_config_glue [-] oslo_messaging_rabbit.enable_cancel_on_failover = False {{(pid=96567) log_opt_values /opt/stack/data/venv/lib/python3.12/site-packages/oslo_config/cfg.py:3253}}
Jul 20 15:33:03.900075 np0000005510 nova-scheduler[96567]: DEBUG cotyledon.oslo_config_glue [-] oslo_messaging_rabbit.heartbeat_rate = 3 {{(pid=96567) log_opt_values /opt/stack/data/venv/lib/python3.12/site-packages/oslo_config/cfg.py:3253}}
Jul 20 15:33:03.900075 np0000005510 nova-scheduler[96567]: DEBUG cotyledon.oslo_config_glue [-] oslo_messaging_rabbit.heartbeat_timeout_threshold = 60 {{(pid=96567) log_opt_values /opt/stack/data/venv/lib/python3.12/site-packages/oslo_config/cfg.py:3253}}
Jul 20 15:33:03.900075 np0000005510 nova-scheduler[96567]: DEBUG cotyledon.oslo_config_glue [-] oslo_messaging_rabbit.hostname = np0000005510 {{(pid=96567) log_opt_values /opt/stack/data/venv/lib/python3.12/site-packages/oslo_config/cfg.py:3253}}
Jul 20 15:33:03.900075 np0000005510 nova-scheduler[96567]: DEBUG cotyledon.oslo_config_glue [-] oslo_messaging_rabbit.kombu_compression = None {{(pid=96567) log_opt_values /opt/stack/data/venv/lib/python3.12/site-packages/oslo_config/cfg.py:3253}}
Jul 20 15:33:03.900075 np0000005510 nova-scheduler[96567]: DEBUG cotyledon.oslo_config_glue [-] oslo_messaging_rabbit.kombu_failover_strategy = round-robin {{(pid=96567) log_opt_values /opt/stack/data/venv/lib/python3.12/site-packages/oslo_config/cfg.py:3253}}
Jul 20 15:33:03.900350 np0000005510 nova-scheduler[96567]: DEBUG cotyledon.oslo_config_glue [-] oslo_messaging_rabbit.kombu_missing_consumer_retry_timeout = 60 {{(pid=96567) log_opt_values /opt/stack/data/venv/lib/python3.12/site-packages/oslo_config/cfg.py:3253}}
Jul 20 15:33:03.900350 np0000005510 nova-scheduler[96567]: DEBUG cotyledon.oslo_config_glue [-] oslo_messaging_rabbit.kombu_reconnect_delay = 1.0 {{(pid=96567) log_opt_values /opt/stack/data/venv/lib/python3.12/site-packages/oslo_config/cfg.py:3253}}
Jul 20 15:33:03.900350 np0000005510 nova-scheduler[96567]: DEBUG cotyledon.oslo_config_glue [-] oslo_messaging_rabbit.kombu_reconnect_splay = 0.0 {{(pid=96567) log_opt_values /opt/stack/data/venv/lib/python3.12/site-packages/oslo_config/cfg.py:3253}}
Jul 20 15:33:03.900350 np0000005510 nova-scheduler[96567]: DEBUG cotyledon.oslo_config_glue [-] oslo_messaging_rabbit.processname = nova-scheduler {{(pid=96567) log_opt_values /opt/stack/data/venv/lib/python3.12/site-packages/oslo_config/cfg.py:3253}}
Jul 20 15:33:03.900350 np0000005510 nova-scheduler[96567]: DEBUG cotyledon.oslo_config_glue [-] oslo_messaging_rabbit.rabbit_ha_queues = False {{(pid=96567) log_opt_values /opt/stack/data/venv/lib/python3.12/site-packages/oslo_config/cfg.py:3253}}
Jul 20 15:33:03.900350 np0000005510 nova-scheduler[96567]: DEBUG cotyledon.oslo_config_glue [-] oslo_messaging_rabbit.rabbit_interval_max = 30 {{(pid=96567) log_opt_values /opt/stack/data/venv/lib/python3.12/site-packages/oslo_config/cfg.py:3253}}
Jul 20 15:33:03.900350 np0000005510 nova-scheduler[96567]: DEBUG cotyledon.oslo_config_glue [-] oslo_messaging_rabbit.rabbit_login_method = AMQPLAIN {{(pid=96567) log_opt_values /opt/stack/data/venv/lib/python3.12/site-packages/oslo_config/cfg.py:3253}}
Jul 20 15:33:03.900350 np0000005510 nova-scheduler[96567]: DEBUG cotyledon.oslo_config_glue [-] oslo_messaging_rabbit.rabbit_qos_prefetch_count = 0 {{(pid=96567) log_opt_values /opt/stack/data/venv/lib/python3.12/site-packages/oslo_config/cfg.py:3253}}
Jul 20 15:33:03.900350 np0000005510 nova-scheduler[96567]: DEBUG cotyledon.oslo_config_glue [-] oslo_messaging_rabbit.rabbit_quorum_delivery_limit = 0 {{(pid=96567) log_opt_values /opt/stack/data/venv/lib/python3.12/site-packages/oslo_config/cfg.py:3253}}
Jul 20 15:33:03.900636 np0000005510 nova-scheduler[96567]: DEBUG cotyledon.oslo_config_glue [-] oslo_messaging_rabbit.rabbit_quorum_max_memory_bytes = 0 {{(pid=96567) log_opt_values /opt/stack/data/venv/lib/python3.12/site-packages/oslo_config/cfg.py:3253}}
Jul 20 15:33:03.900636 np0000005510 nova-scheduler[96567]: DEBUG cotyledon.oslo_config_glue [-] oslo_messaging_rabbit.rabbit_quorum_max_memory_length = 0 {{(pid=96567) log_opt_values /opt/stack/data/venv/lib/python3.12/site-packages/oslo_config/cfg.py:3253}}
Jul 20 15:33:03.900636 np0000005510 nova-scheduler[96567]: DEBUG cotyledon.oslo_config_glue [-] oslo_messaging_rabbit.rabbit_quorum_queue = False {{(pid=96567) log_opt_values /opt/stack/data/venv/lib/python3.12/site-packages/oslo_config/cfg.py:3253}}
Jul 20 15:33:03.900636 np0000005510 nova-scheduler[96567]: DEBUG cotyledon.oslo_config_glue [-] oslo_messaging_rabbit.rabbit_retry_backoff = 2 {{(pid=96567) log_opt_values /opt/stack/data/venv/lib/python3.12/site-packages/oslo_config/cfg.py:3253}}
Jul 20 15:33:03.900636 np0000005510 nova-scheduler[96567]: DEBUG cotyledon.oslo_config_glue [-] oslo_messaging_rabbit.rabbit_retry_interval = 1 {{(pid=96567) log_opt_values /opt/stack/data/venv/lib/python3.12/site-packages/oslo_config/cfg.py:3253}}
Jul 20 15:33:03.900636 np0000005510 nova-scheduler[96567]: DEBUG cotyledon.oslo_config_glue [-] oslo_messaging_rabbit.rabbit_stream_fanout = False {{(pid=96567) log_opt_values /opt/stack/data/venv/lib/python3.12/site-packages/oslo_config/cfg.py:3253}}
Jul 20 15:33:03.900636 np0000005510 nova-scheduler[96567]: DEBUG cotyledon.oslo_config_glue [-] oslo_messaging_rabbit.rabbit_transient_queues_ttl = 1800 {{(pid=96567) log_opt_values /opt/stack/data/venv/lib/python3.12/site-packages/oslo_config/cfg.py:3253}}
Jul 20 15:33:03.900636 np0000005510 nova-scheduler[96567]: DEBUG cotyledon.oslo_config_glue [-] oslo_messaging_rabbit.rabbit_transient_quorum_queue = False {{(pid=96567) log_opt_values /opt/stack/data/venv/lib/python3.12/site-packages/oslo_config/cfg.py:3253}}
Jul 20 15:33:03.900890 np0000005510 nova-scheduler[96567]: DEBUG cotyledon.oslo_config_glue [-] oslo_messaging_rabbit.rpc_conn_pool_size = 30 {{(pid=96567) log_opt_values /opt/stack/data/venv/lib/python3.12/site-packages/oslo_config/cfg.py:3253}}
Jul 20 15:33:03.900890 np0000005510 nova-scheduler[96567]: DEBUG cotyledon.oslo_config_glue [-] oslo_messaging_rabbit.ssl = False {{(pid=96567) log_opt_values /opt/stack/data/venv/lib/python3.12/site-packages/oslo_config/cfg.py:3253}}
Jul 20 15:33:03.900890 np0000005510 nova-scheduler[96567]: DEBUG cotyledon.oslo_config_glue [-] oslo_messaging_rabbit.ssl_ca_file = {{(pid=96567) log_opt_values /opt/stack/data/venv/lib/python3.12/site-packages/oslo_config/cfg.py:3253}}
Jul 20 15:33:03.900890 np0000005510 nova-scheduler[96567]: DEBUG cotyledon.oslo_config_glue [-] oslo_messaging_rabbit.ssl_cert_file = {{(pid=96567) log_opt_values /opt/stack/data/venv/lib/python3.12/site-packages/oslo_config/cfg.py:3253}}
Jul 20 15:33:03.900890 np0000005510 nova-scheduler[96567]: DEBUG cotyledon.oslo_config_glue [-] oslo_messaging_rabbit.ssl_enforce_fips_mode = False {{(pid=96567) log_opt_values /opt/stack/data/venv/lib/python3.12/site-packages/oslo_config/cfg.py:3253}}
Jul 20 15:33:03.900890 np0000005510 nova-scheduler[96567]: DEBUG cotyledon.oslo_config_glue [-] oslo_messaging_rabbit.ssl_enforce_hostname_verification = True {{(pid=96567) log_opt_values /opt/stack/data/venv/lib/python3.12/site-packages/oslo_config/cfg.py:3253}}
Jul 20 15:33:03.900890 np0000005510 nova-scheduler[96567]: DEBUG cotyledon.oslo_config_glue [-] oslo_messaging_rabbit.ssl_key_file = {{(pid=96567) log_opt_values /opt/stack/data/venv/lib/python3.12/site-packages/oslo_config/cfg.py:3253}}
Jul 20 15:33:03.900890 np0000005510 nova-scheduler[96567]: DEBUG cotyledon.oslo_config_glue [-] oslo_messaging_rabbit.ssl_version = {{(pid=96567) log_opt_values /opt/stack/data/venv/lib/python3.12/site-packages/oslo_config/cfg.py:3253}}
Jul 20 15:33:03.900890 np0000005510 nova-scheduler[96567]: DEBUG cotyledon.oslo_config_glue [-] oslo_messaging_rabbit.use_queue_manager = False {{(pid=96567) log_opt_values /opt/stack/data/venv/lib/python3.12/site-packages/oslo_config/cfg.py:3253}}
Jul 20 15:33:03.901188 np0000005510 nova-scheduler[96567]: DEBUG cotyledon.oslo_config_glue [-] oslo_messaging_notifications.driver = ['messagingv2'] {{(pid=96567) log_opt_values /opt/stack/data/venv/lib/python3.12/site-packages/oslo_config/cfg.py:3253}}
Jul 20 15:33:03.901188 np0000005510 nova-scheduler[96567]: DEBUG cotyledon.oslo_config_glue [-] oslo_messaging_notifications.retry = -1 {{(pid=96567) log_opt_values /opt/stack/data/venv/lib/python3.12/site-packages/oslo_config/cfg.py:3253}}
Jul 20 15:33:03.901188 np0000005510 nova-scheduler[96567]: DEBUG cotyledon.oslo_config_glue [-] oslo_messaging_notifications.topics = ['notifications'] {{(pid=96567) log_opt_values /opt/stack/data/venv/lib/python3.12/site-packages/oslo_config/cfg.py:3253}}
Jul 20 15:33:03.901188 np0000005510 nova-scheduler[96567]: DEBUG cotyledon.oslo_config_glue [-] oslo_messaging_notifications.transport_url = **** {{(pid=96567) log_opt_values /opt/stack/data/venv/lib/python3.12/site-packages/oslo_config/cfg.py:3253}}
Jul 20 15:33:03.901188 np0000005510 nova-scheduler[96567]: DEBUG cotyledon.oslo_config_glue [-] oslo_limit.auth_section = None {{(pid=96567) log_opt_values /opt/stack/data/venv/lib/python3.12/site-packages/oslo_config/cfg.py:3253}}
Jul 20 15:33:03.901188 np0000005510 nova-scheduler[96567]: DEBUG cotyledon.oslo_config_glue [-] oslo_limit.auth_type = None {{(pid=96567) log_opt_values /opt/stack/data/venv/lib/python3.12/site-packages/oslo_config/cfg.py:3253}}
Jul 20 15:33:03.901188 np0000005510 nova-scheduler[96567]: DEBUG cotyledon.oslo_config_glue [-] oslo_limit.cafile = None {{(pid=96567) log_opt_values /opt/stack/data/venv/lib/python3.12/site-packages/oslo_config/cfg.py:3253}}
Jul 20 15:33:03.901188 np0000005510 nova-scheduler[96567]: DEBUG cotyledon.oslo_config_glue [-] oslo_limit.certfile = None {{(pid=96567) log_opt_values /opt/stack/data/venv/lib/python3.12/site-packages/oslo_config/cfg.py:3253}}
Jul 20 15:33:03.901188 np0000005510 nova-scheduler[96567]: DEBUG cotyledon.oslo_config_glue [-] oslo_limit.collect_timing = False {{(pid=96567) log_opt_values /opt/stack/data/venv/lib/python3.12/site-packages/oslo_config/cfg.py:3253}}
Jul 20 15:33:03.901490 np0000005510 nova-scheduler[96567]: DEBUG cotyledon.oslo_config_glue [-] oslo_limit.connect_retries = None {{(pid=96567) log_opt_values /opt/stack/data/venv/lib/python3.12/site-packages/oslo_config/cfg.py:3253}}
Jul 20 15:33:03.901490 np0000005510 nova-scheduler[96567]: DEBUG cotyledon.oslo_config_glue [-] oslo_limit.connect_retry_delay = None {{(pid=96567) log_opt_values /opt/stack/data/venv/lib/python3.12/site-packages/oslo_config/cfg.py:3253}}
Jul 20 15:33:03.901490 np0000005510 nova-scheduler[96567]: DEBUG cotyledon.oslo_config_glue [-] oslo_limit.endpoint_id = None {{(pid=96567) log_opt_values /opt/stack/data/venv/lib/python3.12/site-packages/oslo_config/cfg.py:3253}}
Jul 20 15:33:03.901490 np0000005510 nova-scheduler[96567]: DEBUG cotyledon.oslo_config_glue [-] oslo_limit.endpoint_interface = public {{(pid=96567) log_opt_values /opt/stack/data/venv/lib/python3.12/site-packages/oslo_config/cfg.py:3253}}
Jul 20 15:33:03.901490 np0000005510 nova-scheduler[96567]: DEBUG cotyledon.oslo_config_glue [-] oslo_limit.endpoint_override = None {{(pid=96567) log_opt_values /opt/stack/data/venv/lib/python3.12/site-packages/oslo_config/cfg.py:3253}}
Jul 20 15:33:03.901490 np0000005510 nova-scheduler[96567]: DEBUG cotyledon.oslo_config_glue [-] oslo_limit.endpoint_region_name = None {{(pid=96567) log_opt_values /opt/stack/data/venv/lib/python3.12/site-packages/oslo_config/cfg.py:3253}}
Jul 20 15:33:03.901490 np0000005510 nova-scheduler[96567]: DEBUG cotyledon.oslo_config_glue [-] oslo_limit.endpoint_service_name = None {{(pid=96567) log_opt_values /opt/stack/data/venv/lib/python3.12/site-packages/oslo_config/cfg.py:3253}}
Jul 20 15:33:03.901490 np0000005510 nova-scheduler[96567]: DEBUG cotyledon.oslo_config_glue [-] oslo_limit.endpoint_service_type = None {{(pid=96567) log_opt_values /opt/stack/data/venv/lib/python3.12/site-packages/oslo_config/cfg.py:3253}}
Jul 20 15:33:03.901490 np0000005510 nova-scheduler[96567]: DEBUG cotyledon.oslo_config_glue [-] oslo_limit.insecure = False {{(pid=96567) log_opt_values /opt/stack/data/venv/lib/python3.12/site-packages/oslo_config/cfg.py:3253}}
Jul 20 15:33:03.901765 np0000005510 nova-scheduler[96567]: DEBUG cotyledon.oslo_config_glue [-] oslo_limit.keyfile = None {{(pid=96567) log_opt_values /opt/stack/data/venv/lib/python3.12/site-packages/oslo_config/cfg.py:3253}}
Jul 20 15:33:03.901765 np0000005510 nova-scheduler[96567]: DEBUG cotyledon.oslo_config_glue [-] oslo_limit.max_version = None {{(pid=96567) log_opt_values /opt/stack/data/venv/lib/python3.12/site-packages/oslo_config/cfg.py:3253}}
Jul 20 15:33:03.901765 np0000005510 nova-scheduler[96567]: DEBUG cotyledon.oslo_config_glue [-] oslo_limit.min_version = None {{(pid=96567) log_opt_values /opt/stack/data/venv/lib/python3.12/site-packages/oslo_config/cfg.py:3253}}
Jul 20 15:33:03.901765 np0000005510 nova-scheduler[96567]: DEBUG cotyledon.oslo_config_glue [-] oslo_limit.region_name = None {{(pid=96567) log_opt_values /opt/stack/data/venv/lib/python3.12/site-packages/oslo_config/cfg.py:3253}}
Jul 20 15:33:03.901765 np0000005510 nova-scheduler[96567]: DEBUG cotyledon.oslo_config_glue [-] oslo_limit.retriable_status_codes = None {{(pid=96567) log_opt_values /opt/stack/data/venv/lib/python3.12/site-packages/oslo_config/cfg.py:3253}}
Jul 20 15:33:03.901765 np0000005510 nova-scheduler[96567]: DEBUG cotyledon.oslo_config_glue [-] oslo_limit.service_name = None {{(pid=96567) log_opt_values /opt/stack/data/venv/lib/python3.12/site-packages/oslo_config/cfg.py:3253}}
Jul 20 15:33:03.901765 np0000005510 nova-scheduler[96567]: DEBUG cotyledon.oslo_config_glue [-] oslo_limit.service_type = None {{(pid=96567) log_opt_values /opt/stack/data/venv/lib/python3.12/site-packages/oslo_config/cfg.py:3253}}
Jul 20 15:33:03.901765 np0000005510 nova-scheduler[96567]: DEBUG cotyledon.oslo_config_glue [-] oslo_limit.split_loggers = False {{(pid=96567) log_opt_values /opt/stack/data/venv/lib/python3.12/site-packages/oslo_config/cfg.py:3253}}
Jul 20 15:33:03.901765 np0000005510 nova-scheduler[96567]: DEBUG cotyledon.oslo_config_glue [-] oslo_limit.status_code_retries = None {{(pid=96567) log_opt_values /opt/stack/data/venv/lib/python3.12/site-packages/oslo_config/cfg.py:3253}}
Jul 20 15:33:03.902075 np0000005510 nova-scheduler[96567]: DEBUG cotyledon.oslo_config_glue [-] oslo_limit.status_code_retry_delay = None {{(pid=96567) log_opt_values /opt/stack/data/venv/lib/python3.12/site-packages/oslo_config/cfg.py:3253}}
Jul 20 15:33:03.902075 np0000005510 nova-scheduler[96567]: DEBUG cotyledon.oslo_config_glue [-] oslo_limit.timeout = None {{(pid=96567) log_opt_values /opt/stack/data/venv/lib/python3.12/site-packages/oslo_config/cfg.py:3253}}
Jul 20 15:33:03.902075 np0000005510 nova-scheduler[96567]: DEBUG cotyledon.oslo_config_glue [-] oslo_limit.valid_interfaces = None {{(pid=96567) log_opt_values /opt/stack/data/venv/lib/python3.12/site-packages/oslo_config/cfg.py:3253}}
Jul 20 15:33:03.902075 np0000005510 nova-scheduler[96567]: DEBUG cotyledon.oslo_config_glue [-] oslo_limit.version = None {{(pid=96567) log_opt_values /opt/stack/data/venv/lib/python3.12/site-packages/oslo_config/cfg.py:3253}}
Jul 20 15:33:03.902075 np0000005510 nova-scheduler[96567]: DEBUG cotyledon.oslo_config_glue [-] oslo_reports.file_event_handler = None {{(pid=96567) log_opt_values /opt/stack/data/venv/lib/python3.12/site-packages/oslo_config/cfg.py:3253}}
Jul 20 15:33:03.902075 np0000005510 nova-scheduler[96567]: DEBUG cotyledon.oslo_config_glue [-] oslo_reports.file_event_handler_interval = 1 {{(pid=96567) log_opt_values /opt/stack/data/venv/lib/python3.12/site-packages/oslo_config/cfg.py:3253}}
Jul 20 15:33:03.902075 np0000005510 nova-scheduler[96567]: DEBUG cotyledon.oslo_config_glue [-] oslo_reports.log_dir = None {{(pid=96567) log_opt_values /opt/stack/data/venv/lib/python3.12/site-packages/oslo_config/cfg.py:3253}}
Jul 20 15:33:03.902075 np0000005510 nova-scheduler[96567]: DEBUG cotyledon.oslo_config_glue [-] ******************************************************************************** {{(pid=96567) log_opt_values /opt/stack/data/venv/lib/python3.12/site-packages/oslo_config/cfg.py:3260}}
Jul 20 15:33:03.902075 np0000005510 nova-scheduler[96567]: DEBUG cotyledon._service_worker [-] Run service ServiceWrapper(3) [96567] {{(pid=96567) wait_forever /opt/stack/data/venv/lib/python3.12/site-packages/cotyledon/_service_worker.py:218}}
Jul 20 15:33:03.902364 np0000005510 nova-scheduler[96567]: INFO nova.service [-] Starting scheduler node (version 33.1.0)
Jul 20 15:33:03.902412 np0000005510 nova-scheduler[96526]: DEBUG oslo_db.sqlalchemy.engines [None req-223c4f41-e1fb-4eb9-9f2e-224742f1e707 None None] MySQL server mode set to STRICT_TRANS_TABLES,STRICT_ALL_TABLES,NO_ZERO_IN_DATE,NO_ZERO_DATE,ERROR_FOR_DIVISION_BY_ZERO,TRADITIONAL,NO_ENGINE_SUBSTITUTION {{(pid=96526) _check_effective_sql_mode /opt/stack/data/venv/lib/python3.12/site-packages/oslo_db/sqlalchemy/engines.py:325}}
Jul 20 15:33:03.902466 np0000005510 nova-scheduler[96567]: INFO dbcounter [None req-8d3f9652-cfba-41de-8c3f-be1bcebcead8 None None] Registered counter for database nova_cell0
Jul 20 15:33:03.902512 np0000005510 nova-scheduler[96526]: DEBUG dbcounter [-] [96526] Writer thread running {{(pid=96526) stat_writer /opt/stack/data/venv/lib/python3.12/site-packages/dbcounter.py:102}}
Jul 20 15:33:03.902559 np0000005510 nova-scheduler[96529]: DEBUG oslo_db.sqlalchemy.engines [None req-22a622a5-b744-45c6-a747-c15c62583de4 None None] MySQL server mode set to STRICT_TRANS_TABLES,STRICT_ALL_TABLES,NO_ZERO_IN_DATE,NO_ZERO_DATE,ERROR_FOR_DIVISION_BY_ZERO,TRADITIONAL,NO_ENGINE_SUBSTITUTION {{(pid=96529) _check_effective_sql_mode /opt/stack/data/venv/lib/python3.12/site-packages/oslo_db/sqlalchemy/engines.py:325}}
Jul 20 15:33:03.902909 np0000005510 nova-scheduler[96535]: DEBUG oslo_db.sqlalchemy.engines [None req-6d15dc16-283a-460f-897c-6a8c3bd3dc7b None None] MySQL server mode set to STRICT_TRANS_TABLES,STRICT_ALL_TABLES,NO_ZERO_IN_DATE,NO_ZERO_DATE,ERROR_FOR_DIVISION_BY_ZERO,TRADITIONAL,NO_ENGINE_SUBSTITUTION {{(pid=96535) _check_effective_sql_mode /opt/stack/data/venv/lib/python3.12/site-packages/oslo_db/sqlalchemy/engines.py:325}}
Jul 20 15:33:03.902959 np0000005510 nova-scheduler[96526]: DEBUG nova.service [None req-223c4f41-e1fb-4eb9-9f2e-224742f1e707 None None] Creating RPC server for service: nova-scheduler on topic: scheduler {{(pid=96526) start /opt/stack/nova/nova/service.py:196}}
Jul 20 15:33:03.903026 np0000005510 nova-scheduler[96529]: DEBUG dbcounter [-] [96529] Writer thread running {{(pid=96529) stat_writer /opt/stack/data/venv/lib/python3.12/site-packages/dbcounter.py:102}}
Jul 20 15:33:03.905153 np0000005510 nova-scheduler[96529]: DEBUG nova.service [None req-22a622a5-b744-45c6-a747-c15c62583de4 None None] Creating RPC server for service: nova-scheduler on topic: scheduler {{(pid=96529) start /opt/stack/nova/nova/service.py:196}}
Jul 20 15:33:03.908728 np0000005510 nova-scheduler[96535]: DEBUG dbcounter [-] [96535] Writer thread running {{(pid=96535) stat_writer /opt/stack/data/venv/lib/python3.12/site-packages/dbcounter.py:102}}
Jul 20 15:33:03.912472 np0000005510 nova-scheduler[96535]: DEBUG nova.service [None req-6d15dc16-283a-460f-897c-6a8c3bd3dc7b None None] Creating RPC server for service: nova-scheduler on topic: scheduler {{(pid=96535) start /opt/stack/nova/nova/service.py:196}}
Jul 20 15:33:03.932354 np0000005510 nova-scheduler[96529]: DEBUG nova.service [None req-22a622a5-b744-45c6-a747-c15c62583de4 None None] Join ServiceGroup membership for this service scheduler {{(pid=96529) start /opt/stack/nova/nova/service.py:222}}
Jul 20 15:33:03.932825 np0000005510 nova-scheduler[96529]: DEBUG nova.servicegroup.drivers.db [None req-22a622a5-b744-45c6-a747-c15c62583de4 None None] DB_Driver: join new ServiceGroup member np0000005510 to the scheduler group, service = {{(pid=96529) join /opt/stack/nova/nova/servicegroup/drivers/db.py:44}}
Jul 20 15:33:03.934521 np0000005510 nova-scheduler[96567]: DEBUG oslo_db.sqlalchemy.engines [None req-8d3f9652-cfba-41de-8c3f-be1bcebcead8 None None] MySQL server mode set to STRICT_TRANS_TABLES,STRICT_ALL_TABLES,NO_ZERO_IN_DATE,NO_ZERO_DATE,ERROR_FOR_DIVISION_BY_ZERO,TRADITIONAL,NO_ENGINE_SUBSTITUTION {{(pid=96567) _check_effective_sql_mode /opt/stack/data/venv/lib/python3.12/site-packages/oslo_db/sqlalchemy/engines.py:325}}
Jul 20 15:33:03.935522 np0000005510 nova-scheduler[96535]: DEBUG nova.service [None req-6d15dc16-283a-460f-897c-6a8c3bd3dc7b None None] Join ServiceGroup membership for this service scheduler {{(pid=96535) start /opt/stack/nova/nova/service.py:222}}
Jul 20 15:33:03.935522 np0000005510 nova-scheduler[96535]: DEBUG nova.servicegroup.drivers.db [None req-6d15dc16-283a-460f-897c-6a8c3bd3dc7b None None] DB_Driver: join new ServiceGroup member np0000005510 to the scheduler group, service = {{(pid=96535) join /opt/stack/nova/nova/servicegroup/drivers/db.py:44}}
Jul 20 15:33:03.938801 np0000005510 nova-scheduler[96526]: DEBUG nova.service [None req-223c4f41-e1fb-4eb9-9f2e-224742f1e707 None None] Join ServiceGroup membership for this service scheduler {{(pid=96526) start /opt/stack/nova/nova/service.py:222}}
Jul 20 15:33:03.939056 np0000005510 nova-scheduler[96526]: DEBUG nova.servicegroup.drivers.db [None req-223c4f41-e1fb-4eb9-9f2e-224742f1e707 None None] DB_Driver: join new ServiceGroup member np0000005510 to the scheduler group, service = {{(pid=96526) join /opt/stack/nova/nova/servicegroup/drivers/db.py:44}}
Jul 20 15:33:03.946302 np0000005510 nova-scheduler[96567]: DEBUG dbcounter [-] [96567] Writer thread running {{(pid=96567) stat_writer /opt/stack/data/venv/lib/python3.12/site-packages/dbcounter.py:102}}
Jul 20 15:33:03.951032 np0000005510 nova-scheduler[96567]: DEBUG nova.service [None req-8d3f9652-cfba-41de-8c3f-be1bcebcead8 None None] Creating RPC server for service: nova-scheduler on topic: scheduler {{(pid=96567) start /opt/stack/nova/nova/service.py:196}}
Jul 20 15:33:03.968433 np0000005510 nova-scheduler[96567]: DEBUG nova.service [None req-8d3f9652-cfba-41de-8c3f-be1bcebcead8 None None] Join ServiceGroup membership for this service scheduler {{(pid=96567) start /opt/stack/nova/nova/service.py:222}}
Jul 20 15:33:03.968702 np0000005510 nova-scheduler[96567]: DEBUG nova.servicegroup.drivers.db [None req-8d3f9652-cfba-41de-8c3f-be1bcebcead8 None None] DB_Driver: join new ServiceGroup member np0000005510 to the scheduler group, service = {{(pid=96567) join /opt/stack/nova/nova/servicegroup/drivers/db.py:44}}
Jul 20 15:33:08.949904 np0000005510 nova-scheduler[96529]: DEBUG oslo.service.backend._threading.loopingcall [-] Fixed interval looping call 'nova.servicegroup.drivers.db.DbDriver._report_state' sleeping for 119.99 seconds {{(pid=96529) _run_loop /opt/stack/data/venv/lib/python3.12/site-packages/oslo_service/backend/_threading/loopingcall.py:125}}
Jul 20 15:33:08.951259 np0000005510 nova-scheduler[96526]: DEBUG oslo.service.backend._threading.loopingcall [-] Fixed interval looping call 'nova.servicegroup.drivers.db.DbDriver._report_state' sleeping for 119.99 seconds {{(pid=96526) _run_loop /opt/stack/data/venv/lib/python3.12/site-packages/oslo_service/backend/_threading/loopingcall.py:125}}
Jul 20 15:33:08.952165 np0000005510 nova-scheduler[96535]: DEBUG oslo.service.backend._threading.loopingcall [-] Fixed interval looping call 'nova.servicegroup.drivers.db.DbDriver._report_state' sleeping for 119.99 seconds {{(pid=96535) _run_loop /opt/stack/data/venv/lib/python3.12/site-packages/oslo_service/backend/_threading/loopingcall.py:125}}
Jul 20 15:33:08.979552 np0000005510 nova-scheduler[96567]: DEBUG oslo.service.backend._threading.loopingcall [-] Fixed interval looping call 'nova.servicegroup.drivers.db.DbDriver._report_state' sleeping for 119.99 seconds {{(pid=96567) _run_loop /opt/stack/data/venv/lib/python3.12/site-packages/oslo_service/backend/_threading/loopingcall.py:125}}
Jul 20 15:33:12.415270 np0000005510 nova-scheduler[95330]: DEBUG dbcounter [-] [95330] Writing DB stats nova_api:SELECT=3 {{(pid=95330) stat_writer /opt/stack/data/venv/lib/python3.12/site-packages/dbcounter.py:115}}
Jul 20 15:33:12.556751 np0000005510 nova-scheduler[95330]: DEBUG dbcounter [-] [95330] Writing DB stats nova_cell0:SELECT=1 {{(pid=95330) stat_writer /opt/stack/data/venv/lib/python3.12/site-packages/dbcounter.py:115}}
Jul 20 15:33:12.560938 np0000005510 nova-scheduler[95330]: DEBUG dbcounter [-] [95330] Writing DB stats nova_cell1:SELECT=1 {{(pid=95330) stat_writer /opt/stack/data/venv/lib/python3.12/site-packages/dbcounter.py:115}}
Jul 20 15:33:18.945496 np0000005510 nova-scheduler[96529]: DEBUG dbcounter [-] [96529] Writing DB stats nova_cell0:SELECT=3,nova_cell0:UPDATE=1 {{(pid=96529) stat_writer /opt/stack/data/venv/lib/python3.12/site-packages/dbcounter.py:115}}
Jul 20 15:33:18.949884 np0000005510 nova-scheduler[96526]: DEBUG dbcounter [-] [96526] Writing DB stats nova_cell0:SELECT=4,nova_cell0:INSERT=1,nova_cell0:UPDATE=1 {{(pid=96526) stat_writer /opt/stack/data/venv/lib/python3.12/site-packages/dbcounter.py:115}}
Jul 20 15:33:18.950636 np0000005510 nova-scheduler[96535]: DEBUG dbcounter [-] [96535] Writing DB stats nova_cell0:SELECT=3,nova_cell0:UPDATE=1 {{(pid=96535) stat_writer /opt/stack/data/venv/lib/python3.12/site-packages/dbcounter.py:115}}
Jul 20 15:33:18.977143 np0000005510 nova-scheduler[96567]: DEBUG dbcounter [-] [96567] Writing DB stats nova_cell0:SELECT=3 {{(pid=96567) stat_writer /opt/stack/data/venv/lib/python3.12/site-packages/dbcounter.py:115}}
Jul 20 15:33:19.970792 np0000005510 nova-scheduler[96567]: DEBUG oslo.service.backend._threading.loopingcall [None req-a61a0974-b21f-4b87-9b8a-855980130ecd None None] Dynamic interval looping call 'nova.service.Service.periodic_tasks' sleeping for 60.00 seconds {{(pid=96567) _run_loop /opt/stack/data/venv/lib/python3.12/site-packages/oslo_service/backend/_threading/loopingcall.py:125}}
Jul 20 15:33:24.941279 np0000005510 nova-scheduler[96526]: DEBUG oslo.service.backend._threading.loopingcall [None req-a71163da-da39-4d0b-b540-df83d6dfd4b2 None None] Dynamic interval looping call 'nova.service.Service.periodic_tasks' sleeping for 60.00 seconds {{(pid=96526) _run_loop /opt/stack/data/venv/lib/python3.12/site-packages/oslo_service/backend/_threading/loopingcall.py:125}}
Jul 20 15:33:37.938293 np0000005510 nova-scheduler[96535]: DEBUG oslo.service.backend._threading.loopingcall [None req-4c01e7f8-6e1f-49b2-a6e6-e0b534f43bbd None None] Dynamic interval looping call 'nova.service.Service.periodic_tasks' sleeping for 60.00 seconds {{(pid=96535) _run_loop /opt/stack/data/venv/lib/python3.12/site-packages/oslo_service/backend/_threading/loopingcall.py:125}}
Jul 20 15:34:00.935701 np0000005510 nova-scheduler[96529]: DEBUG oslo.service.backend._threading.loopingcall [None req-df39567f-bf88-4c55-81a1-a7d0944a45bb None None] Dynamic interval looping call 'nova.service.Service.periodic_tasks' sleeping for 60.00 seconds {{(pid=96529) _run_loop /opt/stack/data/venv/lib/python3.12/site-packages/oslo_service/backend/_threading/loopingcall.py:125}}
Jul 20 15:34:19.971293 np0000005510 nova-scheduler[96567]: DEBUG oslo.service.backend._threading.loopingcall [None req-a61a0974-b21f-4b87-9b8a-855980130ecd None None] Dynamic interval looping call 'nova.service.Service.periodic_tasks' sleeping for 60.00 seconds {{(pid=96567) _run_loop /opt/stack/data/venv/lib/python3.12/site-packages/oslo_service/backend/_threading/loopingcall.py:125}}
Jul 20 15:34:24.941789 np0000005510 nova-scheduler[96526]: DEBUG oslo.service.backend._threading.loopingcall [None req-a71163da-da39-4d0b-b540-df83d6dfd4b2 None None] Dynamic interval looping call 'nova.service.Service.periodic_tasks' sleeping for 60.00 seconds {{(pid=96526) _run_loop /opt/stack/data/venv/lib/python3.12/site-packages/oslo_service/backend/_threading/loopingcall.py:125}}
Jul 20 15:34:37.939160 np0000005510 nova-scheduler[96535]: DEBUG oslo.service.backend._threading.loopingcall [None req-4c01e7f8-6e1f-49b2-a6e6-e0b534f43bbd None None] Dynamic interval looping call 'nova.service.Service.periodic_tasks' sleeping for 60.00 seconds {{(pid=96535) _run_loop /opt/stack/data/venv/lib/python3.12/site-packages/oslo_service/backend/_threading/loopingcall.py:125}}
Jul 20 15:35:00.936264 np0000005510 nova-scheduler[96529]: DEBUG oslo.service.backend._threading.loopingcall [None req-df39567f-bf88-4c55-81a1-a7d0944a45bb None None] Dynamic interval looping call 'nova.service.Service.periodic_tasks' sleeping for 60.00 seconds {{(pid=96529) _run_loop /opt/stack/data/venv/lib/python3.12/site-packages/oslo_service/backend/_threading/loopingcall.py:125}}
Jul 20 15:35:08.946175 np0000005510 nova-scheduler[96529]: DEBUG oslo.service.backend._threading.loopingcall [-] Fixed interval looping call 'nova.servicegroup.drivers.db.DbDriver._report_state' sleeping for 119.99 seconds {{(pid=96529) _run_loop /opt/stack/data/venv/lib/python3.12/site-packages/oslo_service/backend/_threading/loopingcall.py:125}}
Jul 20 15:35:08.946791 np0000005510 nova-scheduler[96526]: DEBUG oslo.service.backend._threading.loopingcall [-] Fixed interval looping call 'nova.servicegroup.drivers.db.DbDriver._report_state' sleeping for 119.99 seconds {{(pid=96526) _run_loop /opt/stack/data/venv/lib/python3.12/site-packages/oslo_service/backend/_threading/loopingcall.py:125}}
Jul 20 15:35:08.947162 np0000005510 nova-scheduler[96535]: DEBUG oslo.service.backend._threading.loopingcall [-] Fixed interval looping call 'nova.servicegroup.drivers.db.DbDriver._report_state' sleeping for 120.00 seconds {{(pid=96535) _run_loop /opt/stack/data/venv/lib/python3.12/site-packages/oslo_service/backend/_threading/loopingcall.py:125}}
Jul 20 15:35:08.974351 np0000005510 nova-scheduler[96567]: DEBUG oslo.service.backend._threading.loopingcall [-] Fixed interval looping call 'nova.servicegroup.drivers.db.DbDriver._report_state' sleeping for 120.00 seconds {{(pid=96567) _run_loop /opt/stack/data/venv/lib/python3.12/site-packages/oslo_service/backend/_threading/loopingcall.py:125}}
Jul 20 15:35:18.942827 np0000005510 nova-scheduler[96529]: DEBUG dbcounter [-] [96529] Writing DB stats nova_cell0:SELECT=1,nova_cell0:UPDATE=1 {{(pid=96529) stat_writer /opt/stack/data/venv/lib/python3.12/site-packages/dbcounter.py:115}}
Jul 20 15:35:18.944941 np0000005510 nova-scheduler[96526]: DEBUG dbcounter [-] [96526] Writing DB stats nova_cell0:SELECT=1,nova_cell0:UPDATE=1 {{(pid=96526) stat_writer /opt/stack/data/venv/lib/python3.12/site-packages/dbcounter.py:115}}
Jul 20 15:35:18.945381 np0000005510 nova-scheduler[96535]: DEBUG dbcounter [-] [96535] Writing DB stats nova_cell0:SELECT=1,nova_cell0:UPDATE=1 {{(pid=96535) stat_writer /opt/stack/data/venv/lib/python3.12/site-packages/dbcounter.py:115}}
Jul 20 15:35:18.971828 np0000005510 nova-scheduler[96567]: DEBUG dbcounter [-] [96567] Writing DB stats nova_cell0:SELECT=1 {{(pid=96567) stat_writer /opt/stack/data/venv/lib/python3.12/site-packages/dbcounter.py:115}}
Jul 20 15:35:19.971743 np0000005510 nova-scheduler[96567]: DEBUG oslo.service.backend._threading.loopingcall [None req-a61a0974-b21f-4b87-9b8a-855980130ecd None None] Dynamic interval looping call 'nova.service.Service.periodic_tasks' sleeping for 60.00 seconds {{(pid=96567) _run_loop /opt/stack/data/venv/lib/python3.12/site-packages/oslo_service/backend/_threading/loopingcall.py:125}}
Jul 20 15:35:24.942388 np0000005510 nova-scheduler[96526]: DEBUG oslo.service.backend._threading.loopingcall [None req-a71163da-da39-4d0b-b540-df83d6dfd4b2 None None] Dynamic interval looping call 'nova.service.Service.periodic_tasks' sleeping for 60.00 seconds {{(pid=96526) _run_loop /opt/stack/data/venv/lib/python3.12/site-packages/oslo_service/backend/_threading/loopingcall.py:125}}
Jul 20 15:35:36.971040 np0000005510 nova-scheduler[96529]: DEBUG nova.scheduler.manager [None req-e2ff2583-db97-4883-a549-0d6a336d6b10 tempest-DeleteServersTestJSON-1123620291 tempest-DeleteServersTestJSON-1123620291-project-member] Starting to schedule for instances: ['30f0079c-8042-44dc-b8a2-38113f50c09e'] {{(pid=96529) select_destinations /opt/stack/nova/nova/scheduler/manager.py:209}}
Jul 20 15:35:36.971486 np0000005510 nova-scheduler[96529]: DEBUG nova.scheduler.request_filter [None req-e2ff2583-db97-4883-a549-0d6a336d6b10 tempest-DeleteServersTestJSON-1123620291 tempest-DeleteServersTestJSON-1123620291-project-member] compute_status_filter request filter added forbidden trait COMPUTE_STATUS_DISABLED {{(pid=96529) compute_status_filter /opt/stack/nova/nova/scheduler/request_filter.py:253}}
Jul 20 15:35:36.971591 np0000005510 nova-scheduler[96529]: DEBUG nova.scheduler.request_filter [None req-e2ff2583-db97-4883-a549-0d6a336d6b10 tempest-DeleteServersTestJSON-1123620291 tempest-DeleteServersTestJSON-1123620291-project-member] Request filter 'compute_status_filter' took 0.0 seconds {{(pid=96529) wrapper /opt/stack/nova/nova/scheduler/request_filter.py:46}}
Jul 20 15:35:36.971776 np0000005510 nova-scheduler[96529]: DEBUG nova.scheduler.request_filter [None req-e2ff2583-db97-4883-a549-0d6a336d6b10 tempest-DeleteServersTestJSON-1123620291 tempest-DeleteServersTestJSON-1123620291-project-member] Request filter 'accelerators_filter' took 0.0 seconds {{(pid=96529) wrapper /opt/stack/nova/nova/scheduler/request_filter.py:46}}
Jul 20 15:35:36.971997 np0000005510 nova-scheduler[96529]: DEBUG nova.scheduler.request_filter [None req-e2ff2583-db97-4883-a549-0d6a336d6b10 tempest-DeleteServersTestJSON-1123620291 tempest-DeleteServersTestJSON-1123620291-project-member] Request filter 'packed_virtqueue_filter' took 0.0 seconds {{(pid=96529) wrapper /opt/stack/nova/nova/scheduler/request_filter.py:46}}
Jul 20 15:35:36.972472 np0000005510 nova-scheduler[96529]: DEBUG nova.scheduler.request_filter [None req-e2ff2583-db97-4883-a549-0d6a336d6b10 tempest-DeleteServersTestJSON-1123620291 tempest-DeleteServersTestJSON-1123620291-project-member] Request filter 'remote_managed_ports_filter' took 0.0 seconds {{(pid=96529) wrapper /opt/stack/nova/nova/scheduler/request_filter.py:46}}
Jul 20 15:35:36.972650 np0000005510 nova-scheduler[96529]: DEBUG nova.scheduler.request_filter [None req-e2ff2583-db97-4883-a549-0d6a336d6b10 tempest-DeleteServersTestJSON-1123620291 tempest-DeleteServersTestJSON-1123620291-project-member] ephemeral_encryption_filter skipped {{(pid=96529) ephemeral_encryption_filter /opt/stack/nova/nova/scheduler/request_filter.py:426}}
Jul 20 15:35:36.972798 np0000005510 nova-scheduler[96529]: DEBUG nova.scheduler.request_filter [None req-e2ff2583-db97-4883-a549-0d6a336d6b10 tempest-DeleteServersTestJSON-1123620291 tempest-DeleteServersTestJSON-1123620291-project-member] virtio_sound_filter skipped {{(pid=96529) virtio_sound_filter /opt/stack/nova/nova/scheduler/request_filter.py:460}}
Jul 20 15:35:36.975581 np0000005510 nova-scheduler[96529]: DEBUG nova.scheduler.request_filter [None req-e2ff2583-db97-4883-a549-0d6a336d6b10 tempest-DeleteServersTestJSON-1123620291 tempest-DeleteServersTestJSON-1123620291-project-member] tpm_secret_security_filter skipped {{(pid=96529) tpm_secret_security_filter /opt/stack/nova/nova/scheduler/request_filter.py:477}}
Jul 20 15:35:37.686654 np0000005510 nova-scheduler[96529]: INFO nova.utils [None req-e2ff2583-db97-4883-a549-0d6a336d6b10 tempest-DeleteServersTestJSON-1123620291 tempest-DeleteServersTestJSON-1123620291-project-member] The cell worker thread pool ForkProcess-2.cell_worker is initialized
Jul 20 15:35:37.687076 np0000005510 nova-scheduler[96529]: DEBUG oslo_concurrency.lockutils [None req-e2ff2583-db97-4883-a549-0d6a336d6b10 tempest-DeleteServersTestJSON-1123620291 tempest-DeleteServersTestJSON-1123620291-project-member] Acquiring lock "cd0acf54-4749-490b-9ecd-d4b14fc484de" by "nova.context.set_target_cell..get_or_set_cached_cell_and_set_connections" {{(pid=96529) inner /opt/stack/data/venv/lib/python3.12/site-packages/oslo_concurrency/lockutils.py:512}}
Jul 20 15:35:37.687352 np0000005510 nova-scheduler[96529]: DEBUG oslo_concurrency.lockutils [None req-e2ff2583-db97-4883-a549-0d6a336d6b10 tempest-DeleteServersTestJSON-1123620291 tempest-DeleteServersTestJSON-1123620291-project-member] Lock "cd0acf54-4749-490b-9ecd-d4b14fc484de" acquired by "nova.context.set_target_cell..get_or_set_cached_cell_and_set_connections" :: waited 0.000s {{(pid=96529) inner /opt/stack/data/venv/lib/python3.12/site-packages/oslo_concurrency/lockutils.py:525}}
Jul 20 15:35:37.690926 np0000005510 nova-scheduler[96529]: DEBUG oslo_concurrency.lockutils [None req-e2ff2583-db97-4883-a549-0d6a336d6b10 tempest-DeleteServersTestJSON-1123620291 tempest-DeleteServersTestJSON-1123620291-project-member] Lock "cd0acf54-4749-490b-9ecd-d4b14fc484de" "released" by "nova.context.set_target_cell..get_or_set_cached_cell_and_set_connections" :: held 0.002s {{(pid=96529) inner /opt/stack/data/venv/lib/python3.12/site-packages/oslo_concurrency/lockutils.py:544}}
Jul 20 15:35:37.692810 np0000005510 nova-scheduler[96529]: INFO dbcounter [None req-e2ff2583-db97-4883-a549-0d6a336d6b10 tempest-DeleteServersTestJSON-1123620291 tempest-DeleteServersTestJSON-1123620291-project-member] Registered counter for database nova_cell1
Jul 20 15:35:37.735324 np0000005510 nova-scheduler[96529]: DEBUG oslo_db.sqlalchemy.engines [None req-e2ff2583-db97-4883-a549-0d6a336d6b10 tempest-DeleteServersTestJSON-1123620291 tempest-DeleteServersTestJSON-1123620291-project-member] MySQL server mode set to STRICT_TRANS_TABLES,STRICT_ALL_TABLES,NO_ZERO_IN_DATE,NO_ZERO_DATE,ERROR_FOR_DIVISION_BY_ZERO,TRADITIONAL,NO_ENGINE_SUBSTITUTION {{(pid=96529) _check_effective_sql_mode /opt/stack/data/venv/lib/python3.12/site-packages/oslo_db/sqlalchemy/engines.py:325}}
Jul 20 15:35:37.744125 np0000005510 nova-scheduler[96529]: DEBUG dbcounter [-] [96529] Writer thread running {{(pid=96529) stat_writer /opt/stack/data/venv/lib/python3.12/site-packages/dbcounter.py:102}}
Jul 20 15:35:37.758675 np0000005510 nova-scheduler[96529]: DEBUG oslo_db.sqlalchemy.engines [None req-e2ff2583-db97-4883-a549-0d6a336d6b10 tempest-DeleteServersTestJSON-1123620291 tempest-DeleteServersTestJSON-1123620291-project-member] Parent process 95330 forked (96529) with an open database connection, which is being discarded and recreated. {{(pid=96529) checkout /opt/stack/data/venv/lib/python3.12/site-packages/oslo_db/sqlalchemy/engines.py:402}}
Jul 20 15:35:37.806894 np0000005510 nova-scheduler[96529]: DEBUG dbcounter [-] [96529] Writer thread running {{(pid=96529) stat_writer /opt/stack/data/venv/lib/python3.12/site-packages/dbcounter.py:102}}
Jul 20 15:35:37.810683 np0000005510 nova-scheduler[96529]: DEBUG oslo_concurrency.lockutils [None req-e2ff2583-db97-4883-a549-0d6a336d6b10 tempest-DeleteServersTestJSON-1123620291 tempest-DeleteServersTestJSON-1123620291-project-member] Acquiring lock "cd0acf54-4749-490b-9ecd-d4b14fc484de" by "nova.context.set_target_cell..get_or_set_cached_cell_and_set_connections" {{(pid=96529) inner /opt/stack/data/venv/lib/python3.12/site-packages/oslo_concurrency/lockutils.py:512}}
