Jul 05 16:59:42.059464 np0000004580 nova-scheduler[96387]: DEBUG cotyledon.oslo_config_glue [-] profiler.filter_error_trace = False {{(pid=96387) log_opt_values /opt/stack/data/venv/lib/python3.12/site-packages/oslo_config/cfg.py:3253}}
Jul 05 16:59:42.059464 np0000004580 nova-scheduler[96387]: DEBUG cotyledon.oslo_config_glue [-] profiler.hmac_keys = **** {{(pid=96387) log_opt_values /opt/stack/data/venv/lib/python3.12/site-packages/oslo_config/cfg.py:3253}}
Jul 05 16:59:42.059464 np0000004580 nova-scheduler[96387]: DEBUG cotyledon.oslo_config_glue [-] profiler.sentinel_service_name = mymaster {{(pid=96387) log_opt_values /opt/stack/data/venv/lib/python3.12/site-packages/oslo_config/cfg.py:3253}}
Jul 05 16:59:42.059464 np0000004580 nova-scheduler[96387]: DEBUG cotyledon.oslo_config_glue [-] profiler.socket_timeout = 0.1 {{(pid=96387) log_opt_values /opt/stack/data/venv/lib/python3.12/site-packages/oslo_config/cfg.py:3253}}
Jul 05 16:59:42.059464 np0000004580 nova-scheduler[96387]: DEBUG cotyledon.oslo_config_glue [-] profiler.trace_requests = False {{(pid=96387) log_opt_values /opt/stack/data/venv/lib/python3.12/site-packages/oslo_config/cfg.py:3253}}
Jul 05 16:59:42.059464 np0000004580 nova-scheduler[96387]: DEBUG cotyledon.oslo_config_glue [-] profiler.trace_sqlalchemy = False {{(pid=96387) log_opt_values /opt/stack/data/venv/lib/python3.12/site-packages/oslo_config/cfg.py:3253}}
Jul 05 16:59:42.059464 np0000004580 nova-scheduler[96387]: DEBUG cotyledon.oslo_config_glue [-] profiler_jaeger.process_tags = {} {{(pid=96387) log_opt_values /opt/stack/data/venv/lib/python3.12/site-packages/oslo_config/cfg.py:3253}}
Jul 05 16:59:42.059464 np0000004580 nova-scheduler[96387]: DEBUG cotyledon.oslo_config_glue [-] profiler_jaeger.service_name_prefix = None {{(pid=96387) log_opt_values /opt/stack/data/venv/lib/python3.12/site-packages/oslo_config/cfg.py:3253}}
Jul 05 16:59:42.059770 np0000004580 nova-scheduler[96387]: DEBUG cotyledon.oslo_config_glue [-] profiler_otlp.service_name_prefix = None {{(pid=96387) log_opt_values /opt/stack/data/venv/lib/python3.12/site-packages/oslo_config/cfg.py:3253}}
Jul 05 16:59:42.059770 np0000004580 nova-scheduler[96387]: DEBUG cotyledon.oslo_config_glue [-] oslo_messaging_rabbit.amqp_auto_delete = False {{(pid=96387) log_opt_values /opt/stack/data/venv/lib/python3.12/site-packages/oslo_config/cfg.py:3253}}
Jul 05 16:59:42.059770 np0000004580 nova-scheduler[96387]: DEBUG cotyledon.oslo_config_glue [-] oslo_messaging_rabbit.amqp_durable_queues = False {{(pid=96387) log_opt_values /opt/stack/data/venv/lib/python3.12/site-packages/oslo_config/cfg.py:3253}}
Jul 05 16:59:42.059770 np0000004580 nova-scheduler[96387]: DEBUG cotyledon.oslo_config_glue [-] oslo_messaging_rabbit.conn_pool_min_size = 2 {{(pid=96387) log_opt_values /opt/stack/data/venv/lib/python3.12/site-packages/oslo_config/cfg.py:3253}}
Jul 05 16:59:42.059770 np0000004580 nova-scheduler[96387]: DEBUG cotyledon.oslo_config_glue [-] oslo_messaging_rabbit.conn_pool_ttl = 1200 {{(pid=96387) log_opt_values /opt/stack/data/venv/lib/python3.12/site-packages/oslo_config/cfg.py:3253}}
Jul 05 16:59:42.059770 np0000004580 nova-scheduler[96387]: DEBUG cotyledon.oslo_config_glue [-] oslo_messaging_rabbit.direct_mandatory_flag = True {{(pid=96387) log_opt_values /opt/stack/data/venv/lib/python3.12/site-packages/oslo_config/cfg.py:3253}}
Jul 05 16:59:42.059770 np0000004580 nova-scheduler[96387]: DEBUG cotyledon.oslo_config_glue [-] oslo_messaging_rabbit.enable_cancel_on_failover = False {{(pid=96387) log_opt_values /opt/stack/data/venv/lib/python3.12/site-packages/oslo_config/cfg.py:3253}}
Jul 05 16:59:42.059770 np0000004580 nova-scheduler[96387]: DEBUG cotyledon.oslo_config_glue [-] oslo_messaging_rabbit.heartbeat_rate = 3 {{(pid=96387) log_opt_values /opt/stack/data/venv/lib/python3.12/site-packages/oslo_config/cfg.py:3253}}
Jul 05 16:59:42.059770 np0000004580 nova-scheduler[96387]: DEBUG cotyledon.oslo_config_glue [-] oslo_messaging_rabbit.heartbeat_timeout_threshold = 60 {{(pid=96387) log_opt_values /opt/stack/data/venv/lib/python3.12/site-packages/oslo_config/cfg.py:3253}}
Jul 05 16:59:42.060080 np0000004580 nova-scheduler[96387]: DEBUG cotyledon.oslo_config_glue [-] oslo_messaging_rabbit.hostname = np0000004580 {{(pid=96387) log_opt_values /opt/stack/data/venv/lib/python3.12/site-packages/oslo_config/cfg.py:3253}}
Jul 05 16:59:42.060080 np0000004580 nova-scheduler[96387]: DEBUG cotyledon.oslo_config_glue [-] oslo_messaging_rabbit.kombu_compression = None {{(pid=96387) log_opt_values /opt/stack/data/venv/lib/python3.12/site-packages/oslo_config/cfg.py:3253}}
Jul 05 16:59:42.060080 np0000004580 nova-scheduler[96387]: DEBUG cotyledon.oslo_config_glue [-] oslo_messaging_rabbit.kombu_failover_strategy = round-robin {{(pid=96387) log_opt_values /opt/stack/data/venv/lib/python3.12/site-packages/oslo_config/cfg.py:3253}}
Jul 05 16:59:42.060080 np0000004580 nova-scheduler[96387]: DEBUG cotyledon.oslo_config_glue [-] oslo_messaging_rabbit.kombu_missing_consumer_retry_timeout = 60 {{(pid=96387) log_opt_values /opt/stack/data/venv/lib/python3.12/site-packages/oslo_config/cfg.py:3253}}
Jul 05 16:59:42.060080 np0000004580 nova-scheduler[96387]: DEBUG cotyledon.oslo_config_glue [-] oslo_messaging_rabbit.kombu_reconnect_delay = 1.0 {{(pid=96387) log_opt_values /opt/stack/data/venv/lib/python3.12/site-packages/oslo_config/cfg.py:3253}}
Jul 05 16:59:42.060080 np0000004580 nova-scheduler[96387]: DEBUG cotyledon.oslo_config_glue [-] oslo_messaging_rabbit.kombu_reconnect_splay = 0.0 {{(pid=96387) log_opt_values /opt/stack/data/venv/lib/python3.12/site-packages/oslo_config/cfg.py:3253}}
Jul 05 16:59:42.060080 np0000004580 nova-scheduler[96387]: DEBUG cotyledon.oslo_config_glue [-] oslo_messaging_rabbit.processname = nova-scheduler {{(pid=96387) log_opt_values /opt/stack/data/venv/lib/python3.12/site-packages/oslo_config/cfg.py:3253}}
Jul 05 16:59:42.060080 np0000004580 nova-scheduler[96387]: DEBUG cotyledon.oslo_config_glue [-] oslo_messaging_rabbit.rabbit_ha_queues = False {{(pid=96387) log_opt_values /opt/stack/data/venv/lib/python3.12/site-packages/oslo_config/cfg.py:3253}}
Jul 05 16:59:42.060080 np0000004580 nova-scheduler[96387]: DEBUG cotyledon.oslo_config_glue [-] oslo_messaging_rabbit.rabbit_interval_max = 30 {{(pid=96387) log_opt_values /opt/stack/data/venv/lib/python3.12/site-packages/oslo_config/cfg.py:3253}}
Jul 05 16:59:42.060419 np0000004580 nova-scheduler[96387]: DEBUG cotyledon.oslo_config_glue [-] oslo_messaging_rabbit.rabbit_login_method = AMQPLAIN {{(pid=96387) log_opt_values /opt/stack/data/venv/lib/python3.12/site-packages/oslo_config/cfg.py:3253}}
Jul 05 16:59:42.060419 np0000004580 nova-scheduler[96387]: DEBUG cotyledon.oslo_config_glue [-] oslo_messaging_rabbit.rabbit_qos_prefetch_count = 0 {{(pid=96387) log_opt_values /opt/stack/data/venv/lib/python3.12/site-packages/oslo_config/cfg.py:3253}}
Jul 05 16:59:42.060419 np0000004580 nova-scheduler[96387]: DEBUG cotyledon.oslo_config_glue [-] oslo_messaging_rabbit.rabbit_quorum_delivery_limit = 0 {{(pid=96387) log_opt_values /opt/stack/data/venv/lib/python3.12/site-packages/oslo_config/cfg.py:3253}}
Jul 05 16:59:42.060419 np0000004580 nova-scheduler[96387]: DEBUG cotyledon.oslo_config_glue [-] oslo_messaging_rabbit.rabbit_quorum_max_memory_bytes = 0 {{(pid=96387) log_opt_values /opt/stack/data/venv/lib/python3.12/site-packages/oslo_config/cfg.py:3253}}
Jul 05 16:59:42.060419 np0000004580 nova-scheduler[96387]: DEBUG cotyledon.oslo_config_glue [-] oslo_messaging_rabbit.rabbit_quorum_max_memory_length = 0 {{(pid=96387) log_opt_values /opt/stack/data/venv/lib/python3.12/site-packages/oslo_config/cfg.py:3253}}
Jul 05 16:59:42.060613 np0000004580 nova-scheduler[96385]: INFO dbcounter [None req-c2d83ac9-227d-45c5-a7de-69df8ae01653 None None] Registered counter for database nova_cell0
Jul 05 16:59:42.060657 np0000004580 nova-scheduler[96387]: DEBUG cotyledon.oslo_config_glue [-] oslo_messaging_rabbit.rabbit_quorum_queue = False {{(pid=96387) log_opt_values /opt/stack/data/venv/lib/python3.12/site-packages/oslo_config/cfg.py:3253}}
Jul 05 16:59:42.060657 np0000004580 nova-scheduler[96387]: DEBUG cotyledon.oslo_config_glue [-] oslo_messaging_rabbit.rabbit_retry_backoff = 2 {{(pid=96387) log_opt_values /opt/stack/data/venv/lib/python3.12/site-packages/oslo_config/cfg.py:3253}}
Jul 05 16:59:42.060657 np0000004580 nova-scheduler[96387]: DEBUG cotyledon.oslo_config_glue [-] oslo_messaging_rabbit.rabbit_retry_interval = 1 {{(pid=96387) log_opt_values /opt/stack/data/venv/lib/python3.12/site-packages/oslo_config/cfg.py:3253}}
Jul 05 16:59:42.060657 np0000004580 nova-scheduler[96387]: DEBUG cotyledon.oslo_config_glue [-] oslo_messaging_rabbit.rabbit_stream_fanout = False {{(pid=96387) log_opt_values /opt/stack/data/venv/lib/python3.12/site-packages/oslo_config/cfg.py:3253}}
Jul 05 16:59:42.060657 np0000004580 nova-scheduler[96387]: DEBUG cotyledon.oslo_config_glue [-] oslo_messaging_rabbit.rabbit_transient_queues_ttl = 1800 {{(pid=96387) log_opt_values /opt/stack/data/venv/lib/python3.12/site-packages/oslo_config/cfg.py:3253}}
Jul 05 16:59:42.060657 np0000004580 nova-scheduler[96387]: DEBUG cotyledon.oslo_config_glue [-] oslo_messaging_rabbit.rabbit_transient_quorum_queue = False {{(pid=96387) log_opt_values /opt/stack/data/venv/lib/python3.12/site-packages/oslo_config/cfg.py:3253}}
Jul 05 16:59:42.060657 np0000004580 nova-scheduler[96387]: DEBUG cotyledon.oslo_config_glue [-] oslo_messaging_rabbit.rpc_conn_pool_size = 30 {{(pid=96387) log_opt_values /opt/stack/data/venv/lib/python3.12/site-packages/oslo_config/cfg.py:3253}}
Jul 05 16:59:42.060657 np0000004580 nova-scheduler[96387]: DEBUG cotyledon.oslo_config_glue [-] oslo_messaging_rabbit.ssl = False {{(pid=96387) log_opt_values /opt/stack/data/venv/lib/python3.12/site-packages/oslo_config/cfg.py:3253}}
Jul 05 16:59:42.060657 np0000004580 nova-scheduler[96387]: DEBUG cotyledon.oslo_config_glue [-] oslo_messaging_rabbit.ssl_ca_file = {{(pid=96387) log_opt_values /opt/stack/data/venv/lib/python3.12/site-packages/oslo_config/cfg.py:3253}}
Jul 05 16:59:42.060993 np0000004580 nova-scheduler[96387]: DEBUG cotyledon.oslo_config_glue [-] oslo_messaging_rabbit.ssl_cert_file = {{(pid=96387) log_opt_values /opt/stack/data/venv/lib/python3.12/site-packages/oslo_config/cfg.py:3253}}
Jul 05 16:59:42.060993 np0000004580 nova-scheduler[96387]: DEBUG cotyledon.oslo_config_glue [-] oslo_messaging_rabbit.ssl_enforce_fips_mode = False {{(pid=96387) log_opt_values /opt/stack/data/venv/lib/python3.12/site-packages/oslo_config/cfg.py:3253}}
Jul 05 16:59:42.060993 np0000004580 nova-scheduler[96387]: DEBUG cotyledon.oslo_config_glue [-] oslo_messaging_rabbit.ssl_enforce_hostname_verification = True {{(pid=96387) log_opt_values /opt/stack/data/venv/lib/python3.12/site-packages/oslo_config/cfg.py:3253}}
Jul 05 16:59:42.060993 np0000004580 nova-scheduler[96387]: DEBUG cotyledon.oslo_config_glue [-] oslo_messaging_rabbit.ssl_key_file = {{(pid=96387) log_opt_values /opt/stack/data/venv/lib/python3.12/site-packages/oslo_config/cfg.py:3253}}
Jul 05 16:59:42.060993 np0000004580 nova-scheduler[96387]: DEBUG cotyledon.oslo_config_glue [-] oslo_messaging_rabbit.ssl_version = {{(pid=96387) log_opt_values /opt/stack/data/venv/lib/python3.12/site-packages/oslo_config/cfg.py:3253}}
Jul 05 16:59:42.060993 np0000004580 nova-scheduler[96387]: DEBUG cotyledon.oslo_config_glue [-] oslo_messaging_rabbit.use_queue_manager = False {{(pid=96387) log_opt_values /opt/stack/data/venv/lib/python3.12/site-packages/oslo_config/cfg.py:3253}}
Jul 05 16:59:42.060993 np0000004580 nova-scheduler[96387]: DEBUG cotyledon.oslo_config_glue [-] oslo_messaging_notifications.driver = ['messagingv2'] {{(pid=96387) log_opt_values /opt/stack/data/venv/lib/python3.12/site-packages/oslo_config/cfg.py:3253}}
Jul 05 16:59:42.060993 np0000004580 nova-scheduler[96387]: DEBUG cotyledon.oslo_config_glue [-] oslo_messaging_notifications.retry = -1 {{(pid=96387) log_opt_values /opt/stack/data/venv/lib/python3.12/site-packages/oslo_config/cfg.py:3253}}
Jul 05 16:59:42.060993 np0000004580 nova-scheduler[96387]: DEBUG cotyledon.oslo_config_glue [-] oslo_messaging_notifications.topics = ['notifications'] {{(pid=96387) log_opt_values /opt/stack/data/venv/lib/python3.12/site-packages/oslo_config/cfg.py:3253}}
Jul 05 16:59:42.061329 np0000004580 nova-scheduler[96387]: DEBUG cotyledon.oslo_config_glue [-] oslo_messaging_notifications.transport_url = **** {{(pid=96387) log_opt_values /opt/stack/data/venv/lib/python3.12/site-packages/oslo_config/cfg.py:3253}}
Jul 05 16:59:42.061329 np0000004580 nova-scheduler[96387]: DEBUG cotyledon.oslo_config_glue [-] oslo_limit.auth_section = None {{(pid=96387) log_opt_values /opt/stack/data/venv/lib/python3.12/site-packages/oslo_config/cfg.py:3253}}
Jul 05 16:59:42.061329 np0000004580 nova-scheduler[96387]: DEBUG cotyledon.oslo_config_glue [-] oslo_limit.auth_type = None {{(pid=96387) log_opt_values /opt/stack/data/venv/lib/python3.12/site-packages/oslo_config/cfg.py:3253}}
Jul 05 16:59:42.061329 np0000004580 nova-scheduler[96387]: DEBUG cotyledon.oslo_config_glue [-] oslo_limit.cafile = None {{(pid=96387) log_opt_values /opt/stack/data/venv/lib/python3.12/site-packages/oslo_config/cfg.py:3253}}
Jul 05 16:59:42.061329 np0000004580 nova-scheduler[96387]: DEBUG cotyledon.oslo_config_glue [-] oslo_limit.certfile = None {{(pid=96387) log_opt_values /opt/stack/data/venv/lib/python3.12/site-packages/oslo_config/cfg.py:3253}}
Jul 05 16:59:42.061329 np0000004580 nova-scheduler[96387]: DEBUG cotyledon.oslo_config_glue [-] oslo_limit.collect_timing = False {{(pid=96387) log_opt_values /opt/stack/data/venv/lib/python3.12/site-packages/oslo_config/cfg.py:3253}}
Jul 05 16:59:42.061329 np0000004580 nova-scheduler[96387]: DEBUG cotyledon.oslo_config_glue [-] oslo_limit.connect_retries = None {{(pid=96387) log_opt_values /opt/stack/data/venv/lib/python3.12/site-packages/oslo_config/cfg.py:3253}}
Jul 05 16:59:42.061329 np0000004580 nova-scheduler[96387]: DEBUG cotyledon.oslo_config_glue [-] oslo_limit.connect_retry_delay = None {{(pid=96387) log_opt_values /opt/stack/data/venv/lib/python3.12/site-packages/oslo_config/cfg.py:3253}}
Jul 05 16:59:42.061329 np0000004580 nova-scheduler[96387]: DEBUG cotyledon.oslo_config_glue [-] oslo_limit.endpoint_id = None {{(pid=96387) log_opt_values /opt/stack/data/venv/lib/python3.12/site-packages/oslo_config/cfg.py:3253}}
Jul 05 16:59:42.061644 np0000004580 nova-scheduler[96387]: DEBUG cotyledon.oslo_config_glue [-] oslo_limit.endpoint_interface = public {{(pid=96387) log_opt_values /opt/stack/data/venv/lib/python3.12/site-packages/oslo_config/cfg.py:3253}}
Jul 05 16:59:42.061644 np0000004580 nova-scheduler[96387]: DEBUG cotyledon.oslo_config_glue [-] oslo_limit.endpoint_override = None {{(pid=96387) log_opt_values /opt/stack/data/venv/lib/python3.12/site-packages/oslo_config/cfg.py:3253}}
Jul 05 16:59:42.061644 np0000004580 nova-scheduler[96387]: DEBUG cotyledon.oslo_config_glue [-] oslo_limit.endpoint_region_name = None {{(pid=96387) log_opt_values /opt/stack/data/venv/lib/python3.12/site-packages/oslo_config/cfg.py:3253}}
Jul 05 16:59:42.061644 np0000004580 nova-scheduler[96387]: DEBUG cotyledon.oslo_config_glue [-] oslo_limit.endpoint_service_name = None {{(pid=96387) log_opt_values /opt/stack/data/venv/lib/python3.12/site-packages/oslo_config/cfg.py:3253}}
Jul 05 16:59:42.061644 np0000004580 nova-scheduler[96387]: DEBUG cotyledon.oslo_config_glue [-] oslo_limit.endpoint_service_type = None {{(pid=96387) log_opt_values /opt/stack/data/venv/lib/python3.12/site-packages/oslo_config/cfg.py:3253}}
Jul 05 16:59:42.061644 np0000004580 nova-scheduler[96387]: DEBUG cotyledon.oslo_config_glue [-] oslo_limit.insecure = False {{(pid=96387) log_opt_values /opt/stack/data/venv/lib/python3.12/site-packages/oslo_config/cfg.py:3253}}
Jul 05 16:59:42.061644 np0000004580 nova-scheduler[96387]: DEBUG cotyledon.oslo_config_glue [-] oslo_limit.keyfile = None {{(pid=96387) log_opt_values /opt/stack/data/venv/lib/python3.12/site-packages/oslo_config/cfg.py:3253}}
Jul 05 16:59:42.061644 np0000004580 nova-scheduler[96387]: DEBUG cotyledon.oslo_config_glue [-] oslo_limit.max_version = None {{(pid=96387) log_opt_values /opt/stack/data/venv/lib/python3.12/site-packages/oslo_config/cfg.py:3253}}
Jul 05 16:59:42.061644 np0000004580 nova-scheduler[96387]: DEBUG cotyledon.oslo_config_glue [-] oslo_limit.min_version = None {{(pid=96387) log_opt_values /opt/stack/data/venv/lib/python3.12/site-packages/oslo_config/cfg.py:3253}}
Jul 05 16:59:42.062018 np0000004580 nova-scheduler[96387]: DEBUG cotyledon.oslo_config_glue [-] oslo_limit.region_name = None {{(pid=96387) log_opt_values /opt/stack/data/venv/lib/python3.12/site-packages/oslo_config/cfg.py:3253}}
Jul 05 16:59:42.062018 np0000004580 nova-scheduler[96387]: DEBUG cotyledon.oslo_config_glue [-] oslo_limit.retriable_status_codes = None {{(pid=96387) log_opt_values /opt/stack/data/venv/lib/python3.12/site-packages/oslo_config/cfg.py:3253}}
Jul 05 16:59:42.062018 np0000004580 nova-scheduler[96387]: DEBUG cotyledon.oslo_config_glue [-] oslo_limit.service_name = None {{(pid=96387) log_opt_values /opt/stack/data/venv/lib/python3.12/site-packages/oslo_config/cfg.py:3253}}
Jul 05 16:59:42.062018 np0000004580 nova-scheduler[96387]: DEBUG cotyledon.oslo_config_glue [-] oslo_limit.service_type = None {{(pid=96387) log_opt_values /opt/stack/data/venv/lib/python3.12/site-packages/oslo_config/cfg.py:3253}}
Jul 05 16:59:42.062018 np0000004580 nova-scheduler[96387]: DEBUG cotyledon.oslo_config_glue [-] oslo_limit.split_loggers = False {{(pid=96387) log_opt_values /opt/stack/data/venv/lib/python3.12/site-packages/oslo_config/cfg.py:3253}}
Jul 05 16:59:42.062018 np0000004580 nova-scheduler[96387]: DEBUG cotyledon.oslo_config_glue [-] oslo_limit.status_code_retries = None {{(pid=96387) log_opt_values /opt/stack/data/venv/lib/python3.12/site-packages/oslo_config/cfg.py:3253}}
Jul 05 16:59:42.062018 np0000004580 nova-scheduler[96387]: DEBUG cotyledon.oslo_config_glue [-] oslo_limit.status_code_retry_delay = None {{(pid=96387) log_opt_values /opt/stack/data/venv/lib/python3.12/site-packages/oslo_config/cfg.py:3253}}
Jul 05 16:59:42.062018 np0000004580 nova-scheduler[96387]: DEBUG cotyledon.oslo_config_glue [-] oslo_limit.timeout = None {{(pid=96387) log_opt_values /opt/stack/data/venv/lib/python3.12/site-packages/oslo_config/cfg.py:3253}}
Jul 05 16:59:42.062018 np0000004580 nova-scheduler[96387]: DEBUG cotyledon.oslo_config_glue [-] oslo_limit.valid_interfaces = None {{(pid=96387) log_opt_values /opt/stack/data/venv/lib/python3.12/site-packages/oslo_config/cfg.py:3253}}
Jul 05 16:59:42.062348 np0000004580 nova-scheduler[96387]: DEBUG cotyledon.oslo_config_glue [-] oslo_limit.version = None {{(pid=96387) log_opt_values /opt/stack/data/venv/lib/python3.12/site-packages/oslo_config/cfg.py:3253}}
Jul 05 16:59:42.062348 np0000004580 nova-scheduler[96387]: DEBUG cotyledon.oslo_config_glue [-] oslo_reports.file_event_handler = None {{(pid=96387) log_opt_values /opt/stack/data/venv/lib/python3.12/site-packages/oslo_config/cfg.py:3253}}
Jul 05 16:59:42.062348 np0000004580 nova-scheduler[96387]: DEBUG cotyledon.oslo_config_glue [-] oslo_reports.file_event_handler_interval = 1 {{(pid=96387) log_opt_values /opt/stack/data/venv/lib/python3.12/site-packages/oslo_config/cfg.py:3253}}
Jul 05 16:59:42.062348 np0000004580 nova-scheduler[96387]: DEBUG cotyledon.oslo_config_glue [-] oslo_reports.log_dir = None {{(pid=96387) log_opt_values /opt/stack/data/venv/lib/python3.12/site-packages/oslo_config/cfg.py:3253}}
Jul 05 16:59:42.062348 np0000004580 nova-scheduler[96387]: DEBUG cotyledon.oslo_config_glue [-] ******************************************************************************** {{(pid=96387) log_opt_values /opt/stack/data/venv/lib/python3.12/site-packages/oslo_config/cfg.py:3260}}
Jul 05 16:59:42.062348 np0000004580 nova-scheduler[96387]: DEBUG cotyledon._service_worker [-] Run service ServiceWrapper(3) [96387] {{(pid=96387) wait_forever /opt/stack/data/venv/lib/python3.12/site-packages/cotyledon/_service_worker.py:218}}
Jul 05 16:59:42.062348 np0000004580 nova-scheduler[96387]: INFO nova.service [-] Starting scheduler node (version 33.1.0)
Jul 05 16:59:42.062348 np0000004580 nova-scheduler[96387]: INFO dbcounter [None req-e0750e13-459d-4514-a64c-f873b6506c30 None None] Registered counter for database nova_cell0
Jul 05 16:59:42.062668 np0000004580 nova-scheduler[96381]: DEBUG oslo_db.sqlalchemy.engines [None req-32808ce1-98f5-44d8-a2b1-bc56a0cd8207 None None] MySQL server mode set to STRICT_TRANS_TABLES,STRICT_ALL_TABLES,NO_ZERO_IN_DATE,NO_ZERO_DATE,ERROR_FOR_DIVISION_BY_ZERO,TRADITIONAL,NO_ENGINE_SUBSTITUTION {{(pid=96381) _check_effective_sql_mode /opt/stack/data/venv/lib/python3.12/site-packages/oslo_db/sqlalchemy/engines.py:325}}
Jul 05 16:59:42.062719 np0000004580 nova-scheduler[96383]: DEBUG oslo_db.sqlalchemy.engines [None req-5039932e-793c-466c-9271-58feea5cd04e None None] MySQL server mode set to STRICT_TRANS_TABLES,STRICT_ALL_TABLES,NO_ZERO_IN_DATE,NO_ZERO_DATE,ERROR_FOR_DIVISION_BY_ZERO,TRADITIONAL,NO_ENGINE_SUBSTITUTION {{(pid=96383) _check_effective_sql_mode /opt/stack/data/venv/lib/python3.12/site-packages/oslo_db/sqlalchemy/engines.py:325}}
Jul 05 16:59:42.062764 np0000004580 nova-scheduler[96381]: DEBUG dbcounter [-] [96381] Writer thread running {{(pid=96381) stat_writer /opt/stack/data/venv/lib/python3.12/site-packages/dbcounter.py:102}}
Jul 05 16:59:42.062802 np0000004580 nova-scheduler[96383]: DEBUG dbcounter [-] [96383] Writer thread running {{(pid=96383) stat_writer /opt/stack/data/venv/lib/python3.12/site-packages/dbcounter.py:102}}
Jul 05 16:59:42.063682 np0000004580 nova-scheduler[96385]: DEBUG oslo_db.sqlalchemy.engines [None req-c2d83ac9-227d-45c5-a7de-69df8ae01653 None None] MySQL server mode set to STRICT_TRANS_TABLES,STRICT_ALL_TABLES,NO_ZERO_IN_DATE,NO_ZERO_DATE,ERROR_FOR_DIVISION_BY_ZERO,TRADITIONAL,NO_ENGINE_SUBSTITUTION {{(pid=96385) _check_effective_sql_mode /opt/stack/data/venv/lib/python3.12/site-packages/oslo_db/sqlalchemy/engines.py:325}}
Jul 05 16:59:42.079068 np0000004580 nova-scheduler[96387]: DEBUG oslo_db.sqlalchemy.engines [None req-e0750e13-459d-4514-a64c-f873b6506c30 None None] MySQL server mode set to STRICT_TRANS_TABLES,STRICT_ALL_TABLES,NO_ZERO_IN_DATE,NO_ZERO_DATE,ERROR_FOR_DIVISION_BY_ZERO,TRADITIONAL,NO_ENGINE_SUBSTITUTION {{(pid=96387) _check_effective_sql_mode /opt/stack/data/venv/lib/python3.12/site-packages/oslo_db/sqlalchemy/engines.py:325}}
Jul 05 16:59:42.079923 np0000004580 nova-scheduler[96381]: DEBUG nova.service [None req-32808ce1-98f5-44d8-a2b1-bc56a0cd8207 None None] Creating RPC server for service: nova-scheduler on topic: scheduler {{(pid=96381) start /opt/stack/nova/nova/service.py:196}}
Jul 05 16:59:42.081571 np0000004580 nova-scheduler[96385]: DEBUG dbcounter [-] [96385] Writer thread running {{(pid=96385) stat_writer /opt/stack/data/venv/lib/python3.12/site-packages/dbcounter.py:102}}
Jul 05 16:59:42.086198 np0000004580 nova-scheduler[96385]: DEBUG nova.service [None req-c2d83ac9-227d-45c5-a7de-69df8ae01653 None None] Creating RPC server for service: nova-scheduler on topic: scheduler {{(pid=96385) start /opt/stack/nova/nova/service.py:196}}
Jul 05 16:59:42.093530 np0000004580 nova-scheduler[96387]: DEBUG dbcounter [-] [96387] Writer thread running {{(pid=96387) stat_writer /opt/stack/data/venv/lib/python3.12/site-packages/dbcounter.py:102}}
Jul 05 16:59:42.095088 np0000004580 nova-scheduler[96387]: DEBUG nova.service [None req-e0750e13-459d-4514-a64c-f873b6506c30 None None] Creating RPC server for service: nova-scheduler on topic: scheduler {{(pid=96387) start /opt/stack/nova/nova/service.py:196}}
Jul 05 16:59:42.097010 np0000004580 nova-scheduler[96383]: DEBUG nova.service [None req-5039932e-793c-466c-9271-58feea5cd04e None None] Creating RPC server for service: nova-scheduler on topic: scheduler {{(pid=96383) start /opt/stack/nova/nova/service.py:196}}
Jul 05 16:59:42.121206 np0000004580 nova-scheduler[96385]: DEBUG nova.service [None req-c2d83ac9-227d-45c5-a7de-69df8ae01653 None None] Join ServiceGroup membership for this service scheduler {{(pid=96385) start /opt/stack/nova/nova/service.py:222}}
Jul 05 16:59:42.121410 np0000004580 nova-scheduler[96381]: DEBUG nova.service [None req-32808ce1-98f5-44d8-a2b1-bc56a0cd8207 None None] Join ServiceGroup membership for this service scheduler {{(pid=96381) start /opt/stack/nova/nova/service.py:222}}
Jul 05 16:59:42.121618 np0000004580 nova-scheduler[96385]: DEBUG nova.servicegroup.drivers.db [None req-c2d83ac9-227d-45c5-a7de-69df8ae01653 None None] DB_Driver: join new ServiceGroup member np0000004580 to the scheduler group, service = {{(pid=96385) join /opt/stack/nova/nova/servicegroup/drivers/db.py:44}}
Jul 05 16:59:42.121686 np0000004580 nova-scheduler[96381]: DEBUG nova.servicegroup.drivers.db [None req-32808ce1-98f5-44d8-a2b1-bc56a0cd8207 None None] DB_Driver: join new ServiceGroup member np0000004580 to the scheduler group, service = {{(pid=96381) join /opt/stack/nova/nova/servicegroup/drivers/db.py:44}}
Jul 05 16:59:42.125211 np0000004580 nova-scheduler[96387]: DEBUG nova.service [None req-e0750e13-459d-4514-a64c-f873b6506c30 None None] Join ServiceGroup membership for this service scheduler {{(pid=96387) start /opt/stack/nova/nova/service.py:222}}
Jul 05 16:59:42.125211 np0000004580 nova-scheduler[96387]: DEBUG nova.servicegroup.drivers.db [None req-e0750e13-459d-4514-a64c-f873b6506c30 None None] DB_Driver: join new ServiceGroup member np0000004580 to the scheduler group, service = {{(pid=96387) join /opt/stack/nova/nova/servicegroup/drivers/db.py:44}}
Jul 05 16:59:42.126265 np0000004580 nova-scheduler[96383]: DEBUG nova.service [None req-5039932e-793c-466c-9271-58feea5cd04e None None] Join ServiceGroup membership for this service scheduler {{(pid=96383) start /opt/stack/nova/nova/service.py:222}}
Jul 05 16:59:42.126501 np0000004580 nova-scheduler[96383]: DEBUG nova.servicegroup.drivers.db [None req-5039932e-793c-466c-9271-58feea5cd04e None None] DB_Driver: join new ServiceGroup member np0000004580 to the scheduler group, service = {{(pid=96383) join /opt/stack/nova/nova/servicegroup/drivers/db.py:44}}
Jul 05 16:59:44.128676 np0000004580 nova-scheduler[96383]: DEBUG oslo.service.backend._threading.loopingcall [None req-45602a24-fbcc-4695-be28-3db28c8855c0 None None] Dynamic interval looping call 'nova.service.Service.periodic_tasks' sleeping for 60.00 seconds {{(pid=96383) _run_loop /opt/stack/data/venv/lib/python3.12/site-packages/oslo_service/backend/_threading/loopingcall.py:125}}
Jul 05 16:59:45.127538 np0000004580 nova-scheduler[96387]: DEBUG oslo.service.backend._threading.loopingcall [None req-ed4221e2-fe7e-4e42-8c04-4c0d1469c659 None None] Dynamic interval looping call 'nova.service.Service.periodic_tasks' sleeping for 60.00 seconds {{(pid=96387) _run_loop /opt/stack/data/venv/lib/python3.12/site-packages/oslo_service/backend/_threading/loopingcall.py:125}}
Jul 05 16:59:47.138760 np0000004580 nova-scheduler[96381]: DEBUG oslo.service.backend._threading.loopingcall [-] Fixed interval looping call 'nova.servicegroup.drivers.db.DbDriver._report_state' sleeping for 119.98 seconds {{(pid=96381) _run_loop /opt/stack/data/venv/lib/python3.12/site-packages/oslo_service/backend/_threading/loopingcall.py:125}}
Jul 05 16:59:47.140329 np0000004580 nova-scheduler[96383]: DEBUG oslo.service.backend._threading.loopingcall [-] Fixed interval looping call 'nova.servicegroup.drivers.db.DbDriver._report_state' sleeping for 119.99 seconds {{(pid=96383) _run_loop /opt/stack/data/venv/lib/python3.12/site-packages/oslo_service/backend/_threading/loopingcall.py:125}}
Jul 05 16:59:47.145568 np0000004580 nova-scheduler[96385]: DEBUG oslo.service.backend._threading.loopingcall [-] Fixed interval looping call 'nova.servicegroup.drivers.db.DbDriver._report_state' sleeping for 119.98 seconds {{(pid=96385) _run_loop /opt/stack/data/venv/lib/python3.12/site-packages/oslo_service/backend/_threading/loopingcall.py:125}}
Jul 05 16:59:47.147791 np0000004580 nova-scheduler[96387]: DEBUG oslo.service.backend._threading.loopingcall [-] Fixed interval looping call 'nova.servicegroup.drivers.db.DbDriver._report_state' sleeping for 119.98 seconds {{(pid=96387) _run_loop /opt/stack/data/venv/lib/python3.12/site-packages/oslo_service/backend/_threading/loopingcall.py:125}}
Jul 05 16:59:50.596017 np0000004580 nova-scheduler[95189]: DEBUG dbcounter [-] [95189] Writing DB stats nova_api:SELECT=3 {{(pid=95189) stat_writer /opt/stack/data/venv/lib/python3.12/site-packages/dbcounter.py:115}}
Jul 05 16:59:50.751443 np0000004580 nova-scheduler[95189]: DEBUG dbcounter [-] [95189] Writing DB stats nova_cell0:SELECT=1 {{(pid=95189) stat_writer /opt/stack/data/venv/lib/python3.12/site-packages/dbcounter.py:115}}
Jul 05 16:59:50.757962 np0000004580 nova-scheduler[95189]: DEBUG dbcounter [-] [95189] Writing DB stats nova_cell1:SELECT=1 {{(pid=95189) stat_writer /opt/stack/data/venv/lib/python3.12/site-packages/dbcounter.py:115}}
Jul 05 16:59:57.132807 np0000004580 nova-scheduler[96381]: DEBUG dbcounter [-] [96381] Writing DB stats nova_cell0:SELECT=4,nova_cell0:INSERT=1,nova_cell0:UPDATE=1 {{(pid=96381) stat_writer /opt/stack/data/venv/lib/python3.12/site-packages/dbcounter.py:115}}
Jul 05 16:59:57.136582 np0000004580 nova-scheduler[96383]: DEBUG dbcounter [-] [96383] Writing DB stats nova_cell0:SELECT=5,nova_cell0:INSERT=1,nova_cell0:UPDATE=1 {{(pid=96383) stat_writer /opt/stack/data/venv/lib/python3.12/site-packages/dbcounter.py:115}}
Jul 05 16:59:57.139245 np0000004580 nova-scheduler[96385]: DEBUG dbcounter [-] [96385] Writing DB stats nova_cell0:SELECT=3 {{(pid=96385) stat_writer /opt/stack/data/venv/lib/python3.12/site-packages/dbcounter.py:115}}
Jul 05 16:59:57.146140 np0000004580 nova-scheduler[96387]: DEBUG dbcounter [-] [96387] Writing DB stats nova_cell0:SELECT=3,nova_cell0:UPDATE=1 {{(pid=96387) stat_writer /opt/stack/data/venv/lib/python3.12/site-packages/dbcounter.py:115}}
Jul 05 17:00:05.123952 np0000004580 nova-scheduler[96381]: DEBUG oslo.service.backend._threading.loopingcall [None req-a2710f65-66d6-4094-8efc-3556cabb557b None None] Dynamic interval looping call 'nova.service.Service.periodic_tasks' sleeping for 60.00 seconds {{(pid=96381) _run_loop /opt/stack/data/venv/lib/python3.12/site-packages/oslo_service/backend/_threading/loopingcall.py:125}}
Jul 05 17:00:17.124339 np0000004580 nova-scheduler[96385]: DEBUG oslo.service.backend._threading.loopingcall [None req-ade58e00-10b8-4048-938a-5ec5c99ca162 None None] Dynamic interval looping call 'nova.service.Service.periodic_tasks' sleeping for 60.00 seconds {{(pid=96385) _run_loop /opt/stack/data/venv/lib/python3.12/site-packages/oslo_service/backend/_threading/loopingcall.py:125}}
Jul 05 17:00:44.129305 np0000004580 nova-scheduler[96383]: DEBUG oslo.service.backend._threading.loopingcall [None req-45602a24-fbcc-4695-be28-3db28c8855c0 None None] Dynamic interval looping call 'nova.service.Service.periodic_tasks' sleeping for 60.00 seconds {{(pid=96383) _run_loop /opt/stack/data/venv/lib/python3.12/site-packages/oslo_service/backend/_threading/loopingcall.py:125}}
Jul 05 17:00:45.128118 np0000004580 nova-scheduler[96387]: DEBUG oslo.service.backend._threading.loopingcall [None req-ed4221e2-fe7e-4e42-8c04-4c0d1469c659 None None] Dynamic interval looping call 'nova.service.Service.periodic_tasks' sleeping for 60.00 seconds {{(pid=96387) _run_loop /opt/stack/data/venv/lib/python3.12/site-packages/oslo_service/backend/_threading/loopingcall.py:125}}
Jul 05 17:01:05.124544 np0000004580 nova-scheduler[96381]: DEBUG oslo.service.backend._threading.loopingcall [None req-a2710f65-66d6-4094-8efc-3556cabb557b None None] Dynamic interval looping call 'nova.service.Service.periodic_tasks' sleeping for 60.00 seconds {{(pid=96381) _run_loop /opt/stack/data/venv/lib/python3.12/site-packages/oslo_service/backend/_threading/loopingcall.py:125}}
Jul 05 17:01:17.124948 np0000004580 nova-scheduler[96385]: DEBUG oslo.service.backend._threading.loopingcall [None req-ade58e00-10b8-4048-938a-5ec5c99ca162 None None] Dynamic interval looping call 'nova.service.Service.periodic_tasks' sleeping for 60.00 seconds {{(pid=96385) _run_loop /opt/stack/data/venv/lib/python3.12/site-packages/oslo_service/backend/_threading/loopingcall.py:125}}
Jul 05 17:01:44.130006 np0000004580 nova-scheduler[96383]: DEBUG oslo.service.backend._threading.loopingcall [None req-45602a24-fbcc-4695-be28-3db28c8855c0 None None] Dynamic interval looping call 'nova.service.Service.periodic_tasks' sleeping for 60.00 seconds {{(pid=96383) _run_loop /opt/stack/data/venv/lib/python3.12/site-packages/oslo_service/backend/_threading/loopingcall.py:125}}
Jul 05 17:01:45.128596 np0000004580 nova-scheduler[96387]: DEBUG oslo.service.backend._threading.loopingcall [None req-ed4221e2-fe7e-4e42-8c04-4c0d1469c659 None None] Dynamic interval looping call 'nova.service.Service.periodic_tasks' sleeping for 60.00 seconds {{(pid=96387) _run_loop /opt/stack/data/venv/lib/python3.12/site-packages/oslo_service/backend/_threading/loopingcall.py:125}}
Jul 05 17:01:47.126811 np0000004580 nova-scheduler[96381]: DEBUG oslo.service.backend._threading.loopingcall [-] Fixed interval looping call 'nova.servicegroup.drivers.db.DbDriver._report_state' sleeping for 119.99 seconds {{(pid=96381) _run_loop /opt/stack/data/venv/lib/python3.12/site-packages/oslo_service/backend/_threading/loopingcall.py:125}}
Jul 05 17:01:47.130740 np0000004580 nova-scheduler[96385]: DEBUG oslo.service.backend._threading.loopingcall [-] Fixed interval looping call 'nova.servicegroup.drivers.db.DbDriver._report_state' sleeping for 120.00 seconds {{(pid=96385) _run_loop /opt/stack/data/venv/lib/python3.12/site-packages/oslo_service/backend/_threading/loopingcall.py:125}}
Jul 05 17:01:47.132365 np0000004580 nova-scheduler[96387]: DEBUG oslo.service.backend._threading.loopingcall [-] Fixed interval looping call 'nova.servicegroup.drivers.db.DbDriver._report_state' sleeping for 120.00 seconds {{(pid=96387) _run_loop /opt/stack/data/venv/lib/python3.12/site-packages/oslo_service/backend/_threading/loopingcall.py:125}}
Jul 05 17:01:47.133999 np0000004580 nova-scheduler[96383]: DEBUG oslo.service.backend._threading.loopingcall [-] Fixed interval looping call 'nova.servicegroup.drivers.db.DbDriver._report_state' sleeping for 120.00 seconds {{(pid=96383) _run_loop /opt/stack/data/venv/lib/python3.12/site-packages/oslo_service/backend/_threading/loopingcall.py:125}}
Jul 05 17:01:57.122678 np0000004580 nova-scheduler[96381]: DEBUG dbcounter [-] [96381] Writing DB stats nova_cell0:SELECT=1,nova_cell0:UPDATE=1 {{(pid=96381) stat_writer /opt/stack/data/venv/lib/python3.12/site-packages/dbcounter.py:115}}
Jul 05 17:01:57.127836 np0000004580 nova-scheduler[96385]: DEBUG dbcounter [-] [96385] Writing DB stats nova_cell0:SELECT=1 {{(pid=96385) stat_writer /opt/stack/data/venv/lib/python3.12/site-packages/dbcounter.py:115}}
Jul 05 17:01:57.130501 np0000004580 nova-scheduler[96387]: DEBUG dbcounter [-] [96387] Writing DB stats nova_cell0:SELECT=1 {{(pid=96387) stat_writer /opt/stack/data/venv/lib/python3.12/site-packages/dbcounter.py:115}}
Jul 05 17:01:57.133612 np0000004580 nova-scheduler[96383]: DEBUG dbcounter [-] [96383] Writing DB stats nova_cell0:SELECT=1 {{(pid=96383) stat_writer /opt/stack/data/venv/lib/python3.12/site-packages/dbcounter.py:115}}
Jul 05 17:02:05.125174 np0000004580 nova-scheduler[96381]: DEBUG oslo.service.backend._threading.loopingcall [None req-a2710f65-66d6-4094-8efc-3556cabb557b None None] Dynamic interval looping call 'nova.service.Service.periodic_tasks' sleeping for 60.00 seconds {{(pid=96381) _run_loop /opt/stack/data/venv/lib/python3.12/site-packages/oslo_service/backend/_threading/loopingcall.py:125}}
Jul 05 17:02:16.790168 np0000004580 nova-scheduler[96381]: DEBUG nova.scheduler.manager [None req-d2ab3fac-f497-4c19-b5d6-ce219a6b5163 tempest-DeleteServersTestJSON-911767676 tempest-DeleteServersTestJSON-911767676-project-member] Starting to schedule for instances: ['4e17524a-af0d-49db-87e1-aa8411ca6703'] {{(pid=96381) select_destinations /opt/stack/nova/nova/scheduler/manager.py:209}}
Jul 05 17:02:16.791246 np0000004580 nova-scheduler[96381]: DEBUG nova.scheduler.request_filter [None req-d2ab3fac-f497-4c19-b5d6-ce219a6b5163 tempest-DeleteServersTestJSON-911767676 tempest-DeleteServersTestJSON-911767676-project-member] compute_status_filter request filter added forbidden trait COMPUTE_STATUS_DISABLED {{(pid=96381) compute_status_filter /opt/stack/nova/nova/scheduler/request_filter.py:253}}
Jul 05 17:02:16.791246 np0000004580 nova-scheduler[96381]: DEBUG nova.scheduler.request_filter [None req-d2ab3fac-f497-4c19-b5d6-ce219a6b5163 tempest-DeleteServersTestJSON-911767676 tempest-DeleteServersTestJSON-911767676-project-member] Request filter 'compute_status_filter' took 0.0 seconds {{(pid=96381) wrapper /opt/stack/nova/nova/scheduler/request_filter.py:46}}
Jul 05 17:02:16.791246 np0000004580 nova-scheduler[96381]: DEBUG nova.scheduler.request_filter [None req-d2ab3fac-f497-4c19-b5d6-ce219a6b5163 tempest-DeleteServersTestJSON-911767676 tempest-DeleteServersTestJSON-911767676-project-member] Request filter 'accelerators_filter' took 0.0 seconds {{(pid=96381) wrapper /opt/stack/nova/nova/scheduler/request_filter.py:46}}
Jul 05 17:02:16.792329 np0000004580 nova-scheduler[96381]: DEBUG nova.scheduler.request_filter [None req-d2ab3fac-f497-4c19-b5d6-ce219a6b5163 tempest-DeleteServersTestJSON-911767676 tempest-DeleteServersTestJSON-911767676-project-member] Request filter 'packed_virtqueue_filter' took 0.0 seconds {{(pid=96381) wrapper /opt/stack/nova/nova/scheduler/request_filter.py:46}}
Jul 05 17:02:16.792329 np0000004580 nova-scheduler[96381]: DEBUG nova.scheduler.request_filter [None req-d2ab3fac-f497-4c19-b5d6-ce219a6b5163 tempest-DeleteServersTestJSON-911767676 tempest-DeleteServersTestJSON-911767676-project-member] Request filter 'remote_managed_ports_filter' took 0.0 seconds {{(pid=96381) wrapper /opt/stack/nova/nova/scheduler/request_filter.py:46}}
Jul 05 17:02:16.792329 np0000004580 nova-scheduler[96381]: DEBUG nova.scheduler.request_filter [None req-d2ab3fac-f497-4c19-b5d6-ce219a6b5163 tempest-DeleteServersTestJSON-911767676 tempest-DeleteServersTestJSON-911767676-project-member] ephemeral_encryption_filter skipped {{(pid=96381) ephemeral_encryption_filter /opt/stack/nova/nova/scheduler/request_filter.py:426}}
Jul 05 17:02:16.792514 np0000004580 nova-scheduler[96381]: DEBUG nova.scheduler.request_filter [None req-d2ab3fac-f497-4c19-b5d6-ce219a6b5163 tempest-DeleteServersTestJSON-911767676 tempest-DeleteServersTestJSON-911767676-project-member] virtio_sound_filter skipped {{(pid=96381) virtio_sound_filter /opt/stack/nova/nova/scheduler/request_filter.py:460}}
Jul 05 17:02:16.792610 np0000004580 nova-scheduler[96381]: DEBUG nova.scheduler.request_filter [None req-d2ab3fac-f497-4c19-b5d6-ce219a6b5163 tempest-DeleteServersTestJSON-911767676 tempest-DeleteServersTestJSON-911767676-project-member] tpm_secret_security_filter skipped {{(pid=96381) tpm_secret_security_filter /opt/stack/nova/nova/scheduler/request_filter.py:477}}
Jul 05 17:02:17.125870 np0000004580 nova-scheduler[96385]: DEBUG oslo.service.backend._threading.loopingcall [None req-ade58e00-10b8-4048-938a-5ec5c99ca162 None None] Dynamic interval looping call 'nova.service.Service.periodic_tasks' sleeping for 60.00 seconds {{(pid=96385) _run_loop /opt/stack/data/venv/lib/python3.12/site-packages/oslo_service/backend/_threading/loopingcall.py:125}}
Jul 05 17:02:17.397435 np0000004580 nova-scheduler[96381]: INFO nova.utils [None req-d2ab3fac-f497-4c19-b5d6-ce219a6b5163 tempest-DeleteServersTestJSON-911767676 tempest-DeleteServersTestJSON-911767676-project-member] The cell worker thread pool ForkProcess-1.cell_worker is initialized
Jul 05 17:02:17.397852 np0000004580 nova-scheduler[96381]: DEBUG oslo_concurrency.lockutils [None req-d2ab3fac-f497-4c19-b5d6-ce219a6b5163 tempest-DeleteServersTestJSON-911767676 tempest-DeleteServersTestJSON-911767676-project-member] Acquiring lock "8a31aac0-1b24-4a97-97b3-fadddd7fab4d" by "nova.context.set_target_cell..get_or_set_cached_cell_and_set_connections" {{(pid=96381) inner /opt/stack/data/venv/lib/python3.12/site-packages/oslo_concurrency/lockutils.py:511}}
Jul 05 17:02:17.398108 np0000004580 nova-scheduler[96381]: DEBUG oslo_concurrency.lockutils [None req-d2ab3fac-f497-4c19-b5d6-ce219a6b5163 tempest-DeleteServersTestJSON-911767676 tempest-DeleteServersTestJSON-911767676-project-member] Lock "8a31aac0-1b24-4a97-97b3-fadddd7fab4d" acquired by "nova.context.set_target_cell..get_or_set_cached_cell_and_set_connections" :: waited 0.000s {{(pid=96381) inner /opt/stack/data/venv/lib/python3.12/site-packages/oslo_concurrency/lockutils.py:524}}
Jul 05 17:02:17.399861 np0000004580 nova-scheduler[96381]: DEBUG oslo_concurrency.lockutils [None req-d2ab3fac-f497-4c19-b5d6-ce219a6b5163 tempest-DeleteServersTestJSON-911767676 tempest-DeleteServersTestJSON-911767676-project-member] Lock "8a31aac0-1b24-4a97-97b3-fadddd7fab4d" "released" by "nova.context.set_target_cell..get_or_set_cached_cell_and_set_connections" :: held 0.002s {{(pid=96381) inner /opt/stack/data/venv/lib/python3.12/site-packages/oslo_concurrency/lockutils.py:543}}
Jul 05 17:02:17.401479 np0000004580 nova-scheduler[96381]: INFO dbcounter [None req-d2ab3fac-f497-4c19-b5d6-ce219a6b5163 tempest-DeleteServersTestJSON-911767676 tempest-DeleteServersTestJSON-911767676-project-member] Registered counter for database nova_cell1
Jul 05 17:02:17.446659 np0000004580 nova-scheduler[96381]: DEBUG oslo_db.sqlalchemy.engines [None req-d2ab3fac-f497-4c19-b5d6-ce219a6b5163 tempest-DeleteServersTestJSON-911767676 tempest-DeleteServersTestJSON-911767676-project-member] MySQL server mode set to STRICT_TRANS_TABLES,STRICT_ALL_TABLES,NO_ZERO_IN_DATE,NO_ZERO_DATE,ERROR_FOR_DIVISION_BY_ZERO,TRADITIONAL,NO_ENGINE_SUBSTITUTION {{(pid=96381) _check_effective_sql_mode /opt/stack/data/venv/lib/python3.12/site-packages/oslo_db/sqlalchemy/engines.py:325}}
Jul 05 17:02:17.452402 np0000004580 nova-scheduler[96381]: DEBUG dbcounter [-] [96381] Writer thread running {{(pid=96381) stat_writer /opt/stack/data/venv/lib/python3.12/site-packages/dbcounter.py:102}}
Jul 05 17:02:17.475642 np0000004580 nova-scheduler[96381]: DEBUG oslo_db.sqlalchemy.engines [None req-d2ab3fac-f497-4c19-b5d6-ce219a6b5163 tempest-DeleteServersTestJSON-911767676 tempest-DeleteServersTestJSON-911767676-project-member] Parent process 95189 forked (96381) with an open database connection, which is being discarded and recreated. {{(pid=96381) checkout /opt/stack/data/venv/lib/python3.12/site-packages/oslo_db/sqlalchemy/engines.py:402}}
Jul 05 17:02:17.539464 np0000004580 nova-scheduler[96381]: DEBUG dbcounter [-] [96381] Writer thread running {{(pid=96381) stat_writer /opt/stack/data/venv/lib/python3.12/site-packages/dbcounter.py:102}}
Jul 05 17:02:17.543649 np0000004580 nova-scheduler[96381]: DEBUG oslo_concurrency.lockutils [None req-d2ab3fac-f497-4c19-b5d6-ce219a6b5163 tempest-DeleteServersTestJSON-911767676 tempest-DeleteServersTestJSON-911767676-project-member] Acquiring lock "8a31aac0-1b24-4a97-97b3-fadddd7fab4d" by "nova.context.set_target_cell..get_or_set_cached_cell_and_set_connections" {{(pid=96381) inner /opt/stack/data/venv/lib/python3.12/site-packages/oslo_concurrency/lockutils.py:511}}
Jul 05 17:02:17.543784 np0000004580 nova-scheduler[96381]: DEBUG oslo_concurrency.lockutils [None req-d2ab3fac-f497-4c19-b5d6-ce219a6b5163 tempest-DeleteServersTestJSON-911767676 tempest-DeleteServersTestJSON-911767676-project-member] Lock "8a31aac0-1b24-4a97-97b3-fadddd7fab4d" acquired by "nova.context.set_target_cell..get_or_set_cached_cell_and_set_connections" :: waited 0.000s {{(pid=96381) inner /opt/stack/data/venv/lib/python3.12/site-packages/oslo_concurrency/lockutils.py:524}}
Jul 05 17:02:17.543945 np0000004580 nova-scheduler[96381]: DEBUG oslo_concurrency.lockutils [None req-d2ab3fac-f497-4c19-b5d6-ce219a6b5163 tempest-DeleteServersTestJSON-911767676 tempest-DeleteServersTestJSON-911767676-project-member] Lock "8a31aac0-1b24-4a97-97b3-fadddd7fab4d" "released" by "nova.context.set_target_cell..get_or_set_cached_cell_and_set_connections" :: held 0.000s {{(pid=96381) inner /opt/stack/data/venv/lib/python3.12/site-packages/oslo_concurrency/lockutils.py:543}}
Jul 05 17:02:17.547369 np0000004580 nova-scheduler[96381]: DEBUG oslo_concurrency.lockutils [None req-d2ab3fac-f497-4c19-b5d6-ce219a6b5163 tempest-DeleteServersTestJSON-911767676 tempest-DeleteServersTestJSON-911767676-project-member] Acquiring lock "np0000004580-np0000004580" by "nova.scheduler.host_manager.HostState.update.._locked_update" {{(pid=96381) inner /opt/stack/data/venv/lib/python3.12/site-packages/oslo_concurrency/lockutils.py:511}}
Jul 05 17:02:17.547442 np0000004580 nova-scheduler[96381]: DEBUG oslo_concurrency.lockutils [None req-d2ab3fac-f497-4c19-b5d6-ce219a6b5163 tempest-DeleteServersTestJSON-911767676 tempest-DeleteServersTestJSON-911767676-project-member] Lock "np0000004580-np0000004580" acquired by "nova.scheduler.host_manager.HostState.update.._locked_update" :: waited 0.000s {{(pid=96381) inner /opt/stack/data/venv/lib/python3.12/site-packages/oslo_concurrency/lockutils.py:524}}
Jul 05 17:02:17.548547 np0000004580 nova-scheduler[96381]: DEBUG nova.scheduler.host_manager [None req-d2ab3fac-f497-4c19-b5d6-ce219a6b5163 tempest-DeleteServersTestJSON-911767676 tempest-DeleteServersTestJSON-911767676-project-member] Update host state from compute node: ComputeNode(cpu_allocation_ratio=4.0,cpu_info='{"arch": "x86_64", "model": "EPYC-Milan", "vendor": "AMD", "topology": {"cells": 1, "sockets": 16, "cores": 1, "threads": 1}, "maxphysaddr": {"mode": "emulate", "bits": 40}, "features": ["vmcb-clean", "arat", "xgetbv1", "pclmuldq", "pschange-mc-no", "mca", "stibp", "nrip-save", "mce", "bmi2", "rdctl-no", "pfthreshold", "pge", "arch-capabilities", "clwb", "lbrv", "lahf_lm", "no-nested-data-bp", "bmi1", "virt-ssbd", "nx", "lfence-always-serializing", "sse", "abm", "clzero", "fxsr", "pcid", "smep", "f16c", "erms", "cr8legacy", "apic", "mmx", "rdpid", "v-vmsave-vmload", "topoext", "3dnowprefetch", "xsave", "msr", "x2apic", "sep", "tsc-deadline", "pat", "syscall", "svm", "ibrs", "flushbyasid", "svme-addr-chk", "tsc-scale", "tsc", "xsavec", "avx2", "lm", "smap", "spec-ctrl", "vgif", "amd-ssbd", "movbe", "sse4.2", "aes", "cmp_legacy", "sse4a", "vme", "rdtscp", "pse36", "popcnt", "mtrr", "de", "perfctr_core", "pdpe1gb", "cx8", "cmov", "invpcid", "ssse3", "fma", "hypervisor", "sse2", "sha-ni", "fxsr_opt", "clflush", "misalignsse", "wbnoinvd", "fsrm", "ibpb", "vpclmulqdq", "sse4.1", "cx16", "gds-no", "xsaveopt", "fpu", "pause-filter", "npt", "adx", "rdrand", "pse", "rdseed", "mmxext", "osvw", "pku", "ssbd", "xsaveerptr", "avx", "xsaves", "fsgsbase", "clflushopt", "umip", "null-sel-clr-base", "vaes", "amd-psfd", "mds-no", "amd-stibp", "stibp-always-on", "tsc_adjust", "pae", "skip-l1dfl-vmentry", "pni"]}',created_at=2026-07-05T17:00:09Z,current_workload=0,deleted=False,deleted_at=None,disk_allocation_ratio=1.0,disk_available_least=75,free_disk_gb=95,free_ram_mb=63789,host='np0000004580',host_ip=10.4.3.126,hypervisor_hostname='np0000004580',hypervisor_type='QEMU',hypervisor_version=8002002,id=1,local_gb=95,local_gb_used=0,mapped=1,memory_mb=64301,memory_mb_used=512,metrics='[]',numa_topology='{"nova_object.name": "NUMATopology", "nova_object.namespace": "nova", "nova_object.version": "1.2", "nova_object.data": {"cells": [{"nova_object.name": "NUMACell", "nova_object.namespace": "nova", "nova_object.version": "1.5", "nova_object.data": {"id": 0, "cpuset": [0, 1, 2, 3, 4, 5, 6, 7, 8, 9, 10, 11, 12, 13, 14, 15], "pcpuset": [0, 1, 2, 3, 4, 5, 6, 7, 8, 9, 10, 11, 12, 13, 14, 15], "memory": 64301, "cpu_usage": 0, "memory_usage": 0, "pinned_cpus": [], "siblings": [[6], [12], [2], [15], [5], [11], [8], [14], [4], [1], [7], [10], [0], [13], [3], [9]], "mempages": [{"nova_object.name": "NUMAPagesTopology", "nova_object.namespace": "nova", "nova_object.version": "1.1", "nova_object.data": {"size_kb": 4, "total": 16461068, "used": 0, "reserved": 0}, "nova_object.changes": ["total", "used", "size_kb", "reserved"]}, {"nova_object.name": "NUMAPagesTopology", "nova_object.namespace": "nova", "nova_object.version": "1.1", "nova_object.data": {"size_kb": 2048, "total": 0, "used": 0, "reserved": 0}, "nova_object.changes": ["total", "used", "size_kb", "reserved"]}, {"nova_object.name": "NUMAPagesTopology", "nova_object.namespace": "nova", "nova_object.version": "1.1", "nova_object.data": {"size_kb": 1048576, "total": 0, "used": 0, "reserved": 0}, "nova_object.changes": ["total", "used", "size_kb", "reserved"]}], "network_metadata": {"nova_object.name": "NetworkMetadata", "nova_object.namespace": "nova", "nova_object.version": "1.0", "nova_object.data": {"physnets": [], "tunneled": false}, "nova_object.changes": ["physnets", "tunneled"]}, "socket": null}, "nova_object.changes": ["id", "mempages", "memory", "pcpuset", "socket", "cpuset", "cpu_usage", "network_metadata", "pinned_cpus", "memory_usage", "siblings"]}]}, "nova_object.changes": ["cells"]}',pci_device_pools=PciDevicePoolList,ram_allocation_ratio=1.0,running_vms=0,service_id=3,stats={failed_builds='0',uptime=' 17:01:53 up 25 min, 2 users, load average: 1.26, 1.36, 0.79
Jul 05 17:02:17.548547 np0000004580 nova-scheduler[96381]: '},supported_hv_specs=[HVSpec,HVSpec,HVSpec,HVSpec,HVSpec,HVSpec,HVSpec,HVSpec,HVSpec,HVSpec,HVSpec,HVSpec,HVSpec,HVSpec,HVSpec,HVSpec,HVSpec,HVSpec,HVSpec,HVSpec,HVSpec,HVSpec,HVSpec,HVSpec,HVSpec],updated_at=2026-07-05T17:01:56Z,uuid=f1b6f08a-ca92-4e59-a130-389fb0fef8d0,vcpus=16,vcpus_used=0) {{(pid=96381) _locked_update /opt/stack/nova/nova/scheduler/host_manager.py:168}}
