Jul 05 16:59:47.835220 np0000004580 nova-conductor[98809]: DEBUG cotyledon.oslo_config_glue [-] profiler.filter_error_trace = False {{(pid=98809) log_opt_values /opt/stack/data/venv/lib/python3.12/site-packages/oslo_config/cfg.py:3253}}
Jul 05 16:59:47.835220 np0000004580 nova-conductor[98809]: DEBUG cotyledon.oslo_config_glue [-] profiler.hmac_keys = **** {{(pid=98809) log_opt_values /opt/stack/data/venv/lib/python3.12/site-packages/oslo_config/cfg.py:3253}}
Jul 05 16:59:47.835220 np0000004580 nova-conductor[98809]: DEBUG cotyledon.oslo_config_glue [-] profiler.sentinel_service_name = mymaster {{(pid=98809) log_opt_values /opt/stack/data/venv/lib/python3.12/site-packages/oslo_config/cfg.py:3253}}
Jul 05 16:59:47.835220 np0000004580 nova-conductor[98809]: DEBUG cotyledon.oslo_config_glue [-] profiler.socket_timeout = 0.1 {{(pid=98809) log_opt_values /opt/stack/data/venv/lib/python3.12/site-packages/oslo_config/cfg.py:3253}}
Jul 05 16:59:47.835220 np0000004580 nova-conductor[98809]: DEBUG cotyledon.oslo_config_glue [-] profiler.trace_requests = False {{(pid=98809) log_opt_values /opt/stack/data/venv/lib/python3.12/site-packages/oslo_config/cfg.py:3253}}
Jul 05 16:59:47.835220 np0000004580 nova-conductor[98809]: DEBUG cotyledon.oslo_config_glue [-] profiler.trace_sqlalchemy = False {{(pid=98809) log_opt_values /opt/stack/data/venv/lib/python3.12/site-packages/oslo_config/cfg.py:3253}}
Jul 05 16:59:47.835220 np0000004580 nova-conductor[98809]: DEBUG cotyledon.oslo_config_glue [-] profiler_jaeger.process_tags = {} {{(pid=98809) log_opt_values /opt/stack/data/venv/lib/python3.12/site-packages/oslo_config/cfg.py:3253}}
Jul 05 16:59:47.835220 np0000004580 nova-conductor[98809]: DEBUG cotyledon.oslo_config_glue [-] profiler_jaeger.service_name_prefix = None {{(pid=98809) log_opt_values /opt/stack/data/venv/lib/python3.12/site-packages/oslo_config/cfg.py:3253}}
Jul 05 16:59:47.835547 np0000004580 nova-conductor[98809]: DEBUG cotyledon.oslo_config_glue [-] profiler_otlp.service_name_prefix = None {{(pid=98809) log_opt_values /opt/stack/data/venv/lib/python3.12/site-packages/oslo_config/cfg.py:3253}}
Jul 05 16:59:47.835547 np0000004580 nova-conductor[98809]: DEBUG cotyledon.oslo_config_glue [-] oslo_messaging_rabbit.amqp_auto_delete = False {{(pid=98809) log_opt_values /opt/stack/data/venv/lib/python3.12/site-packages/oslo_config/cfg.py:3253}}
Jul 05 16:59:47.835547 np0000004580 nova-conductor[98809]: DEBUG cotyledon.oslo_config_glue [-] oslo_messaging_rabbit.amqp_durable_queues = False {{(pid=98809) log_opt_values /opt/stack/data/venv/lib/python3.12/site-packages/oslo_config/cfg.py:3253}}
Jul 05 16:59:47.835547 np0000004580 nova-conductor[98809]: DEBUG cotyledon.oslo_config_glue [-] oslo_messaging_rabbit.conn_pool_min_size = 2 {{(pid=98809) log_opt_values /opt/stack/data/venv/lib/python3.12/site-packages/oslo_config/cfg.py:3253}}
Jul 05 16:59:47.835547 np0000004580 nova-conductor[98809]: DEBUG cotyledon.oslo_config_glue [-] oslo_messaging_rabbit.conn_pool_ttl = 1200 {{(pid=98809) log_opt_values /opt/stack/data/venv/lib/python3.12/site-packages/oslo_config/cfg.py:3253}}
Jul 05 16:59:47.835547 np0000004580 nova-conductor[98809]: DEBUG cotyledon.oslo_config_glue [-] oslo_messaging_rabbit.direct_mandatory_flag = True {{(pid=98809) log_opt_values /opt/stack/data/venv/lib/python3.12/site-packages/oslo_config/cfg.py:3253}}
Jul 05 16:59:47.835547 np0000004580 nova-conductor[98809]: DEBUG cotyledon.oslo_config_glue [-] oslo_messaging_rabbit.enable_cancel_on_failover = False {{(pid=98809) log_opt_values /opt/stack/data/venv/lib/python3.12/site-packages/oslo_config/cfg.py:3253}}
Jul 05 16:59:47.835547 np0000004580 nova-conductor[98809]: DEBUG cotyledon.oslo_config_glue [-] oslo_messaging_rabbit.heartbeat_rate = 3 {{(pid=98809) log_opt_values /opt/stack/data/venv/lib/python3.12/site-packages/oslo_config/cfg.py:3253}}
Jul 05 16:59:47.835547 np0000004580 nova-conductor[98809]: DEBUG cotyledon.oslo_config_glue [-] oslo_messaging_rabbit.heartbeat_timeout_threshold = 60 {{(pid=98809) log_opt_values /opt/stack/data/venv/lib/python3.12/site-packages/oslo_config/cfg.py:3253}}
Jul 05 16:59:47.836305 np0000004580 nova-conductor[98809]: DEBUG cotyledon.oslo_config_glue [-] oslo_messaging_rabbit.hostname = np0000004580 {{(pid=98809) log_opt_values /opt/stack/data/venv/lib/python3.12/site-packages/oslo_config/cfg.py:3253}}
Jul 05 16:59:47.836305 np0000004580 nova-conductor[98809]: DEBUG cotyledon.oslo_config_glue [-] oslo_messaging_rabbit.kombu_compression = None {{(pid=98809) log_opt_values /opt/stack/data/venv/lib/python3.12/site-packages/oslo_config/cfg.py:3253}}
Jul 05 16:59:47.836305 np0000004580 nova-conductor[98809]: DEBUG cotyledon.oslo_config_glue [-] oslo_messaging_rabbit.kombu_failover_strategy = round-robin {{(pid=98809) log_opt_values /opt/stack/data/venv/lib/python3.12/site-packages/oslo_config/cfg.py:3253}}
Jul 05 16:59:47.836305 np0000004580 nova-conductor[98809]: DEBUG cotyledon.oslo_config_glue [-] oslo_messaging_rabbit.kombu_missing_consumer_retry_timeout = 60 {{(pid=98809) log_opt_values /opt/stack/data/venv/lib/python3.12/site-packages/oslo_config/cfg.py:3253}}
Jul 05 16:59:47.836305 np0000004580 nova-conductor[98809]: DEBUG cotyledon.oslo_config_glue [-] oslo_messaging_rabbit.kombu_reconnect_delay = 1.0 {{(pid=98809) log_opt_values /opt/stack/data/venv/lib/python3.12/site-packages/oslo_config/cfg.py:3253}}
Jul 05 16:59:47.836305 np0000004580 nova-conductor[98809]: DEBUG cotyledon.oslo_config_glue [-] oslo_messaging_rabbit.kombu_reconnect_splay = 0.0 {{(pid=98809) log_opt_values /opt/stack/data/venv/lib/python3.12/site-packages/oslo_config/cfg.py:3253}}
Jul 05 16:59:47.836305 np0000004580 nova-conductor[98809]: DEBUG cotyledon.oslo_config_glue [-] oslo_messaging_rabbit.processname = nova-conductor {{(pid=98809) log_opt_values /opt/stack/data/venv/lib/python3.12/site-packages/oslo_config/cfg.py:3253}}
Jul 05 16:59:47.836305 np0000004580 nova-conductor[98809]: DEBUG cotyledon.oslo_config_glue [-] oslo_messaging_rabbit.rabbit_ha_queues = False {{(pid=98809) log_opt_values /opt/stack/data/venv/lib/python3.12/site-packages/oslo_config/cfg.py:3253}}
Jul 05 16:59:47.836305 np0000004580 nova-conductor[98809]: DEBUG cotyledon.oslo_config_glue [-] oslo_messaging_rabbit.rabbit_interval_max = 30 {{(pid=98809) log_opt_values /opt/stack/data/venv/lib/python3.12/site-packages/oslo_config/cfg.py:3253}}
Jul 05 16:59:47.836861 np0000004580 nova-conductor[98809]: DEBUG cotyledon.oslo_config_glue [-] oslo_messaging_rabbit.rabbit_login_method = AMQPLAIN {{(pid=98809) log_opt_values /opt/stack/data/venv/lib/python3.12/site-packages/oslo_config/cfg.py:3253}}
Jul 05 16:59:47.836861 np0000004580 nova-conductor[98809]: DEBUG cotyledon.oslo_config_glue [-] oslo_messaging_rabbit.rabbit_qos_prefetch_count = 0 {{(pid=98809) log_opt_values /opt/stack/data/venv/lib/python3.12/site-packages/oslo_config/cfg.py:3253}}
Jul 05 16:59:47.836861 np0000004580 nova-conductor[98809]: DEBUG cotyledon.oslo_config_glue [-] oslo_messaging_rabbit.rabbit_quorum_delivery_limit = 0 {{(pid=98809) log_opt_values /opt/stack/data/venv/lib/python3.12/site-packages/oslo_config/cfg.py:3253}}
Jul 05 16:59:47.836861 np0000004580 nova-conductor[98809]: DEBUG cotyledon.oslo_config_glue [-] oslo_messaging_rabbit.rabbit_quorum_max_memory_bytes = 0 {{(pid=98809) log_opt_values /opt/stack/data/venv/lib/python3.12/site-packages/oslo_config/cfg.py:3253}}
Jul 05 16:59:47.836861 np0000004580 nova-conductor[98809]: DEBUG cotyledon.oslo_config_glue [-] oslo_messaging_rabbit.rabbit_quorum_max_memory_length = 0 {{(pid=98809) log_opt_values /opt/stack/data/venv/lib/python3.12/site-packages/oslo_config/cfg.py:3253}}
Jul 05 16:59:47.836861 np0000004580 nova-conductor[98809]: DEBUG cotyledon.oslo_config_glue [-] oslo_messaging_rabbit.rabbit_quorum_queue = False {{(pid=98809) log_opt_values /opt/stack/data/venv/lib/python3.12/site-packages/oslo_config/cfg.py:3253}}
Jul 05 16:59:47.836861 np0000004580 nova-conductor[98809]: DEBUG cotyledon.oslo_config_glue [-] oslo_messaging_rabbit.rabbit_retry_backoff = 2 {{(pid=98809) log_opt_values /opt/stack/data/venv/lib/python3.12/site-packages/oslo_config/cfg.py:3253}}
Jul 05 16:59:47.836861 np0000004580 nova-conductor[98809]: DEBUG cotyledon.oslo_config_glue [-] oslo_messaging_rabbit.rabbit_retry_interval = 1 {{(pid=98809) log_opt_values /opt/stack/data/venv/lib/python3.12/site-packages/oslo_config/cfg.py:3253}}
Jul 05 16:59:47.836861 np0000004580 nova-conductor[98809]: DEBUG cotyledon.oslo_config_glue [-] oslo_messaging_rabbit.rabbit_stream_fanout = False {{(pid=98809) log_opt_values /opt/stack/data/venv/lib/python3.12/site-packages/oslo_config/cfg.py:3253}}
Jul 05 16:59:47.837187 np0000004580 nova-conductor[98809]: DEBUG cotyledon.oslo_config_glue [-] oslo_messaging_rabbit.rabbit_transient_queues_ttl = 1800 {{(pid=98809) log_opt_values /opt/stack/data/venv/lib/python3.12/site-packages/oslo_config/cfg.py:3253}}
Jul 05 16:59:47.837187 np0000004580 nova-conductor[98809]: DEBUG cotyledon.oslo_config_glue [-] oslo_messaging_rabbit.rabbit_transient_quorum_queue = False {{(pid=98809) log_opt_values /opt/stack/data/venv/lib/python3.12/site-packages/oslo_config/cfg.py:3253}}
Jul 05 16:59:47.837187 np0000004580 nova-conductor[98809]: DEBUG cotyledon.oslo_config_glue [-] oslo_messaging_rabbit.rpc_conn_pool_size = 30 {{(pid=98809) log_opt_values /opt/stack/data/venv/lib/python3.12/site-packages/oslo_config/cfg.py:3253}}
Jul 05 16:59:47.837187 np0000004580 nova-conductor[98809]: DEBUG cotyledon.oslo_config_glue [-] oslo_messaging_rabbit.ssl = False {{(pid=98809) log_opt_values /opt/stack/data/venv/lib/python3.12/site-packages/oslo_config/cfg.py:3253}}
Jul 05 16:59:47.837187 np0000004580 nova-conductor[98809]: DEBUG cotyledon.oslo_config_glue [-] oslo_messaging_rabbit.ssl_ca_file = {{(pid=98809) log_opt_values /opt/stack/data/venv/lib/python3.12/site-packages/oslo_config/cfg.py:3253}}
Jul 05 16:59:47.837187 np0000004580 nova-conductor[98809]: DEBUG cotyledon.oslo_config_glue [-] oslo_messaging_rabbit.ssl_cert_file = {{(pid=98809) log_opt_values /opt/stack/data/venv/lib/python3.12/site-packages/oslo_config/cfg.py:3253}}
Jul 05 16:59:47.837187 np0000004580 nova-conductor[98809]: DEBUG cotyledon.oslo_config_glue [-] oslo_messaging_rabbit.ssl_enforce_fips_mode = False {{(pid=98809) log_opt_values /opt/stack/data/venv/lib/python3.12/site-packages/oslo_config/cfg.py:3253}}
Jul 05 16:59:47.837187 np0000004580 nova-conductor[98809]: DEBUG cotyledon.oslo_config_glue [-] oslo_messaging_rabbit.ssl_enforce_hostname_verification = True {{(pid=98809) log_opt_values /opt/stack/data/venv/lib/python3.12/site-packages/oslo_config/cfg.py:3253}}
Jul 05 16:59:47.837187 np0000004580 nova-conductor[98809]: DEBUG cotyledon.oslo_config_glue [-] oslo_messaging_rabbit.ssl_key_file = {{(pid=98809) log_opt_values /opt/stack/data/venv/lib/python3.12/site-packages/oslo_config/cfg.py:3253}}
Jul 05 16:59:47.838384 np0000004580 nova-conductor[98809]: DEBUG cotyledon.oslo_config_glue [-] oslo_messaging_rabbit.ssl_version = {{(pid=98809) log_opt_values /opt/stack/data/venv/lib/python3.12/site-packages/oslo_config/cfg.py:3253}}
Jul 05 16:59:47.838384 np0000004580 nova-conductor[98809]: DEBUG cotyledon.oslo_config_glue [-] oslo_messaging_rabbit.use_queue_manager = False {{(pid=98809) log_opt_values /opt/stack/data/venv/lib/python3.12/site-packages/oslo_config/cfg.py:3253}}
Jul 05 16:59:47.838384 np0000004580 nova-conductor[98809]: DEBUG cotyledon.oslo_config_glue [-] oslo_messaging_notifications.driver = ['messagingv2'] {{(pid=98809) log_opt_values /opt/stack/data/venv/lib/python3.12/site-packages/oslo_config/cfg.py:3253}}
Jul 05 16:59:47.838384 np0000004580 nova-conductor[98809]: DEBUG cotyledon.oslo_config_glue [-] oslo_messaging_notifications.retry = -1 {{(pid=98809) log_opt_values /opt/stack/data/venv/lib/python3.12/site-packages/oslo_config/cfg.py:3253}}
Jul 05 16:59:47.838384 np0000004580 nova-conductor[98809]: DEBUG cotyledon.oslo_config_glue [-] oslo_messaging_notifications.topics = ['notifications'] {{(pid=98809) log_opt_values /opt/stack/data/venv/lib/python3.12/site-packages/oslo_config/cfg.py:3253}}
Jul 05 16:59:47.838384 np0000004580 nova-conductor[98809]: DEBUG cotyledon.oslo_config_glue [-] oslo_messaging_notifications.transport_url = **** {{(pid=98809) log_opt_values /opt/stack/data/venv/lib/python3.12/site-packages/oslo_config/cfg.py:3253}}
Jul 05 16:59:47.838384 np0000004580 nova-conductor[98809]: DEBUG cotyledon.oslo_config_glue [-] oslo_limit.auth_section = None {{(pid=98809) log_opt_values /opt/stack/data/venv/lib/python3.12/site-packages/oslo_config/cfg.py:3253}}
Jul 05 16:59:47.838384 np0000004580 nova-conductor[98809]: DEBUG cotyledon.oslo_config_glue [-] oslo_limit.auth_type = None {{(pid=98809) log_opt_values /opt/stack/data/venv/lib/python3.12/site-packages/oslo_config/cfg.py:3253}}
Jul 05 16:59:47.838384 np0000004580 nova-conductor[98809]: DEBUG cotyledon.oslo_config_glue [-] oslo_limit.cafile = None {{(pid=98809) log_opt_values /opt/stack/data/venv/lib/python3.12/site-packages/oslo_config/cfg.py:3253}}
Jul 05 16:59:47.838675 np0000004580 nova-conductor[98809]: DEBUG cotyledon.oslo_config_glue [-] oslo_limit.certfile = None {{(pid=98809) log_opt_values /opt/stack/data/venv/lib/python3.12/site-packages/oslo_config/cfg.py:3253}}
Jul 05 16:59:47.838675 np0000004580 nova-conductor[98809]: DEBUG cotyledon.oslo_config_glue [-] oslo_limit.collect_timing = False {{(pid=98809) log_opt_values /opt/stack/data/venv/lib/python3.12/site-packages/oslo_config/cfg.py:3253}}
Jul 05 16:59:47.838675 np0000004580 nova-conductor[98809]: DEBUG cotyledon.oslo_config_glue [-] oslo_limit.connect_retries = None {{(pid=98809) log_opt_values /opt/stack/data/venv/lib/python3.12/site-packages/oslo_config/cfg.py:3253}}
Jul 05 16:59:47.838675 np0000004580 nova-conductor[98809]: DEBUG cotyledon.oslo_config_glue [-] oslo_limit.connect_retry_delay = None {{(pid=98809) log_opt_values /opt/stack/data/venv/lib/python3.12/site-packages/oslo_config/cfg.py:3253}}
Jul 05 16:59:47.838675 np0000004580 nova-conductor[98809]: DEBUG cotyledon.oslo_config_glue [-] oslo_limit.endpoint_id = None {{(pid=98809) log_opt_values /opt/stack/data/venv/lib/python3.12/site-packages/oslo_config/cfg.py:3253}}
Jul 05 16:59:47.838675 np0000004580 nova-conductor[98809]: DEBUG cotyledon.oslo_config_glue [-] oslo_limit.endpoint_interface = public {{(pid=98809) log_opt_values /opt/stack/data/venv/lib/python3.12/site-packages/oslo_config/cfg.py:3253}}
Jul 05 16:59:47.838675 np0000004580 nova-conductor[98809]: DEBUG cotyledon.oslo_config_glue [-] oslo_limit.endpoint_override = None {{(pid=98809) log_opt_values /opt/stack/data/venv/lib/python3.12/site-packages/oslo_config/cfg.py:3253}}
Jul 05 16:59:47.838675 np0000004580 nova-conductor[98809]: DEBUG cotyledon.oslo_config_glue [-] oslo_limit.endpoint_region_name = None {{(pid=98809) log_opt_values /opt/stack/data/venv/lib/python3.12/site-packages/oslo_config/cfg.py:3253}}
Jul 05 16:59:47.838675 np0000004580 nova-conductor[98809]: DEBUG cotyledon.oslo_config_glue [-] oslo_limit.endpoint_service_name = None {{(pid=98809) log_opt_values /opt/stack/data/venv/lib/python3.12/site-packages/oslo_config/cfg.py:3253}}
Jul 05 16:59:47.839086 np0000004580 nova-conductor[98809]: DEBUG cotyledon.oslo_config_glue [-] oslo_limit.endpoint_service_type = None {{(pid=98809) log_opt_values /opt/stack/data/venv/lib/python3.12/site-packages/oslo_config/cfg.py:3253}}
Jul 05 16:59:47.839086 np0000004580 nova-conductor[98809]: DEBUG cotyledon.oslo_config_glue [-] oslo_limit.insecure = False {{(pid=98809) log_opt_values /opt/stack/data/venv/lib/python3.12/site-packages/oslo_config/cfg.py:3253}}
Jul 05 16:59:47.839086 np0000004580 nova-conductor[98809]: DEBUG cotyledon.oslo_config_glue [-] oslo_limit.keyfile = None {{(pid=98809) log_opt_values /opt/stack/data/venv/lib/python3.12/site-packages/oslo_config/cfg.py:3253}}
Jul 05 16:59:47.839086 np0000004580 nova-conductor[98809]: DEBUG cotyledon.oslo_config_glue [-] oslo_limit.max_version = None {{(pid=98809) log_opt_values /opt/stack/data/venv/lib/python3.12/site-packages/oslo_config/cfg.py:3253}}
Jul 05 16:59:47.839086 np0000004580 nova-conductor[98809]: DEBUG cotyledon.oslo_config_glue [-] oslo_limit.min_version = None {{(pid=98809) log_opt_values /opt/stack/data/venv/lib/python3.12/site-packages/oslo_config/cfg.py:3253}}
Jul 05 16:59:47.839086 np0000004580 nova-conductor[98809]: DEBUG cotyledon.oslo_config_glue [-] oslo_limit.region_name = None {{(pid=98809) log_opt_values /opt/stack/data/venv/lib/python3.12/site-packages/oslo_config/cfg.py:3253}}
Jul 05 16:59:47.839316 np0000004580 nova-conductor[98779]: DEBUG oslo_db.sqlalchemy.engines [None req-a392adcd-f0ab-45d6-9e22-9de28145ffc1 None None] MySQL server mode set to STRICT_TRANS_TABLES,STRICT_ALL_TABLES,NO_ZERO_IN_DATE,NO_ZERO_DATE,ERROR_FOR_DIVISION_BY_ZERO,TRADITIONAL,NO_ENGINE_SUBSTITUTION {{(pid=98779) _check_effective_sql_mode /opt/stack/data/venv/lib/python3.12/site-packages/oslo_db/sqlalchemy/engines.py:325}}
Jul 05 16:59:47.839361 np0000004580 nova-conductor[98809]: DEBUG cotyledon.oslo_config_glue [-] oslo_limit.retriable_status_codes = None {{(pid=98809) log_opt_values /opt/stack/data/venv/lib/python3.12/site-packages/oslo_config/cfg.py:3253}}
Jul 05 16:59:47.839361 np0000004580 nova-conductor[98809]: DEBUG cotyledon.oslo_config_glue [-] oslo_limit.service_name = None {{(pid=98809) log_opt_values /opt/stack/data/venv/lib/python3.12/site-packages/oslo_config/cfg.py:3253}}
Jul 05 16:59:47.839361 np0000004580 nova-conductor[98809]: DEBUG cotyledon.oslo_config_glue [-] oslo_limit.service_type = None {{(pid=98809) log_opt_values /opt/stack/data/venv/lib/python3.12/site-packages/oslo_config/cfg.py:3253}}
Jul 05 16:59:47.839361 np0000004580 nova-conductor[98809]: DEBUG cotyledon.oslo_config_glue [-] oslo_limit.split_loggers = False {{(pid=98809) log_opt_values /opt/stack/data/venv/lib/python3.12/site-packages/oslo_config/cfg.py:3253}}
Jul 05 16:59:47.839361 np0000004580 nova-conductor[98809]: DEBUG cotyledon.oslo_config_glue [-] oslo_limit.status_code_retries = None {{(pid=98809) log_opt_values /opt/stack/data/venv/lib/python3.12/site-packages/oslo_config/cfg.py:3253}}
Jul 05 16:59:47.839361 np0000004580 nova-conductor[98809]: DEBUG cotyledon.oslo_config_glue [-] oslo_limit.status_code_retry_delay = None {{(pid=98809) log_opt_values /opt/stack/data/venv/lib/python3.12/site-packages/oslo_config/cfg.py:3253}}
Jul 05 16:59:47.839361 np0000004580 nova-conductor[98809]: DEBUG cotyledon.oslo_config_glue [-] oslo_limit.timeout = None {{(pid=98809) log_opt_values /opt/stack/data/venv/lib/python3.12/site-packages/oslo_config/cfg.py:3253}}
Jul 05 16:59:47.839361 np0000004580 nova-conductor[98809]: DEBUG cotyledon.oslo_config_glue [-] oslo_limit.valid_interfaces = None {{(pid=98809) log_opt_values /opt/stack/data/venv/lib/python3.12/site-packages/oslo_config/cfg.py:3253}}
Jul 05 16:59:47.839361 np0000004580 nova-conductor[98809]: DEBUG cotyledon.oslo_config_glue [-] oslo_limit.version = None {{(pid=98809) log_opt_values /opt/stack/data/venv/lib/python3.12/site-packages/oslo_config/cfg.py:3253}}
Jul 05 16:59:47.839675 np0000004580 nova-conductor[98809]: DEBUG cotyledon.oslo_config_glue [-] oslo_reports.file_event_handler = None {{(pid=98809) log_opt_values /opt/stack/data/venv/lib/python3.12/site-packages/oslo_config/cfg.py:3253}}
Jul 05 16:59:47.839675 np0000004580 nova-conductor[98809]: DEBUG cotyledon.oslo_config_glue [-] oslo_reports.file_event_handler_interval = 1 {{(pid=98809) log_opt_values /opt/stack/data/venv/lib/python3.12/site-packages/oslo_config/cfg.py:3253}}
Jul 05 16:59:47.839675 np0000004580 nova-conductor[98809]: DEBUG cotyledon.oslo_config_glue [-] oslo_reports.log_dir = None {{(pid=98809) log_opt_values /opt/stack/data/venv/lib/python3.12/site-packages/oslo_config/cfg.py:3253}}
Jul 05 16:59:47.839675 np0000004580 nova-conductor[98809]: DEBUG cotyledon.oslo_config_glue [-] ******************************************************************************** {{(pid=98809) log_opt_values /opt/stack/data/venv/lib/python3.12/site-packages/oslo_config/cfg.py:3260}}
Jul 05 16:59:47.839675 np0000004580 nova-conductor[98809]: DEBUG cotyledon._service_worker [-] Run service ServiceWrapper(3) [98809] {{(pid=98809) wait_forever /opt/stack/data/venv/lib/python3.12/site-packages/cotyledon/_service_worker.py:218}}
Jul 05 16:59:47.839675 np0000004580 nova-conductor[98809]: INFO nova.service [-] Starting conductor node (version 33.1.0)
Jul 05 16:59:47.839675 np0000004580 nova-conductor[98809]: INFO dbcounter [None req-85800210-1cd7-4a19-8123-77ec24078ae9 None None] Registered counter for database nova_cell0
Jul 05 16:59:47.839912 np0000004580 nova-conductor[98779]: DEBUG dbcounter [-] [98779] Writer thread running {{(pid=98779) stat_writer /opt/stack/data/venv/lib/python3.12/site-packages/dbcounter.py:102}}
Jul 05 16:59:47.839959 np0000004580 nova-conductor[98799]: DEBUG oslo_db.sqlalchemy.engines [None req-8fa8f097-6322-4dd5-8820-b073d1349658 None None] MySQL server mode set to STRICT_TRANS_TABLES,STRICT_ALL_TABLES,NO_ZERO_IN_DATE,NO_ZERO_DATE,ERROR_FOR_DIVISION_BY_ZERO,TRADITIONAL,NO_ENGINE_SUBSTITUTION {{(pid=98799) _check_effective_sql_mode /opt/stack/data/venv/lib/python3.12/site-packages/oslo_db/sqlalchemy/engines.py:325}}
Jul 05 16:59:47.841737 np0000004580 nova-conductor[98787]: DEBUG oslo_db.sqlalchemy.engines [None req-bfb1f525-b9c8-4e52-9cf3-5b514c925cec None None] MySQL server mode set to STRICT_TRANS_TABLES,STRICT_ALL_TABLES,NO_ZERO_IN_DATE,NO_ZERO_DATE,ERROR_FOR_DIVISION_BY_ZERO,TRADITIONAL,NO_ENGINE_SUBSTITUTION {{(pid=98787) _check_effective_sql_mode /opt/stack/data/venv/lib/python3.12/site-packages/oslo_db/sqlalchemy/engines.py:325}}
Jul 05 16:59:47.842511 np0000004580 nova-conductor[98779]: DEBUG nova.service [None req-a392adcd-f0ab-45d6-9e22-9de28145ffc1 None None] Creating RPC server for service: nova-conductor on topic: conductor {{(pid=98779) start /opt/stack/nova/nova/service.py:196}}
Jul 05 16:59:47.850277 np0000004580 nova-conductor[98799]: DEBUG dbcounter [-] [98799] Writer thread running {{(pid=98799) stat_writer /opt/stack/data/venv/lib/python3.12/site-packages/dbcounter.py:102}}
Jul 05 16:59:47.854744 np0000004580 nova-conductor[98799]: DEBUG nova.service [None req-8fa8f097-6322-4dd5-8820-b073d1349658 None None] Creating RPC server for service: nova-conductor on topic: conductor {{(pid=98799) start /opt/stack/nova/nova/service.py:196}}
Jul 05 16:59:47.856198 np0000004580 nova-conductor[98787]: DEBUG dbcounter [-] [98787] Writer thread running {{(pid=98787) stat_writer /opt/stack/data/venv/lib/python3.12/site-packages/dbcounter.py:102}}
Jul 05 16:59:47.859636 np0000004580 nova-conductor[98787]: DEBUG nova.service [None req-bfb1f525-b9c8-4e52-9cf3-5b514c925cec None None] Creating RPC server for service: nova-conductor on topic: conductor {{(pid=98787) start /opt/stack/nova/nova/service.py:196}}
Jul 05 16:59:47.873319 np0000004580 nova-conductor[98809]: DEBUG oslo_db.sqlalchemy.engines [None req-85800210-1cd7-4a19-8123-77ec24078ae9 None None] MySQL server mode set to STRICT_TRANS_TABLES,STRICT_ALL_TABLES,NO_ZERO_IN_DATE,NO_ZERO_DATE,ERROR_FOR_DIVISION_BY_ZERO,TRADITIONAL,NO_ENGINE_SUBSTITUTION {{(pid=98809) _check_effective_sql_mode /opt/stack/data/venv/lib/python3.12/site-packages/oslo_db/sqlalchemy/engines.py:325}}
Jul 05 16:59:47.877575 np0000004580 nova-conductor[98779]: DEBUG nova.service [None req-a392adcd-f0ab-45d6-9e22-9de28145ffc1 None None] Join ServiceGroup membership for this service conductor {{(pid=98779) start /opt/stack/nova/nova/service.py:222}}
Jul 05 16:59:47.878071 np0000004580 nova-conductor[98779]: DEBUG nova.servicegroup.drivers.db [None req-a392adcd-f0ab-45d6-9e22-9de28145ffc1 None None] DB_Driver: join new ServiceGroup member np0000004580 to the conductor group, service = {{(pid=98779) join /opt/stack/nova/nova/servicegroup/drivers/db.py:44}}
Jul 05 16:59:47.878250 np0000004580 nova-conductor[98799]: DEBUG nova.service [None req-8fa8f097-6322-4dd5-8820-b073d1349658 None None] Join ServiceGroup membership for this service conductor {{(pid=98799) start /opt/stack/nova/nova/service.py:222}}
Jul 05 16:59:47.878349 np0000004580 nova-conductor[98799]: DEBUG nova.servicegroup.drivers.db [None req-8fa8f097-6322-4dd5-8820-b073d1349658 None None] DB_Driver: join new ServiceGroup member np0000004580 to the conductor group, service = {{(pid=98799) join /opt/stack/nova/nova/servicegroup/drivers/db.py:44}}
Jul 05 16:59:47.883770 np0000004580 nova-conductor[98787]: DEBUG nova.service [None req-bfb1f525-b9c8-4e52-9cf3-5b514c925cec None None] Join ServiceGroup membership for this service conductor {{(pid=98787) start /opt/stack/nova/nova/service.py:222}}
Jul 05 16:59:47.883770 np0000004580 nova-conductor[98787]: DEBUG nova.servicegroup.drivers.db [None req-bfb1f525-b9c8-4e52-9cf3-5b514c925cec None None] DB_Driver: join new ServiceGroup member np0000004580 to the conductor group, service = {{(pid=98787) join /opt/stack/nova/nova/servicegroup/drivers/db.py:44}}
Jul 05 16:59:47.886715 np0000004580 nova-conductor[98809]: DEBUG dbcounter [-] [98809] Writer thread running {{(pid=98809) stat_writer /opt/stack/data/venv/lib/python3.12/site-packages/dbcounter.py:102}}
Jul 05 16:59:47.890318 np0000004580 nova-conductor[98809]: DEBUG nova.service [None req-85800210-1cd7-4a19-8123-77ec24078ae9 None None] Creating RPC server for service: nova-conductor on topic: conductor {{(pid=98809) start /opt/stack/nova/nova/service.py:196}}
Jul 05 16:59:47.911723 np0000004580 nova-conductor[98809]: DEBUG nova.service [None req-85800210-1cd7-4a19-8123-77ec24078ae9 None None] Join ServiceGroup membership for this service conductor {{(pid=98809) start /opt/stack/nova/nova/service.py:222}}
Jul 05 16:59:47.912224 np0000004580 nova-conductor[98809]: DEBUG nova.servicegroup.drivers.db [None req-85800210-1cd7-4a19-8123-77ec24078ae9 None None] DB_Driver: join new ServiceGroup member np0000004580 to the conductor group, service = {{(pid=98809) join /opt/stack/nova/nova/servicegroup/drivers/db.py:44}}
Jul 05 16:59:50.914070 np0000004580 nova-conductor[98809]: DEBUG oslo.service.backend._threading.loopingcall [None req-3487e2df-25f1-441c-87f2-3dc277fce19b None None] Dynamic interval looping call 'nova.service.Service.periodic_tasks' sleeping for 60.00 seconds {{(pid=98809) _run_loop /opt/stack/data/venv/lib/python3.12/site-packages/oslo_service/backend/_threading/loopingcall.py:125}}
Jul 05 16:59:52.893768 np0000004580 nova-conductor[98779]: DEBUG oslo.service.backend._threading.loopingcall [-] Fixed interval looping call 'nova.servicegroup.drivers.db.DbDriver._report_state' sleeping for 119.99 seconds {{(pid=98779) _run_loop /opt/stack/data/venv/lib/python3.12/site-packages/oslo_service/backend/_threading/loopingcall.py:125}}
Jul 05 16:59:52.895744 np0000004580 nova-conductor[98799]: DEBUG oslo.service.backend._threading.loopingcall [-] Fixed interval looping call 'nova.servicegroup.drivers.db.DbDriver._report_state' sleeping for 119.98 seconds {{(pid=98799) _run_loop /opt/stack/data/venv/lib/python3.12/site-packages/oslo_service/backend/_threading/loopingcall.py:125}}
Jul 05 16:59:52.896735 np0000004580 nova-conductor[98787]: DEBUG oslo.service.backend._threading.loopingcall [-] Fixed interval looping call 'nova.servicegroup.drivers.db.DbDriver._report_state' sleeping for 119.99 seconds {{(pid=98787) _run_loop /opt/stack/data/venv/lib/python3.12/site-packages/oslo_service/backend/_threading/loopingcall.py:125}}
Jul 05 16:59:52.923597 np0000004580 nova-conductor[98809]: DEBUG oslo.service.backend._threading.loopingcall [-] Fixed interval looping call 'nova.servicegroup.drivers.db.DbDriver._report_state' sleeping for 119.99 seconds {{(pid=98809) _run_loop /opt/stack/data/venv/lib/python3.12/site-packages/oslo_service/backend/_threading/loopingcall.py:125}}
Jul 05 16:59:56.433483 np0000004580 nova-conductor[97334]: DEBUG dbcounter [-] [97334] Writing DB stats nova_api:SELECT=1 {{(pid=97334) stat_writer /opt/stack/data/venv/lib/python3.12/site-packages/dbcounter.py:115}}
Jul 05 16:59:56.558674 np0000004580 nova-conductor[97334]: DEBUG dbcounter [-] [97334] Writing DB stats nova_cell0:SELECT=1 {{(pid=97334) stat_writer /opt/stack/data/venv/lib/python3.12/site-packages/dbcounter.py:115}}
Jul 05 16:59:56.567021 np0000004580 nova-conductor[97334]: DEBUG dbcounter [-] [97334] Writing DB stats nova_cell1:SELECT=1 {{(pid=97334) stat_writer /opt/stack/data/venv/lib/python3.12/site-packages/dbcounter.py:115}}
Jul 05 16:59:56.880834 np0000004580 nova-conductor[98799]: DEBUG oslo.service.backend._threading.loopingcall [None req-3f895be5-4b79-4488-bec4-532fbbdc59b8 None None] Dynamic interval looping call 'nova.service.Service.periodic_tasks' sleeping for 60.00 seconds {{(pid=98799) _run_loop /opt/stack/data/venv/lib/python3.12/site-packages/oslo_service/backend/_threading/loopingcall.py:125}}
Jul 05 17:00:00.886101 np0000004580 nova-conductor[98787]: DEBUG oslo.service.backend._threading.loopingcall [None req-c7ecbcc6-f678-4603-9d43-af49f15e8302 None None] Dynamic interval looping call 'nova.service.Service.periodic_tasks' sleeping for 60.00 seconds {{(pid=98787) _run_loop /opt/stack/data/venv/lib/python3.12/site-packages/oslo_service/backend/_threading/loopingcall.py:125}}
Jul 05 17:00:02.890405 np0000004580 nova-conductor[98779]: DEBUG dbcounter [-] [98779] Writing DB stats nova_cell0:SELECT=4,nova_cell0:INSERT=1,nova_cell0:UPDATE=1 {{(pid=98779) stat_writer /opt/stack/data/venv/lib/python3.12/site-packages/dbcounter.py:115}}
Jul 05 17:00:02.893005 np0000004580 nova-conductor[98787]: DEBUG dbcounter [-] [98787] Writing DB stats nova_cell0:SELECT=3 {{(pid=98787) stat_writer /opt/stack/data/venv/lib/python3.12/site-packages/dbcounter.py:115}}
Jul 05 17:00:02.893763 np0000004580 nova-conductor[98799]: DEBUG dbcounter [-] [98799] Writing DB stats nova_cell0:SELECT=3,nova_cell0:UPDATE=1 {{(pid=98799) stat_writer /opt/stack/data/venv/lib/python3.12/site-packages/dbcounter.py:115}}
Jul 05 17:00:02.924008 np0000004580 nova-conductor[98809]: DEBUG dbcounter [-] [98809] Writing DB stats nova_cell0:SELECT=3 {{(pid=98809) stat_writer /opt/stack/data/venv/lib/python3.12/site-packages/dbcounter.py:115}}
Jul 05 17:00:29.880761 np0000004580 nova-conductor[98779]: DEBUG oslo.service.backend._threading.loopingcall [None req-43862516-8e62-4084-8d4f-1f476b29f25c None None] Dynamic interval looping call 'nova.service.Service.periodic_tasks' sleeping for 60.00 seconds {{(pid=98779) _run_loop /opt/stack/data/venv/lib/python3.12/site-packages/oslo_service/backend/_threading/loopingcall.py:125}}
Jul 05 17:00:50.914740 np0000004580 nova-conductor[98809]: DEBUG oslo.service.backend._threading.loopingcall [None req-3487e2df-25f1-441c-87f2-3dc277fce19b None None] Dynamic interval looping call 'nova.service.Service.periodic_tasks' sleeping for 60.00 seconds {{(pid=98809) _run_loop /opt/stack/data/venv/lib/python3.12/site-packages/oslo_service/backend/_threading/loopingcall.py:125}}
Jul 05 17:00:56.881418 np0000004580 nova-conductor[98799]: DEBUG oslo.service.backend._threading.loopingcall [None req-3f895be5-4b79-4488-bec4-532fbbdc59b8 None None] Dynamic interval looping call 'nova.service.Service.periodic_tasks' sleeping for 60.00 seconds {{(pid=98799) _run_loop /opt/stack/data/venv/lib/python3.12/site-packages/oslo_service/backend/_threading/loopingcall.py:125}}
Jul 05 17:01:00.886445 np0000004580 nova-conductor[98787]: DEBUG oslo.service.backend._threading.loopingcall [None req-c7ecbcc6-f678-4603-9d43-af49f15e8302 None None] Dynamic interval looping call 'nova.service.Service.periodic_tasks' sleeping for 60.00 seconds {{(pid=98787) _run_loop /opt/stack/data/venv/lib/python3.12/site-packages/oslo_service/backend/_threading/loopingcall.py:125}}
Jul 05 17:01:29.881445 np0000004580 nova-conductor[98779]: DEBUG oslo.service.backend._threading.loopingcall [None req-43862516-8e62-4084-8d4f-1f476b29f25c None None] Dynamic interval looping call 'nova.service.Service.periodic_tasks' sleeping for 60.00 seconds {{(pid=98779) _run_loop /opt/stack/data/venv/lib/python3.12/site-packages/oslo_service/backend/_threading/loopingcall.py:125}}
Jul 05 17:01:50.915277 np0000004580 nova-conductor[98809]: DEBUG oslo.service.backend._threading.loopingcall [None req-3487e2df-25f1-441c-87f2-3dc277fce19b None None] Dynamic interval looping call 'nova.service.Service.periodic_tasks' sleeping for 60.00 seconds {{(pid=98809) _run_loop /opt/stack/data/venv/lib/python3.12/site-packages/oslo_service/backend/_threading/loopingcall.py:125}}
Jul 05 17:01:52.884218 np0000004580 nova-conductor[98799]: DEBUG oslo.service.backend._threading.loopingcall [-] Fixed interval looping call 'nova.servicegroup.drivers.db.DbDriver._report_state' sleeping for 119.99 seconds {{(pid=98799) _run_loop /opt/stack/data/venv/lib/python3.12/site-packages/oslo_service/backend/_threading/loopingcall.py:125}}
Jul 05 17:01:52.888087 np0000004580 nova-conductor[98779]: DEBUG oslo.service.backend._threading.loopingcall [-] Fixed interval looping call 'nova.servicegroup.drivers.db.DbDriver._report_state' sleeping for 120.00 seconds {{(pid=98779) _run_loop /opt/stack/data/venv/lib/python3.12/site-packages/oslo_service/backend/_threading/loopingcall.py:125}}
Jul 05 17:01:52.890476 np0000004580 nova-conductor[98787]: DEBUG oslo.service.backend._threading.loopingcall [-] Fixed interval looping call 'nova.servicegroup.drivers.db.DbDriver._report_state' sleeping for 120.00 seconds {{(pid=98787) _run_loop /opt/stack/data/venv/lib/python3.12/site-packages/oslo_service/backend/_threading/loopingcall.py:125}}
Jul 05 17:01:52.917642 np0000004580 nova-conductor[98809]: DEBUG oslo.service.backend._threading.loopingcall [-] Fixed interval looping call 'nova.servicegroup.drivers.db.DbDriver._report_state' sleeping for 120.00 seconds {{(pid=98809) _run_loop /opt/stack/data/venv/lib/python3.12/site-packages/oslo_service/backend/_threading/loopingcall.py:125}}
Jul 05 17:01:56.881839 np0000004580 nova-conductor[98799]: DEBUG oslo.service.backend._threading.loopingcall [None req-3f895be5-4b79-4488-bec4-532fbbdc59b8 None None] Dynamic interval looping call 'nova.service.Service.periodic_tasks' sleeping for 60.00 seconds {{(pid=98799) _run_loop /opt/stack/data/venv/lib/python3.12/site-packages/oslo_service/backend/_threading/loopingcall.py:125}}
Jul 05 17:02:00.887065 np0000004580 nova-conductor[98787]: DEBUG oslo.service.backend._threading.loopingcall [None req-c7ecbcc6-f678-4603-9d43-af49f15e8302 None None] Dynamic interval looping call 'nova.service.Service.periodic_tasks' sleeping for 60.00 seconds {{(pid=98787) _run_loop /opt/stack/data/venv/lib/python3.12/site-packages/oslo_service/backend/_threading/loopingcall.py:125}}
Jul 05 17:02:02.879686 np0000004580 nova-conductor[98799]: DEBUG dbcounter [-] [98799] Writing DB stats nova_cell0:SELECT=1,nova_cell0:UPDATE=1 {{(pid=98799) stat_writer /opt/stack/data/venv/lib/python3.12/site-packages/dbcounter.py:115}}
Jul 05 17:02:02.885479 np0000004580 nova-conductor[98779]: DEBUG dbcounter [-] [98779] Writing DB stats nova_cell0:SELECT=1 {{(pid=98779) stat_writer /opt/stack/data/venv/lib/python3.12/site-packages/dbcounter.py:115}}
Jul 05 17:02:02.888666 np0000004580 nova-conductor[98787]: DEBUG dbcounter [-] [98787] Writing DB stats nova_cell0:SELECT=1 {{(pid=98787) stat_writer /opt/stack/data/venv/lib/python3.12/site-packages/dbcounter.py:115}}
Jul 05 17:02:02.915734 np0000004580 nova-conductor[98809]: DEBUG dbcounter [-] [98809] Writing DB stats nova_cell0:SELECT=1 {{(pid=98809) stat_writer /opt/stack/data/venv/lib/python3.12/site-packages/dbcounter.py:115}}
Jul 05 17:02:16.697862 np0000004580 nova-conductor[98779]: DEBUG oslo_db.sqlalchemy.engines [None req-d2ab3fac-f497-4c19-b5d6-ce219a6b5163 tempest-DeleteServersTestJSON-911767676 tempest-DeleteServersTestJSON-911767676-project-member] Parent process 97334 forked (98779) with an open database connection, which is being discarded and recreated. {{(pid=98779) checkout /opt/stack/data/venv/lib/python3.12/site-packages/oslo_db/sqlalchemy/engines.py:402}}
Jul 05 17:02:16.754035 np0000004580 nova-conductor[98779]: DEBUG dbcounter [-] [98779] Writer thread running {{(pid=98779) stat_writer /opt/stack/data/venv/lib/python3.12/site-packages/dbcounter.py:102}}
Jul 05 17:02:17.786655 np0000004580 nova-conductor[98779]: DEBUG nova.conductor.manager [None req-d2ab3fac-f497-4c19-b5d6-ce219a6b5163 tempest-DeleteServersTestJSON-911767676 tempest-DeleteServersTestJSON-911767676-project-member] Took 1.03 seconds to select destinations for 1 instance(s). {{(pid=98779) _schedule_instances /opt/stack/nova/nova/conductor/manager.py:968}}
Jul 05 17:02:17.837052 np0000004580 nova-conductor[98779]: DEBUG oslo_concurrency.lockutils [None req-d2ab3fac-f497-4c19-b5d6-ce219a6b5163 tempest-DeleteServersTestJSON-911767676 tempest-DeleteServersTestJSON-911767676-project-member] Acquiring lock "8a31aac0-1b24-4a97-97b3-fadddd7fab4d" by "nova.context.set_target_cell..get_or_set_cached_cell_and_set_connections" {{(pid=98779) inner /opt/stack/data/venv/lib/python3.12/site-packages/oslo_concurrency/lockutils.py:511}}
Jul 05 17:02:17.837052 np0000004580 nova-conductor[98779]: DEBUG oslo_concurrency.lockutils [None req-d2ab3fac-f497-4c19-b5d6-ce219a6b5163 tempest-DeleteServersTestJSON-911767676 tempest-DeleteServersTestJSON-911767676-project-member] Lock "8a31aac0-1b24-4a97-97b3-fadddd7fab4d" acquired by "nova.context.set_target_cell..get_or_set_cached_cell_and_set_connections" :: waited 0.000s {{(pid=98779) inner /opt/stack/data/venv/lib/python3.12/site-packages/oslo_concurrency/lockutils.py:524}}
Jul 05 17:02:17.838864 np0000004580 nova-conductor[98779]: DEBUG oslo_concurrency.lockutils [None req-d2ab3fac-f497-4c19-b5d6-ce219a6b5163 tempest-DeleteServersTestJSON-911767676 tempest-DeleteServersTestJSON-911767676-project-member] Lock "8a31aac0-1b24-4a97-97b3-fadddd7fab4d" "released" by "nova.context.set_target_cell..get_or_set_cached_cell_and_set_connections" :: held 0.002s {{(pid=98779) inner /opt/stack/data/venv/lib/python3.12/site-packages/oslo_concurrency/lockutils.py:543}}
Jul 05 17:02:17.841856 np0000004580 nova-conductor[98779]: INFO dbcounter [None req-d2ab3fac-f497-4c19-b5d6-ce219a6b5163 tempest-DeleteServersTestJSON-911767676 tempest-DeleteServersTestJSON-911767676-project-member] Registered counter for database nova_cell1
Jul 05 17:02:17.895777 np0000004580 nova-conductor[98779]: DEBUG oslo_db.sqlalchemy.engines [None req-d2ab3fac-f497-4c19-b5d6-ce219a6b5163 tempest-DeleteServersTestJSON-911767676 tempest-DeleteServersTestJSON-911767676-project-member] MySQL server mode set to STRICT_TRANS_TABLES,STRICT_ALL_TABLES,NO_ZERO_IN_DATE,NO_ZERO_DATE,ERROR_FOR_DIVISION_BY_ZERO,TRADITIONAL,NO_ENGINE_SUBSTITUTION {{(pid=98779) _check_effective_sql_mode /opt/stack/data/venv/lib/python3.12/site-packages/oslo_db/sqlalchemy/engines.py:325}}
Jul 05 17:02:17.903607 np0000004580 nova-conductor[98779]: DEBUG dbcounter [-] [98779] Writer thread running {{(pid=98779) stat_writer /opt/stack/data/venv/lib/python3.12/site-packages/dbcounter.py:102}}
Jul 05 17:02:17.969240 np0000004580 nova-conductor[98779]: INFO nova.utils [None req-d2ab3fac-f497-4c19-b5d6-ce219a6b5163 tempest-DeleteServersTestJSON-911767676 tempest-DeleteServersTestJSON-911767676-project-member] The cell worker thread pool ForkProcess-1.cell_worker is initialized
Jul 05 17:02:17.969538 np0000004580 nova-conductor[98779]: DEBUG oslo_concurrency.lockutils [None req-d2ab3fac-f497-4c19-b5d6-ce219a6b5163 tempest-DeleteServersTestJSON-911767676 tempest-DeleteServersTestJSON-911767676-project-member] Acquiring lock "00000000-0000-0000-0000-000000000000" by "nova.context.set_target_cell..get_or_set_cached_cell_and_set_connections" {{(pid=98779) inner /opt/stack/data/venv/lib/python3.12/site-packages/oslo_concurrency/lockutils.py:511}}
Jul 05 17:02:17.969706 np0000004580 nova-conductor[98779]: DEBUG oslo_concurrency.lockutils [None req-d2ab3fac-f497-4c19-b5d6-ce219a6b5163 tempest-DeleteServersTestJSON-911767676 tempest-DeleteServersTestJSON-911767676-project-member] Lock "00000000-0000-0000-0000-000000000000" acquired by "nova.context.set_target_cell..get_or_set_cached_cell_and_set_connections" :: waited 0.000s {{(pid=98779) inner /opt/stack/data/venv/lib/python3.12/site-packages/oslo_concurrency/lockutils.py:524}}
Jul 05 17:02:17.970128 np0000004580 nova-conductor[98779]: DEBUG oslo_concurrency.lockutils [None req-d2ab3fac-f497-4c19-b5d6-ce219a6b5163 tempest-DeleteServersTestJSON-911767676 tempest-DeleteServersTestJSON-911767676-project-member] Lock "00000000-0000-0000-0000-000000000000" "released" by "nova.context.set_target_cell..get_or_set_cached_cell_and_set_connections" :: held 0.000s {{(pid=98779) inner /opt/stack/data/venv/lib/python3.12/site-packages/oslo_concurrency/lockutils.py:543}}
Jul 05 17:02:17.970840 np0000004580 nova-conductor[98779]: DEBUG oslo_concurrency.lockutils [None req-d2ab3fac-f497-4c19-b5d6-ce219a6b5163 tempest-DeleteServersTestJSON-911767676 tempest-DeleteServersTestJSON-911767676-project-member] Acquiring lock "8a31aac0-1b24-4a97-97b3-fadddd7fab4d" by "nova.context.set_target_cell..get_or_set_cached_cell_and_set_connections" {{(pid=98779) inner /opt/stack/data/venv/lib/python3.12/site-packages/oslo_concurrency/lockutils.py:511}}
Jul 05 17:02:17.971053 np0000004580 nova-conductor[98779]: DEBUG oslo_concurrency.lockutils [None req-d2ab3fac-f497-4c19-b5d6-ce219a6b5163 tempest-DeleteServersTestJSON-911767676 tempest-DeleteServersTestJSON-911767676-project-member] Lock "8a31aac0-1b24-4a97-97b3-fadddd7fab4d" acquired by "nova.context.set_target_cell..get_or_set_cached_cell_and_set_connections" :: waited 0.000s {{(pid=98779) inner /opt/stack/data/venv/lib/python3.12/site-packages/oslo_concurrency/lockutils.py:524}}
Jul 05 17:02:17.972741 np0000004580 nova-conductor[98779]: INFO dbcounter [None req-d2ab3fac-f497-4c19-b5d6-ce219a6b5163 tempest-DeleteServersTestJSON-911767676 tempest-DeleteServersTestJSON-911767676-project-member] Registered counter for database nova_cell0
Jul 05 17:02:17.974414 np0000004580 nova-conductor[98779]: DEBUG oslo_concurrency.lockutils [None req-d2ab3fac-f497-4c19-b5d6-ce219a6b5163 tempest-DeleteServersTestJSON-911767676 tempest-DeleteServersTestJSON-911767676-project-member] Lock "8a31aac0-1b24-4a97-97b3-fadddd7fab4d" "released" by "nova.context.set_target_cell..get_or_set_cached_cell_and_set_connections" :: held 0.002s {{(pid=98779) inner /opt/stack/data/venv/lib/python3.12/site-packages/oslo_concurrency/lockutils.py:543}}
Jul 05 17:02:18.020534 np0000004580 nova-conductor[98779]: DEBUG oslo_db.sqlalchemy.engines [None req-d2ab3fac-f497-4c19-b5d6-ce219a6b5163 tempest-DeleteServersTestJSON-911767676 tempest-DeleteServersTestJSON-911767676-project-member] MySQL server mode set to STRICT_TRANS_TABLES,STRICT_ALL_TABLES,NO_ZERO_IN_DATE,NO_ZERO_DATE,ERROR_FOR_DIVISION_BY_ZERO,TRADITIONAL,NO_ENGINE_SUBSTITUTION {{(pid=98779) _check_effective_sql_mode /opt/stack/data/venv/lib/python3.12/site-packages/oslo_db/sqlalchemy/engines.py:325}}
Jul 05 17:02:18.027729 np0000004580 nova-conductor[98779]: DEBUG dbcounter [-] [98779] Writer thread running {{(pid=98779) stat_writer /opt/stack/data/venv/lib/python3.12/site-packages/dbcounter.py:102}}
Jul 05 17:02:18.037934 np0000004580 nova-conductor[98779]: DEBUG nova.quota [None req-d2ab3fac-f497-4c19-b5d6-ce219a6b5163 tempest-DeleteServersTestJSON-911767676 tempest-DeleteServersTestJSON-911767676-project-member] Getting quotas for project fb9c0ede779b4803aec4c0c11eeeb25a. Resources: {'cores', 'instances', 'ram'} {{(pid=98779) _get_quotas /opt/stack/nova/nova/quota.py:389}}
Jul 05 17:02:18.042344 np0000004580 nova-conductor[98779]: DEBUG nova.quota [None req-d2ab3fac-f497-4c19-b5d6-ce219a6b5163 tempest-DeleteServersTestJSON-911767676 tempest-DeleteServersTestJSON-911767676-project-member] Getting quotas for user b1799c19bcaf43dd94b41a8d40607cca and project fb9c0ede779b4803aec4c0c11eeeb25a. Resources: {'cores', 'instances', 'ram'} {{(pid=98779) _get_quotas /opt/stack/nova/nova/quota.py:379}}
Jul 05 17:02:18.049092 np0000004580 nova-conductor[98779]: DEBUG nova.conductor.manager [None req-d2ab3fac-f497-4c19-b5d6-ce219a6b5163 tempest-DeleteServersTestJSON-911767676 tempest-DeleteServersTestJSON-911767676-project-member] [instance: 4e17524a-af0d-49db-87e1-aa8411ca6703] Selected host: np0000004580; Selected node: np0000004580; Alternates: [] {{(pid=98779) schedule_and_build_instances /opt/stack/nova/nova/conductor/manager.py:1784}}
Jul 05 17:02:18.049609 np0000004580 nova-conductor[98779]: DEBUG oslo_concurrency.lockutils [None req-d2ab3fac-f497-4c19-b5d6-ce219a6b5163 tempest-DeleteServersTestJSON-911767676 tempest-DeleteServersTestJSON-911767676-project-member] Acquiring lock "8a31aac0-1b24-4a97-97b3-fadddd7fab4d" by "nova.context.set_target_cell..get_or_set_cached_cell_and_set_connections" {{(pid=98779) inner /opt/stack/data/venv/lib/python3.12/site-packages/oslo_concurrency/lockutils.py:511}}
Jul 05 17:02:18.049927 np0000004580 nova-conductor[98779]: DEBUG oslo_concurrency.lockutils [None req-d2ab3fac-f497-4c19-b5d6-ce219a6b5163 tempest-DeleteServersTestJSON-911767676 tempest-DeleteServersTestJSON-911767676-project-member] Lock "8a31aac0-1b24-4a97-97b3-fadddd7fab4d" acquired by "nova.context.set_target_cell..get_or_set_cached_cell_and_set_connections" :: waited 0.000s {{(pid=98779) inner /opt/stack/data/venv/lib/python3.12/site-packages/oslo_concurrency/lockutils.py:524}}
Jul 05 17:02:18.050013 np0000004580 nova-conductor[98779]: DEBUG oslo_concurrency.lockutils [None req-d2ab3fac-f497-4c19-b5d6-ce219a6b5163 tempest-DeleteServersTestJSON-911767676 tempest-DeleteServersTestJSON-911767676-project-member] Lock "8a31aac0-1b24-4a97-97b3-fadddd7fab4d" "released" by "nova.context.set_target_cell..get_or_set_cached_cell_and_set_connections" :: held 0.000s {{(pid=98779) inner /opt/stack/data/venv/lib/python3.12/site-packages/oslo_concurrency/lockutils.py:543}}
Jul 05 17:02:18.063888 np0000004580 nova-conductor[98779]: DEBUG nova.conductor.manager [None req-d2ab3fac-f497-4c19-b5d6-ce219a6b5163 tempest-DeleteServersTestJSON-911767676 tempest-DeleteServersTestJSON-911767676-project-member] [instance: 4e17524a-af0d-49db-87e1-aa8411ca6703] block_device_mapping [BlockDeviceMapping(attachment_id=,boot_index=0,connection_info=None,created_at=,delete_on_termination=True,deleted=,deleted_at=,destination_type='local',device_name=None,device_type='disk',disk_bus=None,encrypted=False,encryption_format=None,encryption_options=None,encryption_secret_uuid=None,guest_format=None,id=,image_id='cb72d87e-37f3-4fd3-897f-b690f2f32790',instance=,instance_uuid=,no_device=False,snapshot_id=None,source_type='image',tag=None,updated_at=,uuid=,volume_id=None,volume_size=None,volume_type=None)] {{(pid=98779) _create_block_device_mapping /opt/stack/nova/nova/conductor/manager.py:1529}}
Jul 05 17:02:18.065247 np0000004580 nova-conductor[98779]: DEBUG oslo_concurrency.lockutils [None req-d2ab3fac-f497-4c19-b5d6-ce219a6b5163 tempest-DeleteServersTestJSON-911767676 tempest-DeleteServersTestJSON-911767676-project-member] Acquiring lock "8a31aac0-1b24-4a97-97b3-fadddd7fab4d" by "nova.context.set_target_cell..get_or_set_cached_cell_and_set_connections" {{(pid=98779) inner /opt/stack/data/venv/lib/python3.12/site-packages/oslo_concurrency/lockutils.py:511}}
Jul 05 17:02:18.065378 np0000004580 nova-conductor[98779]: DEBUG oslo_concurrency.lockutils [None req-d2ab3fac-f497-4c19-b5d6-ce219a6b5163 tempest-DeleteServersTestJSON-911767676 tempest-DeleteServersTestJSON-911767676-project-member] Lock "8a31aac0-1b24-4a97-97b3-fadddd7fab4d" acquired by "nova.context.set_target_cell..get_or_set_cached_cell_and_set_connections" :: waited 0.000s {{(pid=98779) inner /opt/stack/data/venv/lib/python3.12/site-packages/oslo_concurrency/lockutils.py:524}}
Jul 05 17:02:18.065483 np0000004580 nova-conductor[98779]: DEBUG oslo_concurrency.lockutils [None req-d2ab3fac-f497-4c19-b5d6-ce219a6b5163 tempest-DeleteServersTestJSON-911767676 tempest-DeleteServersTestJSON-911767676-project-member] Lock "8a31aac0-1b24-4a97-97b3-fadddd7fab4d" "released" by "nova.context.set_target_cell..get_or_set_cached_cell_and_set_connections" :: held 0.000s {{(pid=98779) inner /opt/stack/data/venv/lib/python3.12/site-packages/oslo_concurrency/lockutils.py:543}}
Jul 05 17:02:18.115467 np0000004580 nova-conductor[98779]: DEBUG oslo_concurrency.lockutils [None req-d2ab3fac-f497-4c19-b5d6-ce219a6b5163 tempest-DeleteServersTestJSON-911767676 tempest-DeleteServersTestJSON-911767676-project-member] Acquiring lock "8a31aac0-1b24-4a97-97b3-fadddd7fab4d" by "nova.context.set_target_cell..get_or_set_cached_cell_and_set_connections" {{(pid=98779) inner /opt/stack/data/venv/lib/python3.12/site-packages/oslo_concurrency/lockutils.py:511}}
Jul 05 17:02:18.115653 np0000004580 nova-conductor[98779]: DEBUG oslo_concurrency.lockutils [None req-d2ab3fac-f497-4c19-b5d6-ce219a6b5163 tempest-DeleteServersTestJSON-911767676 tempest-DeleteServersTestJSON-911767676-project-member] Lock "8a31aac0-1b24-4a97-97b3-fadddd7fab4d" acquired by "nova.context.set_target_cell..get_or_set_cached_cell_and_set_connections" :: waited 0.000s {{(pid=98779) inner /opt/stack/data/venv/lib/python3.12/site-packages/oslo_concurrency/lockutils.py:524}}
Jul 05 17:02:18.115653 np0000004580 nova-conductor[98779]: DEBUG oslo_concurrency.lockutils [None req-d2ab3fac-f497-4c19-b5d6-ce219a6b5163 tempest-DeleteServersTestJSON-911767676 tempest-DeleteServersTestJSON-911767676-project-member] Lock "8a31aac0-1b24-4a97-97b3-fadddd7fab4d" "released" by "nova.context.set_target_cell..get_or_set_cached_cell_and_set_connections" :: held 0.000s {{(pid=98779) inner /opt/stack/data/venv/lib/python3.12/site-packages/oslo_concurrency/lockutils.py:543}}
