Aug 12 10:25:34.142914 np0000007037 systemd[1]: Starting devstack@n-api.service - Devstack devstack@n-api.service...
Aug 12 10:25:34.148686 np0000007037 devstack@n-api.service[87617]: [uWSGI] getting INI configuration from /etc/nova/nova-api-uwsgi.ini
Aug 12 10:25:34.151186 np0000007037 devstack@n-api.service[87617]: *** Starting uWSGI 2.0.24-debian (64bit) on [Wed Aug 12 10:25:34 2026] ***
Aug 12 10:25:34.151186 np0000007037 devstack@n-api.service[87617]: compiled with version: 13.2.0 on 17 April 2024 16:23:48
Aug 12 10:25:34.151186 np0000007037 devstack@n-api.service[87617]: os: Linux-6.8.0-100-generic #100-Ubuntu SMP PREEMPT_DYNAMIC Tue Jan 13 16:40:06 UTC 2026
Aug 12 10:25:34.151186 np0000007037 devstack@n-api.service[87617]: nodename: np0000007037
Aug 12 10:25:34.151186 np0000007037 devstack@n-api.service[87617]: machine: x86_64
Aug 12 10:25:34.151186 np0000007037 devstack@n-api.service[87617]: clock source: unix
Aug 12 10:25:34.151186 np0000007037 devstack@n-api.service[87617]: pcre jit disabled
Aug 12 10:25:34.151186 np0000007037 devstack@n-api.service[87617]: detected number of CPU cores: 16
Aug 12 10:25:34.151186 np0000007037 devstack@n-api.service[87617]: current working directory: /
Aug 12 10:25:34.151186 np0000007037 devstack@n-api.service[87617]: detected binary path: /usr/bin/uwsgi-core
Aug 12 10:25:34.151186 np0000007037 devstack@n-api.service[87617]: your processes number limit is 257052
Aug 12 10:25:34.151186 np0000007037 devstack@n-api.service[87617]: your memory page size is 4096 bytes
Aug 12 10:25:34.151186 np0000007037 devstack@n-api.service[87617]: detected max file descriptor number: 2048
Aug 12 10:25:34.151186 np0000007037 devstack@n-api.service[87617]: lock engine: pthread robust mutexes
Aug 12 10:25:34.151688 np0000007037 devstack@n-api.service[87617]: thunder lock: enabled
Aug 12 10:25:34.151688 np0000007037 devstack@n-api.service[87617]: uwsgi socket 0 bound to UNIX address /var/run/uwsgi/nova-api.socket fd 4
Aug 12 10:25:34.151688 np0000007037 devstack@n-api.service[87617]: Python version: 3.12.3 (main, Jun 19 2026, 12:46:00) [GCC 13.3.0]
Aug 12 10:25:34.151688 np0000007037 devstack@n-api.service[87617]: PEP 405 virtualenv detected: /opt/stack/data/venv
Aug 12 10:25:34.151688 np0000007037 devstack@n-api.service[87617]: Set PythonHome to /opt/stack/data/venv
Aug 12 10:25:34.192040 np0000007037 devstack@n-api.service[87617]: Python main interpreter initialized at 0x74b0482a4668
Aug 12 10:25:34.192040 np0000007037 devstack@n-api.service[87617]: python threads support enabled
Aug 12 10:25:34.192040 np0000007037 devstack@n-api.service[87617]: your server socket listen backlog is limited to 100 connections
Aug 12 10:25:34.192040 np0000007037 devstack@n-api.service[87617]: your mercy for graceful operations on workers is 80 seconds
Aug 12 10:25:34.192697 np0000007037 devstack@n-api.service[87617]: mapped 671795 bytes (656 KB) for 4 cores
Aug 12 10:25:34.192875 np0000007037 devstack@n-api.service[87617]: *** Operational MODE: preforking ***
Aug 12 10:25:34.193140 np0000007037 devstack@n-api.service[87617]: *** uWSGI is running in multiple interpreter mode ***
Aug 12 10:25:34.193140 np0000007037 devstack@n-api.service[87617]: spawned uWSGI master process (pid: 87617)
Aug 12 10:25:34.193336 np0000007037 systemd[1]: Started devstack@n-api.service - Devstack devstack@n-api.service.
Aug 12 10:25:34.194387 np0000007037 devstack@n-api.service[87617]: spawned uWSGI worker 1 (pid: 87618, cores: 1)
Aug 12 10:25:34.194561 np0000007037 devstack@n-api.service[87617]: spawned uWSGI worker 2 (pid: 87619, cores: 1)
Aug 12 10:25:34.195275 np0000007037 devstack@n-api.service[87617]: spawned uWSGI worker 3 (pid: 87620, cores: 1)
Aug 12 10:25:34.195831 np0000007037 devstack@n-api.service[87617]: spawned uWSGI worker 4 (pid: 87621, cores: 1)
Aug 12 10:25:34.195892 np0000007037 devstack@n-api.service[87617]: running "unix_signal:15 gracefully_kill_them_all" (master-start)...
Aug 12 10:25:35.976123 np0000007037 devstack@n-api.service[87620]: INFO dbcounter [None req-6ed90cdc-11ac-4c35-a2d2-b217df852572 None None] Registered counter for database nova_api
Aug 12 10:25:35.982641 np0000007037 devstack@n-api.service[87621]: INFO dbcounter [None req-fab9fd52-67de-47d4-a843-01de2e28eb04 None None] Registered counter for database nova_api
Aug 12 10:25:36.019601 np0000007037 devstack@n-api.service[87620]: DEBUG oslo_db.sqlalchemy.engines [None req-6ed90cdc-11ac-4c35-a2d2-b217df852572 None None] MySQL server mode set to STRICT_TRANS_TABLES,STRICT_ALL_TABLES,NO_ZERO_IN_DATE,NO_ZERO_DATE,ERROR_FOR_DIVISION_BY_ZERO,TRADITIONAL,NO_ENGINE_SUBSTITUTION {{(pid=87620) _check_effective_sql_mode /opt/stack/data/venv/lib/python3.12/site-packages/oslo_db/sqlalchemy/engines.py:325}}
Aug 12 10:25:36.026184 np0000007037 devstack@n-api.service[87621]: DEBUG oslo_db.sqlalchemy.engines [None req-fab9fd52-67de-47d4-a843-01de2e28eb04 None None] MySQL server mode set to STRICT_TRANS_TABLES,STRICT_ALL_TABLES,NO_ZERO_IN_DATE,NO_ZERO_DATE,ERROR_FOR_DIVISION_BY_ZERO,TRADITIONAL,NO_ENGINE_SUBSTITUTION {{(pid=87621) _check_effective_sql_mode /opt/stack/data/venv/lib/python3.12/site-packages/oslo_db/sqlalchemy/engines.py:325}}
Aug 12 10:25:36.053211 np0000007037 devstack@n-api.service[87620]: DEBUG dbcounter [-] [87620] Writer thread running {{(pid=87620) stat_writer /opt/stack/data/venv/lib/python3.12/site-packages/dbcounter.py:102}}
Aug 12 10:25:36.056069 np0000007037 devstack@n-api.service[87620]: DEBUG nova.context [None req-6ed90cdc-11ac-4c35-a2d2-b217df852572 None None] Found 2 cells: 00000000-0000-0000-0000-000000000000(cell0),064cd284-d9e4-4ccb-b206-01a3f24e5f05(cell1) {{(pid=87620) load_cells /opt/stack/nova/nova/context.py:509}}
Aug 12 10:25:36.056305 np0000007037 devstack@n-api.service[87620]: INFO nova.utils [None req-6ed90cdc-11ac-4c35-a2d2-b217df852572 None None] The cell worker thread pool MainProcess.cell_worker is initialized
Aug 12 10:25:36.058251 np0000007037 devstack@n-api.service[87620]: DEBUG oslo_concurrency.lockutils [None req-6ed90cdc-11ac-4c35-a2d2-b217df852572 None None] Acquiring lock "00000000-0000-0000-0000-000000000000" by "nova.context.set_target_cell..get_or_set_cached_cell_and_set_connections" {{(pid=87620) inner /opt/stack/data/venv/lib/python3.12/site-packages/oslo_concurrency/lockutils.py:512}}
Aug 12 10:25:36.058435 np0000007037 devstack@n-api.service[87620]: DEBUG oslo_concurrency.lockutils [None req-6ed90cdc-11ac-4c35-a2d2-b217df852572 None None] Lock "00000000-0000-0000-0000-000000000000" acquired by "nova.context.set_target_cell..get_or_set_cached_cell_and_set_connections" :: waited 0.000s {{(pid=87620) inner /opt/stack/data/venv/lib/python3.12/site-packages/oslo_concurrency/lockutils.py:525}}
Aug 12 10:25:36.058852 np0000007037 devstack@n-api.service[87620]: DEBUG oslo_concurrency.lockutils [None req-6ed90cdc-11ac-4c35-a2d2-b217df852572 None None] Lock "00000000-0000-0000-0000-000000000000" "released" by "nova.context.set_target_cell..get_or_set_cached_cell_and_set_connections" :: held 0.000s {{(pid=87620) inner /opt/stack/data/venv/lib/python3.12/site-packages/oslo_concurrency/lockutils.py:544}}
Aug 12 10:25:36.059650 np0000007037 devstack@n-api.service[87620]: DEBUG oslo_concurrency.lockutils [None req-6ed90cdc-11ac-4c35-a2d2-b217df852572 None None] Acquiring lock "064cd284-d9e4-4ccb-b206-01a3f24e5f05" by "nova.context.set_target_cell..get_or_set_cached_cell_and_set_connections" {{(pid=87620) inner /opt/stack/data/venv/lib/python3.12/site-packages/oslo_concurrency/lockutils.py:512}}
Aug 12 10:25:36.059782 np0000007037 devstack@n-api.service[87620]: DEBUG oslo_concurrency.lockutils [None req-6ed90cdc-11ac-4c35-a2d2-b217df852572 None None] Lock "064cd284-d9e4-4ccb-b206-01a3f24e5f05" acquired by "nova.context.set_target_cell..get_or_set_cached_cell_and_set_connections" :: waited 0.000s {{(pid=87620) inner /opt/stack/data/venv/lib/python3.12/site-packages/oslo_concurrency/lockutils.py:525}}
Aug 12 10:25:36.060772 np0000007037 devstack@n-api.service[87620]: DEBUG oslo_concurrency.lockutils [None req-6ed90cdc-11ac-4c35-a2d2-b217df852572 None None] Lock "064cd284-d9e4-4ccb-b206-01a3f24e5f05" "released" by "nova.context.set_target_cell..get_or_set_cached_cell_and_set_connections" :: held 0.001s {{(pid=87620) inner /opt/stack/data/venv/lib/python3.12/site-packages/oslo_concurrency/lockutils.py:544}}
Aug 12 10:25:36.063413 np0000007037 devstack@n-api.service[87620]: INFO dbcounter [None req-6ed90cdc-11ac-4c35-a2d2-b217df852572 None None] Registered counter for database nova_cell0
Aug 12 10:25:36.064025 np0000007037 devstack@n-api.service[87621]: DEBUG dbcounter [-] [87621] Writer thread running {{(pid=87621) stat_writer /opt/stack/data/venv/lib/python3.12/site-packages/dbcounter.py:102}}
Aug 12 10:25:36.066577 np0000007037 devstack@n-api.service[87621]: DEBUG nova.context [None req-fab9fd52-67de-47d4-a843-01de2e28eb04 None None] Found 2 cells: 00000000-0000-0000-0000-000000000000(cell0),064cd284-d9e4-4ccb-b206-01a3f24e5f05(cell1) {{(pid=87621) load_cells /opt/stack/nova/nova/context.py:509}}
Aug 12 10:25:36.066819 np0000007037 devstack@n-api.service[87621]: INFO nova.utils [None req-fab9fd52-67de-47d4-a843-01de2e28eb04 None None] The cell worker thread pool MainProcess.cell_worker is initialized
Aug 12 10:25:36.066925 np0000007037 devstack@n-api.service[87620]: INFO dbcounter [None req-6ed90cdc-11ac-4c35-a2d2-b217df852572 None None] Registered counter for database nova_cell1
Aug 12 10:25:36.069027 np0000007037 devstack@n-api.service[87621]: DEBUG oslo_concurrency.lockutils [None req-fab9fd52-67de-47d4-a843-01de2e28eb04 None None] Acquiring lock "00000000-0000-0000-0000-000000000000" by "nova.context.set_target_cell..get_or_set_cached_cell_and_set_connections" {{(pid=87621) inner /opt/stack/data/venv/lib/python3.12/site-packages/oslo_concurrency/lockutils.py:512}}
Aug 12 10:25:36.069292 np0000007037 devstack@n-api.service[87621]: DEBUG oslo_concurrency.lockutils [None req-fab9fd52-67de-47d4-a843-01de2e28eb04 None None] Lock "00000000-0000-0000-0000-000000000000" acquired by "nova.context.set_target_cell..get_or_set_cached_cell_and_set_connections" :: waited 0.000s {{(pid=87621) inner /opt/stack/data/venv/lib/python3.12/site-packages/oslo_concurrency/lockutils.py:525}}
Aug 12 10:25:36.069853 np0000007037 devstack@n-api.service[87621]: DEBUG oslo_concurrency.lockutils [None req-fab9fd52-67de-47d4-a843-01de2e28eb04 None None] Lock "00000000-0000-0000-0000-000000000000" "released" by "nova.context.set_target_cell..get_or_set_cached_cell_and_set_connections" :: held 0.001s {{(pid=87621) inner /opt/stack/data/venv/lib/python3.12/site-packages/oslo_concurrency/lockutils.py:544}}
Aug 12 10:25:36.070876 np0000007037 devstack@n-api.service[87621]: DEBUG oslo_concurrency.lockutils [None req-fab9fd52-67de-47d4-a843-01de2e28eb04 None None] Acquiring lock "064cd284-d9e4-4ccb-b206-01a3f24e5f05" by "nova.context.set_target_cell..get_or_set_cached_cell_and_set_connections" {{(pid=87621) inner /opt/stack/data/venv/lib/python3.12/site-packages/oslo_concurrency/lockutils.py:512}}
Aug 12 10:25:36.071107 np0000007037 devstack@n-api.service[87621]: DEBUG oslo_concurrency.lockutils [None req-fab9fd52-67de-47d4-a843-01de2e28eb04 None None] Lock "064cd284-d9e4-4ccb-b206-01a3f24e5f05" acquired by "nova.context.set_target_cell..get_or_set_cached_cell_and_set_connections" :: waited 0.000s {{(pid=87621) inner /opt/stack/data/venv/lib/python3.12/site-packages/oslo_concurrency/lockutils.py:525}}
Aug 12 10:25:36.072257 np0000007037 devstack@n-api.service[87621]: DEBUG oslo_concurrency.lockutils [None req-fab9fd52-67de-47d4-a843-01de2e28eb04 None None] Lock "064cd284-d9e4-4ccb-b206-01a3f24e5f05" "released" by "nova.context.set_target_cell..get_or_set_cached_cell_and_set_connections" :: held 0.001s {{(pid=87621) inner /opt/stack/data/venv/lib/python3.12/site-packages/oslo_concurrency/lockutils.py:544}}
Aug 12 10:25:36.074533 np0000007037 devstack@n-api.service[87621]: INFO dbcounter [None req-fab9fd52-67de-47d4-a843-01de2e28eb04 None None] Registered counter for database nova_cell0
Aug 12 10:25:36.078481 np0000007037 devstack@n-api.service[87621]: INFO dbcounter [None req-fab9fd52-67de-47d4-a843-01de2e28eb04 None None] Registered counter for database nova_cell1
Aug 12 10:25:36.121149 np0000007037 devstack@n-api.service[87620]: DEBUG oslo_db.sqlalchemy.engines [None req-6ed90cdc-11ac-4c35-a2d2-b217df852572 None None] MySQL server mode set to STRICT_TRANS_TABLES,STRICT_ALL_TABLES,NO_ZERO_IN_DATE,NO_ZERO_DATE,ERROR_FOR_DIVISION_BY_ZERO,TRADITIONAL,NO_ENGINE_SUBSTITUTION {{(pid=87620) _check_effective_sql_mode /opt/stack/data/venv/lib/python3.12/site-packages/oslo_db/sqlalchemy/engines.py:325}}
Aug 12 10:25:36.125667 np0000007037 devstack@n-api.service[87620]: DEBUG oslo_db.sqlalchemy.engines [None req-6ed90cdc-11ac-4c35-a2d2-b217df852572 None None] MySQL server mode set to STRICT_TRANS_TABLES,STRICT_ALL_TABLES,NO_ZERO_IN_DATE,NO_ZERO_DATE,ERROR_FOR_DIVISION_BY_ZERO,TRADITIONAL,NO_ENGINE_SUBSTITUTION {{(pid=87620) _check_effective_sql_mode /opt/stack/data/venv/lib/python3.12/site-packages/oslo_db/sqlalchemy/engines.py:325}}
Aug 12 10:25:36.143539 np0000007037 devstack@n-api.service[87621]: DEBUG oslo_db.sqlalchemy.engines [None req-fab9fd52-67de-47d4-a843-01de2e28eb04 None None] MySQL server mode set to STRICT_TRANS_TABLES,STRICT_ALL_TABLES,NO_ZERO_IN_DATE,NO_ZERO_DATE,ERROR_FOR_DIVISION_BY_ZERO,TRADITIONAL,NO_ENGINE_SUBSTITUTION {{(pid=87621) _check_effective_sql_mode /opt/stack/data/venv/lib/python3.12/site-packages/oslo_db/sqlalchemy/engines.py:325}}
Aug 12 10:25:36.146780 np0000007037 devstack@n-api.service[87621]: DEBUG oslo_db.sqlalchemy.engines [None req-fab9fd52-67de-47d4-a843-01de2e28eb04 None None] MySQL server mode set to STRICT_TRANS_TABLES,STRICT_ALL_TABLES,NO_ZERO_IN_DATE,NO_ZERO_DATE,ERROR_FOR_DIVISION_BY_ZERO,TRADITIONAL,NO_ENGINE_SUBSTITUTION {{(pid=87621) _check_effective_sql_mode /opt/stack/data/venv/lib/python3.12/site-packages/oslo_db/sqlalchemy/engines.py:325}}
Aug 12 10:25:36.158110 np0000007037 devstack@n-api.service[87619]: INFO dbcounter [None req-a378cc28-cb6c-4b11-9e61-080a65c80a6b None None] Registered counter for database nova_api
Aug 12 10:25:36.177636 np0000007037 devstack@n-api.service[87618]: INFO dbcounter [None req-be70df7c-a1ae-4251-b7c4-39c313ca1454 None None] Registered counter for database nova_api
Aug 12 10:25:36.209288 np0000007037 devstack@n-api.service[87619]: DEBUG oslo_db.sqlalchemy.engines [None req-a378cc28-cb6c-4b11-9e61-080a65c80a6b None None] MySQL server mode set to STRICT_TRANS_TABLES,STRICT_ALL_TABLES,NO_ZERO_IN_DATE,NO_ZERO_DATE,ERROR_FOR_DIVISION_BY_ZERO,TRADITIONAL,NO_ENGINE_SUBSTITUTION {{(pid=87619) _check_effective_sql_mode /opt/stack/data/venv/lib/python3.12/site-packages/oslo_db/sqlalchemy/engines.py:325}}
Aug 12 10:25:36.228160 np0000007037 devstack@n-api.service[87620]: DEBUG dbcounter [-] [87620] Writer thread running {{(pid=87620) stat_writer /opt/stack/data/venv/lib/python3.12/site-packages/dbcounter.py:102}}
Aug 12 10:25:36.234361 np0000007037 devstack@n-api.service[87620]: DEBUG dbcounter [-] [87620] Writer thread running {{(pid=87620) stat_writer /opt/stack/data/venv/lib/python3.12/site-packages/dbcounter.py:102}}
Aug 12 10:25:36.237736 np0000007037 devstack@n-api.service[87620]: INFO dbcounter [None req-6ed90cdc-11ac-4c35-a2d2-b217df852572 None None] Registered counter for database nova_cell0
Aug 12 10:25:36.238057 np0000007037 devstack@n-api.service[87618]: DEBUG oslo_db.sqlalchemy.engines [None req-be70df7c-a1ae-4251-b7c4-39c313ca1454 None None] MySQL server mode set to STRICT_TRANS_TABLES,STRICT_ALL_TABLES,NO_ZERO_IN_DATE,NO_ZERO_DATE,ERROR_FOR_DIVISION_BY_ZERO,TRADITIONAL,NO_ENGINE_SUBSTITUTION {{(pid=87618) _check_effective_sql_mode /opt/stack/data/venv/lib/python3.12/site-packages/oslo_db/sqlalchemy/engines.py:325}}
Aug 12 10:25:36.245204 np0000007037 devstack@n-api.service[87619]: DEBUG dbcounter [-] [87619] Writer thread running {{(pid=87619) stat_writer /opt/stack/data/venv/lib/python3.12/site-packages/dbcounter.py:102}}
Aug 12 10:25:36.248727 np0000007037 devstack@n-api.service[87619]: DEBUG nova.context [None req-a378cc28-cb6c-4b11-9e61-080a65c80a6b None None] Found 2 cells: 00000000-0000-0000-0000-000000000000(cell0),064cd284-d9e4-4ccb-b206-01a3f24e5f05(cell1) {{(pid=87619) load_cells /opt/stack/nova/nova/context.py:509}}
Aug 12 10:25:36.249035 np0000007037 devstack@n-api.service[87619]: INFO nova.utils [None req-a378cc28-cb6c-4b11-9e61-080a65c80a6b None None] The cell worker thread pool MainProcess.cell_worker is initialized
Aug 12 10:25:36.251283 np0000007037 devstack@n-api.service[87619]: DEBUG oslo_concurrency.lockutils [None req-a378cc28-cb6c-4b11-9e61-080a65c80a6b None None] Acquiring lock "00000000-0000-0000-0000-000000000000" by "nova.context.set_target_cell..get_or_set_cached_cell_and_set_connections" {{(pid=87619) inner /opt/stack/data/venv/lib/python3.12/site-packages/oslo_concurrency/lockutils.py:512}}
Aug 12 10:25:36.251532 np0000007037 devstack@n-api.service[87619]: DEBUG oslo_concurrency.lockutils [None req-a378cc28-cb6c-4b11-9e61-080a65c80a6b None None] Lock "00000000-0000-0000-0000-000000000000" acquired by "nova.context.set_target_cell..get_or_set_cached_cell_and_set_connections" :: waited 0.000s {{(pid=87619) inner /opt/stack/data/venv/lib/python3.12/site-packages/oslo_concurrency/lockutils.py:525}}
Aug 12 10:25:36.252024 np0000007037 devstack@n-api.service[87619]: DEBUG oslo_concurrency.lockutils [None req-a378cc28-cb6c-4b11-9e61-080a65c80a6b None None] Lock "00000000-0000-0000-0000-000000000000" "released" by "nova.context.set_target_cell..get_or_set_cached_cell_and_set_connections" :: held 0.000s {{(pid=87619) inner /opt/stack/data/venv/lib/python3.12/site-packages/oslo_concurrency/lockutils.py:544}}
Aug 12 10:25:36.252811 np0000007037 devstack@n-api.service[87619]: DEBUG oslo_concurrency.lockutils [None req-a378cc28-cb6c-4b11-9e61-080a65c80a6b None None] Acquiring lock "064cd284-d9e4-4ccb-b206-01a3f24e5f05" by "nova.context.set_target_cell..get_or_set_cached_cell_and_set_connections" {{(pid=87619) inner /opt/stack/data/venv/lib/python3.12/site-packages/oslo_concurrency/lockutils.py:512}}
Aug 12 10:25:36.252990 np0000007037 devstack@n-api.service[87619]: DEBUG oslo_concurrency.lockutils [None req-a378cc28-cb6c-4b11-9e61-080a65c80a6b None None] Lock "064cd284-d9e4-4ccb-b206-01a3f24e5f05" acquired by "nova.context.set_target_cell..get_or_set_cached_cell_and_set_connections" :: waited 0.000s {{(pid=87619) inner /opt/stack/data/venv/lib/python3.12/site-packages/oslo_concurrency/lockutils.py:525}}
Aug 12 10:25:36.253876 np0000007037 devstack@n-api.service[87619]: DEBUG oslo_concurrency.lockutils [None req-a378cc28-cb6c-4b11-9e61-080a65c80a6b None None] Lock "064cd284-d9e4-4ccb-b206-01a3f24e5f05" "released" by "nova.context.set_target_cell..get_or_set_cached_cell_and_set_connections" :: held 0.001s {{(pid=87619) inner /opt/stack/data/venv/lib/python3.12/site-packages/oslo_concurrency/lockutils.py:544}}
Aug 12 10:25:36.257540 np0000007037 devstack@n-api.service[87619]: INFO dbcounter [None req-a378cc28-cb6c-4b11-9e61-080a65c80a6b None None] Registered counter for database nova_cell0
Aug 12 10:25:36.259320 np0000007037 devstack@n-api.service[87619]: INFO dbcounter [None req-a378cc28-cb6c-4b11-9e61-080a65c80a6b None None] Registered counter for database nova_cell1
Aug 12 10:25:36.259688 np0000007037 devstack@n-api.service[87621]: DEBUG dbcounter [-] [87621] Writer thread running {{(pid=87621) stat_writer /opt/stack/data/venv/lib/python3.12/site-packages/dbcounter.py:102}}
Aug 12 10:25:36.264757 np0000007037 devstack@n-api.service[87621]: DEBUG dbcounter [-] [87621] Writer thread running {{(pid=87621) stat_writer /opt/stack/data/venv/lib/python3.12/site-packages/dbcounter.py:102}}
Aug 12 10:25:36.269550 np0000007037 devstack@n-api.service[87621]: INFO dbcounter [None req-fab9fd52-67de-47d4-a843-01de2e28eb04 None None] Registered counter for database nova_cell0
Aug 12 10:25:36.280942 np0000007037 devstack@n-api.service[87620]: DEBUG oslo_db.sqlalchemy.engines [None req-6ed90cdc-11ac-4c35-a2d2-b217df852572 None None] MySQL server mode set to STRICT_TRANS_TABLES,STRICT_ALL_TABLES,NO_ZERO_IN_DATE,NO_ZERO_DATE,ERROR_FOR_DIVISION_BY_ZERO,TRADITIONAL,NO_ENGINE_SUBSTITUTION {{(pid=87620) _check_effective_sql_mode /opt/stack/data/venv/lib/python3.12/site-packages/oslo_db/sqlalchemy/engines.py:325}}
Aug 12 10:25:36.286551 np0000007037 devstack@n-api.service[87618]: DEBUG dbcounter [-] [87618] Writer thread running {{(pid=87618) stat_writer /opt/stack/data/venv/lib/python3.12/site-packages/dbcounter.py:102}}
Aug 12 10:25:36.288119 np0000007037 devstack@n-api.service[87618]: DEBUG nova.context [None req-be70df7c-a1ae-4251-b7c4-39c313ca1454 None None] Found 2 cells: 00000000-0000-0000-0000-000000000000(cell0),064cd284-d9e4-4ccb-b206-01a3f24e5f05(cell1) {{(pid=87618) load_cells /opt/stack/nova/nova/context.py:509}}
Aug 12 10:25:36.288464 np0000007037 devstack@n-api.service[87618]: INFO nova.utils [None req-be70df7c-a1ae-4251-b7c4-39c313ca1454 None None] The cell worker thread pool MainProcess.cell_worker is initialized
Aug 12 10:25:36.288741 np0000007037 devstack@n-api.service[87620]: DEBUG dbcounter [-] [87620] Writer thread running {{(pid=87620) stat_writer /opt/stack/data/venv/lib/python3.12/site-packages/dbcounter.py:102}}
Aug 12 10:25:36.290949 np0000007037 devstack@n-api.service[87618]: DEBUG oslo_concurrency.lockutils [None req-be70df7c-a1ae-4251-b7c4-39c313ca1454 None None] Acquiring lock "00000000-0000-0000-0000-000000000000" by "nova.context.set_target_cell..get_or_set_cached_cell_and_set_connections" {{(pid=87618) inner /opt/stack/data/venv/lib/python3.12/site-packages/oslo_concurrency/lockutils.py:512}}
Aug 12 10:25:36.291221 np0000007037 devstack@n-api.service[87618]: DEBUG oslo_concurrency.lockutils [None req-be70df7c-a1ae-4251-b7c4-39c313ca1454 None None] Lock "00000000-0000-0000-0000-000000000000" acquired by "nova.context.set_target_cell..get_or_set_cached_cell_and_set_connections" :: waited 0.000s {{(pid=87618) inner /opt/stack/data/venv/lib/python3.12/site-packages/oslo_concurrency/lockutils.py:525}}
Aug 12 10:25:36.291771 np0000007037 devstack@n-api.service[87618]: DEBUG oslo_concurrency.lockutils [None req-be70df7c-a1ae-4251-b7c4-39c313ca1454 None None] Lock "00000000-0000-0000-0000-000000000000" "released" by "nova.context.set_target_cell..get_or_set_cached_cell_and_set_connections" :: held 0.001s {{(pid=87618) inner /opt/stack/data/venv/lib/python3.12/site-packages/oslo_concurrency/lockutils.py:544}}
Aug 12 10:25:36.292659 np0000007037 devstack@n-api.service[87618]: DEBUG oslo_concurrency.lockutils [None req-be70df7c-a1ae-4251-b7c4-39c313ca1454 None None] Acquiring lock "064cd284-d9e4-4ccb-b206-01a3f24e5f05" by "nova.context.set_target_cell..get_or_set_cached_cell_and_set_connections" {{(pid=87618) inner /opt/stack/data/venv/lib/python3.12/site-packages/oslo_concurrency/lockutils.py:512}}
Aug 12 10:25:36.292858 np0000007037 devstack@n-api.service[87618]: DEBUG oslo_concurrency.lockutils [None req-be70df7c-a1ae-4251-b7c4-39c313ca1454 None None] Lock "064cd284-d9e4-4ccb-b206-01a3f24e5f05" acquired by "nova.context.set_target_cell..get_or_set_cached_cell_and_set_connections" :: waited 0.000s {{(pid=87618) inner /opt/stack/data/venv/lib/python3.12/site-packages/oslo_concurrency/lockutils.py:525}}
Aug 12 10:25:36.294553 np0000007037 devstack@n-api.service[87618]: DEBUG oslo_concurrency.lockutils [None req-be70df7c-a1ae-4251-b7c4-39c313ca1454 None None] Lock "064cd284-d9e4-4ccb-b206-01a3f24e5f05" "released" by "nova.context.set_target_cell..get_or_set_cached_cell_and_set_connections" :: held 0.001s {{(pid=87618) inner /opt/stack/data/venv/lib/python3.12/site-packages/oslo_concurrency/lockutils.py:544}}
Aug 12 10:25:36.296073 np0000007037 devstack@n-api.service[87618]: INFO dbcounter [None req-be70df7c-a1ae-4251-b7c4-39c313ca1454 None None] Registered counter for database nova_cell0
Aug 12 10:25:36.300609 np0000007037 devstack@n-api.service[87618]: INFO dbcounter [None req-be70df7c-a1ae-4251-b7c4-39c313ca1454 None None] Registered counter for database nova_cell1
Aug 12 10:25:36.308949 np0000007037 devstack@n-api.service[87619]: DEBUG oslo_db.sqlalchemy.engines [None req-a378cc28-cb6c-4b11-9e61-080a65c80a6b None None] MySQL server mode set to STRICT_TRANS_TABLES,STRICT_ALL_TABLES,NO_ZERO_IN_DATE,NO_ZERO_DATE,ERROR_FOR_DIVISION_BY_ZERO,TRADITIONAL,NO_ENGINE_SUBSTITUTION {{(pid=87619) _check_effective_sql_mode /opt/stack/data/venv/lib/python3.12/site-packages/oslo_db/sqlalchemy/engines.py:325}}
Aug 12 10:25:36.323103 np0000007037 devstack@n-api.service[87621]: DEBUG oslo_db.sqlalchemy.engines [None req-fab9fd52-67de-47d4-a843-01de2e28eb04 None None] MySQL server mode set to STRICT_TRANS_TABLES,STRICT_ALL_TABLES,NO_ZERO_IN_DATE,NO_ZERO_DATE,ERROR_FOR_DIVISION_BY_ZERO,TRADITIONAL,NO_ENGINE_SUBSTITUTION {{(pid=87621) _check_effective_sql_mode /opt/stack/data/venv/lib/python3.12/site-packages/oslo_db/sqlalchemy/engines.py:325}}
Aug 12 10:25:36.331457 np0000007037 devstack@n-api.service[87619]: DEBUG oslo_db.sqlalchemy.engines [None req-a378cc28-cb6c-4b11-9e61-080a65c80a6b None None] MySQL server mode set to STRICT_TRANS_TABLES,STRICT_ALL_TABLES,NO_ZERO_IN_DATE,NO_ZERO_DATE,ERROR_FOR_DIVISION_BY_ZERO,TRADITIONAL,NO_ENGINE_SUBSTITUTION {{(pid=87619) _check_effective_sql_mode /opt/stack/data/venv/lib/python3.12/site-packages/oslo_db/sqlalchemy/engines.py:325}}
Aug 12 10:25:36.332454 np0000007037 devstack@n-api.service[87621]: DEBUG dbcounter [-] [87621] Writer thread running {{(pid=87621) stat_writer /opt/stack/data/venv/lib/python3.12/site-packages/dbcounter.py:102}}
Aug 12 10:25:36.364538 np0000007037 devstack@n-api.service[87618]: DEBUG oslo_db.sqlalchemy.engines [None req-be70df7c-a1ae-4251-b7c4-39c313ca1454 None None] MySQL server mode set to STRICT_TRANS_TABLES,STRICT_ALL_TABLES,NO_ZERO_IN_DATE,NO_ZERO_DATE,ERROR_FOR_DIVISION_BY_ZERO,TRADITIONAL,NO_ENGINE_SUBSTITUTION {{(pid=87618) _check_effective_sql_mode /opt/stack/data/venv/lib/python3.12/site-packages/oslo_db/sqlalchemy/engines.py:325}}
Aug 12 10:25:36.369447 np0000007037 devstack@n-api.service[87618]: DEBUG oslo_db.sqlalchemy.engines [None req-be70df7c-a1ae-4251-b7c4-39c313ca1454 None None] MySQL server mode set to STRICT_TRANS_TABLES,STRICT_ALL_TABLES,NO_ZERO_IN_DATE,NO_ZERO_DATE,ERROR_FOR_DIVISION_BY_ZERO,TRADITIONAL,NO_ENGINE_SUBSTITUTION {{(pid=87618) _check_effective_sql_mode /opt/stack/data/venv/lib/python3.12/site-packages/oslo_db/sqlalchemy/engines.py:325}}
Aug 12 10:25:36.428438 np0000007037 devstack@n-api.service[87619]: DEBUG dbcounter [-] [87619] Writer thread running {{(pid=87619) stat_writer /opt/stack/data/venv/lib/python3.12/site-packages/dbcounter.py:102}}
Aug 12 10:25:36.433310 np0000007037 devstack@n-api.service[87619]: DEBUG dbcounter [-] [87619] Writer thread running {{(pid=87619) stat_writer /opt/stack/data/venv/lib/python3.12/site-packages/dbcounter.py:102}}
Aug 12 10:25:36.437097 np0000007037 devstack@n-api.service[87619]: INFO dbcounter [None req-a378cc28-cb6c-4b11-9e61-080a65c80a6b None None] Registered counter for database nova_cell0
Aug 12 10:25:36.476709 np0000007037 devstack@n-api.service[87618]: DEBUG dbcounter [-] [87618] Writer thread running {{(pid=87618) stat_writer /opt/stack/data/venv/lib/python3.12/site-packages/dbcounter.py:102}}
Aug 12 10:25:36.479474 np0000007037 devstack@n-api.service[87618]: DEBUG dbcounter [-] [87618] Writer thread running {{(pid=87618) stat_writer /opt/stack/data/venv/lib/python3.12/site-packages/dbcounter.py:102}}
Aug 12 10:25:36.484624 np0000007037 devstack@n-api.service[87618]: INFO dbcounter [None req-be70df7c-a1ae-4251-b7c4-39c313ca1454 None None] Registered counter for database nova_cell0
Aug 12 10:25:36.491460 np0000007037 devstack@n-api.service[87619]: DEBUG oslo_db.sqlalchemy.engines [None req-a378cc28-cb6c-4b11-9e61-080a65c80a6b None None] MySQL server mode set to STRICT_TRANS_TABLES,STRICT_ALL_TABLES,NO_ZERO_IN_DATE,NO_ZERO_DATE,ERROR_FOR_DIVISION_BY_ZERO,TRADITIONAL,NO_ENGINE_SUBSTITUTION {{(pid=87619) _check_effective_sql_mode /opt/stack/data/venv/lib/python3.12/site-packages/oslo_db/sqlalchemy/engines.py:325}}
Aug 12 10:25:36.498569 np0000007037 devstack@n-api.service[87619]: DEBUG dbcounter [-] [87619] Writer thread running {{(pid=87619) stat_writer /opt/stack/data/venv/lib/python3.12/site-packages/dbcounter.py:102}}
Aug 12 10:25:36.537669 np0000007037 devstack@n-api.service[87618]: DEBUG oslo_db.sqlalchemy.engines [None req-be70df7c-a1ae-4251-b7c4-39c313ca1454 None None] MySQL server mode set to STRICT_TRANS_TABLES,STRICT_ALL_TABLES,NO_ZERO_IN_DATE,NO_ZERO_DATE,ERROR_FOR_DIVISION_BY_ZERO,TRADITIONAL,NO_ENGINE_SUBSTITUTION {{(pid=87618) _check_effective_sql_mode /opt/stack/data/venv/lib/python3.12/site-packages/oslo_db/sqlalchemy/engines.py:325}}
Aug 12 10:25:36.544547 np0000007037 devstack@n-api.service[87618]: DEBUG dbcounter [-] [87618] Writer thread running {{(pid=87618) stat_writer /opt/stack/data/venv/lib/python3.12/site-packages/dbcounter.py:102}}
Aug 12 10:25:36.709498 np0000007037 devstack@n-api.service[87621]: DEBUG oslo_concurrency.processutils [None req-fab9fd52-67de-47d4-a843-01de2e28eb04 None None] Running cmd (subprocess): grep -F node.session.scan /sbin/iscsiadm {{(pid=87621) execute /opt/stack/data/venv/lib/python3.12/site-packages/oslo_concurrency/processutils.py:440}}
Aug 12 10:25:36.724653 np0000007037 devstack@n-api.service[87621]: DEBUG oslo_concurrency.processutils [None req-fab9fd52-67de-47d4-a843-01de2e28eb04 None None] CMD "grep -F node.session.scan /sbin/iscsiadm" returned: 0 in 0.015s {{(pid=87621) execute /opt/stack/data/venv/lib/python3.12/site-packages/oslo_concurrency/processutils.py:468}}
Aug 12 10:25:36.755340 np0000007037 devstack@n-api.service[87620]: DEBUG oslo_concurrency.processutils [None req-6ed90cdc-11ac-4c35-a2d2-b217df852572 None None] Running cmd (subprocess): grep -F node.session.scan /sbin/iscsiadm {{(pid=87620) execute /opt/stack/data/venv/lib/python3.12/site-packages/oslo_concurrency/processutils.py:440}}
Aug 12 10:25:36.770977 np0000007037 devstack@n-api.service[87620]: DEBUG oslo_concurrency.processutils [None req-6ed90cdc-11ac-4c35-a2d2-b217df852572 None None] CMD "grep -F node.session.scan /sbin/iscsiadm" returned: 0 in 0.016s {{(pid=87620) execute /opt/stack/data/venv/lib/python3.12/site-packages/oslo_concurrency/processutils.py:468}}
Aug 12 10:25:36.843129 np0000007037 devstack@n-api.service[87619]: DEBUG oslo_concurrency.processutils [None req-a378cc28-cb6c-4b11-9e61-080a65c80a6b None None] Running cmd (subprocess): grep -F node.session.scan /sbin/iscsiadm {{(pid=87619) execute /opt/stack/data/venv/lib/python3.12/site-packages/oslo_concurrency/processutils.py:440}}
Aug 12 10:25:36.854708 np0000007037 devstack@n-api.service[87619]: DEBUG oslo_concurrency.processutils [None req-a378cc28-cb6c-4b11-9e61-080a65c80a6b None None] CMD "grep -F node.session.scan /sbin/iscsiadm" returned: 0 in 0.012s {{(pid=87619) execute /opt/stack/data/venv/lib/python3.12/site-packages/oslo_concurrency/processutils.py:468}}
Aug 12 10:25:36.956321 np0000007037 devstack@n-api.service[87618]: DEBUG oslo_concurrency.processutils [None req-be70df7c-a1ae-4251-b7c4-39c313ca1454 None None] Running cmd (subprocess): grep -F node.session.scan /sbin/iscsiadm {{(pid=87618) execute /opt/stack/data/venv/lib/python3.12/site-packages/oslo_concurrency/processutils.py:440}}
Aug 12 10:25:36.972297 np0000007037 devstack@n-api.service[87618]: DEBUG oslo_concurrency.processutils [None req-be70df7c-a1ae-4251-b7c4-39c313ca1454 None None] CMD "grep -F node.session.scan /sbin/iscsiadm" returned: 0 in 0.015s {{(pid=87618) execute /opt/stack/data/venv/lib/python3.12/site-packages/oslo_concurrency/processutils.py:468}}
Aug 12 10:25:37.379243 np0000007037 devstack@n-api.service[87621]: DEBUG nova.api.openstack.wsgi_app [None req-fab9fd52-67de-47d4-a843-01de2e28eb04 None None] ******************************************************************************** {{(pid=87621) log_opt_values /opt/stack/data/venv/lib/python3.12/site-packages/oslo_config/cfg.py:3518}}
Aug 12 10:25:37.379749 np0000007037 devstack@n-api.service[87621]: DEBUG nova.api.openstack.wsgi_app [None req-fab9fd52-67de-47d4-a843-01de2e28eb04 None None] Configuration options gathered from: {{(pid=87621) log_opt_values /opt/stack/data/venv/lib/python3.12/site-packages/oslo_config/cfg.py:3519}}
Aug 12 10:25:37.379834 np0000007037 devstack@n-api.service[87621]: DEBUG nova.api.openstack.wsgi_app [None req-fab9fd52-67de-47d4-a843-01de2e28eb04 None None] command line args: [] {{(pid=87621) log_opt_values /opt/stack/data/venv/lib/python3.12/site-packages/oslo_config/cfg.py:3520}}
Aug 12 10:25:37.380027 np0000007037 devstack@n-api.service[87621]: DEBUG nova.api.openstack.wsgi_app [None req-fab9fd52-67de-47d4-a843-01de2e28eb04 None None] config files: ['/etc/nova/api-paste.ini', '/etc/nova/nova.conf'] {{(pid=87621) log_opt_values /opt/stack/data/venv/lib/python3.12/site-packages/oslo_config/cfg.py:3521}}
Aug 12 10:25:37.380138 np0000007037 devstack@n-api.service[87621]: DEBUG nova.api.openstack.wsgi_app [None req-fab9fd52-67de-47d4-a843-01de2e28eb04 None None] ================================================================================ {{(pid=87621) log_opt_values /opt/stack/data/venv/lib/python3.12/site-packages/oslo_config/cfg.py:3526}}
Aug 12 10:25:37.380351 np0000007037 devstack@n-api.service[87621]: DEBUG nova.api.openstack.wsgi_app [None req-fab9fd52-67de-47d4-a843-01de2e28eb04 None None] allow_resize_to_same_host = True {{(pid=87621) log_opt_values /opt/stack/data/venv/lib/python3.12/site-packages/oslo_config/cfg.py:3534}}
Aug 12 10:25:37.380671 np0000007037 devstack@n-api.service[87621]: DEBUG nova.api.openstack.wsgi_app [None req-fab9fd52-67de-47d4-a843-01de2e28eb04 None None] arq_binding_timeout = 300 {{(pid=87621) log_opt_values /opt/stack/data/venv/lib/python3.12/site-packages/oslo_config/cfg.py:3534}}
Aug 12 10:25:37.380671 np0000007037 devstack@n-api.service[87621]: DEBUG nova.api.openstack.wsgi_app [None req-fab9fd52-67de-47d4-a843-01de2e28eb04 None None] block_device_allocate_retries = 60 {{(pid=87621) log_opt_values /opt/stack/data/venv/lib/python3.12/site-packages/oslo_config/cfg.py:3534}}
Aug 12 10:25:37.380873 np0000007037 devstack@n-api.service[87621]: DEBUG nova.api.openstack.wsgi_app [None req-fab9fd52-67de-47d4-a843-01de2e28eb04 None None] block_device_allocate_retries_interval = 3 {{(pid=87621) log_opt_values /opt/stack/data/venv/lib/python3.12/site-packages/oslo_config/cfg.py:3534}}
Aug 12 10:25:37.381009 np0000007037 devstack@n-api.service[87621]: DEBUG nova.api.openstack.wsgi_app [None req-fab9fd52-67de-47d4-a843-01de2e28eb04 None None] cell_worker_thread_pool_size = 5 {{(pid=87621) log_opt_values /opt/stack/data/venv/lib/python3.12/site-packages/oslo_config/cfg.py:3534}}
Aug 12 10:25:37.381239 np0000007037 devstack@n-api.service[87621]: DEBUG nova.api.openstack.wsgi_app [None req-fab9fd52-67de-47d4-a843-01de2e28eb04 None None] cert = self.pem {{(pid=87621) log_opt_values /opt/stack/data/venv/lib/python3.12/site-packages/oslo_config/cfg.py:3534}}
Aug 12 10:25:37.381477 np0000007037 devstack@n-api.service[87621]: DEBUG nova.api.openstack.wsgi_app [None req-fab9fd52-67de-47d4-a843-01de2e28eb04 None None] compute_driver = libvirt.LibvirtDriver {{(pid=87621) log_opt_values /opt/stack/data/venv/lib/python3.12/site-packages/oslo_config/cfg.py:3534}}
Aug 12 10:25:37.381653 np0000007037 devstack@n-api.service[87621]: DEBUG nova.api.openstack.wsgi_app [None req-fab9fd52-67de-47d4-a843-01de2e28eb04 None None] compute_monitors = [] {{(pid=87621) log_opt_values /opt/stack/data/venv/lib/python3.12/site-packages/oslo_config/cfg.py:3534}}
Aug 12 10:25:37.381795 np0000007037 devstack@n-api.service[87621]: DEBUG nova.api.openstack.wsgi_app [None req-fab9fd52-67de-47d4-a843-01de2e28eb04 None None] concurrency_backend = auto {{(pid=87621) log_opt_values /opt/stack/data/venv/lib/python3.12/site-packages/oslo_config/cfg.py:3534}}
Aug 12 10:25:37.381917 np0000007037 devstack@n-api.service[87621]: DEBUG nova.api.openstack.wsgi_app [None req-fab9fd52-67de-47d4-a843-01de2e28eb04 None None] config_dir = [] {{(pid=87621) log_opt_values /opt/stack/data/venv/lib/python3.12/site-packages/oslo_config/cfg.py:3534}}
Aug 12 10:25:37.382096 np0000007037 devstack@n-api.service[87621]: DEBUG nova.api.openstack.wsgi_app [None req-fab9fd52-67de-47d4-a843-01de2e28eb04 None None] config_drive_format = iso9660 {{(pid=87621) log_opt_values /opt/stack/data/venv/lib/python3.12/site-packages/oslo_config/cfg.py:3534}}
Aug 12 10:25:37.382200 np0000007037 devstack@n-api.service[87621]: DEBUG nova.api.openstack.wsgi_app [None req-fab9fd52-67de-47d4-a843-01de2e28eb04 None None] config_file = ['/etc/nova/api-paste.ini', '/etc/nova/nova.conf'] {{(pid=87621) log_opt_values /opt/stack/data/venv/lib/python3.12/site-packages/oslo_config/cfg.py:3534}}
Aug 12 10:25:37.382320 np0000007037 devstack@n-api.service[87621]: DEBUG nova.api.openstack.wsgi_app [None req-fab9fd52-67de-47d4-a843-01de2e28eb04 None None] config_source = [] {{(pid=87621) log_opt_values /opt/stack/data/venv/lib/python3.12/site-packages/oslo_config/cfg.py:3534}}
Aug 12 10:25:37.382441 np0000007037 devstack@n-api.service[87621]: DEBUG nova.api.openstack.wsgi_app [None req-fab9fd52-67de-47d4-a843-01de2e28eb04 None None] console_host = np0000007037 {{(pid=87621) log_opt_values /opt/stack/data/venv/lib/python3.12/site-packages/oslo_config/cfg.py:3534}}
Aug 12 10:25:37.382596 np0000007037 devstack@n-api.service[87621]: DEBUG nova.api.openstack.wsgi_app [None req-fab9fd52-67de-47d4-a843-01de2e28eb04 None None] control_exchange = nova {{(pid=87621) log_opt_values /opt/stack/data/venv/lib/python3.12/site-packages/oslo_config/cfg.py:3534}}
Aug 12 10:25:37.382744 np0000007037 devstack@n-api.service[87621]: DEBUG nova.api.openstack.wsgi_app [None req-fab9fd52-67de-47d4-a843-01de2e28eb04 None None] cpu_allocation_ratio = None {{(pid=87621) log_opt_values /opt/stack/data/venv/lib/python3.12/site-packages/oslo_config/cfg.py:3534}}
Aug 12 10:25:37.382873 np0000007037 devstack@n-api.service[87621]: DEBUG nova.api.openstack.wsgi_app [None req-fab9fd52-67de-47d4-a843-01de2e28eb04 None None] daemon = False {{(pid=87621) log_opt_values /opt/stack/data/venv/lib/python3.12/site-packages/oslo_config/cfg.py:3534}}
Aug 12 10:25:37.383004 np0000007037 devstack@n-api.service[87621]: DEBUG nova.api.openstack.wsgi_app [None req-fab9fd52-67de-47d4-a843-01de2e28eb04 None None] debug = True {{(pid=87621) log_opt_values /opt/stack/data/venv/lib/python3.12/site-packages/oslo_config/cfg.py:3534}}
Aug 12 10:25:37.383116 np0000007037 devstack@n-api.service[87621]: DEBUG nova.api.openstack.wsgi_app [None req-fab9fd52-67de-47d4-a843-01de2e28eb04 None None] default_access_ip_network_name = None {{(pid=87621) log_opt_values /opt/stack/data/venv/lib/python3.12/site-packages/oslo_config/cfg.py:3534}}
Aug 12 10:25:37.383240 np0000007037 devstack@n-api.service[87621]: DEBUG nova.api.openstack.wsgi_app [None req-fab9fd52-67de-47d4-a843-01de2e28eb04 None None] default_availability_zone = nova {{(pid=87621) log_opt_values /opt/stack/data/venv/lib/python3.12/site-packages/oslo_config/cfg.py:3534}}
Aug 12 10:25:37.383358 np0000007037 devstack@n-api.service[87621]: DEBUG nova.api.openstack.wsgi_app [None req-fab9fd52-67de-47d4-a843-01de2e28eb04 None None] default_ephemeral_format = ext4 {{(pid=87621) log_opt_values /opt/stack/data/venv/lib/python3.12/site-packages/oslo_config/cfg.py:3534}}
Aug 12 10:25:37.383501 np0000007037 devstack@n-api.service[87621]: DEBUG nova.api.openstack.wsgi_app [None req-fab9fd52-67de-47d4-a843-01de2e28eb04 None None] default_green_pool_size = 1000 {{(pid=87621) log_opt_values /opt/stack/data/venv/lib/python3.12/site-packages/oslo_config/cfg.py:3534}}
Aug 12 10:25:37.383740 np0000007037 devstack@n-api.service[87621]: DEBUG nova.api.openstack.wsgi_app [None req-fab9fd52-67de-47d4-a843-01de2e28eb04 None None] default_log_levels = ['amqp=WARN', 'boto=WARN', 'sqlalchemy=WARN', 'suds=INFO', 'oslo.messaging=INFO', 'oslo_messaging=INFO', 'iso8601=WARN', 'requests.packages.urllib3.connectionpool=WARN', 'urllib3.connectionpool=WARN', 'websocket=WARN', 'requests.packages.urllib3.util.retry=WARN', 'urllib3.util.retry=WARN', 'keystonemiddleware=WARN', 'routes.middleware=WARN', 'stevedore=WARN', 'taskflow=WARN', 'keystoneauth=WARN', 'oslo.cache=INFO', 'oslo_policy=INFO', 'dogpile.core.dogpile=INFO', 'glanceclient=WARN', 'oslo.privsep.daemon=INFO'] {{(pid=87621) log_opt_values /opt/stack/data/venv/lib/python3.12/site-packages/oslo_config/cfg.py:3534}}
Aug 12 10:25:37.383892 np0000007037 devstack@n-api.service[87621]: DEBUG nova.api.openstack.wsgi_app [None req-fab9fd52-67de-47d4-a843-01de2e28eb04 None None] default_schedule_zone = None {{(pid=87621) log_opt_values /opt/stack/data/venv/lib/python3.12/site-packages/oslo_config/cfg.py:3534}}
Aug 12 10:25:37.384008 np0000007037 devstack@n-api.service[87621]: DEBUG nova.api.openstack.wsgi_app [None req-fab9fd52-67de-47d4-a843-01de2e28eb04 None None] default_thread_pool_size = 10 {{(pid=87621) log_opt_values /opt/stack/data/venv/lib/python3.12/site-packages/oslo_config/cfg.py:3534}}
Aug 12 10:25:37.384110 np0000007037 devstack@n-api.service[87621]: DEBUG nova.api.openstack.wsgi_app [None req-fab9fd52-67de-47d4-a843-01de2e28eb04 None None] disk_allocation_ratio = None {{(pid=87621) log_opt_values /opt/stack/data/venv/lib/python3.12/site-packages/oslo_config/cfg.py:3534}}
Aug 12 10:25:37.384225 np0000007037 devstack@n-api.service[87621]: DEBUG nova.api.openstack.wsgi_app [None req-fab9fd52-67de-47d4-a843-01de2e28eb04 None None] enable_new_services = True {{(pid=87621) log_opt_values /opt/stack/data/venv/lib/python3.12/site-packages/oslo_config/cfg.py:3534}}
Aug 12 10:25:37.384378 np0000007037 devstack@n-api.service[87621]: DEBUG nova.api.openstack.wsgi_app [None req-fab9fd52-67de-47d4-a843-01de2e28eb04 None None] flat_injected = False {{(pid=87621) log_opt_values /opt/stack/data/venv/lib/python3.12/site-packages/oslo_config/cfg.py:3534}}
Aug 12 10:25:37.384597 np0000007037 devstack@n-api.service[87621]: DEBUG nova.api.openstack.wsgi_app [None req-fab9fd52-67de-47d4-a843-01de2e28eb04 None None] force_config_drive = True {{(pid=87621) log_opt_values /opt/stack/data/venv/lib/python3.12/site-packages/oslo_config/cfg.py:3534}}
Aug 12 10:25:37.384783 np0000007037 devstack@n-api.service[87621]: DEBUG nova.api.openstack.wsgi_app [None req-fab9fd52-67de-47d4-a843-01de2e28eb04 None None] force_raw_images = True {{(pid=87621) log_opt_values /opt/stack/data/venv/lib/python3.12/site-packages/oslo_config/cfg.py:3534}}
Aug 12 10:25:37.385106 np0000007037 devstack@n-api.service[87621]: DEBUG nova.api.openstack.wsgi_app [None req-fab9fd52-67de-47d4-a843-01de2e28eb04 None None] graceful_shutdown_timeout = 5 {{(pid=87621) log_opt_values /opt/stack/data/venv/lib/python3.12/site-packages/oslo_config/cfg.py:3534}}
Aug 12 10:25:37.385214 np0000007037 devstack@n-api.service[87621]: DEBUG nova.api.openstack.wsgi_app [None req-fab9fd52-67de-47d4-a843-01de2e28eb04 None None] heal_instance_info_cache_interval = -1 {{(pid=87621) log_opt_values /opt/stack/data/venv/lib/python3.12/site-packages/oslo_config/cfg.py:3534}}
Aug 12 10:25:37.385434 np0000007037 devstack@n-api.service[87621]: DEBUG nova.api.openstack.wsgi_app [None req-fab9fd52-67de-47d4-a843-01de2e28eb04 None None] host = np0000007037 {{(pid=87621) log_opt_values /opt/stack/data/venv/lib/python3.12/site-packages/oslo_config/cfg.py:3534}}
Aug 12 10:25:37.385658 np0000007037 devstack@n-api.service[87621]: DEBUG nova.api.openstack.wsgi_app [None req-fab9fd52-67de-47d4-a843-01de2e28eb04 None None] initial_cpu_allocation_ratio = 4.0 {{(pid=87621) log_opt_values /opt/stack/data/venv/lib/python3.12/site-packages/oslo_config/cfg.py:3534}}
Aug 12 10:25:37.385852 np0000007037 devstack@n-api.service[87621]: DEBUG nova.api.openstack.wsgi_app [None req-fab9fd52-67de-47d4-a843-01de2e28eb04 None None] initial_disk_allocation_ratio = 1.0 {{(pid=87621) log_opt_values /opt/stack/data/venv/lib/python3.12/site-packages/oslo_config/cfg.py:3534}}
Aug 12 10:25:37.386061 np0000007037 devstack@n-api.service[87621]: DEBUG nova.api.openstack.wsgi_app [None req-fab9fd52-67de-47d4-a843-01de2e28eb04 None None] initial_ram_allocation_ratio = 1.0 {{(pid=87621) log_opt_values /opt/stack/data/venv/lib/python3.12/site-packages/oslo_config/cfg.py:3534}}
Aug 12 10:25:37.386296 np0000007037 devstack@n-api.service[87621]: DEBUG nova.api.openstack.wsgi_app [None req-fab9fd52-67de-47d4-a843-01de2e28eb04 None None] injected_network_template = /opt/stack/nova/nova/virt/interfaces.template {{(pid=87621) log_opt_values /opt/stack/data/venv/lib/python3.12/site-packages/oslo_config/cfg.py:3534}}
Aug 12 10:25:37.386421 np0000007037 devstack@n-api.service[87621]: DEBUG nova.api.openstack.wsgi_app [None req-fab9fd52-67de-47d4-a843-01de2e28eb04 None None] instance_build_timeout = 0 {{(pid=87621) log_opt_values /opt/stack/data/venv/lib/python3.12/site-packages/oslo_config/cfg.py:3534}}
Aug 12 10:25:37.386555 np0000007037 devstack@n-api.service[87621]: DEBUG nova.api.openstack.wsgi_app [None req-fab9fd52-67de-47d4-a843-01de2e28eb04 None None] instance_delete_interval = 300 {{(pid=87621) log_opt_values /opt/stack/data/venv/lib/python3.12/site-packages/oslo_config/cfg.py:3534}}
Aug 12 10:25:37.386675 np0000007037 devstack@n-api.service[87621]: DEBUG nova.api.openstack.wsgi_app [None req-fab9fd52-67de-47d4-a843-01de2e28eb04 None None] instance_format = [instance: %(uuid)s] {{(pid=87621) log_opt_values /opt/stack/data/venv/lib/python3.12/site-packages/oslo_config/cfg.py:3534}}
Aug 12 10:25:37.386793 np0000007037 devstack@n-api.service[87621]: DEBUG nova.api.openstack.wsgi_app [None req-fab9fd52-67de-47d4-a843-01de2e28eb04 None None] instance_name_template = instance-%08x {{(pid=87621) log_opt_values /opt/stack/data/venv/lib/python3.12/site-packages/oslo_config/cfg.py:3534}}
Aug 12 10:25:37.386948 np0000007037 devstack@n-api.service[87621]: DEBUG nova.api.openstack.wsgi_app [None req-fab9fd52-67de-47d4-a843-01de2e28eb04 None None] instance_usage_audit = False {{(pid=87621) log_opt_values /opt/stack/data/venv/lib/python3.12/site-packages/oslo_config/cfg.py:3534}}
Aug 12 10:25:37.387092 np0000007037 devstack@n-api.service[87621]: DEBUG nova.api.openstack.wsgi_app [None req-fab9fd52-67de-47d4-a843-01de2e28eb04 None None] instance_usage_audit_period = month {{(pid=87621) log_opt_values /opt/stack/data/venv/lib/python3.12/site-packages/oslo_config/cfg.py:3534}}
Aug 12 10:25:37.387259 np0000007037 devstack@n-api.service[87621]: DEBUG nova.api.openstack.wsgi_app [None req-fab9fd52-67de-47d4-a843-01de2e28eb04 None None] instance_uuid_format = [instance: %(uuid)s] {{(pid=87621) log_opt_values /opt/stack/data/venv/lib/python3.12/site-packages/oslo_config/cfg.py:3534}}
Aug 12 10:25:37.387400 np0000007037 devstack@n-api.service[87621]: DEBUG nova.api.openstack.wsgi_app [None req-fab9fd52-67de-47d4-a843-01de2e28eb04 None None] instances_path = /opt/stack/data/nova/instances {{(pid=87621) log_opt_values /opt/stack/data/venv/lib/python3.12/site-packages/oslo_config/cfg.py:3534}}
Aug 12 10:25:37.387523 np0000007037 devstack@n-api.service[87621]: DEBUG nova.api.openstack.wsgi_app [None req-fab9fd52-67de-47d4-a843-01de2e28eb04 None None] internal_service_availability_zone = internal {{(pid=87621) log_opt_values /opt/stack/data/venv/lib/python3.12/site-packages/oslo_config/cfg.py:3534}}
Aug 12 10:25:37.387647 np0000007037 devstack@n-api.service[87621]: DEBUG nova.api.openstack.wsgi_app [None req-fab9fd52-67de-47d4-a843-01de2e28eb04 None None] key = None {{(pid=87621) log_opt_values /opt/stack/data/venv/lib/python3.12/site-packages/oslo_config/cfg.py:3534}}
Aug 12 10:25:37.387796 np0000007037 devstack@n-api.service[87621]: DEBUG nova.api.openstack.wsgi_app [None req-fab9fd52-67de-47d4-a843-01de2e28eb04 None None] live_migration_retry_count = 30 {{(pid=87621) log_opt_values /opt/stack/data/venv/lib/python3.12/site-packages/oslo_config/cfg.py:3534}}
Aug 12 10:25:37.387982 np0000007037 devstack@n-api.service[87621]: DEBUG nova.api.openstack.wsgi_app [None req-fab9fd52-67de-47d4-a843-01de2e28eb04 None None] log_color = False {{(pid=87621) log_opt_values /opt/stack/data/venv/lib/python3.12/site-packages/oslo_config/cfg.py:3534}}
Aug 12 10:25:37.388154 np0000007037 devstack@n-api.service[87621]: DEBUG nova.api.openstack.wsgi_app [None req-fab9fd52-67de-47d4-a843-01de2e28eb04 None None] log_config_append = None {{(pid=87621) log_opt_values /opt/stack/data/venv/lib/python3.12/site-packages/oslo_config/cfg.py:3534}}
Aug 12 10:25:37.388305 np0000007037 devstack@n-api.service[87621]: DEBUG nova.api.openstack.wsgi_app [None req-fab9fd52-67de-47d4-a843-01de2e28eb04 None None] log_date_format = %Y-%m-%d %H:%M:%S {{(pid=87621) log_opt_values /opt/stack/data/venv/lib/python3.12/site-packages/oslo_config/cfg.py:3534}}
Aug 12 10:25:37.388452 np0000007037 devstack@n-api.service[87621]: DEBUG nova.api.openstack.wsgi_app [None req-fab9fd52-67de-47d4-a843-01de2e28eb04 None None] log_dir = None {{(pid=87621) log_opt_values /opt/stack/data/venv/lib/python3.12/site-packages/oslo_config/cfg.py:3534}}
Aug 12 10:25:37.388593 np0000007037 devstack@n-api.service[87621]: DEBUG nova.api.openstack.wsgi_app [None req-fab9fd52-67de-47d4-a843-01de2e28eb04 None None] log_file = None {{(pid=87621) log_opt_values /opt/stack/data/venv/lib/python3.12/site-packages/oslo_config/cfg.py:3534}}
Aug 12 10:25:37.388702 np0000007037 devstack@n-api.service[87621]: DEBUG nova.api.openstack.wsgi_app [None req-fab9fd52-67de-47d4-a843-01de2e28eb04 None None] log_options = True {{(pid=87621) log_opt_values /opt/stack/data/venv/lib/python3.12/site-packages/oslo_config/cfg.py:3534}}
