Jun 26 12:32:32.635682 np0000003743 nova-scheduler[96428]: DEBUG cotyledon.oslo_config_glue [-] profiler.filter_error_trace = False {{(pid=96428) log_opt_values /opt/stack/data/venv/lib/python3.12/site-packages/oslo_config/cfg.py:3253}}
Jun 26 12:32:32.635682 np0000003743 nova-scheduler[96428]: DEBUG cotyledon.oslo_config_glue [-] profiler.hmac_keys = **** {{(pid=96428) log_opt_values /opt/stack/data/venv/lib/python3.12/site-packages/oslo_config/cfg.py:3253}}
Jun 26 12:32:32.635682 np0000003743 nova-scheduler[96428]: DEBUG cotyledon.oslo_config_glue [-] profiler.sentinel_service_name = mymaster {{(pid=96428) log_opt_values /opt/stack/data/venv/lib/python3.12/site-packages/oslo_config/cfg.py:3253}}
Jun 26 12:32:32.635682 np0000003743 nova-scheduler[96428]: DEBUG cotyledon.oslo_config_glue [-] profiler.socket_timeout = 0.1 {{(pid=96428) log_opt_values /opt/stack/data/venv/lib/python3.12/site-packages/oslo_config/cfg.py:3253}}
Jun 26 12:32:32.635682 np0000003743 nova-scheduler[96428]: DEBUG cotyledon.oslo_config_glue [-] profiler.trace_requests = False {{(pid=96428) log_opt_values /opt/stack/data/venv/lib/python3.12/site-packages/oslo_config/cfg.py:3253}}
Jun 26 12:32:32.635682 np0000003743 nova-scheduler[96428]: DEBUG cotyledon.oslo_config_glue [-] profiler.trace_sqlalchemy = False {{(pid=96428) log_opt_values /opt/stack/data/venv/lib/python3.12/site-packages/oslo_config/cfg.py:3253}}
Jun 26 12:32:32.635682 np0000003743 nova-scheduler[96428]: DEBUG cotyledon.oslo_config_glue [-] profiler_jaeger.process_tags = {} {{(pid=96428) log_opt_values /opt/stack/data/venv/lib/python3.12/site-packages/oslo_config/cfg.py:3253}}
Jun 26 12:32:32.635898 np0000003743 nova-scheduler[96428]: DEBUG cotyledon.oslo_config_glue [-] profiler_jaeger.service_name_prefix = None {{(pid=96428) log_opt_values /opt/stack/data/venv/lib/python3.12/site-packages/oslo_config/cfg.py:3253}}
Jun 26 12:32:32.635898 np0000003743 nova-scheduler[96428]: DEBUG cotyledon.oslo_config_glue [-] profiler_otlp.service_name_prefix = None {{(pid=96428) log_opt_values /opt/stack/data/venv/lib/python3.12/site-packages/oslo_config/cfg.py:3253}}
Jun 26 12:32:32.635898 np0000003743 nova-scheduler[96428]: DEBUG cotyledon.oslo_config_glue [-] oslo_messaging_rabbit.amqp_auto_delete = False {{(pid=96428) log_opt_values /opt/stack/data/venv/lib/python3.12/site-packages/oslo_config/cfg.py:3253}}
Jun 26 12:32:32.635898 np0000003743 nova-scheduler[96428]: DEBUG cotyledon.oslo_config_glue [-] oslo_messaging_rabbit.amqp_durable_queues = False {{(pid=96428) log_opt_values /opt/stack/data/venv/lib/python3.12/site-packages/oslo_config/cfg.py:3253}}
Jun 26 12:32:32.635898 np0000003743 nova-scheduler[96428]: DEBUG cotyledon.oslo_config_glue [-] oslo_messaging_rabbit.conn_pool_min_size = 2 {{(pid=96428) log_opt_values /opt/stack/data/venv/lib/python3.12/site-packages/oslo_config/cfg.py:3253}}
Jun 26 12:32:32.635898 np0000003743 nova-scheduler[96428]: DEBUG cotyledon.oslo_config_glue [-] oslo_messaging_rabbit.conn_pool_ttl = 1200 {{(pid=96428) log_opt_values /opt/stack/data/venv/lib/python3.12/site-packages/oslo_config/cfg.py:3253}}
Jun 26 12:32:32.635898 np0000003743 nova-scheduler[96428]: DEBUG cotyledon.oslo_config_glue [-] oslo_messaging_rabbit.direct_mandatory_flag = True {{(pid=96428) log_opt_values /opt/stack/data/venv/lib/python3.12/site-packages/oslo_config/cfg.py:3253}}
Jun 26 12:32:32.635898 np0000003743 nova-scheduler[96428]: DEBUG cotyledon.oslo_config_glue [-] oslo_messaging_rabbit.enable_cancel_on_failover = False {{(pid=96428) log_opt_values /opt/stack/data/venv/lib/python3.12/site-packages/oslo_config/cfg.py:3253}}
Jun 26 12:32:32.635898 np0000003743 nova-scheduler[96428]: DEBUG cotyledon.oslo_config_glue [-] oslo_messaging_rabbit.heartbeat_rate = 3 {{(pid=96428) log_opt_values /opt/stack/data/venv/lib/python3.12/site-packages/oslo_config/cfg.py:3253}}
Jun 26 12:32:32.636250 np0000003743 nova-scheduler[96428]: DEBUG cotyledon.oslo_config_glue [-] oslo_messaging_rabbit.heartbeat_timeout_threshold = 60 {{(pid=96428) log_opt_values /opt/stack/data/venv/lib/python3.12/site-packages/oslo_config/cfg.py:3253}}
Jun 26 12:32:32.636250 np0000003743 nova-scheduler[96428]: DEBUG cotyledon.oslo_config_glue [-] oslo_messaging_rabbit.hostname = np0000003743 {{(pid=96428) log_opt_values /opt/stack/data/venv/lib/python3.12/site-packages/oslo_config/cfg.py:3253}}
Jun 26 12:32:32.636250 np0000003743 nova-scheduler[96428]: DEBUG cotyledon.oslo_config_glue [-] oslo_messaging_rabbit.kombu_compression = None {{(pid=96428) log_opt_values /opt/stack/data/venv/lib/python3.12/site-packages/oslo_config/cfg.py:3253}}
Jun 26 12:32:32.636250 np0000003743 nova-scheduler[96428]: DEBUG cotyledon.oslo_config_glue [-] oslo_messaging_rabbit.kombu_failover_strategy = round-robin {{(pid=96428) log_opt_values /opt/stack/data/venv/lib/python3.12/site-packages/oslo_config/cfg.py:3253}}
Jun 26 12:32:32.636250 np0000003743 nova-scheduler[96428]: DEBUG cotyledon.oslo_config_glue [-] oslo_messaging_rabbit.kombu_missing_consumer_retry_timeout = 60 {{(pid=96428) log_opt_values /opt/stack/data/venv/lib/python3.12/site-packages/oslo_config/cfg.py:3253}}
Jun 26 12:32:32.636250 np0000003743 nova-scheduler[96428]: DEBUG cotyledon.oslo_config_glue [-] oslo_messaging_rabbit.kombu_reconnect_delay = 1.0 {{(pid=96428) log_opt_values /opt/stack/data/venv/lib/python3.12/site-packages/oslo_config/cfg.py:3253}}
Jun 26 12:32:32.636250 np0000003743 nova-scheduler[96428]: DEBUG cotyledon.oslo_config_glue [-] oslo_messaging_rabbit.kombu_reconnect_splay = 0.0 {{(pid=96428) log_opt_values /opt/stack/data/venv/lib/python3.12/site-packages/oslo_config/cfg.py:3253}}
Jun 26 12:32:32.636250 np0000003743 nova-scheduler[96428]: DEBUG cotyledon.oslo_config_glue [-] oslo_messaging_rabbit.processname = nova-scheduler {{(pid=96428) log_opt_values /opt/stack/data/venv/lib/python3.12/site-packages/oslo_config/cfg.py:3253}}
Jun 26 12:32:32.636250 np0000003743 nova-scheduler[96428]: DEBUG cotyledon.oslo_config_glue [-] oslo_messaging_rabbit.rabbit_ha_queues = False {{(pid=96428) log_opt_values /opt/stack/data/venv/lib/python3.12/site-packages/oslo_config/cfg.py:3253}}
Jun 26 12:32:32.636450 np0000003743 nova-scheduler[96428]: DEBUG cotyledon.oslo_config_glue [-] oslo_messaging_rabbit.rabbit_interval_max = 30 {{(pid=96428) log_opt_values /opt/stack/data/venv/lib/python3.12/site-packages/oslo_config/cfg.py:3253}}
Jun 26 12:32:32.636450 np0000003743 nova-scheduler[96428]: DEBUG cotyledon.oslo_config_glue [-] oslo_messaging_rabbit.rabbit_login_method = AMQPLAIN {{(pid=96428) log_opt_values /opt/stack/data/venv/lib/python3.12/site-packages/oslo_config/cfg.py:3253}}
Jun 26 12:32:32.636450 np0000003743 nova-scheduler[96428]: DEBUG cotyledon.oslo_config_glue [-] oslo_messaging_rabbit.rabbit_qos_prefetch_count = 0 {{(pid=96428) log_opt_values /opt/stack/data/venv/lib/python3.12/site-packages/oslo_config/cfg.py:3253}}
Jun 26 12:32:32.636450 np0000003743 nova-scheduler[96428]: DEBUG cotyledon.oslo_config_glue [-] oslo_messaging_rabbit.rabbit_quorum_delivery_limit = 0 {{(pid=96428) log_opt_values /opt/stack/data/venv/lib/python3.12/site-packages/oslo_config/cfg.py:3253}}
Jun 26 12:32:32.636450 np0000003743 nova-scheduler[96428]: DEBUG cotyledon.oslo_config_glue [-] oslo_messaging_rabbit.rabbit_quorum_max_memory_bytes = 0 {{(pid=96428) log_opt_values /opt/stack/data/venv/lib/python3.12/site-packages/oslo_config/cfg.py:3253}}
Jun 26 12:32:32.636450 np0000003743 nova-scheduler[96428]: DEBUG cotyledon.oslo_config_glue [-] oslo_messaging_rabbit.rabbit_quorum_max_memory_length = 0 {{(pid=96428) log_opt_values /opt/stack/data/venv/lib/python3.12/site-packages/oslo_config/cfg.py:3253}}
Jun 26 12:32:32.636450 np0000003743 nova-scheduler[96428]: DEBUG cotyledon.oslo_config_glue [-] oslo_messaging_rabbit.rabbit_quorum_queue = False {{(pid=96428) log_opt_values /opt/stack/data/venv/lib/python3.12/site-packages/oslo_config/cfg.py:3253}}
Jun 26 12:32:32.636450 np0000003743 nova-scheduler[96428]: DEBUG cotyledon.oslo_config_glue [-] oslo_messaging_rabbit.rabbit_retry_backoff = 2 {{(pid=96428) log_opt_values /opt/stack/data/venv/lib/python3.12/site-packages/oslo_config/cfg.py:3253}}
Jun 26 12:32:32.636450 np0000003743 nova-scheduler[96428]: DEBUG cotyledon.oslo_config_glue [-] oslo_messaging_rabbit.rabbit_retry_interval = 1 {{(pid=96428) log_opt_values /opt/stack/data/venv/lib/python3.12/site-packages/oslo_config/cfg.py:3253}}
Jun 26 12:32:32.636640 np0000003743 nova-scheduler[96428]: DEBUG cotyledon.oslo_config_glue [-] oslo_messaging_rabbit.rabbit_stream_fanout = False {{(pid=96428) log_opt_values /opt/stack/data/venv/lib/python3.12/site-packages/oslo_config/cfg.py:3253}}
Jun 26 12:32:32.636640 np0000003743 nova-scheduler[96428]: DEBUG cotyledon.oslo_config_glue [-] oslo_messaging_rabbit.rabbit_transient_queues_ttl = 1800 {{(pid=96428) log_opt_values /opt/stack/data/venv/lib/python3.12/site-packages/oslo_config/cfg.py:3253}}
Jun 26 12:32:32.636640 np0000003743 nova-scheduler[96428]: DEBUG cotyledon.oslo_config_glue [-] oslo_messaging_rabbit.rabbit_transient_quorum_queue = False {{(pid=96428) log_opt_values /opt/stack/data/venv/lib/python3.12/site-packages/oslo_config/cfg.py:3253}}
Jun 26 12:32:32.636640 np0000003743 nova-scheduler[96428]: DEBUG cotyledon.oslo_config_glue [-] oslo_messaging_rabbit.rpc_conn_pool_size = 30 {{(pid=96428) log_opt_values /opt/stack/data/venv/lib/python3.12/site-packages/oslo_config/cfg.py:3253}}
Jun 26 12:32:32.636640 np0000003743 nova-scheduler[96428]: DEBUG cotyledon.oslo_config_glue [-] oslo_messaging_rabbit.ssl = False {{(pid=96428) log_opt_values /opt/stack/data/venv/lib/python3.12/site-packages/oslo_config/cfg.py:3253}}
Jun 26 12:32:32.636640 np0000003743 nova-scheduler[96428]: DEBUG cotyledon.oslo_config_glue [-] oslo_messaging_rabbit.ssl_ca_file = {{(pid=96428) log_opt_values /opt/stack/data/venv/lib/python3.12/site-packages/oslo_config/cfg.py:3253}}
Jun 26 12:32:32.636640 np0000003743 nova-scheduler[96428]: DEBUG cotyledon.oslo_config_glue [-] oslo_messaging_rabbit.ssl_cert_file = {{(pid=96428) log_opt_values /opt/stack/data/venv/lib/python3.12/site-packages/oslo_config/cfg.py:3253}}
Jun 26 12:32:32.636640 np0000003743 nova-scheduler[96428]: DEBUG cotyledon.oslo_config_glue [-] oslo_messaging_rabbit.ssl_enforce_fips_mode = False {{(pid=96428) log_opt_values /opt/stack/data/venv/lib/python3.12/site-packages/oslo_config/cfg.py:3253}}
Jun 26 12:32:32.636640 np0000003743 nova-scheduler[96428]: DEBUG cotyledon.oslo_config_glue [-] oslo_messaging_rabbit.ssl_enforce_hostname_verification = True {{(pid=96428) log_opt_values /opt/stack/data/venv/lib/python3.12/site-packages/oslo_config/cfg.py:3253}}
Jun 26 12:32:32.636831 np0000003743 nova-scheduler[96428]: DEBUG cotyledon.oslo_config_glue [-] oslo_messaging_rabbit.ssl_key_file = {{(pid=96428) log_opt_values /opt/stack/data/venv/lib/python3.12/site-packages/oslo_config/cfg.py:3253}}
Jun 26 12:32:32.636831 np0000003743 nova-scheduler[96428]: DEBUG cotyledon.oslo_config_glue [-] oslo_messaging_rabbit.ssl_version = {{(pid=96428) log_opt_values /opt/stack/data/venv/lib/python3.12/site-packages/oslo_config/cfg.py:3253}}
Jun 26 12:32:32.636831 np0000003743 nova-scheduler[96428]: DEBUG cotyledon.oslo_config_glue [-] oslo_messaging_rabbit.use_queue_manager = False {{(pid=96428) log_opt_values /opt/stack/data/venv/lib/python3.12/site-packages/oslo_config/cfg.py:3253}}
Jun 26 12:32:32.636831 np0000003743 nova-scheduler[96428]: DEBUG cotyledon.oslo_config_glue [-] oslo_messaging_notifications.driver = ['messagingv2'] {{(pid=96428) log_opt_values /opt/stack/data/venv/lib/python3.12/site-packages/oslo_config/cfg.py:3253}}
Jun 26 12:32:32.636831 np0000003743 nova-scheduler[96428]: DEBUG cotyledon.oslo_config_glue [-] oslo_messaging_notifications.retry = -1 {{(pid=96428) log_opt_values /opt/stack/data/venv/lib/python3.12/site-packages/oslo_config/cfg.py:3253}}
Jun 26 12:32:32.636831 np0000003743 nova-scheduler[96428]: DEBUG cotyledon.oslo_config_glue [-] oslo_messaging_notifications.topics = ['notifications'] {{(pid=96428) log_opt_values /opt/stack/data/venv/lib/python3.12/site-packages/oslo_config/cfg.py:3253}}
Jun 26 12:32:32.636831 np0000003743 nova-scheduler[96428]: DEBUG cotyledon.oslo_config_glue [-] oslo_messaging_notifications.transport_url = **** {{(pid=96428) log_opt_values /opt/stack/data/venv/lib/python3.12/site-packages/oslo_config/cfg.py:3253}}
Jun 26 12:32:32.636831 np0000003743 nova-scheduler[96428]: DEBUG cotyledon.oslo_config_glue [-] oslo_limit.auth_section = None {{(pid=96428) log_opt_values /opt/stack/data/venv/lib/python3.12/site-packages/oslo_config/cfg.py:3253}}
Jun 26 12:32:32.636831 np0000003743 nova-scheduler[96428]: DEBUG cotyledon.oslo_config_glue [-] oslo_limit.auth_type = None {{(pid=96428) log_opt_values /opt/stack/data/venv/lib/python3.12/site-packages/oslo_config/cfg.py:3253}}
Jun 26 12:32:32.637014 np0000003743 nova-scheduler[96428]: DEBUG cotyledon.oslo_config_glue [-] oslo_limit.cafile = None {{(pid=96428) log_opt_values /opt/stack/data/venv/lib/python3.12/site-packages/oslo_config/cfg.py:3253}}
Jun 26 12:32:32.637014 np0000003743 nova-scheduler[96428]: DEBUG cotyledon.oslo_config_glue [-] oslo_limit.certfile = None {{(pid=96428) log_opt_values /opt/stack/data/venv/lib/python3.12/site-packages/oslo_config/cfg.py:3253}}
Jun 26 12:32:32.637014 np0000003743 nova-scheduler[96428]: DEBUG cotyledon.oslo_config_glue [-] oslo_limit.collect_timing = False {{(pid=96428) log_opt_values /opt/stack/data/venv/lib/python3.12/site-packages/oslo_config/cfg.py:3253}}
Jun 26 12:32:32.637014 np0000003743 nova-scheduler[96428]: DEBUG cotyledon.oslo_config_glue [-] oslo_limit.connect_retries = None {{(pid=96428) log_opt_values /opt/stack/data/venv/lib/python3.12/site-packages/oslo_config/cfg.py:3253}}
Jun 26 12:32:32.637014 np0000003743 nova-scheduler[96428]: DEBUG cotyledon.oslo_config_glue [-] oslo_limit.connect_retry_delay = None {{(pid=96428) log_opt_values /opt/stack/data/venv/lib/python3.12/site-packages/oslo_config/cfg.py:3253}}
Jun 26 12:32:32.637014 np0000003743 nova-scheduler[96428]: DEBUG cotyledon.oslo_config_glue [-] oslo_limit.endpoint_id = None {{(pid=96428) log_opt_values /opt/stack/data/venv/lib/python3.12/site-packages/oslo_config/cfg.py:3253}}
Jun 26 12:32:32.637014 np0000003743 nova-scheduler[96428]: DEBUG cotyledon.oslo_config_glue [-] oslo_limit.endpoint_interface = public {{(pid=96428) log_opt_values /opt/stack/data/venv/lib/python3.12/site-packages/oslo_config/cfg.py:3253}}
Jun 26 12:32:32.637014 np0000003743 nova-scheduler[96428]: DEBUG cotyledon.oslo_config_glue [-] oslo_limit.endpoint_override = None {{(pid=96428) log_opt_values /opt/stack/data/venv/lib/python3.12/site-packages/oslo_config/cfg.py:3253}}
Jun 26 12:32:32.637014 np0000003743 nova-scheduler[96428]: DEBUG cotyledon.oslo_config_glue [-] oslo_limit.endpoint_region_name = None {{(pid=96428) log_opt_values /opt/stack/data/venv/lib/python3.12/site-packages/oslo_config/cfg.py:3253}}
Jun 26 12:32:32.637222 np0000003743 nova-scheduler[96428]: DEBUG cotyledon.oslo_config_glue [-] oslo_limit.endpoint_service_name = None {{(pid=96428) log_opt_values /opt/stack/data/venv/lib/python3.12/site-packages/oslo_config/cfg.py:3253}}
Jun 26 12:32:32.637222 np0000003743 nova-scheduler[96428]: DEBUG cotyledon.oslo_config_glue [-] oslo_limit.endpoint_service_type = None {{(pid=96428) log_opt_values /opt/stack/data/venv/lib/python3.12/site-packages/oslo_config/cfg.py:3253}}
Jun 26 12:32:32.637222 np0000003743 nova-scheduler[96428]: DEBUG cotyledon.oslo_config_glue [-] oslo_limit.insecure = False {{(pid=96428) log_opt_values /opt/stack/data/venv/lib/python3.12/site-packages/oslo_config/cfg.py:3253}}
Jun 26 12:32:32.637222 np0000003743 nova-scheduler[96428]: DEBUG cotyledon.oslo_config_glue [-] oslo_limit.keyfile = None {{(pid=96428) log_opt_values /opt/stack/data/venv/lib/python3.12/site-packages/oslo_config/cfg.py:3253}}
Jun 26 12:32:32.637222 np0000003743 nova-scheduler[96428]: DEBUG cotyledon.oslo_config_glue [-] oslo_limit.max_version = None {{(pid=96428) log_opt_values /opt/stack/data/venv/lib/python3.12/site-packages/oslo_config/cfg.py:3253}}
Jun 26 12:32:32.637222 np0000003743 nova-scheduler[96428]: DEBUG cotyledon.oslo_config_glue [-] oslo_limit.min_version = None {{(pid=96428) log_opt_values /opt/stack/data/venv/lib/python3.12/site-packages/oslo_config/cfg.py:3253}}
Jun 26 12:32:32.637222 np0000003743 nova-scheduler[96428]: DEBUG cotyledon.oslo_config_glue [-] oslo_limit.region_name = None {{(pid=96428) log_opt_values /opt/stack/data/venv/lib/python3.12/site-packages/oslo_config/cfg.py:3253}}
Jun 26 12:32:32.637222 np0000003743 nova-scheduler[96428]: DEBUG cotyledon.oslo_config_glue [-] oslo_limit.retriable_status_codes = None {{(pid=96428) log_opt_values /opt/stack/data/venv/lib/python3.12/site-packages/oslo_config/cfg.py:3253}}
Jun 26 12:32:32.637222 np0000003743 nova-scheduler[96428]: DEBUG cotyledon.oslo_config_glue [-] oslo_limit.service_name = None {{(pid=96428) log_opt_values /opt/stack/data/venv/lib/python3.12/site-packages/oslo_config/cfg.py:3253}}
Jun 26 12:32:32.637404 np0000003743 nova-scheduler[96428]: DEBUG cotyledon.oslo_config_glue [-] oslo_limit.service_type = None {{(pid=96428) log_opt_values /opt/stack/data/venv/lib/python3.12/site-packages/oslo_config/cfg.py:3253}}
Jun 26 12:32:32.637404 np0000003743 nova-scheduler[96428]: DEBUG cotyledon.oslo_config_glue [-] oslo_limit.split_loggers = False {{(pid=96428) log_opt_values /opt/stack/data/venv/lib/python3.12/site-packages/oslo_config/cfg.py:3253}}
Jun 26 12:32:32.637404 np0000003743 nova-scheduler[96428]: DEBUG cotyledon.oslo_config_glue [-] oslo_limit.status_code_retries = None {{(pid=96428) log_opt_values /opt/stack/data/venv/lib/python3.12/site-packages/oslo_config/cfg.py:3253}}
Jun 26 12:32:32.637404 np0000003743 nova-scheduler[96428]: DEBUG cotyledon.oslo_config_glue [-] oslo_limit.status_code_retry_delay = None {{(pid=96428) log_opt_values /opt/stack/data/venv/lib/python3.12/site-packages/oslo_config/cfg.py:3253}}
Jun 26 12:32:32.637404 np0000003743 nova-scheduler[96428]: DEBUG cotyledon.oslo_config_glue [-] oslo_limit.timeout = None {{(pid=96428) log_opt_values /opt/stack/data/venv/lib/python3.12/site-packages/oslo_config/cfg.py:3253}}
Jun 26 12:32:32.637404 np0000003743 nova-scheduler[96428]: DEBUG cotyledon.oslo_config_glue [-] oslo_limit.valid_interfaces = None {{(pid=96428) log_opt_values /opt/stack/data/venv/lib/python3.12/site-packages/oslo_config/cfg.py:3253}}
Jun 26 12:32:32.637404 np0000003743 nova-scheduler[96428]: DEBUG cotyledon.oslo_config_glue [-] oslo_limit.version = None {{(pid=96428) log_opt_values /opt/stack/data/venv/lib/python3.12/site-packages/oslo_config/cfg.py:3253}}
Jun 26 12:32:32.637404 np0000003743 nova-scheduler[96428]: DEBUG cotyledon.oslo_config_glue [-] oslo_reports.file_event_handler = None {{(pid=96428) log_opt_values /opt/stack/data/venv/lib/python3.12/site-packages/oslo_config/cfg.py:3253}}
Jun 26 12:32:32.637404 np0000003743 nova-scheduler[96428]: DEBUG cotyledon.oslo_config_glue [-] oslo_reports.file_event_handler_interval = 1 {{(pid=96428) log_opt_values /opt/stack/data/venv/lib/python3.12/site-packages/oslo_config/cfg.py:3253}}
Jun 26 12:32:32.637639 np0000003743 nova-scheduler[96428]: DEBUG cotyledon.oslo_config_glue [-] oslo_reports.log_dir = None {{(pid=96428) log_opt_values /opt/stack/data/venv/lib/python3.12/site-packages/oslo_config/cfg.py:3253}}
Jun 26 12:32:32.637639 np0000003743 nova-scheduler[96428]: DEBUG cotyledon.oslo_config_glue [-] ******************************************************************************** {{(pid=96428) log_opt_values /opt/stack/data/venv/lib/python3.12/site-packages/oslo_config/cfg.py:3260}}
Jun 26 12:32:32.637639 np0000003743 nova-scheduler[96428]: DEBUG cotyledon._service_worker [-] Run service ServiceWrapper(3) [96428] {{(pid=96428) wait_forever /opt/stack/data/venv/lib/python3.12/site-packages/cotyledon/_service_worker.py:218}}
Jun 26 12:32:32.637639 np0000003743 nova-scheduler[96428]: INFO nova.service [-] Starting scheduler node (version 33.1.0)
Jun 26 12:32:32.637639 np0000003743 nova-scheduler[96428]: INFO dbcounter [None req-3469f96c-7e93-4e29-84b3-6c03541be075 None None] Registered counter for database nova_cell0
Jun 26 12:32:32.645885 np0000003743 nova-scheduler[96383]: DEBUG oslo_db.sqlalchemy.engines [None req-f07e3550-6d79-4b99-abf3-160cf3b88e81 None None] MySQL server mode set to STRICT_TRANS_TABLES,STRICT_ALL_TABLES,NO_ZERO_IN_DATE,NO_ZERO_DATE,ERROR_FOR_DIVISION_BY_ZERO,TRADITIONAL,NO_ENGINE_SUBSTITUTION {{(pid=96383) _check_effective_sql_mode /opt/stack/data/venv/lib/python3.12/site-packages/oslo_db/sqlalchemy/engines.py:325}}
Jun 26 12:32:32.653231 np0000003743 nova-scheduler[96385]: DEBUG oslo_db.sqlalchemy.engines [None req-34662d7c-95bb-4c6f-94d6-54b6935b11fe None None] MySQL server mode set to STRICT_TRANS_TABLES,STRICT_ALL_TABLES,NO_ZERO_IN_DATE,NO_ZERO_DATE,ERROR_FOR_DIVISION_BY_ZERO,TRADITIONAL,NO_ENGINE_SUBSTITUTION {{(pid=96385) _check_effective_sql_mode /opt/stack/data/venv/lib/python3.12/site-packages/oslo_db/sqlalchemy/engines.py:325}}
Jun 26 12:32:32.655534 np0000003743 nova-scheduler[96383]: DEBUG dbcounter [-] [96383] Writer thread running {{(pid=96383) stat_writer /opt/stack/data/venv/lib/python3.12/site-packages/dbcounter.py:102}}
Jun 26 12:32:32.656648 np0000003743 nova-scheduler[96388]: DEBUG oslo_db.sqlalchemy.engines [None req-7df5f571-6e89-4a2e-9f6b-7613faf6a2e7 None None] MySQL server mode set to STRICT_TRANS_TABLES,STRICT_ALL_TABLES,NO_ZERO_IN_DATE,NO_ZERO_DATE,ERROR_FOR_DIVISION_BY_ZERO,TRADITIONAL,NO_ENGINE_SUBSTITUTION {{(pid=96388) _check_effective_sql_mode /opt/stack/data/venv/lib/python3.12/site-packages/oslo_db/sqlalchemy/engines.py:325}}
Jun 26 12:32:32.662090 np0000003743 nova-scheduler[96385]: DEBUG dbcounter [-] [96385] Writer thread running {{(pid=96385) stat_writer /opt/stack/data/venv/lib/python3.12/site-packages/dbcounter.py:102}}
Jun 26 12:32:32.665562 np0000003743 nova-scheduler[96388]: DEBUG dbcounter [-] [96388] Writer thread running {{(pid=96388) stat_writer /opt/stack/data/venv/lib/python3.12/site-packages/dbcounter.py:102}}
Jun 26 12:32:32.669371 np0000003743 nova-scheduler[96428]: DEBUG oslo_db.sqlalchemy.engines [None req-3469f96c-7e93-4e29-84b3-6c03541be075 None None] MySQL server mode set to STRICT_TRANS_TABLES,STRICT_ALL_TABLES,NO_ZERO_IN_DATE,NO_ZERO_DATE,ERROR_FOR_DIVISION_BY_ZERO,TRADITIONAL,NO_ENGINE_SUBSTITUTION {{(pid=96428) _check_effective_sql_mode /opt/stack/data/venv/lib/python3.12/site-packages/oslo_db/sqlalchemy/engines.py:325}}
Jun 26 12:32:32.678635 np0000003743 nova-scheduler[96428]: DEBUG dbcounter [-] [96428] Writer thread running {{(pid=96428) stat_writer /opt/stack/data/venv/lib/python3.12/site-packages/dbcounter.py:102}}
Jun 26 12:32:32.683661 np0000003743 nova-scheduler[96383]: DEBUG nova.service [None req-f07e3550-6d79-4b99-abf3-160cf3b88e81 None None] Creating RPC server for service: nova-scheduler on topic: scheduler {{(pid=96383) start /opt/stack/nova/nova/service.py:196}}
Jun 26 12:32:32.686809 np0000003743 nova-scheduler[96388]: DEBUG nova.service [None req-7df5f571-6e89-4a2e-9f6b-7613faf6a2e7 None None] Creating RPC server for service: nova-scheduler on topic: scheduler {{(pid=96388) start /opt/stack/nova/nova/service.py:196}}
Jun 26 12:32:32.686927 np0000003743 nova-scheduler[96385]: DEBUG nova.service [None req-34662d7c-95bb-4c6f-94d6-54b6935b11fe None None] Creating RPC server for service: nova-scheduler on topic: scheduler {{(pid=96385) start /opt/stack/nova/nova/service.py:196}}
Jun 26 12:32:32.694783 np0000003743 nova-scheduler[96428]: DEBUG nova.service [None req-3469f96c-7e93-4e29-84b3-6c03541be075 None None] Creating RPC server for service: nova-scheduler on topic: scheduler {{(pid=96428) start /opt/stack/nova/nova/service.py:196}}
Jun 26 12:32:32.710940 np0000003743 nova-scheduler[96388]: DEBUG nova.service [None req-7df5f571-6e89-4a2e-9f6b-7613faf6a2e7 None None] Join ServiceGroup membership for this service scheduler {{(pid=96388) start /opt/stack/nova/nova/service.py:222}}
Jun 26 12:32:32.711046 np0000003743 nova-scheduler[96388]: DEBUG nova.servicegroup.drivers.db [None req-7df5f571-6e89-4a2e-9f6b-7613faf6a2e7 None None] DB_Driver: join new ServiceGroup member np0000003743 to the scheduler group, service = {{(pid=96388) join /opt/stack/nova/nova/servicegroup/drivers/db.py:44}}
Jun 26 12:32:32.711258 np0000003743 nova-scheduler[96383]: DEBUG nova.service [None req-f07e3550-6d79-4b99-abf3-160cf3b88e81 None None] Join ServiceGroup membership for this service scheduler {{(pid=96383) start /opt/stack/nova/nova/service.py:222}}
Jun 26 12:32:32.711450 np0000003743 nova-scheduler[96385]: DEBUG nova.service [None req-34662d7c-95bb-4c6f-94d6-54b6935b11fe None None] Join ServiceGroup membership for this service scheduler {{(pid=96385) start /opt/stack/nova/nova/service.py:222}}
Jun 26 12:32:32.711450 np0000003743 nova-scheduler[96385]: DEBUG nova.servicegroup.drivers.db [None req-34662d7c-95bb-4c6f-94d6-54b6935b11fe None None] DB_Driver: join new ServiceGroup member np0000003743 to the scheduler group, service = {{(pid=96385) join /opt/stack/nova/nova/servicegroup/drivers/db.py:44}}
Jun 26 12:32:32.711569 np0000003743 nova-scheduler[96383]: DEBUG nova.servicegroup.drivers.db [None req-f07e3550-6d79-4b99-abf3-160cf3b88e81 None None] DB_Driver: join new ServiceGroup member np0000003743 to the scheduler group, service = {{(pid=96383) join /opt/stack/nova/nova/servicegroup/drivers/db.py:44}}
Jun 26 12:32:32.714815 np0000003743 nova-scheduler[96428]: DEBUG nova.service [None req-3469f96c-7e93-4e29-84b3-6c03541be075 None None] Join ServiceGroup membership for this service scheduler {{(pid=96428) start /opt/stack/nova/nova/service.py:222}}
Jun 26 12:32:32.714974 np0000003743 nova-scheduler[96428]: DEBUG nova.servicegroup.drivers.db [None req-3469f96c-7e93-4e29-84b3-6c03541be075 None None] DB_Driver: join new ServiceGroup member np0000003743 to the scheduler group, service = {{(pid=96428) join /opt/stack/nova/nova/servicegroup/drivers/db.py:44}}
Jun 26 12:32:37.747598 np0000003743 nova-scheduler[96385]: DEBUG oslo.service.backend._threading.loopingcall [-] Fixed interval looping call 'nova.servicegroup.drivers.db.DbDriver._report_state' sleeping for 119.97 seconds {{(pid=96385) _run_loop /opt/stack/data/venv/lib/python3.12/site-packages/oslo_service/backend/_threading/loopingcall.py:125}}
Jun 26 12:32:37.748467 np0000003743 nova-scheduler[96388]: DEBUG oslo.service.backend._threading.loopingcall [-] Fixed interval looping call 'nova.servicegroup.drivers.db.DbDriver._report_state' sleeping for 119.96 seconds {{(pid=96388) _run_loop /opt/stack/data/venv/lib/python3.12/site-packages/oslo_service/backend/_threading/loopingcall.py:125}}
Jun 26 12:32:37.749706 np0000003743 nova-scheduler[96428]: DEBUG oslo.service.backend._threading.loopingcall [-] Fixed interval looping call 'nova.servicegroup.drivers.db.DbDriver._report_state' sleeping for 119.97 seconds {{(pid=96428) _run_loop /opt/stack/data/venv/lib/python3.12/site-packages/oslo_service/backend/_threading/loopingcall.py:125}}
Jun 26 12:32:37.753614 np0000003743 nova-scheduler[96383]: DEBUG oslo.service.backend._threading.loopingcall [-] Fixed interval looping call 'nova.servicegroup.drivers.db.DbDriver._report_state' sleeping for 119.96 seconds {{(pid=96383) _run_loop /opt/stack/data/venv/lib/python3.12/site-packages/oslo_service/backend/_threading/loopingcall.py:125}}
Jun 26 12:32:41.225655 np0000003743 nova-scheduler[95171]: DEBUG dbcounter [-] [95171] Writing DB stats nova_api:SELECT=3 {{(pid=95171) stat_writer /opt/stack/data/venv/lib/python3.12/site-packages/dbcounter.py:115}}
Jun 26 12:32:41.389101 np0000003743 nova-scheduler[95171]: DEBUG dbcounter [-] [95171] Writing DB stats nova_cell0:SELECT=1 {{(pid=95171) stat_writer /opt/stack/data/venv/lib/python3.12/site-packages/dbcounter.py:115}}
Jun 26 12:32:41.391365 np0000003743 nova-scheduler[95171]: DEBUG dbcounter [-] [95171] Writing DB stats nova_cell1:SELECT=1 {{(pid=95171) stat_writer /opt/stack/data/venv/lib/python3.12/site-packages/dbcounter.py:115}}
Jun 26 12:32:42.717098 np0000003743 nova-scheduler[96428]: DEBUG oslo.service.backend._threading.loopingcall [None req-b76670a3-c399-4752-a209-515cb85b7a83 None None] Dynamic interval looping call 'nova.service.Service.periodic_tasks' sleeping for 60.00 seconds {{(pid=96428) _run_loop /opt/stack/data/venv/lib/python3.12/site-packages/oslo_service/backend/_threading/loopingcall.py:125}}
Jun 26 12:32:47.720674 np0000003743 nova-scheduler[96385]: DEBUG dbcounter [-] [96385] Writing DB stats nova_cell0:SELECT=5,nova_cell0:INSERT=1,nova_cell0:UPDATE=1 {{(pid=96385) stat_writer /opt/stack/data/venv/lib/python3.12/site-packages/dbcounter.py:115}}
Jun 26 12:32:47.722209 np0000003743 nova-scheduler[96388]: DEBUG dbcounter [-] [96388] Writing DB stats nova_cell0:SELECT=5,nova_cell0:INSERT=1,nova_cell0:UPDATE=1 {{(pid=96388) stat_writer /opt/stack/data/venv/lib/python3.12/site-packages/dbcounter.py:115}}
Jun 26 12:32:47.727160 np0000003743 nova-scheduler[96428]: DEBUG dbcounter [-] [96428] Writing DB stats nova_cell0:SELECT=4,nova_cell0:INSERT=1,nova_cell0:UPDATE=1 {{(pid=96428) stat_writer /opt/stack/data/venv/lib/python3.12/site-packages/dbcounter.py:115}}
Jun 26 12:32:47.727638 np0000003743 nova-scheduler[96383]: DEBUG dbcounter [-] [96383] Writing DB stats nova_cell0:SELECT=4,nova_cell0:INSERT=1,nova_cell0:UPDATE=1 {{(pid=96383) stat_writer /opt/stack/data/venv/lib/python3.12/site-packages/dbcounter.py:115}}
Jun 26 12:32:58.714524 np0000003743 nova-scheduler[96383]: DEBUG oslo.service.backend._threading.loopingcall [None req-bb1df294-5a7f-417f-a523-8a33b248f999 None None] Dynamic interval looping call 'nova.service.Service.periodic_tasks' sleeping for 60.00 seconds {{(pid=96383) _run_loop /opt/stack/data/venv/lib/python3.12/site-packages/oslo_service/backend/_threading/loopingcall.py:125}}
Jun 26 12:33:13.713504 np0000003743 nova-scheduler[96385]: DEBUG oslo.service.backend._threading.loopingcall [None req-99d937c5-905e-4e0a-97a1-5a63bca35f3e None None] Dynamic interval looping call 'nova.service.Service.periodic_tasks' sleeping for 60.00 seconds {{(pid=96385) _run_loop /opt/stack/data/venv/lib/python3.12/site-packages/oslo_service/backend/_threading/loopingcall.py:125}}
Jun 26 12:33:26.713206 np0000003743 nova-scheduler[96388]: DEBUG oslo.service.backend._threading.loopingcall [None req-adea7242-c010-4551-82c6-63483e57f2b4 None None] Dynamic interval looping call 'nova.service.Service.periodic_tasks' sleeping for 60.00 seconds {{(pid=96388) _run_loop /opt/stack/data/venv/lib/python3.12/site-packages/oslo_service/backend/_threading/loopingcall.py:125}}
Jun 26 12:33:42.717679 np0000003743 nova-scheduler[96428]: DEBUG oslo.service.backend._threading.loopingcall [None req-b76670a3-c399-4752-a209-515cb85b7a83 None None] Dynamic interval looping call 'nova.service.Service.periodic_tasks' sleeping for 60.00 seconds {{(pid=96428) _run_loop /opt/stack/data/venv/lib/python3.12/site-packages/oslo_service/backend/_threading/loopingcall.py:125}}
Jun 26 12:33:58.714973 np0000003743 nova-scheduler[96383]: DEBUG oslo.service.backend._threading.loopingcall [None req-bb1df294-5a7f-417f-a523-8a33b248f999 None None] Dynamic interval looping call 'nova.service.Service.periodic_tasks' sleeping for 60.00 seconds {{(pid=96383) _run_loop /opt/stack/data/venv/lib/python3.12/site-packages/oslo_service/backend/_threading/loopingcall.py:125}}
Jun 26 12:34:13.713971 np0000003743 nova-scheduler[96385]: DEBUG oslo.service.backend._threading.loopingcall [None req-99d937c5-905e-4e0a-97a1-5a63bca35f3e None None] Dynamic interval looping call 'nova.service.Service.periodic_tasks' sleeping for 60.00 seconds {{(pid=96385) _run_loop /opt/stack/data/venv/lib/python3.12/site-packages/oslo_service/backend/_threading/loopingcall.py:125}}
Jun 26 12:34:26.713671 np0000003743 nova-scheduler[96388]: DEBUG oslo.service.backend._threading.loopingcall [None req-adea7242-c010-4551-82c6-63483e57f2b4 None None] Dynamic interval looping call 'nova.service.Service.periodic_tasks' sleeping for 60.00 seconds {{(pid=96388) _run_loop /opt/stack/data/venv/lib/python3.12/site-packages/oslo_service/backend/_threading/loopingcall.py:125}}
Jun 26 12:34:37.737509 np0000003743 nova-scheduler[96388]: DEBUG oslo.service.backend._threading.loopingcall [-] Fixed interval looping call 'nova.servicegroup.drivers.db.DbDriver._report_state' sleeping for 119.97 seconds {{(pid=96388) _run_loop /opt/stack/data/venv/lib/python3.12/site-packages/oslo_service/backend/_threading/loopingcall.py:125}}
Jun 26 12:34:37.738058 np0000003743 nova-scheduler[96383]: DEBUG oslo.service.backend._threading.loopingcall [-] Fixed interval looping call 'nova.servicegroup.drivers.db.DbDriver._report_state' sleeping for 119.97 seconds {{(pid=96383) _run_loop /opt/stack/data/venv/lib/python3.12/site-packages/oslo_service/backend/_threading/loopingcall.py:125}}
Jun 26 12:34:37.738594 np0000003743 nova-scheduler[96385]: DEBUG oslo.service.backend._threading.loopingcall [-] Fixed interval looping call 'nova.servicegroup.drivers.db.DbDriver._report_state' sleeping for 119.98 seconds {{(pid=96385) _run_loop /opt/stack/data/venv/lib/python3.12/site-packages/oslo_service/backend/_threading/loopingcall.py:125}}
Jun 26 12:34:37.739054 np0000003743 nova-scheduler[96428]: DEBUG oslo.service.backend._threading.loopingcall [-] Fixed interval looping call 'nova.servicegroup.drivers.db.DbDriver._report_state' sleeping for 119.98 seconds {{(pid=96428) _run_loop /opt/stack/data/venv/lib/python3.12/site-packages/oslo_service/backend/_threading/loopingcall.py:125}}
Jun 26 12:34:42.718244 np0000003743 nova-scheduler[96428]: DEBUG oslo.service.backend._threading.loopingcall [None req-b76670a3-c399-4752-a209-515cb85b7a83 None None] Dynamic interval looping call 'nova.service.Service.periodic_tasks' sleeping for 60.00 seconds {{(pid=96428) _run_loop /opt/stack/data/venv/lib/python3.12/site-packages/oslo_service/backend/_threading/loopingcall.py:125}}
Jun 26 12:34:47.711713 np0000003743 nova-scheduler[96388]: DEBUG dbcounter [-] [96388] Writing DB stats nova_cell0:SELECT=1,nova_cell0:UPDATE=1 {{(pid=96388) stat_writer /opt/stack/data/venv/lib/python3.12/site-packages/dbcounter.py:115}}
Jun 26 12:34:47.713680 np0000003743 nova-scheduler[96383]: DEBUG dbcounter [-] [96383] Writing DB stats nova_cell0:SELECT=1,nova_cell0:UPDATE=1 {{(pid=96383) stat_writer /opt/stack/data/venv/lib/python3.12/site-packages/dbcounter.py:115}}
Jun 26 12:34:47.727211 np0000003743 nova-scheduler[96385]: DEBUG dbcounter [-] [96385] Writing DB stats nova_cell0:SELECT=1,nova_cell0:UPDATE=1 {{(pid=96385) stat_writer /opt/stack/data/venv/lib/python3.12/site-packages/dbcounter.py:115}}
Jun 26 12:34:47.727437 np0000003743 nova-scheduler[96428]: DEBUG dbcounter [-] [96428] Writing DB stats nova_cell0:SELECT=1,nova_cell0:UPDATE=1 {{(pid=96428) stat_writer /opt/stack/data/venv/lib/python3.12/site-packages/dbcounter.py:115}}
Jun 26 12:34:58.718291 np0000003743 nova-scheduler[96383]: DEBUG oslo.service.backend._threading.loopingcall [None req-bb1df294-5a7f-417f-a523-8a33b248f999 None None] Dynamic interval looping call 'nova.service.Service.periodic_tasks' sleeping for 60.00 seconds {{(pid=96383) _run_loop /opt/stack/data/venv/lib/python3.12/site-packages/oslo_service/backend/_threading/loopingcall.py:125}}
Jun 26 12:35:10.375799 np0000003743 nova-scheduler[96388]: DEBUG nova.scheduler.manager [None req-cd21b2e3-5c4c-4a07-95bf-0697e6a3ee91 tempest-DeleteServersTestJSON-2028855664 tempest-DeleteServersTestJSON-2028855664-project-member] Starting to schedule for instances: ['fc7d18d8-1138-407d-9720-1b214195de26'] {{(pid=96388) select_destinations /opt/stack/nova/nova/scheduler/manager.py:210}}
Jun 26 12:35:10.376321 np0000003743 nova-scheduler[96388]: DEBUG nova.scheduler.request_filter [None req-cd21b2e3-5c4c-4a07-95bf-0697e6a3ee91 tempest-DeleteServersTestJSON-2028855664 tempest-DeleteServersTestJSON-2028855664-project-member] compute_status_filter request filter added forbidden trait COMPUTE_STATUS_DISABLED {{(pid=96388) compute_status_filter /opt/stack/nova/nova/scheduler/request_filter.py:253}}
Jun 26 12:35:10.376465 np0000003743 nova-scheduler[96388]: DEBUG nova.scheduler.request_filter [None req-cd21b2e3-5c4c-4a07-95bf-0697e6a3ee91 tempest-DeleteServersTestJSON-2028855664 tempest-DeleteServersTestJSON-2028855664-project-member] Request filter 'compute_status_filter' took 0.0 seconds {{(pid=96388) wrapper /opt/stack/nova/nova/scheduler/request_filter.py:46}}
Jun 26 12:35:10.376791 np0000003743 nova-scheduler[96388]: DEBUG nova.scheduler.request_filter [None req-cd21b2e3-5c4c-4a07-95bf-0697e6a3ee91 tempest-DeleteServersTestJSON-2028855664 tempest-DeleteServersTestJSON-2028855664-project-member] Request filter 'accelerators_filter' took 0.0 seconds {{(pid=96388) wrapper /opt/stack/nova/nova/scheduler/request_filter.py:46}}
Jun 26 12:35:10.377013 np0000003743 nova-scheduler[96388]: DEBUG nova.scheduler.request_filter [None req-cd21b2e3-5c4c-4a07-95bf-0697e6a3ee91 tempest-DeleteServersTestJSON-2028855664 tempest-DeleteServersTestJSON-2028855664-project-member] Request filter 'packed_virtqueue_filter' took 0.0 seconds {{(pid=96388) wrapper /opt/stack/nova/nova/scheduler/request_filter.py:46}}
Jun 26 12:35:10.377363 np0000003743 nova-scheduler[96388]: DEBUG nova.scheduler.request_filter [None req-cd21b2e3-5c4c-4a07-95bf-0697e6a3ee91 tempest-DeleteServersTestJSON-2028855664 tempest-DeleteServersTestJSON-2028855664-project-member] Request filter 'remote_managed_ports_filter' took 0.0 seconds {{(pid=96388) wrapper /opt/stack/nova/nova/scheduler/request_filter.py:46}}
Jun 26 12:35:10.377520 np0000003743 nova-scheduler[96388]: DEBUG nova.scheduler.request_filter [None req-cd21b2e3-5c4c-4a07-95bf-0697e6a3ee91 tempest-DeleteServersTestJSON-2028855664 tempest-DeleteServersTestJSON-2028855664-project-member] ephemeral_encryption_filter skipped {{(pid=96388) ephemeral_encryption_filter /opt/stack/nova/nova/scheduler/request_filter.py:426}}
Jun 26 12:35:10.378409 np0000003743 nova-scheduler[96388]: DEBUG nova.scheduler.request_filter [None req-cd21b2e3-5c4c-4a07-95bf-0697e6a3ee91 tempest-DeleteServersTestJSON-2028855664 tempest-DeleteServersTestJSON-2028855664-project-member] virtio_sound_filter skipped {{(pid=96388) virtio_sound_filter /opt/stack/nova/nova/scheduler/request_filter.py:460}}
Jun 26 12:35:10.378409 np0000003743 nova-scheduler[96388]: DEBUG nova.scheduler.request_filter [None req-cd21b2e3-5c4c-4a07-95bf-0697e6a3ee91 tempest-DeleteServersTestJSON-2028855664 tempest-DeleteServersTestJSON-2028855664-project-member] tpm_secret_security_filter skipped {{(pid=96388) tpm_secret_security_filter /opt/stack/nova/nova/scheduler/request_filter.py:477}}
Jun 26 12:35:11.021263 np0000003743 nova-scheduler[96388]: INFO nova.utils [None req-cd21b2e3-5c4c-4a07-95bf-0697e6a3ee91 tempest-DeleteServersTestJSON-2028855664 tempest-DeleteServersTestJSON-2028855664-project-member] The cell worker thread pool ForkProcess-3.cell_worker is initialized
Jun 26 12:35:11.021704 np0000003743 nova-scheduler[96388]: DEBUG oslo_concurrency.lockutils [None req-cd21b2e3-5c4c-4a07-95bf-0697e6a3ee91 tempest-DeleteServersTestJSON-2028855664 tempest-DeleteServersTestJSON-2028855664-project-member] Acquiring lock "b73390bf-8bc6-42ef-ad1f-659a73159d2a" by "nova.context.set_target_cell..get_or_set_cached_cell_and_set_connections" {{(pid=96388) inner /opt/stack/data/venv/lib/python3.12/site-packages/oslo_concurrency/lockutils.py:511}}
Jun 26 12:35:11.021950 np0000003743 nova-scheduler[96388]: DEBUG oslo_concurrency.lockutils [None req-cd21b2e3-5c4c-4a07-95bf-0697e6a3ee91 tempest-DeleteServersTestJSON-2028855664 tempest-DeleteServersTestJSON-2028855664-project-member] Lock "b73390bf-8bc6-42ef-ad1f-659a73159d2a" acquired by "nova.context.set_target_cell..get_or_set_cached_cell_and_set_connections" :: waited 0.000s {{(pid=96388) inner /opt/stack/data/venv/lib/python3.12/site-packages/oslo_concurrency/lockutils.py:524}}
Jun 26 12:35:11.023928 np0000003743 nova-scheduler[96388]: DEBUG oslo_concurrency.lockutils [None req-cd21b2e3-5c4c-4a07-95bf-0697e6a3ee91 tempest-DeleteServersTestJSON-2028855664 tempest-DeleteServersTestJSON-2028855664-project-member] Lock "b73390bf-8bc6-42ef-ad1f-659a73159d2a" "released" by "nova.context.set_target_cell..get_or_set_cached_cell_and_set_connections" :: held 0.002s {{(pid=96388) inner /opt/stack/data/venv/lib/python3.12/site-packages/oslo_concurrency/lockutils.py:543}}
Jun 26 12:35:11.025552 np0000003743 nova-scheduler[96388]: INFO dbcounter [None req-cd21b2e3-5c4c-4a07-95bf-0697e6a3ee91 tempest-DeleteServersTestJSON-2028855664 tempest-DeleteServersTestJSON-2028855664-project-member] Registered counter for database nova_cell1
Jun 26 12:35:11.075996 np0000003743 nova-scheduler[96388]: DEBUG oslo_db.sqlalchemy.engines [None req-cd21b2e3-5c4c-4a07-95bf-0697e6a3ee91 tempest-DeleteServersTestJSON-2028855664 tempest-DeleteServersTestJSON-2028855664-project-member] MySQL server mode set to STRICT_TRANS_TABLES,STRICT_ALL_TABLES,NO_ZERO_IN_DATE,NO_ZERO_DATE,ERROR_FOR_DIVISION_BY_ZERO,TRADITIONAL,NO_ENGINE_SUBSTITUTION {{(pid=96388) _check_effective_sql_mode /opt/stack/data/venv/lib/python3.12/site-packages/oslo_db/sqlalchemy/engines.py:325}}
Jun 26 12:35:11.083690 np0000003743 nova-scheduler[96388]: DEBUG dbcounter [-] [96388] Writer thread running {{(pid=96388) stat_writer /opt/stack/data/venv/lib/python3.12/site-packages/dbcounter.py:102}}
Jun 26 12:35:11.101460 np0000003743 nova-scheduler[96388]: DEBUG oslo_db.sqlalchemy.engines [None req-cd21b2e3-5c4c-4a07-95bf-0697e6a3ee91 tempest-DeleteServersTestJSON-2028855664 tempest-DeleteServersTestJSON-2028855664-project-member] Parent process 95171 forked (96388) with an open database connection, which is being discarded and recreated. {{(pid=96388) checkout /opt/stack/data/venv/lib/python3.12/site-packages/oslo_db/sqlalchemy/engines.py:402}}
Jun 26 12:35:11.161606 np0000003743 nova-scheduler[96388]: DEBUG dbcounter [-] [96388] Writer thread running {{(pid=96388) stat_writer /opt/stack/data/venv/lib/python3.12/site-packages/dbcounter.py:102}}
Jun 26 12:35:11.165404 np0000003743 nova-scheduler[96388]: DEBUG oslo_concurrency.lockutils [None req-cd21b2e3-5c4c-4a07-95bf-0697e6a3ee91 tempest-DeleteServersTestJSON-2028855664 tempest-DeleteServersTestJSON-2028855664-project-member] Acquiring lock "b73390bf-8bc6-42ef-ad1f-659a73159d2a" by "nova.context.set_target_cell..get_or_set_cached_cell_and_set_connections" {{(pid=96388) inner /opt/stack/data/venv/lib/python3.12/site-packages/oslo_concurrency/lockutils.py:511}}
Jun 26 12:35:11.165404 np0000003743 nova-scheduler[96388]: DEBUG oslo_concurrency.lockutils [None req-cd21b2e3-5c4c-4a07-95bf-0697e6a3ee91 tempest-DeleteServersTestJSON-2028855664 tempest-DeleteServersTestJSON-2028855664-project-member] Lock "b73390bf-8bc6-42ef-ad1f-659a73159d2a" acquired by "nova.context.set_target_cell..get_or_set_cached_cell_and_set_connections" :: waited 0.000s {{(pid=96388) inner /opt/stack/data/venv/lib/python3.12/site-packages/oslo_concurrency/lockutils.py:524}}
Jun 26 12:35:11.165404 np0000003743 nova-scheduler[96388]: DEBUG oslo_concurrency.lockutils [None req-cd21b2e3-5c4c-4a07-95bf-0697e6a3ee91 tempest-DeleteServersTestJSON-2028855664 tempest-DeleteServersTestJSON-2028855664-project-member] Lock "b73390bf-8bc6-42ef-ad1f-659a73159d2a" "released" by "nova.context.set_target_cell..get_or_set_cached_cell_and_set_connections" :: held 0.000s {{(pid=96388) inner /opt/stack/data/venv/lib/python3.12/site-packages/oslo_concurrency/lockutils.py:543}}
Jun 26 12:35:11.171416 np0000003743 nova-scheduler[96388]: DEBUG oslo_concurrency.lockutils [None req-cd21b2e3-5c4c-4a07-95bf-0697e6a3ee91 tempest-DeleteServersTestJSON-2028855664 tempest-DeleteServersTestJSON-2028855664-project-member] Acquiring lock "('np0000003743', 'np0000003743')" by "nova.scheduler.host_manager.HostState.update.._locked_update" {{(pid=96388) inner /opt/stack/data/venv/lib/python3.12/site-packages/oslo_concurrency/lockutils.py:511}}
Jun 26 12:35:11.173152 np0000003743 nova-scheduler[96388]: DEBUG oslo_concurrency.lockutils [None req-cd21b2e3-5c4c-4a07-95bf-0697e6a3ee91 tempest-DeleteServersTestJSON-2028855664 tempest-DeleteServersTestJSON-2028855664-project-member] Lock "('np0000003743', 'np0000003743')" acquired by "nova.scheduler.host_manager.HostState.update.._locked_update" :: waited 0.000s {{(pid=96388) inner /opt/stack/data/venv/lib/python3.12/site-packages/oslo_concurrency/lockutils.py:524}}
Jun 26 12:35:11.173220 np0000003743 nova-scheduler[96388]: DEBUG nova.scheduler.host_manager [None req-cd21b2e3-5c4c-4a07-95bf-0697e6a3ee91 tempest-DeleteServersTestJSON-2028855664 tempest-DeleteServersTestJSON-2028855664-project-member] Update host state from compute node: ComputeNode(cpu_allocation_ratio=4.0,cpu_info='{"arch": "x86_64", "model": "EPYC-Milan", "vendor": "AMD", "topology": {"cells": 1, "sockets": 16, "cores": 1, "threads": 1}, "maxphysaddr": {"mode": "emulate", "bits": 40}, "features": ["fma", "nx", "mmx", "cr8legacy", "pause-filter", "tsc_adjust", "pcid", "xsaves", "mce", "cx8", "smep", "x2apic", "bmi2", "clzero", "nrip-save", "vgif", "svme-addr-chk", "mtrr", "bmi1", "osvw", "mca", "fxsr_opt", "stibp-always-on", "lfence-always-serializing", "tsc-deadline", "xsave", "ssbd", "pae", "f16c", "rdrand", "pku", "smap", "stibp", "cmp_legacy", "npt", "vmcb-clean", "de", "abm", "sse2", "pni", "pse36", "misalignsse", "skip-l1dfl-vmentry", "pfthreshold", "sse4a", "null-sel-clr-base", "vaes", "cx16", "rdctl-no", "invpcid", "umip", "cmov", "rdseed", "vpclmulqdq", "popcnt", "mmxext", "rdtscp", "amd-stibp", "ssse3", "xsavec", "arch-capabilities", "syscall", "topoext", "lahf_lm", "xsaveopt", "pge", "mds-no", "gds-no", "v-vmsave-vmload", "pclmuldq", "tsc", "fsgsbase", "msr", "spec-ctrl", "virt-ssbd", "sep", "pdpe1gb", "clflushopt", "fsrm", "amd-psfd", "svm", "no-nested-data-bp", "clwb", "clflush", "avx2", "vme", "lbrv", "xsaveerptr", "wbnoinvd", "avx", "perfctr_core", "apic", "adx", "sse4.1", "lm", "flushbyasid", "fpu", "sse", "hypervisor", "pat", "amd-ssbd", "pschange-mc-no", "ibrs", "sse4.2", "pse", "rdpid", "arat", "erms", "aes", "sha-ni", "3dnowprefetch", "ibpb", "xgetbv1", "movbe", "tsc-scale", "fxsr"]}',created_at=2026-06-26T12:32:57Z,current_workload=0,deleted=False,deleted_at=None,disk_allocation_ratio=1.0,disk_available_least=74,free_disk_gb=95,free_ram_mb=63789,host='np0000003743',host_ip=10.4.3.163,hypervisor_hostname='np0000003743',hypervisor_type='QEMU',hypervisor_version=8002002,id=1,local_gb=95,local_gb_used=0,mapped=1,memory_mb=64301,memory_mb_used=512,metrics='[]',numa_topology='{"nova_object.name": "NUMATopology", "nova_object.namespace": "nova", "nova_object.version": "1.2", "nova_object.data": {"cells": [{"nova_object.name": "NUMACell", "nova_object.namespace": "nova", "nova_object.version": "1.5", "nova_object.data": {"id": 0, "cpuset": [0, 1, 2, 3, 4, 5, 6, 7, 8, 9, 10, 11, 12, 13, 14, 15], "pcpuset": [0, 1, 2, 3, 4, 5, 6, 7, 8, 9, 10, 11, 12, 13, 14, 15], "memory": 64301, "cpu_usage": 0, "memory_usage": 0, "pinned_cpus": [], "siblings": [[6], [12], [2], [15], [5], [11], [8], [14], [4], [1], [7], [10], [0], [13], [3], [9]], "mempages": [{"nova_object.name": "NUMAPagesTopology", "nova_object.namespace": "nova", "nova_object.version": "1.1", "nova_object.data": {"size_kb": 4, "total": 16461069, "used": 0, "reserved": 0}, "nova_object.changes": ["size_kb", "used", "total", "reserved"]}, {"nova_object.name": "NUMAPagesTopology", "nova_object.namespace": "nova", "nova_object.version": "1.1", "nova_object.data": {"size_kb": 2048, "total": 0, "used": 0, "reserved": 0}, "nova_object.changes": ["size_kb", "used", "total", "reserved"]}, {"nova_object.name": "NUMAPagesTopology", "nova_object.namespace": "nova", "nova_object.version": "1.1", "nova_object.data": {"size_kb": 1048576, "total": 0, "used": 0, "reserved": 0}, "nova_object.changes": ["size_kb", "used", "total", "reserved"]}], "network_metadata": {"nova_object.name": "NetworkMetadata", "nova_object.namespace": "nova", "nova_object.version": "1.0", "nova_object.data": {"physnets": [], "tunneled": false}, "nova_object.changes": ["physnets", "tunneled"]}, "socket": null}, "nova_object.changes": ["cpuset", "memory_usage", "mempages", "pcpuset", "socket", "id", "siblings", "network_metadata", "pinned_cpus", "memory", "cpu_usage"]}]}, "nova_object.changes": ["cells"]}',pci_device_pools=PciDevicePoolList,ram_allocation_ratio=1.0,running_vms=0,service_id=4,stats={failed_builds='0',uptime=' 12:34:43 up 25 min, 2 users, load average: 1.23, 1.46, 0.89
Jun 26 12:35:11.173220 np0000003743 nova-scheduler[96388]: '},supported_hv_specs=[HVSpec,HVSpec,HVSpec,HVSpec,HVSpec,HVSpec,HVSpec,HVSpec,HVSpec,HVSpec,HVSpec,HVSpec,HVSpec,HVSpec,HVSpec,HVSpec,HVSpec,HVSpec,HVSpec,HVSpec,HVSpec,HVSpec,HVSpec,HVSpec,HVSpec],updated_at=2026-06-26T12:34:45Z,uuid=6f50b7a7-c1a8-4c41-8b34-13a8d944085e,vcpus=16,vcpus_used=0) {{(pid=96388) _locked_update /opt/stack/nova/nova/scheduler/host_manager.py:168}}
Jun 26 12:35:11.173220 np0000003743 nova-scheduler[96388]: DEBUG nova.scheduler.host_manager [None req-cd21b2e3-5c4c-4a07-95bf-0697e6a3ee91 tempest-DeleteServersTestJSON-2028855664 tempest-DeleteServersTestJSON-2028855664-project-member] Update host state with aggregates: [] {{(pid=96388) _locked_update /opt/stack/nova/nova/scheduler/host_manager.py:171}}
