Jun 26 12:32:37.828010 np0000003743 nova-conductor[98885]: DEBUG cotyledon.oslo_config_glue [-] profiler.connection_string = messaging:// {{(pid=98885) log_opt_values /opt/stack/data/venv/lib/python3.12/site-packages/oslo_config/cfg.py:3253}}
Jun 26 12:32:37.828214 np0000003743 nova-conductor[98885]: DEBUG cotyledon.oslo_config_glue [-] profiler.enabled = False {{(pid=98885) log_opt_values /opt/stack/data/venv/lib/python3.12/site-packages/oslo_config/cfg.py:3253}}
Jun 26 12:32:37.828214 np0000003743 nova-conductor[98885]: DEBUG cotyledon.oslo_config_glue [-] profiler.es_doc_type = notification {{(pid=98885) log_opt_values /opt/stack/data/venv/lib/python3.12/site-packages/oslo_config/cfg.py:3253}}
Jun 26 12:32:37.828214 np0000003743 nova-conductor[98885]: DEBUG cotyledon.oslo_config_glue [-] profiler.es_scroll_size = 10000 {{(pid=98885) log_opt_values /opt/stack/data/venv/lib/python3.12/site-packages/oslo_config/cfg.py:3253}}
Jun 26 12:32:37.828214 np0000003743 nova-conductor[98885]: DEBUG cotyledon.oslo_config_glue [-] profiler.es_scroll_time = 2m {{(pid=98885) log_opt_values /opt/stack/data/venv/lib/python3.12/site-packages/oslo_config/cfg.py:3253}}
Jun 26 12:32:37.828214 np0000003743 nova-conductor[98885]: DEBUG cotyledon.oslo_config_glue [-] profiler.filter_error_trace = False {{(pid=98885) log_opt_values /opt/stack/data/venv/lib/python3.12/site-packages/oslo_config/cfg.py:3253}}
Jun 26 12:32:37.828214 np0000003743 nova-conductor[98885]: DEBUG cotyledon.oslo_config_glue [-] profiler.hmac_keys = **** {{(pid=98885) log_opt_values /opt/stack/data/venv/lib/python3.12/site-packages/oslo_config/cfg.py:3253}}
Jun 26 12:32:37.828214 np0000003743 nova-conductor[98885]: DEBUG cotyledon.oslo_config_glue [-] profiler.sentinel_service_name = mymaster {{(pid=98885) log_opt_values /opt/stack/data/venv/lib/python3.12/site-packages/oslo_config/cfg.py:3253}}
Jun 26 12:32:37.828214 np0000003743 nova-conductor[98885]: DEBUG cotyledon.oslo_config_glue [-] profiler.socket_timeout = 0.1 {{(pid=98885) log_opt_values /opt/stack/data/venv/lib/python3.12/site-packages/oslo_config/cfg.py:3253}}
Jun 26 12:32:37.828214 np0000003743 nova-conductor[98885]: DEBUG cotyledon.oslo_config_glue [-] profiler.trace_requests = False {{(pid=98885) log_opt_values /opt/stack/data/venv/lib/python3.12/site-packages/oslo_config/cfg.py:3253}}
Jun 26 12:32:37.828415 np0000003743 nova-conductor[98885]: DEBUG cotyledon.oslo_config_glue [-] profiler.trace_sqlalchemy = False {{(pid=98885) log_opt_values /opt/stack/data/venv/lib/python3.12/site-packages/oslo_config/cfg.py:3253}}
Jun 26 12:32:37.828415 np0000003743 nova-conductor[98885]: DEBUG cotyledon.oslo_config_glue [-] profiler_jaeger.process_tags = {} {{(pid=98885) log_opt_values /opt/stack/data/venv/lib/python3.12/site-packages/oslo_config/cfg.py:3253}}
Jun 26 12:32:37.828415 np0000003743 nova-conductor[98885]: DEBUG cotyledon.oslo_config_glue [-] profiler_jaeger.service_name_prefix = None {{(pid=98885) log_opt_values /opt/stack/data/venv/lib/python3.12/site-packages/oslo_config/cfg.py:3253}}
Jun 26 12:32:37.828415 np0000003743 nova-conductor[98885]: DEBUG cotyledon.oslo_config_glue [-] profiler_otlp.service_name_prefix = None {{(pid=98885) log_opt_values /opt/stack/data/venv/lib/python3.12/site-packages/oslo_config/cfg.py:3253}}
Jun 26 12:32:37.828415 np0000003743 nova-conductor[98885]: DEBUG cotyledon.oslo_config_glue [-] oslo_messaging_rabbit.amqp_auto_delete = False {{(pid=98885) log_opt_values /opt/stack/data/venv/lib/python3.12/site-packages/oslo_config/cfg.py:3253}}
Jun 26 12:32:37.828415 np0000003743 nova-conductor[98885]: DEBUG cotyledon.oslo_config_glue [-] oslo_messaging_rabbit.amqp_durable_queues = False {{(pid=98885) log_opt_values /opt/stack/data/venv/lib/python3.12/site-packages/oslo_config/cfg.py:3253}}
Jun 26 12:32:37.828415 np0000003743 nova-conductor[98885]: DEBUG cotyledon.oslo_config_glue [-] oslo_messaging_rabbit.conn_pool_min_size = 2 {{(pid=98885) log_opt_values /opt/stack/data/venv/lib/python3.12/site-packages/oslo_config/cfg.py:3253}}
Jun 26 12:32:37.828415 np0000003743 nova-conductor[98885]: DEBUG cotyledon.oslo_config_glue [-] oslo_messaging_rabbit.conn_pool_ttl = 1200 {{(pid=98885) log_opt_values /opt/stack/data/venv/lib/python3.12/site-packages/oslo_config/cfg.py:3253}}
Jun 26 12:32:37.828415 np0000003743 nova-conductor[98885]: DEBUG cotyledon.oslo_config_glue [-] oslo_messaging_rabbit.direct_mandatory_flag = True {{(pid=98885) log_opt_values /opt/stack/data/venv/lib/python3.12/site-packages/oslo_config/cfg.py:3253}}
Jun 26 12:32:37.828638 np0000003743 nova-conductor[98885]: DEBUG cotyledon.oslo_config_glue [-] oslo_messaging_rabbit.enable_cancel_on_failover = False {{(pid=98885) log_opt_values /opt/stack/data/venv/lib/python3.12/site-packages/oslo_config/cfg.py:3253}}
Jun 26 12:32:37.828638 np0000003743 nova-conductor[98885]: DEBUG cotyledon.oslo_config_glue [-] oslo_messaging_rabbit.heartbeat_rate = 3 {{(pid=98885) log_opt_values /opt/stack/data/venv/lib/python3.12/site-packages/oslo_config/cfg.py:3253}}
Jun 26 12:32:37.828638 np0000003743 nova-conductor[98885]: DEBUG cotyledon.oslo_config_glue [-] oslo_messaging_rabbit.heartbeat_timeout_threshold = 60 {{(pid=98885) log_opt_values /opt/stack/data/venv/lib/python3.12/site-packages/oslo_config/cfg.py:3253}}
Jun 26 12:32:37.828638 np0000003743 nova-conductor[98885]: DEBUG cotyledon.oslo_config_glue [-] oslo_messaging_rabbit.hostname = np0000003743 {{(pid=98885) log_opt_values /opt/stack/data/venv/lib/python3.12/site-packages/oslo_config/cfg.py:3253}}
Jun 26 12:32:37.828638 np0000003743 nova-conductor[98885]: DEBUG cotyledon.oslo_config_glue [-] oslo_messaging_rabbit.kombu_compression = None {{(pid=98885) log_opt_values /opt/stack/data/venv/lib/python3.12/site-packages/oslo_config/cfg.py:3253}}
Jun 26 12:32:37.828638 np0000003743 nova-conductor[98885]: DEBUG cotyledon.oslo_config_glue [-] oslo_messaging_rabbit.kombu_failover_strategy = round-robin {{(pid=98885) log_opt_values /opt/stack/data/venv/lib/python3.12/site-packages/oslo_config/cfg.py:3253}}
Jun 26 12:32:37.828638 np0000003743 nova-conductor[98885]: DEBUG cotyledon.oslo_config_glue [-] oslo_messaging_rabbit.kombu_missing_consumer_retry_timeout = 60 {{(pid=98885) log_opt_values /opt/stack/data/venv/lib/python3.12/site-packages/oslo_config/cfg.py:3253}}
Jun 26 12:32:37.828638 np0000003743 nova-conductor[98885]: DEBUG cotyledon.oslo_config_glue [-] oslo_messaging_rabbit.kombu_reconnect_delay = 1.0 {{(pid=98885) log_opt_values /opt/stack/data/venv/lib/python3.12/site-packages/oslo_config/cfg.py:3253}}
Jun 26 12:32:37.828638 np0000003743 nova-conductor[98885]: DEBUG cotyledon.oslo_config_glue [-] oslo_messaging_rabbit.kombu_reconnect_splay = 0.0 {{(pid=98885) log_opt_values /opt/stack/data/venv/lib/python3.12/site-packages/oslo_config/cfg.py:3253}}
Jun 26 12:32:37.828832 np0000003743 nova-conductor[98885]: DEBUG cotyledon.oslo_config_glue [-] oslo_messaging_rabbit.processname = nova-conductor {{(pid=98885) log_opt_values /opt/stack/data/venv/lib/python3.12/site-packages/oslo_config/cfg.py:3253}}
Jun 26 12:32:37.828832 np0000003743 nova-conductor[98885]: DEBUG cotyledon.oslo_config_glue [-] oslo_messaging_rabbit.rabbit_ha_queues = False {{(pid=98885) log_opt_values /opt/stack/data/venv/lib/python3.12/site-packages/oslo_config/cfg.py:3253}}
Jun 26 12:32:37.828832 np0000003743 nova-conductor[98885]: DEBUG cotyledon.oslo_config_glue [-] oslo_messaging_rabbit.rabbit_interval_max = 30 {{(pid=98885) log_opt_values /opt/stack/data/venv/lib/python3.12/site-packages/oslo_config/cfg.py:3253}}
Jun 26 12:32:37.828832 np0000003743 nova-conductor[98885]: DEBUG cotyledon.oslo_config_glue [-] oslo_messaging_rabbit.rabbit_login_method = AMQPLAIN {{(pid=98885) log_opt_values /opt/stack/data/venv/lib/python3.12/site-packages/oslo_config/cfg.py:3253}}
Jun 26 12:32:37.828832 np0000003743 nova-conductor[98885]: DEBUG cotyledon.oslo_config_glue [-] oslo_messaging_rabbit.rabbit_qos_prefetch_count = 0 {{(pid=98885) log_opt_values /opt/stack/data/venv/lib/python3.12/site-packages/oslo_config/cfg.py:3253}}
Jun 26 12:32:37.828832 np0000003743 nova-conductor[98885]: DEBUG cotyledon.oslo_config_glue [-] oslo_messaging_rabbit.rabbit_quorum_delivery_limit = 0 {{(pid=98885) log_opt_values /opt/stack/data/venv/lib/python3.12/site-packages/oslo_config/cfg.py:3253}}
Jun 26 12:32:37.828832 np0000003743 nova-conductor[98885]: DEBUG cotyledon.oslo_config_glue [-] oslo_messaging_rabbit.rabbit_quorum_max_memory_bytes = 0 {{(pid=98885) log_opt_values /opt/stack/data/venv/lib/python3.12/site-packages/oslo_config/cfg.py:3253}}
Jun 26 12:32:37.828832 np0000003743 nova-conductor[98885]: DEBUG cotyledon.oslo_config_glue [-] oslo_messaging_rabbit.rabbit_quorum_max_memory_length = 0 {{(pid=98885) log_opt_values /opt/stack/data/venv/lib/python3.12/site-packages/oslo_config/cfg.py:3253}}
Jun 26 12:32:37.828832 np0000003743 nova-conductor[98885]: DEBUG cotyledon.oslo_config_glue [-] oslo_messaging_rabbit.rabbit_quorum_queue = False {{(pid=98885) log_opt_values /opt/stack/data/venv/lib/python3.12/site-packages/oslo_config/cfg.py:3253}}
Jun 26 12:32:37.829014 np0000003743 nova-conductor[98885]: DEBUG cotyledon.oslo_config_glue [-] oslo_messaging_rabbit.rabbit_retry_backoff = 2 {{(pid=98885) log_opt_values /opt/stack/data/venv/lib/python3.12/site-packages/oslo_config/cfg.py:3253}}
Jun 26 12:32:37.829014 np0000003743 nova-conductor[98885]: DEBUG cotyledon.oslo_config_glue [-] oslo_messaging_rabbit.rabbit_retry_interval = 1 {{(pid=98885) log_opt_values /opt/stack/data/venv/lib/python3.12/site-packages/oslo_config/cfg.py:3253}}
Jun 26 12:32:37.829014 np0000003743 nova-conductor[98885]: DEBUG cotyledon.oslo_config_glue [-] oslo_messaging_rabbit.rabbit_stream_fanout = False {{(pid=98885) log_opt_values /opt/stack/data/venv/lib/python3.12/site-packages/oslo_config/cfg.py:3253}}
Jun 26 12:32:37.829014 np0000003743 nova-conductor[98885]: DEBUG cotyledon.oslo_config_glue [-] oslo_messaging_rabbit.rabbit_transient_queues_ttl = 1800 {{(pid=98885) log_opt_values /opt/stack/data/venv/lib/python3.12/site-packages/oslo_config/cfg.py:3253}}
Jun 26 12:32:37.829014 np0000003743 nova-conductor[98885]: DEBUG cotyledon.oslo_config_glue [-] oslo_messaging_rabbit.rabbit_transient_quorum_queue = False {{(pid=98885) log_opt_values /opt/stack/data/venv/lib/python3.12/site-packages/oslo_config/cfg.py:3253}}
Jun 26 12:32:37.829014 np0000003743 nova-conductor[98885]: DEBUG cotyledon.oslo_config_glue [-] oslo_messaging_rabbit.rpc_conn_pool_size = 30 {{(pid=98885) log_opt_values /opt/stack/data/venv/lib/python3.12/site-packages/oslo_config/cfg.py:3253}}
Jun 26 12:32:37.829014 np0000003743 nova-conductor[98885]: DEBUG cotyledon.oslo_config_glue [-] oslo_messaging_rabbit.ssl = False {{(pid=98885) log_opt_values /opt/stack/data/venv/lib/python3.12/site-packages/oslo_config/cfg.py:3253}}
Jun 26 12:32:37.829014 np0000003743 nova-conductor[98885]: DEBUG cotyledon.oslo_config_glue [-] oslo_messaging_rabbit.ssl_ca_file = {{(pid=98885) log_opt_values /opt/stack/data/venv/lib/python3.12/site-packages/oslo_config/cfg.py:3253}}
Jun 26 12:32:37.829014 np0000003743 nova-conductor[98885]: DEBUG cotyledon.oslo_config_glue [-] oslo_messaging_rabbit.ssl_cert_file = {{(pid=98885) log_opt_values /opt/stack/data/venv/lib/python3.12/site-packages/oslo_config/cfg.py:3253}}
Jun 26 12:32:37.829209 np0000003743 nova-conductor[98885]: DEBUG cotyledon.oslo_config_glue [-] oslo_messaging_rabbit.ssl_enforce_fips_mode = False {{(pid=98885) log_opt_values /opt/stack/data/venv/lib/python3.12/site-packages/oslo_config/cfg.py:3253}}
Jun 26 12:32:37.829209 np0000003743 nova-conductor[98885]: DEBUG cotyledon.oslo_config_glue [-] oslo_messaging_rabbit.ssl_enforce_hostname_verification = True {{(pid=98885) log_opt_values /opt/stack/data/venv/lib/python3.12/site-packages/oslo_config/cfg.py:3253}}
Jun 26 12:32:37.829209 np0000003743 nova-conductor[98885]: DEBUG cotyledon.oslo_config_glue [-] oslo_messaging_rabbit.ssl_key_file = {{(pid=98885) log_opt_values /opt/stack/data/venv/lib/python3.12/site-packages/oslo_config/cfg.py:3253}}
Jun 26 12:32:37.829209 np0000003743 nova-conductor[98885]: DEBUG cotyledon.oslo_config_glue [-] oslo_messaging_rabbit.ssl_version = {{(pid=98885) log_opt_values /opt/stack/data/venv/lib/python3.12/site-packages/oslo_config/cfg.py:3253}}
Jun 26 12:32:37.829209 np0000003743 nova-conductor[98885]: DEBUG cotyledon.oslo_config_glue [-] oslo_messaging_rabbit.use_queue_manager = False {{(pid=98885) log_opt_values /opt/stack/data/venv/lib/python3.12/site-packages/oslo_config/cfg.py:3253}}
Jun 26 12:32:37.829209 np0000003743 nova-conductor[98885]: DEBUG cotyledon.oslo_config_glue [-] oslo_messaging_notifications.driver = ['messagingv2'] {{(pid=98885) log_opt_values /opt/stack/data/venv/lib/python3.12/site-packages/oslo_config/cfg.py:3253}}
Jun 26 12:32:37.829209 np0000003743 nova-conductor[98885]: DEBUG cotyledon.oslo_config_glue [-] oslo_messaging_notifications.retry = -1 {{(pid=98885) log_opt_values /opt/stack/data/venv/lib/python3.12/site-packages/oslo_config/cfg.py:3253}}
Jun 26 12:32:37.829209 np0000003743 nova-conductor[98885]: DEBUG cotyledon.oslo_config_glue [-] oslo_messaging_notifications.topics = ['notifications'] {{(pid=98885) log_opt_values /opt/stack/data/venv/lib/python3.12/site-packages/oslo_config/cfg.py:3253}}
Jun 26 12:32:37.829209 np0000003743 nova-conductor[98885]: DEBUG cotyledon.oslo_config_glue [-] oslo_messaging_notifications.transport_url = **** {{(pid=98885) log_opt_values /opt/stack/data/venv/lib/python3.12/site-packages/oslo_config/cfg.py:3253}}
Jun 26 12:32:37.829404 np0000003743 nova-conductor[98885]: DEBUG cotyledon.oslo_config_glue [-] oslo_limit.auth_section = None {{(pid=98885) log_opt_values /opt/stack/data/venv/lib/python3.12/site-packages/oslo_config/cfg.py:3253}}
Jun 26 12:32:37.829404 np0000003743 nova-conductor[98885]: DEBUG cotyledon.oslo_config_glue [-] oslo_limit.auth_type = None {{(pid=98885) log_opt_values /opt/stack/data/venv/lib/python3.12/site-packages/oslo_config/cfg.py:3253}}
Jun 26 12:32:37.829404 np0000003743 nova-conductor[98885]: DEBUG cotyledon.oslo_config_glue [-] oslo_limit.cafile = None {{(pid=98885) log_opt_values /opt/stack/data/venv/lib/python3.12/site-packages/oslo_config/cfg.py:3253}}
Jun 26 12:32:37.829404 np0000003743 nova-conductor[98885]: DEBUG cotyledon.oslo_config_glue [-] oslo_limit.certfile = None {{(pid=98885) log_opt_values /opt/stack/data/venv/lib/python3.12/site-packages/oslo_config/cfg.py:3253}}
Jun 26 12:32:37.829404 np0000003743 nova-conductor[98885]: DEBUG cotyledon.oslo_config_glue [-] oslo_limit.collect_timing = False {{(pid=98885) log_opt_values /opt/stack/data/venv/lib/python3.12/site-packages/oslo_config/cfg.py:3253}}
Jun 26 12:32:37.829404 np0000003743 nova-conductor[98885]: DEBUG cotyledon.oslo_config_glue [-] oslo_limit.connect_retries = None {{(pid=98885) log_opt_values /opt/stack/data/venv/lib/python3.12/site-packages/oslo_config/cfg.py:3253}}
Jun 26 12:32:37.829404 np0000003743 nova-conductor[98885]: DEBUG cotyledon.oslo_config_glue [-] oslo_limit.connect_retry_delay = None {{(pid=98885) log_opt_values /opt/stack/data/venv/lib/python3.12/site-packages/oslo_config/cfg.py:3253}}
Jun 26 12:32:37.829404 np0000003743 nova-conductor[98885]: DEBUG cotyledon.oslo_config_glue [-] oslo_limit.endpoint_id = None {{(pid=98885) log_opt_values /opt/stack/data/venv/lib/python3.12/site-packages/oslo_config/cfg.py:3253}}
Jun 26 12:32:37.829404 np0000003743 nova-conductor[98885]: DEBUG cotyledon.oslo_config_glue [-] oslo_limit.endpoint_interface = public {{(pid=98885) log_opt_values /opt/stack/data/venv/lib/python3.12/site-packages/oslo_config/cfg.py:3253}}
Jun 26 12:32:37.829591 np0000003743 nova-conductor[98885]: DEBUG cotyledon.oslo_config_glue [-] oslo_limit.endpoint_override = None {{(pid=98885) log_opt_values /opt/stack/data/venv/lib/python3.12/site-packages/oslo_config/cfg.py:3253}}
Jun 26 12:32:37.829591 np0000003743 nova-conductor[98885]: DEBUG cotyledon.oslo_config_glue [-] oslo_limit.endpoint_region_name = None {{(pid=98885) log_opt_values /opt/stack/data/venv/lib/python3.12/site-packages/oslo_config/cfg.py:3253}}
Jun 26 12:32:37.829591 np0000003743 nova-conductor[98885]: DEBUG cotyledon.oslo_config_glue [-] oslo_limit.endpoint_service_name = None {{(pid=98885) log_opt_values /opt/stack/data/venv/lib/python3.12/site-packages/oslo_config/cfg.py:3253}}
Jun 26 12:32:37.829591 np0000003743 nova-conductor[98885]: DEBUG cotyledon.oslo_config_glue [-] oslo_limit.endpoint_service_type = None {{(pid=98885) log_opt_values /opt/stack/data/venv/lib/python3.12/site-packages/oslo_config/cfg.py:3253}}
Jun 26 12:32:37.829591 np0000003743 nova-conductor[98885]: DEBUG cotyledon.oslo_config_glue [-] oslo_limit.insecure = False {{(pid=98885) log_opt_values /opt/stack/data/venv/lib/python3.12/site-packages/oslo_config/cfg.py:3253}}
Jun 26 12:32:37.829591 np0000003743 nova-conductor[98885]: DEBUG cotyledon.oslo_config_glue [-] oslo_limit.keyfile = None {{(pid=98885) log_opt_values /opt/stack/data/venv/lib/python3.12/site-packages/oslo_config/cfg.py:3253}}
Jun 26 12:32:37.829591 np0000003743 nova-conductor[98885]: DEBUG cotyledon.oslo_config_glue [-] oslo_limit.max_version = None {{(pid=98885) log_opt_values /opt/stack/data/venv/lib/python3.12/site-packages/oslo_config/cfg.py:3253}}
Jun 26 12:32:37.829591 np0000003743 nova-conductor[98885]: DEBUG cotyledon.oslo_config_glue [-] oslo_limit.min_version = None {{(pid=98885) log_opt_values /opt/stack/data/venv/lib/python3.12/site-packages/oslo_config/cfg.py:3253}}
Jun 26 12:32:37.829591 np0000003743 nova-conductor[98885]: DEBUG cotyledon.oslo_config_glue [-] oslo_limit.region_name = None {{(pid=98885) log_opt_values /opt/stack/data/venv/lib/python3.12/site-packages/oslo_config/cfg.py:3253}}
Jun 26 12:32:37.829780 np0000003743 nova-conductor[98885]: DEBUG cotyledon.oslo_config_glue [-] oslo_limit.retriable_status_codes = None {{(pid=98885) log_opt_values /opt/stack/data/venv/lib/python3.12/site-packages/oslo_config/cfg.py:3253}}
Jun 26 12:32:37.829780 np0000003743 nova-conductor[98885]: DEBUG cotyledon.oslo_config_glue [-] oslo_limit.service_name = None {{(pid=98885) log_opt_values /opt/stack/data/venv/lib/python3.12/site-packages/oslo_config/cfg.py:3253}}
Jun 26 12:32:37.829780 np0000003743 nova-conductor[98885]: DEBUG cotyledon.oslo_config_glue [-] oslo_limit.service_type = None {{(pid=98885) log_opt_values /opt/stack/data/venv/lib/python3.12/site-packages/oslo_config/cfg.py:3253}}
Jun 26 12:32:37.829780 np0000003743 nova-conductor[98885]: DEBUG cotyledon.oslo_config_glue [-] oslo_limit.split_loggers = False {{(pid=98885) log_opt_values /opt/stack/data/venv/lib/python3.12/site-packages/oslo_config/cfg.py:3253}}
Jun 26 12:32:37.829780 np0000003743 nova-conductor[98885]: DEBUG cotyledon.oslo_config_glue [-] oslo_limit.status_code_retries = None {{(pid=98885) log_opt_values /opt/stack/data/venv/lib/python3.12/site-packages/oslo_config/cfg.py:3253}}
Jun 26 12:32:37.829780 np0000003743 nova-conductor[98885]: DEBUG cotyledon.oslo_config_glue [-] oslo_limit.status_code_retry_delay = None {{(pid=98885) log_opt_values /opt/stack/data/venv/lib/python3.12/site-packages/oslo_config/cfg.py:3253}}
Jun 26 12:32:37.829780 np0000003743 nova-conductor[98885]: DEBUG cotyledon.oslo_config_glue [-] oslo_limit.timeout = None {{(pid=98885) log_opt_values /opt/stack/data/venv/lib/python3.12/site-packages/oslo_config/cfg.py:3253}}
Jun 26 12:32:37.829780 np0000003743 nova-conductor[98885]: DEBUG cotyledon.oslo_config_glue [-] oslo_limit.valid_interfaces = None {{(pid=98885) log_opt_values /opt/stack/data/venv/lib/python3.12/site-packages/oslo_config/cfg.py:3253}}
Jun 26 12:32:37.829780 np0000003743 nova-conductor[98885]: DEBUG cotyledon.oslo_config_glue [-] oslo_limit.version = None {{(pid=98885) log_opt_values /opt/stack/data/venv/lib/python3.12/site-packages/oslo_config/cfg.py:3253}}
Jun 26 12:32:37.829977 np0000003743 nova-conductor[98885]: DEBUG cotyledon.oslo_config_glue [-] oslo_reports.file_event_handler = None {{(pid=98885) log_opt_values /opt/stack/data/venv/lib/python3.12/site-packages/oslo_config/cfg.py:3253}}
Jun 26 12:32:37.829977 np0000003743 nova-conductor[98885]: DEBUG cotyledon.oslo_config_glue [-] oslo_reports.file_event_handler_interval = 1 {{(pid=98885) log_opt_values /opt/stack/data/venv/lib/python3.12/site-packages/oslo_config/cfg.py:3253}}
Jun 26 12:32:37.829977 np0000003743 nova-conductor[98885]: DEBUG cotyledon.oslo_config_glue [-] oslo_reports.log_dir = None {{(pid=98885) log_opt_values /opt/stack/data/venv/lib/python3.12/site-packages/oslo_config/cfg.py:3253}}
Jun 26 12:32:37.829977 np0000003743 nova-conductor[98885]: DEBUG cotyledon.oslo_config_glue [-] ******************************************************************************** {{(pid=98885) log_opt_values /opt/stack/data/venv/lib/python3.12/site-packages/oslo_config/cfg.py:3260}}
Jun 26 12:32:37.829977 np0000003743 nova-conductor[98885]: DEBUG cotyledon._service_worker [-] Run service ServiceWrapper(3) [98885] {{(pid=98885) wait_forever /opt/stack/data/venv/lib/python3.12/site-packages/cotyledon/_service_worker.py:218}}
Jun 26 12:32:37.829977 np0000003743 nova-conductor[98885]: INFO nova.service [-] Starting conductor node (version 33.1.0)
Jun 26 12:32:37.830113 np0000003743 nova-conductor[98834]: DEBUG dbcounter [-] [98834] Writer thread running {{(pid=98834) stat_writer /opt/stack/data/venv/lib/python3.12/site-packages/dbcounter.py:102}}
Jun 26 12:32:37.830161 np0000003743 nova-conductor[98885]: INFO dbcounter [None req-905e5f12-c646-432f-8007-39a82e38c03d None None] Registered counter for database nova_cell0
Jun 26 12:32:37.830191 np0000003743 nova-conductor[98842]: DEBUG oslo_db.sqlalchemy.engines [None req-5e093af0-5965-4ac8-9926-bb9caf80124d None None] MySQL server mode set to STRICT_TRANS_TABLES,STRICT_ALL_TABLES,NO_ZERO_IN_DATE,NO_ZERO_DATE,ERROR_FOR_DIVISION_BY_ZERO,TRADITIONAL,NO_ENGINE_SUBSTITUTION {{(pid=98842) _check_effective_sql_mode /opt/stack/data/venv/lib/python3.12/site-packages/oslo_db/sqlalchemy/engines.py:325}}
Jun 26 12:32:37.830225 np0000003743 nova-conductor[98834]: DEBUG nova.service [None req-37938862-4ea1-45c1-a559-ded14a072f76 None None] Creating RPC server for service: nova-conductor on topic: conductor {{(pid=98834) start /opt/stack/nova/nova/service.py:196}}
Jun 26 12:32:37.830258 np0000003743 nova-conductor[98842]: DEBUG dbcounter [-] [98842] Writer thread running {{(pid=98842) stat_writer /opt/stack/data/venv/lib/python3.12/site-packages/dbcounter.py:102}}
Jun 26 12:32:37.830258 np0000003743 nova-conductor[98842]: DEBUG nova.service [None req-5e093af0-5965-4ac8-9926-bb9caf80124d None None] Creating RPC server for service: nova-conductor on topic: conductor {{(pid=98842) start /opt/stack/nova/nova/service.py:196}}
Jun 26 12:32:37.830309 np0000003743 nova-conductor[98883]: DEBUG oslo_db.sqlalchemy.engines [None req-34b7a0e1-8da2-4fa3-8a60-2a0c1f8112e7 None None] MySQL server mode set to STRICT_TRANS_TABLES,STRICT_ALL_TABLES,NO_ZERO_IN_DATE,NO_ZERO_DATE,ERROR_FOR_DIVISION_BY_ZERO,TRADITIONAL,NO_ENGINE_SUBSTITUTION {{(pid=98883) _check_effective_sql_mode /opt/stack/data/venv/lib/python3.12/site-packages/oslo_db/sqlalchemy/engines.py:325}}
Jun 26 12:32:37.830336 np0000003743 nova-conductor[98842]: DEBUG nova.service [None req-5e093af0-5965-4ac8-9926-bb9caf80124d None None] Join ServiceGroup membership for this service conductor {{(pid=98842) start /opt/stack/nova/nova/service.py:222}}
Jun 26 12:32:37.830336 np0000003743 nova-conductor[98842]: DEBUG nova.servicegroup.drivers.db [None req-5e093af0-5965-4ac8-9926-bb9caf80124d None None] DB_Driver: join new ServiceGroup member np0000003743 to the conductor group, service = {{(pid=98842) join /opt/stack/nova/nova/servicegroup/drivers/db.py:44}}
Jun 26 12:32:37.830380 np0000003743 nova-conductor[98834]: DEBUG nova.service [None req-37938862-4ea1-45c1-a559-ded14a072f76 None None] Join ServiceGroup membership for this service conductor {{(pid=98834) start /opt/stack/nova/nova/service.py:222}}
Jun 26 12:32:37.830380 np0000003743 nova-conductor[98834]: DEBUG nova.servicegroup.drivers.db [None req-37938862-4ea1-45c1-a559-ded14a072f76 None None] DB_Driver: join new ServiceGroup member np0000003743 to the conductor group, service = {{(pid=98834) join /opt/stack/nova/nova/servicegroup/drivers/db.py:44}}
Jun 26 12:32:37.830431 np0000003743 nova-conductor[98883]: DEBUG dbcounter [-] [98883] Writer thread running {{(pid=98883) stat_writer /opt/stack/data/venv/lib/python3.12/site-packages/dbcounter.py:102}}
Jun 26 12:32:37.830431 np0000003743 nova-conductor[98883]: DEBUG nova.service [None req-34b7a0e1-8da2-4fa3-8a60-2a0c1f8112e7 None None] Creating RPC server for service: nova-conductor on topic: conductor {{(pid=98883) start /opt/stack/nova/nova/service.py:196}}
Jun 26 12:32:37.830476 np0000003743 nova-conductor[98885]: DEBUG oslo_db.sqlalchemy.engines [None req-905e5f12-c646-432f-8007-39a82e38c03d None None] MySQL server mode set to STRICT_TRANS_TABLES,STRICT_ALL_TABLES,NO_ZERO_IN_DATE,NO_ZERO_DATE,ERROR_FOR_DIVISION_BY_ZERO,TRADITIONAL,NO_ENGINE_SUBSTITUTION {{(pid=98885) _check_effective_sql_mode /opt/stack/data/venv/lib/python3.12/site-packages/oslo_db/sqlalchemy/engines.py:325}}
Jun 26 12:32:37.830476 np0000003743 nova-conductor[98885]: DEBUG dbcounter [-] [98885] Writer thread running {{(pid=98885) stat_writer /opt/stack/data/venv/lib/python3.12/site-packages/dbcounter.py:102}}
Jun 26 12:32:37.830476 np0000003743 nova-conductor[98885]: DEBUG nova.service [None req-905e5f12-c646-432f-8007-39a82e38c03d None None] Creating RPC server for service: nova-conductor on topic: conductor {{(pid=98885) start /opt/stack/nova/nova/service.py:196}}
Jun 26 12:32:37.830538 np0000003743 nova-conductor[98883]: DEBUG nova.service [None req-34b7a0e1-8da2-4fa3-8a60-2a0c1f8112e7 None None] Join ServiceGroup membership for this service conductor {{(pid=98883) start /opt/stack/nova/nova/service.py:222}}
Jun 26 12:32:37.830538 np0000003743 nova-conductor[98883]: DEBUG nova.servicegroup.drivers.db [None req-34b7a0e1-8da2-4fa3-8a60-2a0c1f8112e7 None None] DB_Driver: join new ServiceGroup member np0000003743 to the conductor group, service = {{(pid=98883) join /opt/stack/nova/nova/servicegroup/drivers/db.py:44}}
Jun 26 12:32:37.830538 np0000003743 nova-conductor[98883]: DEBUG oslo.service.backend._threading.loopingcall [None req-7f711fe3-5f66-4d14-b4bc-bada8acc866a None None] Dynamic interval looping call 'nova.service.Service.periodic_tasks' sleeping for 60.00 seconds {{(pid=98883) _run_loop /opt/stack/data/venv/lib/python3.12/site-packages/oslo_service/backend/_threading/loopingcall.py:125}}
Jun 26 12:32:37.833214 np0000003743 nova-conductor[98885]: DEBUG nova.service [None req-905e5f12-c646-432f-8007-39a82e38c03d None None] Join ServiceGroup membership for this service conductor {{(pid=98885) start /opt/stack/nova/nova/service.py:222}}
Jun 26 12:32:37.833388 np0000003743 nova-conductor[98885]: DEBUG nova.servicegroup.drivers.db [None req-905e5f12-c646-432f-8007-39a82e38c03d None None] DB_Driver: join new ServiceGroup member np0000003743 to the conductor group, service = {{(pid=98885) join /opt/stack/nova/nova/servicegroup/drivers/db.py:44}}
Jun 26 12:32:42.808072 np0000003743 nova-conductor[98834]: DEBUG oslo.service.backend._threading.loopingcall [-] Fixed interval looping call 'nova.servicegroup.drivers.db.DbDriver._report_state' sleeping for 119.99 seconds {{(pid=98834) _run_loop /opt/stack/data/venv/lib/python3.12/site-packages/oslo_service/backend/_threading/loopingcall.py:125}}
Jun 26 12:32:42.808803 np0000003743 nova-conductor[98842]: DEBUG oslo.service.backend._threading.loopingcall [-] Fixed interval looping call 'nova.servicegroup.drivers.db.DbDriver._report_state' sleeping for 119.99 seconds {{(pid=98842) _run_loop /opt/stack/data/venv/lib/python3.12/site-packages/oslo_service/backend/_threading/loopingcall.py:125}}
Jun 26 12:32:42.830476 np0000003743 nova-conductor[98883]: DEBUG oslo.service.backend._threading.loopingcall [-] Fixed interval looping call 'nova.servicegroup.drivers.db.DbDriver._report_state' sleeping for 119.99 seconds {{(pid=98883) _run_loop /opt/stack/data/venv/lib/python3.12/site-packages/oslo_service/backend/_threading/loopingcall.py:125}}
Jun 26 12:32:42.851395 np0000003743 nova-conductor[98885]: DEBUG oslo.service.backend._threading.loopingcall [-] Fixed interval looping call 'nova.servicegroup.drivers.db.DbDriver._report_state' sleeping for 119.98 seconds {{(pid=98885) _run_loop /opt/stack/data/venv/lib/python3.12/site-packages/oslo_service/backend/_threading/loopingcall.py:125}}
Jun 26 12:32:46.394629 np0000003743 nova-conductor[97325]: DEBUG dbcounter [-] [97325] Writing DB stats nova_api:SELECT=1 {{(pid=97325) stat_writer /opt/stack/data/venv/lib/python3.12/site-packages/dbcounter.py:115}}
Jun 26 12:32:46.524473 np0000003743 nova-conductor[97325]: DEBUG dbcounter [-] [97325] Writing DB stats nova_cell0:SELECT=1 {{(pid=97325) stat_writer /opt/stack/data/venv/lib/python3.12/site-packages/dbcounter.py:115}}
Jun 26 12:32:46.528651 np0000003743 nova-conductor[97325]: DEBUG dbcounter [-] [97325] Writing DB stats nova_cell1:SELECT=1 {{(pid=97325) stat_writer /opt/stack/data/venv/lib/python3.12/site-packages/dbcounter.py:115}}
Jun 26 12:32:49.835456 np0000003743 nova-conductor[98885]: DEBUG oslo.service.backend._threading.loopingcall [None req-6385bf7a-0318-451b-90a1-4c0b34abad03 None None] Dynamic interval looping call 'nova.service.Service.periodic_tasks' sleeping for 60.00 seconds {{(pid=98885) _run_loop /opt/stack/data/venv/lib/python3.12/site-packages/oslo_service/backend/_threading/loopingcall.py:125}}
Jun 26 12:32:52.804792 np0000003743 nova-conductor[98834]: DEBUG dbcounter [-] [98834] Writing DB stats nova_cell0:SELECT=4,nova_cell0:INSERT=1,nova_cell0:UPDATE=1 {{(pid=98834) stat_writer /opt/stack/data/venv/lib/python3.12/site-packages/dbcounter.py:115}}
Jun 26 12:32:52.806251 np0000003743 nova-conductor[98842]: DEBUG dbcounter [-] [98842] Writing DB stats nova_cell0:SELECT=3,nova_cell0:UPDATE=1 {{(pid=98842) stat_writer /opt/stack/data/venv/lib/python3.12/site-packages/dbcounter.py:115}}
Jun 26 12:32:52.828005 np0000003743 nova-conductor[98883]: DEBUG dbcounter [-] [98883] Writing DB stats nova_cell0:SELECT=3 {{(pid=98883) stat_writer /opt/stack/data/venv/lib/python3.12/site-packages/dbcounter.py:115}}
Jun 26 12:32:52.845759 np0000003743 nova-conductor[98885]: DEBUG dbcounter [-] [98885] Writing DB stats nova_cell0:SELECT=3 {{(pid=98885) stat_writer /opt/stack/data/venv/lib/python3.12/site-packages/dbcounter.py:115}}
Jun 26 12:33:17.797226 np0000003743 nova-conductor[98842]: DEBUG oslo.service.backend._threading.loopingcall [None req-680aa57a-55a9-4353-83fd-2ec66ccefd19 None None] Dynamic interval looping call 'nova.service.Service.periodic_tasks' sleeping for 60.00 seconds {{(pid=98842) _run_loop /opt/stack/data/venv/lib/python3.12/site-packages/oslo_service/backend/_threading/loopingcall.py:125}}
Jun 26 12:33:37.798523 np0000003743 nova-conductor[98834]: DEBUG oslo.service.backend._threading.loopingcall [None req-5f4f525b-4b83-428a-95e1-cb92aeb8c93a None None] Dynamic interval looping call 'nova.service.Service.periodic_tasks' sleeping for 60.00 seconds {{(pid=98834) _run_loop /opt/stack/data/venv/lib/python3.12/site-packages/oslo_service/backend/_threading/loopingcall.py:125}}
Jun 26 12:33:37.821004 np0000003743 nova-conductor[98883]: DEBUG oslo.service.backend._threading.loopingcall [None req-7f711fe3-5f66-4d14-b4bc-bada8acc866a None None] Dynamic interval looping call 'nova.service.Service.periodic_tasks' sleeping for 60.00 seconds {{(pid=98883) _run_loop /opt/stack/data/venv/lib/python3.12/site-packages/oslo_service/backend/_threading/loopingcall.py:125}}
Jun 26 12:33:49.835987 np0000003743 nova-conductor[98885]: DEBUG oslo.service.backend._threading.loopingcall [None req-6385bf7a-0318-451b-90a1-4c0b34abad03 None None] Dynamic interval looping call 'nova.service.Service.periodic_tasks' sleeping for 60.00 seconds {{(pid=98885) _run_loop /opt/stack/data/venv/lib/python3.12/site-packages/oslo_service/backend/_threading/loopingcall.py:125}}
Jun 26 12:34:17.797706 np0000003743 nova-conductor[98842]: DEBUG oslo.service.backend._threading.loopingcall [None req-680aa57a-55a9-4353-83fd-2ec66ccefd19 None None] Dynamic interval looping call 'nova.service.Service.periodic_tasks' sleeping for 60.00 seconds {{(pid=98842) _run_loop /opt/stack/data/venv/lib/python3.12/site-packages/oslo_service/backend/_threading/loopingcall.py:125}}
Jun 26 12:34:37.799202 np0000003743 nova-conductor[98834]: DEBUG oslo.service.backend._threading.loopingcall [None req-5f4f525b-4b83-428a-95e1-cb92aeb8c93a None None] Dynamic interval looping call 'nova.service.Service.periodic_tasks' sleeping for 60.00 seconds {{(pid=98834) _run_loop /opt/stack/data/venv/lib/python3.12/site-packages/oslo_service/backend/_threading/loopingcall.py:125}}
Jun 26 12:34:37.821473 np0000003743 nova-conductor[98883]: DEBUG oslo.service.backend._threading.loopingcall [None req-7f711fe3-5f66-4d14-b4bc-bada8acc866a None None] Dynamic interval looping call 'nova.service.Service.periodic_tasks' sleeping for 60.00 seconds {{(pid=98883) _run_loop /opt/stack/data/venv/lib/python3.12/site-packages/oslo_service/backend/_threading/loopingcall.py:125}}
Jun 26 12:34:42.807335 np0000003743 nova-conductor[98834]: DEBUG oslo.service.backend._threading.loopingcall [-] Fixed interval looping call 'nova.servicegroup.drivers.db.DbDriver._report_state' sleeping for 119.99 seconds {{(pid=98834) _run_loop /opt/stack/data/venv/lib/python3.12/site-packages/oslo_service/backend/_threading/loopingcall.py:125}}
Jun 26 12:34:42.807882 np0000003743 nova-conductor[98842]: DEBUG oslo.service.backend._threading.loopingcall [-] Fixed interval looping call 'nova.servicegroup.drivers.db.DbDriver._report_state' sleeping for 119.99 seconds {{(pid=98842) _run_loop /opt/stack/data/venv/lib/python3.12/site-packages/oslo_service/backend/_threading/loopingcall.py:125}}
Jun 26 12:34:42.824067 np0000003743 nova-conductor[98883]: DEBUG oslo.service.backend._threading.loopingcall [-] Fixed interval looping call 'nova.servicegroup.drivers.db.DbDriver._report_state' sleeping for 120.00 seconds {{(pid=98883) _run_loop /opt/stack/data/venv/lib/python3.12/site-packages/oslo_service/backend/_threading/loopingcall.py:125}}
Jun 26 12:34:42.834811 np0000003743 nova-conductor[98885]: DEBUG oslo.service.backend._threading.loopingcall [-] Fixed interval looping call 'nova.servicegroup.drivers.db.DbDriver._report_state' sleeping for 120.00 seconds {{(pid=98885) _run_loop /opt/stack/data/venv/lib/python3.12/site-packages/oslo_service/backend/_threading/loopingcall.py:125}}
Jun 26 12:34:49.836600 np0000003743 nova-conductor[98885]: DEBUG oslo.service.backend._threading.loopingcall [None req-6385bf7a-0318-451b-90a1-4c0b34abad03 None None] Dynamic interval looping call 'nova.service.Service.periodic_tasks' sleeping for 60.00 seconds {{(pid=98885) _run_loop /opt/stack/data/venv/lib/python3.12/site-packages/oslo_service/backend/_threading/loopingcall.py:125}}
Jun 26 12:34:52.801188 np0000003743 nova-conductor[98834]: DEBUG dbcounter [-] [98834] Writing DB stats nova_cell0:SELECT=1,nova_cell0:UPDATE=1 {{(pid=98834) stat_writer /opt/stack/data/venv/lib/python3.12/site-packages/dbcounter.py:115}}
Jun 26 12:34:52.801581 np0000003743 nova-conductor[98842]: DEBUG dbcounter [-] [98842] Writing DB stats nova_cell0:SELECT=1,nova_cell0:UPDATE=1 {{(pid=98842) stat_writer /opt/stack/data/venv/lib/python3.12/site-packages/dbcounter.py:115}}
Jun 26 12:34:52.822290 np0000003743 nova-conductor[98883]: DEBUG dbcounter [-] [98883] Writing DB stats nova_cell0:SELECT=1 {{(pid=98883) stat_writer /opt/stack/data/venv/lib/python3.12/site-packages/dbcounter.py:115}}
Jun 26 12:34:52.833075 np0000003743 nova-conductor[98885]: DEBUG dbcounter [-] [98885] Writing DB stats nova_cell0:SELECT=1 {{(pid=98885) stat_writer /opt/stack/data/venv/lib/python3.12/site-packages/dbcounter.py:115}}
Jun 26 12:35:10.288810 np0000003743 nova-conductor[98842]: DEBUG oslo_db.sqlalchemy.engines [None req-cd21b2e3-5c4c-4a07-95bf-0697e6a3ee91 tempest-DeleteServersTestJSON-2028855664 tempest-DeleteServersTestJSON-2028855664-project-member] Parent process 97325 forked (98842) with an open database connection, which is being discarded and recreated. {{(pid=98842) checkout /opt/stack/data/venv/lib/python3.12/site-packages/oslo_db/sqlalchemy/engines.py:402}}
Jun 26 12:35:10.349481 np0000003743 nova-conductor[98842]: DEBUG dbcounter [-] [98842] Writer thread running {{(pid=98842) stat_writer /opt/stack/data/venv/lib/python3.12/site-packages/dbcounter.py:102}}
Jun 26 12:35:11.372931 np0000003743 nova-conductor[98842]: DEBUG nova.conductor.manager [None req-cd21b2e3-5c4c-4a07-95bf-0697e6a3ee91 tempest-DeleteServersTestJSON-2028855664 tempest-DeleteServersTestJSON-2028855664-project-member] Took 1.02 seconds to select destinations for 1 instance(s). {{(pid=98842) _schedule_instances /opt/stack/nova/nova/conductor/manager.py:968}}
Jun 26 12:35:11.406718 np0000003743 nova-conductor[98842]: DEBUG oslo_concurrency.lockutils [None req-cd21b2e3-5c4c-4a07-95bf-0697e6a3ee91 tempest-DeleteServersTestJSON-2028855664 tempest-DeleteServersTestJSON-2028855664-project-member] Acquiring lock "b73390bf-8bc6-42ef-ad1f-659a73159d2a" by "nova.context.set_target_cell..get_or_set_cached_cell_and_set_connections" {{(pid=98842) inner /opt/stack/data/venv/lib/python3.12/site-packages/oslo_concurrency/lockutils.py:511}}
Jun 26 12:35:11.406718 np0000003743 nova-conductor[98842]: DEBUG oslo_concurrency.lockutils [None req-cd21b2e3-5c4c-4a07-95bf-0697e6a3ee91 tempest-DeleteServersTestJSON-2028855664 tempest-DeleteServersTestJSON-2028855664-project-member] Lock "b73390bf-8bc6-42ef-ad1f-659a73159d2a" acquired by "nova.context.set_target_cell..get_or_set_cached_cell_and_set_connections" :: waited 0.000s {{(pid=98842) inner /opt/stack/data/venv/lib/python3.12/site-packages/oslo_concurrency/lockutils.py:524}}
Jun 26 12:35:11.408214 np0000003743 nova-conductor[98842]: DEBUG oslo_concurrency.lockutils [None req-cd21b2e3-5c4c-4a07-95bf-0697e6a3ee91 tempest-DeleteServersTestJSON-2028855664 tempest-DeleteServersTestJSON-2028855664-project-member] Lock "b73390bf-8bc6-42ef-ad1f-659a73159d2a" "released" by "nova.context.set_target_cell..get_or_set_cached_cell_and_set_connections" :: held 0.001s {{(pid=98842) inner /opt/stack/data/venv/lib/python3.12/site-packages/oslo_concurrency/lockutils.py:543}}
Jun 26 12:35:11.410016 np0000003743 nova-conductor[98842]: INFO dbcounter [None req-cd21b2e3-5c4c-4a07-95bf-0697e6a3ee91 tempest-DeleteServersTestJSON-2028855664 tempest-DeleteServersTestJSON-2028855664-project-member] Registered counter for database nova_cell1
Jun 26 12:35:11.455016 np0000003743 nova-conductor[98842]: DEBUG oslo_db.sqlalchemy.engines [None req-cd21b2e3-5c4c-4a07-95bf-0697e6a3ee91 tempest-DeleteServersTestJSON-2028855664 tempest-DeleteServersTestJSON-2028855664-project-member] MySQL server mode set to STRICT_TRANS_TABLES,STRICT_ALL_TABLES,NO_ZERO_IN_DATE,NO_ZERO_DATE,ERROR_FOR_DIVISION_BY_ZERO,TRADITIONAL,NO_ENGINE_SUBSTITUTION {{(pid=98842) _check_effective_sql_mode /opt/stack/data/venv/lib/python3.12/site-packages/oslo_db/sqlalchemy/engines.py:325}}
Jun 26 12:35:11.461575 np0000003743 nova-conductor[98842]: DEBUG dbcounter [-] [98842] Writer thread running {{(pid=98842) stat_writer /opt/stack/data/venv/lib/python3.12/site-packages/dbcounter.py:102}}
Jun 26 12:35:11.526706 np0000003743 nova-conductor[98842]: INFO nova.utils [None req-cd21b2e3-5c4c-4a07-95bf-0697e6a3ee91 tempest-DeleteServersTestJSON-2028855664 tempest-DeleteServersTestJSON-2028855664-project-member] The cell worker thread pool ForkProcess-2.cell_worker is initialized
Jun 26 12:35:11.526970 np0000003743 nova-conductor[98842]: DEBUG oslo_concurrency.lockutils [None req-cd21b2e3-5c4c-4a07-95bf-0697e6a3ee91 tempest-DeleteServersTestJSON-2028855664 tempest-DeleteServersTestJSON-2028855664-project-member] Acquiring lock "00000000-0000-0000-0000-000000000000" by "nova.context.set_target_cell..get_or_set_cached_cell_and_set_connections" {{(pid=98842) inner /opt/stack/data/venv/lib/python3.12/site-packages/oslo_concurrency/lockutils.py:511}}
Jun 26 12:35:11.527153 np0000003743 nova-conductor[98842]: DEBUG oslo_concurrency.lockutils [None req-cd21b2e3-5c4c-4a07-95bf-0697e6a3ee91 tempest-DeleteServersTestJSON-2028855664 tempest-DeleteServersTestJSON-2028855664-project-member] Lock "00000000-0000-0000-0000-000000000000" acquired by "nova.context.set_target_cell..get_or_set_cached_cell_and_set_connections" :: waited 0.000s {{(pid=98842) inner /opt/stack/data/venv/lib/python3.12/site-packages/oslo_concurrency/lockutils.py:524}}
Jun 26 12:35:11.527485 np0000003743 nova-conductor[98842]: DEBUG oslo_concurrency.lockutils [None req-cd21b2e3-5c4c-4a07-95bf-0697e6a3ee91 tempest-DeleteServersTestJSON-2028855664 tempest-DeleteServersTestJSON-2028855664-project-member] Lock "00000000-0000-0000-0000-000000000000" "released" by "nova.context.set_target_cell..get_or_set_cached_cell_and_set_connections" :: held 0.000s {{(pid=98842) inner /opt/stack/data/venv/lib/python3.12/site-packages/oslo_concurrency/lockutils.py:543}}
Jun 26 12:35:11.528033 np0000003743 nova-conductor[98842]: DEBUG oslo_concurrency.lockutils [None req-cd21b2e3-5c4c-4a07-95bf-0697e6a3ee91 tempest-DeleteServersTestJSON-2028855664 tempest-DeleteServersTestJSON-2028855664-project-member] Acquiring lock "b73390bf-8bc6-42ef-ad1f-659a73159d2a" by "nova.context.set_target_cell..get_or_set_cached_cell_and_set_connections" {{(pid=98842) inner /opt/stack/data/venv/lib/python3.12/site-packages/oslo_concurrency/lockutils.py:511}}
Jun 26 12:35:11.528201 np0000003743 nova-conductor[98842]: DEBUG oslo_concurrency.lockutils [None req-cd21b2e3-5c4c-4a07-95bf-0697e6a3ee91 tempest-DeleteServersTestJSON-2028855664 tempest-DeleteServersTestJSON-2028855664-project-member] Lock "b73390bf-8bc6-42ef-ad1f-659a73159d2a" acquired by "nova.context.set_target_cell..get_or_set_cached_cell_and_set_connections" :: waited 0.000s {{(pid=98842) inner /opt/stack/data/venv/lib/python3.12/site-packages/oslo_concurrency/lockutils.py:524}}
Jun 26 12:35:11.529497 np0000003743 nova-conductor[98842]: INFO dbcounter [None req-cd21b2e3-5c4c-4a07-95bf-0697e6a3ee91 tempest-DeleteServersTestJSON-2028855664 tempest-DeleteServersTestJSON-2028855664-project-member] Registered counter for database nova_cell0
Jun 26 12:35:11.530744 np0000003743 nova-conductor[98842]: DEBUG oslo_concurrency.lockutils [None req-cd21b2e3-5c4c-4a07-95bf-0697e6a3ee91 tempest-DeleteServersTestJSON-2028855664 tempest-DeleteServersTestJSON-2028855664-project-member] Lock "b73390bf-8bc6-42ef-ad1f-659a73159d2a" "released" by "nova.context.set_target_cell..get_or_set_cached_cell_and_set_connections" :: held 0.001s {{(pid=98842) inner /opt/stack/data/venv/lib/python3.12/site-packages/oslo_concurrency/lockutils.py:543}}
Jun 26 12:35:11.570100 np0000003743 nova-conductor[98842]: DEBUG oslo_db.sqlalchemy.engines [None req-cd21b2e3-5c4c-4a07-95bf-0697e6a3ee91 tempest-DeleteServersTestJSON-2028855664 tempest-DeleteServersTestJSON-2028855664-project-member] MySQL server mode set to STRICT_TRANS_TABLES,STRICT_ALL_TABLES,NO_ZERO_IN_DATE,NO_ZERO_DATE,ERROR_FOR_DIVISION_BY_ZERO,TRADITIONAL,NO_ENGINE_SUBSTITUTION {{(pid=98842) _check_effective_sql_mode /opt/stack/data/venv/lib/python3.12/site-packages/oslo_db/sqlalchemy/engines.py:325}}
Jun 26 12:35:11.575845 np0000003743 nova-conductor[98842]: DEBUG dbcounter [-] [98842] Writer thread running {{(pid=98842) stat_writer /opt/stack/data/venv/lib/python3.12/site-packages/dbcounter.py:102}}
Jun 26 12:35:11.588847 np0000003743 nova-conductor[98842]: DEBUG nova.quota [None req-cd21b2e3-5c4c-4a07-95bf-0697e6a3ee91 tempest-DeleteServersTestJSON-2028855664 tempest-DeleteServersTestJSON-2028855664-project-member] Getting quotas for project bca5d300ec224375a199140433a836c1. Resources: {'ram', 'cores', 'instances'} {{(pid=98842) _get_quotas /opt/stack/nova/nova/quota.py:392}}
Jun 26 12:35:11.593100 np0000003743 nova-conductor[98842]: DEBUG nova.quota [None req-cd21b2e3-5c4c-4a07-95bf-0697e6a3ee91 tempest-DeleteServersTestJSON-2028855664 tempest-DeleteServersTestJSON-2028855664-project-member] Getting quotas for user e7582ba17644412fb3f679679dd94364 and project bca5d300ec224375a199140433a836c1. Resources: {'ram', 'cores', 'instances'} {{(pid=98842) _get_quotas /opt/stack/nova/nova/quota.py:382}}
Jun 26 12:35:11.598544 np0000003743 nova-conductor[98842]: DEBUG nova.conductor.manager [None req-cd21b2e3-5c4c-4a07-95bf-0697e6a3ee91 tempest-DeleteServersTestJSON-2028855664 tempest-DeleteServersTestJSON-2028855664-project-member] [instance: fc7d18d8-1138-407d-9720-1b214195de26] Selected host: np0000003743; Selected node: np0000003743; Alternates: [] {{(pid=98842) schedule_and_build_instances /opt/stack/nova/nova/conductor/manager.py:1784}}
Jun 26 12:35:11.598946 np0000003743 nova-conductor[98842]: DEBUG oslo_concurrency.lockutils [None req-cd21b2e3-5c4c-4a07-95bf-0697e6a3ee91 tempest-DeleteServersTestJSON-2028855664 tempest-DeleteServersTestJSON-2028855664-project-member] Acquiring lock "b73390bf-8bc6-42ef-ad1f-659a73159d2a" by "nova.context.set_target_cell..get_or_set_cached_cell_and_set_connections" {{(pid=98842) inner /opt/stack/data/venv/lib/python3.12/site-packages/oslo_concurrency/lockutils.py:511}}
Jun 26 12:35:11.599102 np0000003743 nova-conductor[98842]: DEBUG oslo_concurrency.lockutils [None req-cd21b2e3-5c4c-4a07-95bf-0697e6a3ee91 tempest-DeleteServersTestJSON-2028855664 tempest-DeleteServersTestJSON-2028855664-project-member] Lock "b73390bf-8bc6-42ef-ad1f-659a73159d2a" acquired by "nova.context.set_target_cell..get_or_set_cached_cell_and_set_connections" :: waited 0.000s {{(pid=98842) inner /opt/stack/data/venv/lib/python3.12/site-packages/oslo_concurrency/lockutils.py:524}}
Jun 26 12:35:11.599327 np0000003743 nova-conductor[98842]: DEBUG oslo_concurrency.lockutils [None req-cd21b2e3-5c4c-4a07-95bf-0697e6a3ee91 tempest-DeleteServersTestJSON-2028855664 tempest-DeleteServersTestJSON-2028855664-project-member] Lock "b73390bf-8bc6-42ef-ad1f-659a73159d2a" "released" by "nova.context.set_target_cell..get_or_set_cached_cell_and_set_connections" :: held 0.000s {{(pid=98842) inner /opt/stack/data/venv/lib/python3.12/site-packages/oslo_concurrency/lockutils.py:543}}
Jun 26 12:35:11.611033 np0000003743 nova-conductor[98842]: DEBUG nova.conductor.manager [None req-cd21b2e3-5c4c-4a07-95bf-0697e6a3ee91 tempest-DeleteServersTestJSON-2028855664 tempest-DeleteServersTestJSON-2028855664-project-member] [instance: fc7d18d8-1138-407d-9720-1b214195de26] block_device_mapping [BlockDeviceMapping(attachment_id=,boot_index=0,connection_info=None,created_at=,delete_on_termination=True,deleted=,deleted_at=,destination_type='local',device_name=None,device_type='disk',disk_bus=None,encrypted=False,encryption_format=None,encryption_options=None,encryption_secret_uuid=None,guest_format=None,id=,image_id='f9ab80e2-a2c7-40e2-ae52-0ab6e7f17f9e',instance=,instance_uuid=,no_device=False,snapshot_id=None,source_type='image',tag=None,updated_at=,uuid=,volume_id=None,volume_size=None,volume_type=None)] {{(pid=98842) _create_block_device_mapping /opt/stack/nova/nova/conductor/manager.py:1529}}
Jun 26 12:35:11.612402 np0000003743 nova-conductor[98842]: DEBUG oslo_concurrency.lockutils [None req-cd21b2e3-5c4c-4a07-95bf-0697e6a3ee91 tempest-DeleteServersTestJSON-2028855664 tempest-DeleteServersTestJSON-2028855664-project-member] Acquiring lock "b73390bf-8bc6-42ef-ad1f-659a73159d2a" by "nova.context.set_target_cell..get_or_set_cached_cell_and_set_connections" {{(pid=98842) inner /opt/stack/data/venv/lib/python3.12/site-packages/oslo_concurrency/lockutils.py:511}}
Jun 26 12:35:11.612402 np0000003743 nova-conductor[98842]: DEBUG oslo_concurrency.lockutils [None req-cd21b2e3-5c4c-4a07-95bf-0697e6a3ee91 tempest-DeleteServersTestJSON-2028855664 tempest-DeleteServersTestJSON-2028855664-project-member] Lock "b73390bf-8bc6-42ef-ad1f-659a73159d2a" acquired by "nova.context.set_target_cell..get_or_set_cached_cell_and_set_connections" :: waited 0.000s {{(pid=98842) inner /opt/stack/data/venv/lib/python3.12/site-packages/oslo_concurrency/lockutils.py:524}}
Jun 26 12:35:11.612402 np0000003743 nova-conductor[98842]: DEBUG oslo_concurrency.lockutils [None req-cd21b2e3-5c4c-4a07-95bf-0697e6a3ee91 tempest-DeleteServersTestJSON-2028855664 tempest-DeleteServersTestJSON-2028855664-project-member] Lock "b73390bf-8bc6-42ef-ad1f-659a73159d2a" "released" by "nova.context.set_target_cell..get_or_set_cached_cell_and_set_connections" :: held 0.000s {{(pid=98842) inner /opt/stack/data/venv/lib/python3.12/site-packages/oslo_concurrency/lockutils.py:543}}
Jun 26 12:35:11.648443 np0000003743 nova-conductor[98842]: DEBUG oslo_concurrency.lockutils [None req-cd21b2e3-5c4c-4a07-95bf-0697e6a3ee91 tempest-DeleteServersTestJSON-2028855664 tempest-DeleteServersTestJSON-2028855664-project-member] Acquiring lock "b73390bf-8bc6-42ef-ad1f-659a73159d2a" by "nova.context.set_target_cell..get_or_set_cached_cell_and_set_connections" {{(pid=98842) inner /opt/stack/data/venv/lib/python3.12/site-packages/oslo_concurrency/lockutils.py:511}}
Jun 26 12:35:11.648656 np0000003743 nova-conductor[98842]: DEBUG oslo_concurrency.lockutils [None req-cd21b2e3-5c4c-4a07-95bf-0697e6a3ee91 tempest-DeleteServersTestJSON-2028855664 tempest-DeleteServersTestJSON-2028855664-project-member] Lock "b73390bf-8bc6-42ef-ad1f-659a73159d2a" acquired by "nova.context.set_target_cell..get_or_set_cached_cell_and_set_connections" :: waited 0.000s {{(pid=98842) inner /opt/stack/data/venv/lib/python3.12/site-packages/oslo_concurrency/lockutils.py:524}}
