Aug 06 17:45:21.014079 np0000006680 devstack@g-api.service[99902]: DEBUG glance.api.middleware.version_negotiation [None req-2e2bf806-ce0a-410d-a6c5-84ea89b2037a tempest-VolumesActionsTest-1640225386 tempest-VolumesActionsTest-1640225386-project-member] new path /v2/images/58135d69-320b-4c7b-b611-bc628aef140a {{(pid=99902) process_request /opt/stack/glance/glance/api/middleware/version_negotiation.py:70}}
Aug 06 17:45:21.025435 np0000006680 devstack@g-api.service[99902]: [pid: 99902|app: 0|req: 104/317] 127.0.0.1 () {40 vars in 838 bytes} [Thu Aug 6 17:45:21 2026] GET /v2/images/58135d69-320b-4c7b-b611-bc628aef140a => generated 650 bytes in 12 msecs (HTTP/1.1 200) 4 headers in 157 bytes (1 switches on core 0)
Aug 06 17:45:21.431306 np0000006680 devstack@g-api.service[99904]: DEBUG glance.location [None req-22baacf2-1f25-4e08-a9d3-a2953f36d90d tempest-VolumesActionsTest-1640225386 tempest-VolumesActionsTest-1640225386-project-member] Enabling in-flight format inspection for raw {{(pid=99904) set_data /opt/stack/glance/glance/location.py:596}}
Aug 06 17:45:21.431826 np0000006680 devstack@g-api.service[99904]: DEBUG glance_store.backend [None req-22baacf2-1f25-4e08-a9d3-a2953f36d90d tempest-VolumesActionsTest-1640225386 tempest-VolumesActionsTest-1640225386-project-member] Attempting to import store swift {{(pid=99904) _load_store /opt/stack/data/venv/lib/python3.12/site-packages/glance_store/backend.py:215}}
Aug 06 17:45:21.434375 np0000006680 devstack@g-api.service[99904]: DEBUG glance_store.capabilities [None req-22baacf2-1f25-4e08-a9d3-a2953f36d90d tempest-VolumesActionsTest-1640225386 tempest-VolumesActionsTest-1640225386-project-member] Store glance_store._drivers.swift.store.SingleTenantStore doesn't support updating dynamic storage capabilities. Please overwrite 'update_capabilities' method of the store to implement updating logics if needed. {{(pid=99904) update_capabilities /opt/stack/data/venv/lib/python3.12/site-packages/glance_store/capabilities.py:91}}
Aug 06 17:45:21.434828 np0000006680 devstack@g-api.service[99904]: DEBUG glance_store.driver [None req-22baacf2-1f25-4e08-a9d3-a2953f36d90d tempest-VolumesActionsTest-1640225386 tempest-VolumesActionsTest-1640225386-project-member] Late loading location class glance_store._drivers.swift.store.StoreLocation {{(pid=99904) get_store_location_class /opt/stack/data/venv/lib/python3.12/site-packages/glance_store/driver.py:134}}
Aug 06 17:45:21.434999 np0000006680 devstack@g-api.service[99904]: DEBUG glance_store.location [None req-22baacf2-1f25-4e08-a9d3-a2953f36d90d tempest-VolumesActionsTest-1640225386 tempest-VolumesActionsTest-1640225386-project-member] Registering scheme swift+https with {'store': , 'location_class': , 'store_entry': 'swift'} {{(pid=99904) register_scheme_map /opt/stack/data/venv/lib/python3.12/site-packages/glance_store/location.py:146}}
Aug 06 17:45:21.435508 np0000006680 devstack@g-api.service[99904]: DEBUG glance_store.location [None req-22baacf2-1f25-4e08-a9d3-a2953f36d90d tempest-VolumesActionsTest-1640225386 tempest-VolumesActionsTest-1640225386-project-member] Registering scheme swift+https with {'store': , 'location_class': , 'store_entry': 'swift'} {{(pid=99904) register_scheme_map /opt/stack/data/venv/lib/python3.12/site-packages/glance_store/location.py:146}}
Aug 06 17:45:21.435971 np0000006680 devstack@g-api.service[99904]: DEBUG glance_store.location [None req-22baacf2-1f25-4e08-a9d3-a2953f36d90d tempest-VolumesActionsTest-1640225386 tempest-VolumesActionsTest-1640225386-project-member] Registering scheme swift with {'store': , 'location_class': , 'store_entry': 'swift'} {{(pid=99904) register_scheme_map /opt/stack/data/venv/lib/python3.12/site-packages/glance_store/location.py:146}}
Aug 06 17:45:21.436320 np0000006680 devstack@g-api.service[99904]: DEBUG glance_store.location [None req-22baacf2-1f25-4e08-a9d3-a2953f36d90d tempest-VolumesActionsTest-1640225386 tempest-VolumesActionsTest-1640225386-project-member] Registering scheme swift+https with {'store': , 'location_class': , 'store_entry': 'swift'} {{(pid=99904) register_scheme_map /opt/stack/data/venv/lib/python3.12/site-packages/glance_store/location.py:146}}
Aug 06 17:45:21.436645 np0000006680 devstack@g-api.service[99904]: DEBUG glance_store.location [None req-22baacf2-1f25-4e08-a9d3-a2953f36d90d tempest-VolumesActionsTest-1640225386 tempest-VolumesActionsTest-1640225386-project-member] Registering scheme swift with {'store': , 'location_class': , 'store_entry': 'swift'} {{(pid=99904) register_scheme_map /opt/stack/data/venv/lib/python3.12/site-packages/glance_store/location.py:146}}
Aug 06 17:45:21.437131 np0000006680 devstack@g-api.service[99904]: DEBUG glance_store.location [None req-22baacf2-1f25-4e08-a9d3-a2953f36d90d tempest-VolumesActionsTest-1640225386 tempest-VolumesActionsTest-1640225386-project-member] Registering scheme swift+http with {'store': , 'location_class': , 'store_entry': 'swift'} {{(pid=99904) register_scheme_map /opt/stack/data/venv/lib/python3.12/site-packages/glance_store/location.py:146}}
Aug 06 17:45:21.437482 np0000006680 devstack@g-api.service[99904]: DEBUG glance_store.location [None req-22baacf2-1f25-4e08-a9d3-a2953f36d90d tempest-VolumesActionsTest-1640225386 tempest-VolumesActionsTest-1640225386-project-member] Registering scheme swift+https with {'store': , 'location_class': , 'store_entry': 'swift'} {{(pid=99904) register_scheme_map /opt/stack/data/venv/lib/python3.12/site-packages/glance_store/location.py:146}}
Aug 06 17:45:21.437631 np0000006680 devstack@g-api.service[99904]: DEBUG glance_store.location [None req-22baacf2-1f25-4e08-a9d3-a2953f36d90d tempest-VolumesActionsTest-1640225386 tempest-VolumesActionsTest-1640225386-project-member] Registering scheme swift with {'store': , 'location_class': , 'store_entry': 'swift'} {{(pid=99904) register_scheme_map /opt/stack/data/venv/lib/python3.12/site-packages/glance_store/location.py:146}}
Aug 06 17:45:21.437743 np0000006680 devstack@g-api.service[99904]: DEBUG glance_store.location [None req-22baacf2-1f25-4e08-a9d3-a2953f36d90d tempest-VolumesActionsTest-1640225386 tempest-VolumesActionsTest-1640225386-project-member] Registering scheme swift+http with {'store': , 'location_class': , 'store_entry': 'swift'} {{(pid=99904) register_scheme_map /opt/stack/data/venv/lib/python3.12/site-packages/glance_store/location.py:146}}
Aug 06 17:45:21.437859 np0000006680 devstack@g-api.service[99904]: DEBUG glance_store.location [None req-22baacf2-1f25-4e08-a9d3-a2953f36d90d tempest-VolumesActionsTest-1640225386 tempest-VolumesActionsTest-1640225386-project-member] Registering scheme swift+config with {'store': , 'location_class': , 'store_entry': 'swift'} {{(pid=99904) register_scheme_map /opt/stack/data/venv/lib/python3.12/site-packages/glance_store/location.py:146}}
Aug 06 17:45:21.673409 np0000006680 devstack@g-api.service[99904]: DEBUG swiftclient [None req-22baacf2-1f25-4e08-a9d3-a2953f36d90d tempest-VolumesActionsTest-1640225386 tempest-VolumesActionsTest-1640225386-project-member] REQ: curl -i https://10.4.3.236:8080/v1/AUTH_2d2ccd2ebdbd4b839f4e0cfe67747941/glance -I -H "X-Auth-Token: gAAAAABqdMgx6_h-..." {{(pid=99904) http_log /opt/stack/data/venv/lib/python3.12/site-packages/swiftclient/client.py:160}}
Aug 06 17:45:21.673662 np0000006680 devstack@g-api.service[99904]: DEBUG swiftclient [None req-22baacf2-1f25-4e08-a9d3-a2953f36d90d tempest-VolumesActionsTest-1640225386 tempest-VolumesActionsTest-1640225386-project-member] RESP STATUS: 204 No Content {{(pid=99904) http_log /opt/stack/data/venv/lib/python3.12/site-packages/swiftclient/client.py:161}}
Aug 06 17:45:21.675988 np0000006680 devstack@g-api.service[99904]: DEBUG swiftclient [None req-22baacf2-1f25-4e08-a9d3-a2953f36d90d tempest-VolumesActionsTest-1640225386 tempest-VolumesActionsTest-1640225386-project-member] RESP HEADERS: {'Date': 'Thu, 06 Aug 2026 17:45:21 GMT', 'Server': 'Apache/2.4.58 (Ubuntu)', 'Content-Type': 'text/plain; charset=utf-8', 'X-Container-Object-Count': '3', 'X-Container-Bytes-Used': '64356352', 'X-Timestamp': '1786037897.84114', 'Last-Modified': 'Thu, 06 Aug 2026 17:38:18 GMT', 'Accept-Ranges': 'bytes', 'X-Storage-Policy': 'Policy-0', 'X-Container-Sharding': 'False', 'Vary': 'Accept', 'X-Trans-Id': 'tx95321a012c3e420396320-006a74c831', 'X-Openstack-Request-Id': 'tx95321a012c3e420396320-006a74c831', 'Connection': 'close'} {{(pid=99904) http_log /opt/stack/data/venv/lib/python3.12/site-packages/swiftclient/client.py:162}}
Aug 06 17:45:21.675988 np0000006680 devstack@g-api.service[99904]: DEBUG glance_store._drivers.swift.store [None req-22baacf2-1f25-4e08-a9d3-a2953f36d90d tempest-VolumesActionsTest-1640225386 tempest-VolumesActionsTest-1640225386-project-member] Adding image object '58135d69-320b-4c7b-b611-bc628aef140a' to Swift {{(pid=99904) add /opt/stack/data/venv/lib/python3.12/site-packages/glance_store/_drivers/swift/store.py:970}}
Aug 06 17:45:21.675988 np0000006680 devstack@g-api.service[99904]: DEBUG glance_store._drivers.swift.store [None req-22baacf2-1f25-4e08-a9d3-a2953f36d90d tempest-VolumesActionsTest-1640225386 tempest-VolumesActionsTest-1640225386-project-member] Cannot determine image size because it is either not provided in the request or chunked-transfer encoding is used. Adding image as a segmented object to Swift. {{(pid=99904) add /opt/stack/data/venv/lib/python3.12/site-packages/glance_store/_drivers/swift/store.py:994}}
Aug 06 17:45:21.681380 np0000006680 devstack@g-api.service[99904]: DEBUG oslo_utils.imageutils.format_inspector [None req-22baacf2-1f25-4e08-a9d3-a2953f36d90d tempest-VolumesActionsTest-1640225386 tempest-VolumesActionsTest-1640225386-project-member] Format inspector for vmdk does not match, excluding from consideration (Signature KDMV not found: b'\x00\x00\x00\x00') {{(pid=99904) _process_chunk /opt/stack/data/venv/lib/python3.12/site-packages/oslo_utils/imageutils/format_inspector.py:1758}}
Aug 06 17:45:21.686490 np0000006680 devstack@g-api.service[99904]: DEBUG oslo_utils.imageutils.format_inspector [None req-22baacf2-1f25-4e08-a9d3-a2953f36d90d tempest-VolumesActionsTest-1640225386 tempest-VolumesActionsTest-1640225386-project-member] Format inspector for vhdx does not match, excluding from consideration (Region signature not found at 30000) {{(pid=99904) _process_chunk /opt/stack/data/venv/lib/python3.12/site-packages/oslo_utils/imageutils/format_inspector.py:1758}}
Aug 06 17:45:22.037432 np0000006680 devstack@g-api.service[99903]: DEBUG glance.api.middleware.version_negotiation [None req-edf0cdce-e68f-47d2-bca8-48accd291d11 tempest-AttachVolumeShelveTestJSON-1434803750 tempest-AttachVolumeShelveTestJSON-1434803750-project-member] Determining version of request: GET /v2/images/58135d69-320b-4c7b-b611-bc628aef140a Accept: application/json {{(pid=99903) process_request /opt/stack/glance/glance/api/middleware/version_negotiation.py:44}}
Aug 06 17:45:22.037932 np0000006680 devstack@g-api.service[99903]: DEBUG glance.api.middleware.version_negotiation [None req-edf0cdce-e68f-47d2-bca8-48accd291d11 tempest-AttachVolumeShelveTestJSON-1434803750 tempest-AttachVolumeShelveTestJSON-1434803750-project-member] Using url versioning {{(pid=99903) process_request /opt/stack/glance/glance/api/middleware/version_negotiation.py:57}}
Aug 06 17:45:22.037932 np0000006680 devstack@g-api.service[99903]: DEBUG glance.api.middleware.version_negotiation [None req-edf0cdce-e68f-47d2-bca8-48accd291d11 tempest-AttachVolumeShelveTestJSON-1434803750 tempest-AttachVolumeShelveTestJSON-1434803750-project-member] Matched version: v2 {{(pid=99903) process_request /opt/stack/glance/glance/api/middleware/version_negotiation.py:69}}
Aug 06 17:45:22.038040 np0000006680 devstack@g-api.service[99903]: DEBUG glance.api.middleware.version_negotiation [None req-edf0cdce-e68f-47d2-bca8-48accd291d11 tempest-AttachVolumeShelveTestJSON-1434803750 tempest-AttachVolumeShelveTestJSON-1434803750-project-member] new path /v2/images/58135d69-320b-4c7b-b611-bc628aef140a {{(pid=99903) process_request /opt/stack/glance/glance/api/middleware/version_negotiation.py:70}}
Aug 06 17:45:22.056699 np0000006680 devstack@g-api.service[99903]: [pid: 99903|app: 0|req: 106/318] 127.0.0.1 () {40 vars in 838 bytes} [Thu Aug 6 17:45:22 2026] GET /v2/images/58135d69-320b-4c7b-b611-bc628aef140a => generated 650 bytes in 19 msecs (HTTP/1.1 200) 4 headers in 157 bytes (1 switches on core 0)
Aug 06 17:45:23.068312 np0000006680 devstack@g-api.service[99902]: DEBUG glance.api.middleware.version_negotiation [None req-744ca92c-5c51-4db9-8ad9-0b3586ad1cf0 tempest-VolumesActionsTest-1640225386 tempest-VolumesActionsTest-1640225386-project-member] Determining version of request: GET /v2/images/58135d69-320b-4c7b-b611-bc628aef140a Accept: application/json {{(pid=99902) process_request /opt/stack/glance/glance/api/middleware/version_negotiation.py:44}}
Aug 06 17:45:23.068312 np0000006680 devstack@g-api.service[99902]: DEBUG glance.api.middleware.version_negotiation [None req-744ca92c-5c51-4db9-8ad9-0b3586ad1cf0 tempest-VolumesActionsTest-1640225386 tempest-VolumesActionsTest-1640225386-project-member] Using url versioning {{(pid=99902) process_request /opt/stack/glance/glance/api/middleware/version_negotiation.py:57}}
Aug 06 17:45:23.068312 np0000006680 devstack@g-api.service[99902]: DEBUG glance.api.middleware.version_negotiation [None req-744ca92c-5c51-4db9-8ad9-0b3586ad1cf0 tempest-VolumesActionsTest-1640225386 tempest-VolumesActionsTest-1640225386-project-member] Matched version: v2 {{(pid=99902) process_request /opt/stack/glance/glance/api/middleware/version_negotiation.py:69}}
Aug 06 17:45:23.068312 np0000006680 devstack@g-api.service[99902]: DEBUG glance.api.middleware.version_negotiation [None req-744ca92c-5c51-4db9-8ad9-0b3586ad1cf0 tempest-VolumesActionsTest-1640225386 tempest-VolumesActionsTest-1640225386-project-member] new path /v2/images/58135d69-320b-4c7b-b611-bc628aef140a {{(pid=99902) process_request /opt/stack/glance/glance/api/middleware/version_negotiation.py:70}}
Aug 06 17:45:23.090357 np0000006680 devstack@g-api.service[99902]: [pid: 99902|app: 0|req: 105/319] 127.0.0.1 () {40 vars in 838 bytes} [Thu Aug 6 17:45:23 2026] GET /v2/images/58135d69-320b-4c7b-b611-bc628aef140a => generated 650 bytes in 23 msecs (HTTP/1.1 200) 4 headers in 157 bytes (1 switches on core 0)
Aug 06 17:45:23.657785 np0000006680 devstack@g-api.service[99904]: DEBUG swiftclient [None req-22baacf2-1f25-4e08-a9d3-a2953f36d90d tempest-VolumesActionsTest-1640225386 tempest-VolumesActionsTest-1640225386-project-member] REQ: curl -i https://10.4.3.236:8080/v1/AUTH_2d2ccd2ebdbd4b839f4e0cfe67747941/glance/58135d69-320b-4c7b-b611-bc628aef140a-00001 -X PUT -H "X-Auth-Token: gAAAAABqdMgx6_h-..." {{(pid=99904) http_log /opt/stack/data/venv/lib/python3.12/site-packages/swiftclient/client.py:160}}
Aug 06 17:45:23.658085 np0000006680 devstack@g-api.service[99904]: DEBUG swiftclient [None req-22baacf2-1f25-4e08-a9d3-a2953f36d90d tempest-VolumesActionsTest-1640225386 tempest-VolumesActionsTest-1640225386-project-member] RESP STATUS: 201 Created {{(pid=99904) http_log /opt/stack/data/venv/lib/python3.12/site-packages/swiftclient/client.py:161}}
Aug 06 17:45:23.658085 np0000006680 devstack@g-api.service[99904]: DEBUG swiftclient [None req-22baacf2-1f25-4e08-a9d3-a2953f36d90d tempest-VolumesActionsTest-1640225386 tempest-VolumesActionsTest-1640225386-project-member] RESP HEADERS: {'Date': 'Thu, 06 Aug 2026 17:45:23 GMT', 'Server': 'Apache/2.4.58 (Ubuntu)', 'Content-Type': 'text/html; charset=UTF-8', 'Content-Length': '0', 'Etag': 'eda9a9889837ac4bc81d6387d92c1bec', 'Last-Modified': 'Thu, 06 Aug 2026 17:45:22 GMT', 'X-Trans-Id': 'tx6cd42c4cbddf444c98a3f-006a74c831', 'X-Openstack-Request-Id': 'tx6cd42c4cbddf444c98a3f-006a74c831', 'Connection': 'close'} {{(pid=99904) http_log /opt/stack/data/venv/lib/python3.12/site-packages/swiftclient/client.py:162}}
Aug 06 17:45:23.658254 np0000006680 devstack@g-api.service[99904]: DEBUG glance_store._drivers.swift.store [None req-22baacf2-1f25-4e08-a9d3-a2953f36d90d tempest-VolumesActionsTest-1640225386 tempest-VolumesActionsTest-1640225386-project-member] Wrote chunk 58135d69-320b-4c7b-b611-bc628aef140a-00001 (1/?) of length 204800000 to Swift returning MD5 of content: eda9a9889837ac4bc81d6387d92c1bec {{(pid=99904) add /opt/stack/data/venv/lib/python3.12/site-packages/glance_store/_drivers/swift/store.py:1059}}
Aug 06 17:45:24.098647 np0000006680 devstack@g-api.service[99903]: DEBUG glance.api.middleware.version_negotiation [None req-6af55958-5412-4a61-8984-672ac1326c25 tempest-VolumesActionsTest-1640225386 tempest-VolumesActionsTest-1640225386-project-member] Determining version of request: GET /v2/images/58135d69-320b-4c7b-b611-bc628aef140a Accept: application/json {{(pid=99903) process_request /opt/stack/glance/glance/api/middleware/version_negotiation.py:44}}
Aug 06 17:45:24.099095 np0000006680 devstack@g-api.service[99903]: DEBUG glance.api.middleware.version_negotiation [None req-6af55958-5412-4a61-8984-672ac1326c25 tempest-VolumesActionsTest-1640225386 tempest-VolumesActionsTest-1640225386-project-member] Using url versioning {{(pid=99903) process_request /opt/stack/glance/glance/api/middleware/version_negotiation.py:57}}
Aug 06 17:45:24.099095 np0000006680 devstack@g-api.service[99903]: DEBUG glance.api.middleware.version_negotiation [None req-6af55958-5412-4a61-8984-672ac1326c25 tempest-VolumesActionsTest-1640225386 tempest-VolumesActionsTest-1640225386-project-member] Matched version: v2 {{(pid=99903) process_request /opt/stack/glance/glance/api/middleware/version_negotiation.py:69}}
Aug 06 17:45:24.099095 np0000006680 devstack@g-api.service[99903]: DEBUG glance.api.middleware.version_negotiation [None req-6af55958-5412-4a61-8984-672ac1326c25 tempest-VolumesActionsTest-1640225386 tempest-VolumesActionsTest-1640225386-project-member] new path /v2/images/58135d69-320b-4c7b-b611-bc628aef140a {{(pid=99903) process_request /opt/stack/glance/glance/api/middleware/version_negotiation.py:70}}
Aug 06 17:45:24.106418 np0000006680 devstack@g-api.service[99903]: [pid: 99903|app: 0|req: 107/320] 127.0.0.1 () {40 vars in 838 bytes} [Thu Aug 6 17:45:24 2026] GET /v2/images/58135d69-320b-4c7b-b611-bc628aef140a => generated 650 bytes in 8 msecs (HTTP/1.1 200) 4 headers in 157 bytes (1 switches on core 0)
Aug 06 17:45:25.116835 np0000006680 devstack@g-api.service[99902]: DEBUG glance.api.middleware.version_negotiation [None req-31f100fe-4b2b-42fa-9d51-49c41c23c39b tempest-VolumesActionsTest-1640225386 tempest-VolumesActionsTest-1640225386-project-member] Determining version of request: GET /v2/images/58135d69-320b-4c7b-b611-bc628aef140a Accept: application/json {{(pid=99902) process_request /opt/stack/glance/glance/api/middleware/version_negotiation.py:44}}
Aug 06 17:45:25.116835 np0000006680 devstack@g-api.service[99902]: DEBUG glance.api.middleware.version_negotiation [None req-31f100fe-4b2b-42fa-9d51-49c41c23c39b tempest-VolumesActionsTest-1640225386 tempest-VolumesActionsTest-1640225386-project-member] Using url versioning {{(pid=99902) process_request /opt/stack/glance/glance/api/middleware/version_negotiation.py:57}}
Aug 06 17:45:25.117453 np0000006680 devstack@g-api.service[99902]: DEBUG glance.api.middleware.version_negotiation [None req-31f100fe-4b2b-42fa-9d51-49c41c23c39b tempest-VolumesActionsTest-1640225386 tempest-VolumesActionsTest-1640225386-project-member] Matched version: v2 {{(pid=99902) process_request /opt/stack/glance/glance/api/middleware/version_negotiation.py:69}}
Aug 06 17:45:25.117453 np0000006680 devstack@g-api.service[99902]: DEBUG glance.api.middleware.version_negotiation [None req-31f100fe-4b2b-42fa-9d51-49c41c23c39b tempest-VolumesActionsTest-1640225386 tempest-VolumesActionsTest-1640225386-project-member] new path /v2/images/58135d69-320b-4c7b-b611-bc628aef140a {{(pid=99902) process_request /opt/stack/glance/glance/api/middleware/version_negotiation.py:70}}
Aug 06 17:45:25.130098 np0000006680 devstack@g-api.service[99902]: [pid: 99902|app: 0|req: 106/321] 127.0.0.1 () {40 vars in 838 bytes} [Thu Aug 6 17:45:25 2026] GET /v2/images/58135d69-320b-4c7b-b611-bc628aef140a => generated 650 bytes in 14 msecs (HTTP/1.1 200) 4 headers in 157 bytes (1 switches on core 0)
Aug 06 17:45:25.630175 np0000006680 devstack@g-api.service[99904]: DEBUG swiftclient [None req-22baacf2-1f25-4e08-a9d3-a2953f36d90d tempest-VolumesActionsTest-1640225386 tempest-VolumesActionsTest-1640225386-project-member] REQ: curl -i https://10.4.3.236:8080/v1/AUTH_2d2ccd2ebdbd4b839f4e0cfe67747941/glance/58135d69-320b-4c7b-b611-bc628aef140a-00002 -X PUT -H "X-Auth-Token: gAAAAABqdMgx6_h-..." {{(pid=99904) http_log /opt/stack/data/venv/lib/python3.12/site-packages/swiftclient/client.py:160}}
Aug 06 17:45:25.630502 np0000006680 devstack@g-api.service[99904]: DEBUG swiftclient [None req-22baacf2-1f25-4e08-a9d3-a2953f36d90d tempest-VolumesActionsTest-1640225386 tempest-VolumesActionsTest-1640225386-project-member] RESP STATUS: 201 Created {{(pid=99904) http_log /opt/stack/data/venv/lib/python3.12/site-packages/swiftclient/client.py:161}}
Aug 06 17:45:25.630502 np0000006680 devstack@g-api.service[99904]: DEBUG swiftclient [None req-22baacf2-1f25-4e08-a9d3-a2953f36d90d tempest-VolumesActionsTest-1640225386 tempest-VolumesActionsTest-1640225386-project-member] RESP HEADERS: {'Date': 'Thu, 06 Aug 2026 17:45:25 GMT', 'Server': 'Apache/2.4.58 (Ubuntu)', 'Content-Type': 'text/html; charset=UTF-8', 'Content-Length': '0', 'Etag': 'eda9a9889837ac4bc81d6387d92c1bec', 'Last-Modified': 'Thu, 06 Aug 2026 17:45:24 GMT', 'X-Trans-Id': 'txcb29a260f0b4481ab14d1-006a74c833', 'X-Openstack-Request-Id': 'txcb29a260f0b4481ab14d1-006a74c833', 'Connection': 'close'} {{(pid=99904) http_log /opt/stack/data/venv/lib/python3.12/site-packages/swiftclient/client.py:162}}
Aug 06 17:45:25.630691 np0000006680 devstack@g-api.service[99904]: DEBUG glance_store._drivers.swift.store [None req-22baacf2-1f25-4e08-a9d3-a2953f36d90d tempest-VolumesActionsTest-1640225386 tempest-VolumesActionsTest-1640225386-project-member] Wrote chunk 58135d69-320b-4c7b-b611-bc628aef140a-00002 (2/?) of length 204800000 to Swift returning MD5 of content: eda9a9889837ac4bc81d6387d92c1bec {{(pid=99904) add /opt/stack/data/venv/lib/python3.12/site-packages/glance_store/_drivers/swift/store.py:1059}}
Aug 06 17:45:26.139976 np0000006680 devstack@g-api.service[99903]: DEBUG glance.api.middleware.version_negotiation [None req-7277a611-3085-42ed-9407-f11f8884cf8d tempest-VolumesActionsTest-1640225386 tempest-VolumesActionsTest-1640225386-project-member] Determining version of request: GET /v2/images/58135d69-320b-4c7b-b611-bc628aef140a Accept: application/json {{(pid=99903) process_request /opt/stack/glance/glance/api/middleware/version_negotiation.py:44}}
Aug 06 17:45:26.140430 np0000006680 devstack@g-api.service[99903]: DEBUG glance.api.middleware.version_negotiation [None req-7277a611-3085-42ed-9407-f11f8884cf8d tempest-VolumesActionsTest-1640225386 tempest-VolumesActionsTest-1640225386-project-member] Using url versioning {{(pid=99903) process_request /opt/stack/glance/glance/api/middleware/version_negotiation.py:57}}
Aug 06 17:45:26.140430 np0000006680 devstack@g-api.service[99903]: DEBUG glance.api.middleware.version_negotiation [None req-7277a611-3085-42ed-9407-f11f8884cf8d tempest-VolumesActionsTest-1640225386 tempest-VolumesActionsTest-1640225386-project-member] Matched version: v2 {{(pid=99903) process_request /opt/stack/glance/glance/api/middleware/version_negotiation.py:69}}
Aug 06 17:45:26.140597 np0000006680 devstack@g-api.service[99903]: DEBUG glance.api.middleware.version_negotiation [None req-7277a611-3085-42ed-9407-f11f8884cf8d tempest-VolumesActionsTest-1640225386 tempest-VolumesActionsTest-1640225386-project-member] new path /v2/images/58135d69-320b-4c7b-b611-bc628aef140a {{(pid=99903) process_request /opt/stack/glance/glance/api/middleware/version_negotiation.py:70}}
Aug 06 17:45:26.153048 np0000006680 devstack@g-api.service[99903]: [pid: 99903|app: 0|req: 108/322] 127.0.0.1 () {40 vars in 838 bytes} [Thu Aug 6 17:45:26 2026] GET /v2/images/58135d69-320b-4c7b-b611-bc628aef140a => generated 650 bytes in 13 msecs (HTTP/1.1 200) 4 headers in 157 bytes (1 switches on core 0)
Aug 06 17:45:27.162780 np0000006680 devstack@g-api.service[99902]: DEBUG glance.api.middleware.version_negotiation [None req-ccfa13b5-b540-4944-9f8a-98b20b584188 tempest-VolumesActionsTest-1640225386 tempest-VolumesActionsTest-1640225386-project-member] Determining version of request: GET /v2/images/58135d69-320b-4c7b-b611-bc628aef140a Accept: application/json {{(pid=99902) process_request /opt/stack/glance/glance/api/middleware/version_negotiation.py:44}}
Aug 06 17:45:27.163160 np0000006680 devstack@g-api.service[99902]: DEBUG glance.api.middleware.version_negotiation [None req-ccfa13b5-b540-4944-9f8a-98b20b584188 tempest-VolumesActionsTest-1640225386 tempest-VolumesActionsTest-1640225386-project-member] Using url versioning {{(pid=99902) process_request /opt/stack/glance/glance/api/middleware/version_negotiation.py:57}}
Aug 06 17:45:27.163160 np0000006680 devstack@g-api.service[99902]: DEBUG glance.api.middleware.version_negotiation [None req-ccfa13b5-b540-4944-9f8a-98b20b584188 tempest-VolumesActionsTest-1640225386 tempest-VolumesActionsTest-1640225386-project-member] Matched version: v2 {{(pid=99902) process_request /opt/stack/glance/glance/api/middleware/version_negotiation.py:69}}
Aug 06 17:45:27.163160 np0000006680 devstack@g-api.service[99902]: DEBUG glance.api.middleware.version_negotiation [None req-ccfa13b5-b540-4944-9f8a-98b20b584188 tempest-VolumesActionsTest-1640225386 tempest-VolumesActionsTest-1640225386-project-member] new path /v2/images/58135d69-320b-4c7b-b611-bc628aef140a {{(pid=99902) process_request /opt/stack/glance/glance/api/middleware/version_negotiation.py:70}}
Aug 06 17:45:27.181474 np0000006680 devstack@g-api.service[99902]: [pid: 99902|app: 0|req: 107/323] 127.0.0.1 () {40 vars in 838 bytes} [Thu Aug 6 17:45:27 2026] GET /v2/images/58135d69-320b-4c7b-b611-bc628aef140a => generated 650 bytes in 19 msecs (HTTP/1.1 200) 4 headers in 157 bytes (1 switches on core 0)
Aug 06 17:45:27.650401 np0000006680 devstack@g-api.service[99904]: DEBUG swiftclient [None req-22baacf2-1f25-4e08-a9d3-a2953f36d90d tempest-VolumesActionsTest-1640225386 tempest-VolumesActionsTest-1640225386-project-member] REQ: curl -i https://10.4.3.236:8080/v1/AUTH_2d2ccd2ebdbd4b839f4e0cfe67747941/glance/58135d69-320b-4c7b-b611-bc628aef140a-00003 -X PUT -H "X-Auth-Token: gAAAAABqdMgx6_h-..." {{(pid=99904) http_log /opt/stack/data/venv/lib/python3.12/site-packages/swiftclient/client.py:160}}
Aug 06 17:45:27.650908 np0000006680 devstack@g-api.service[99904]: DEBUG swiftclient [None req-22baacf2-1f25-4e08-a9d3-a2953f36d90d tempest-VolumesActionsTest-1640225386 tempest-VolumesActionsTest-1640225386-project-member] RESP STATUS: 201 Created {{(pid=99904) http_log /opt/stack/data/venv/lib/python3.12/site-packages/swiftclient/client.py:161}}
Aug 06 17:45:27.650908 np0000006680 devstack@g-api.service[99904]: DEBUG swiftclient [None req-22baacf2-1f25-4e08-a9d3-a2953f36d90d tempest-VolumesActionsTest-1640225386 tempest-VolumesActionsTest-1640225386-project-member] RESP HEADERS: {'Date': 'Thu, 06 Aug 2026 17:45:27 GMT', 'Server': 'Apache/2.4.58 (Ubuntu)', 'Content-Type': 'text/html; charset=UTF-8', 'Content-Length': '0', 'Etag': 'eda9a9889837ac4bc81d6387d92c1bec', 'Last-Modified': 'Thu, 06 Aug 2026 17:45:26 GMT', 'X-Trans-Id': 'tx53bafd345f3b4d1383db2-006a74c835', 'X-Openstack-Request-Id': 'tx53bafd345f3b4d1383db2-006a74c835', 'Connection': 'close'} {{(pid=99904) http_log /opt/stack/data/venv/lib/python3.12/site-packages/swiftclient/client.py:162}}
Aug 06 17:45:27.650908 np0000006680 devstack@g-api.service[99904]: DEBUG glance_store._drivers.swift.store [None req-22baacf2-1f25-4e08-a9d3-a2953f36d90d tempest-VolumesActionsTest-1640225386 tempest-VolumesActionsTest-1640225386-project-member] Wrote chunk 58135d69-320b-4c7b-b611-bc628aef140a-00003 (3/?) of length 204800000 to Swift returning MD5 of content: eda9a9889837ac4bc81d6387d92c1bec {{(pid=99904) add /opt/stack/data/venv/lib/python3.12/site-packages/glance_store/_drivers/swift/store.py:1059}}
Aug 06 17:45:28.192820 np0000006680 devstack@g-api.service[99903]: DEBUG glance.api.middleware.version_negotiation [None req-edac7a6a-1825-4322-a479-14dc640000fe tempest-VolumesActionsTest-1640225386 tempest-VolumesActionsTest-1640225386-project-member] Determining version of request: GET /v2/images/58135d69-320b-4c7b-b611-bc628aef140a Accept: application/json {{(pid=99903) process_request /opt/stack/glance/glance/api/middleware/version_negotiation.py:44}}
Aug 06 17:45:28.193330 np0000006680 devstack@g-api.service[99903]: DEBUG glance.api.middleware.version_negotiation [None req-edac7a6a-1825-4322-a479-14dc640000fe tempest-VolumesActionsTest-1640225386 tempest-VolumesActionsTest-1640225386-project-member] Using url versioning {{(pid=99903) process_request /opt/stack/glance/glance/api/middleware/version_negotiation.py:57}}
Aug 06 17:45:28.193330 np0000006680 devstack@g-api.service[99903]: DEBUG glance.api.middleware.version_negotiation [None req-edac7a6a-1825-4322-a479-14dc640000fe tempest-VolumesActionsTest-1640225386 tempest-VolumesActionsTest-1640225386-project-member] Matched version: v2 {{(pid=99903) process_request /opt/stack/glance/glance/api/middleware/version_negotiation.py:69}}
Aug 06 17:45:28.193330 np0000006680 devstack@g-api.service[99903]: DEBUG glance.api.middleware.version_negotiation [None req-edac7a6a-1825-4322-a479-14dc640000fe tempest-VolumesActionsTest-1640225386 tempest-VolumesActionsTest-1640225386-project-member] new path /v2/images/58135d69-320b-4c7b-b611-bc628aef140a {{(pid=99903) process_request /opt/stack/glance/glance/api/middleware/version_negotiation.py:70}}
Aug 06 17:45:28.201777 np0000006680 devstack@g-api.service[99903]: [pid: 99903|app: 0|req: 109/324] 127.0.0.1 () {40 vars in 838 bytes} [Thu Aug 6 17:45:28 2026] GET /v2/images/58135d69-320b-4c7b-b611-bc628aef140a => generated 650 bytes in 9 msecs (HTTP/1.1 200) 4 headers in 157 bytes (1 switches on core 0)
Aug 06 17:45:28.778093 np0000006680 devstack@g-api.service[99902]: DEBUG glance.api.middleware.version_negotiation [None req-f8de93b9-89bf-47d3-b37b-53034ea0c0bf tempest-VolumesActionsTest-1640225386 tempest-VolumesActionsTest-1640225386-project-member] Determining version of request: GET /v2/images/d88207f0-8c95-49e4-9c15-a417ea616f82 Accept: */* {{(pid=99902) process_request /opt/stack/glance/glance/api/middleware/version_negotiation.py:44}}
Aug 06 17:45:28.778951 np0000006680 devstack@g-api.service[99902]: DEBUG glance.api.middleware.version_negotiation [None req-f8de93b9-89bf-47d3-b37b-53034ea0c0bf tempest-VolumesActionsTest-1640225386 tempest-VolumesActionsTest-1640225386-project-member] Using url versioning {{(pid=99902) process_request /opt/stack/glance/glance/api/middleware/version_negotiation.py:57}}
Aug 06 17:45:28.779341 np0000006680 devstack@g-api.service[99902]: DEBUG glance.api.middleware.version_negotiation [None req-f8de93b9-89bf-47d3-b37b-53034ea0c0bf tempest-VolumesActionsTest-1640225386 tempest-VolumesActionsTest-1640225386-project-member] Matched version: v2 {{(pid=99902) process_request /opt/stack/glance/glance/api/middleware/version_negotiation.py:69}}
Aug 06 17:45:28.779576 np0000006680 devstack@g-api.service[99902]: DEBUG glance.api.middleware.version_negotiation [None req-f8de93b9-89bf-47d3-b37b-53034ea0c0bf tempest-VolumesActionsTest-1640225386 tempest-VolumesActionsTest-1640225386-project-member] new path /v2/images/d88207f0-8c95-49e4-9c15-a417ea616f82 {{(pid=99902) process_request /opt/stack/glance/glance/api/middleware/version_negotiation.py:70}}
Aug 06 17:45:28.968240 np0000006680 devstack@g-api.service[99902]: [pid: 99902|app: 0|req: 108/325] 127.0.0.1 () {44 vars in 1115 bytes} [Thu Aug 6 17:45:28 2026] GET /v2/images/d88207f0-8c95-49e4-9c15-a417ea616f82 => generated 1044 bytes in 190 msecs (HTTP/1.1 200) 4 headers in 158 bytes (1 switches on core 0)
Aug 06 17:45:29.000437 np0000006680 devstack@g-api.service[99903]: DEBUG glance.api.middleware.version_negotiation [None req-a08c9786-0e88-48f7-8e86-e549d4bbc938 tempest-VolumesActionsTest-1640225386 tempest-VolumesActionsTest-1640225386-project-member] Determining version of request: GET /v2/schemas/image Accept: */* {{(pid=99903) process_request /opt/stack/glance/glance/api/middleware/version_negotiation.py:44}}
Aug 06 17:45:29.000686 np0000006680 devstack@g-api.service[99903]: DEBUG glance.api.middleware.version_negotiation [None req-a08c9786-0e88-48f7-8e86-e549d4bbc938 tempest-VolumesActionsTest-1640225386 tempest-VolumesActionsTest-1640225386-project-member] Using url versioning {{(pid=99903) process_request /opt/stack/glance/glance/api/middleware/version_negotiation.py:57}}
Aug 06 17:45:29.000890 np0000006680 devstack@g-api.service[99903]: DEBUG glance.api.middleware.version_negotiation [None req-a08c9786-0e88-48f7-8e86-e549d4bbc938 tempest-VolumesActionsTest-1640225386 tempest-VolumesActionsTest-1640225386-project-member] Matched version: v2 {{(pid=99903) process_request /opt/stack/glance/glance/api/middleware/version_negotiation.py:69}}
Aug 06 17:45:29.001318 np0000006680 devstack@g-api.service[99903]: DEBUG glance.api.middleware.version_negotiation [None req-a08c9786-0e88-48f7-8e86-e549d4bbc938 tempest-VolumesActionsTest-1640225386 tempest-VolumesActionsTest-1640225386-project-member] new path /v2/schemas/image {{(pid=99903) process_request /opt/stack/glance/glance/api/middleware/version_negotiation.py:70}}
Aug 06 17:45:29.006008 np0000006680 devstack@g-api.service[99903]: [pid: 99903|app: 0|req: 110/326] 127.0.0.1 () {44 vars in 1055 bytes} [Thu Aug 6 17:45:28 2026] GET /v2/schemas/image => generated 6083 bytes in 6 msecs (HTTP/1.1 200) 4 headers in 158 bytes (1 switches on core 0)
Aug 06 17:45:29.212009 np0000006680 devstack@g-api.service[99902]: DEBUG glance.api.middleware.version_negotiation [None req-7816f0d3-6c1d-43ab-b860-182b8f0d93cf tempest-TestServerVolumeAttachmentScenario-1509510015 tempest-TestServerVolumeAttachmentScenario-1509510015-project-member] Determining version of request: GET /v2/images/58135d69-320b-4c7b-b611-bc628aef140a Accept: application/json {{(pid=99902) process_request /opt/stack/glance/glance/api/middleware/version_negotiation.py:44}}
Aug 06 17:45:29.212247 np0000006680 devstack@g-api.service[99902]: DEBUG glance.api.middleware.version_negotiation [None req-7816f0d3-6c1d-43ab-b860-182b8f0d93cf tempest-TestServerVolumeAttachmentScenario-1509510015 tempest-TestServerVolumeAttachmentScenario-1509510015-project-member] Using url versioning {{(pid=99902) process_request /opt/stack/glance/glance/api/middleware/version_negotiation.py:57}}
Aug 06 17:45:29.212435 np0000006680 devstack@g-api.service[99902]: DEBUG glance.api.middleware.version_negotiation [None req-7816f0d3-6c1d-43ab-b860-182b8f0d93cf tempest-TestServerVolumeAttachmentScenario-1509510015 tempest-TestServerVolumeAttachmentScenario-1509510015-project-member] Matched version: v2 {{(pid=99902) process_request /opt/stack/glance/glance/api/middleware/version_negotiation.py:69}}
Aug 06 17:45:29.212581 np0000006680 devstack@g-api.service[99902]: DEBUG glance.api.middleware.version_negotiation [None req-7816f0d3-6c1d-43ab-b860-182b8f0d93cf tempest-TestServerVolumeAttachmentScenario-1509510015 tempest-TestServerVolumeAttachmentScenario-1509510015-project-member] new path /v2/images/58135d69-320b-4c7b-b611-bc628aef140a {{(pid=99902) process_request /opt/stack/glance/glance/api/middleware/version_negotiation.py:70}}
Aug 06 17:45:29.229962 np0000006680 devstack@g-api.service[99902]: [pid: 99902|app: 0|req: 109/327] 127.0.0.1 () {40 vars in 838 bytes} [Thu Aug 6 17:45:29 2026] GET /v2/images/58135d69-320b-4c7b-b611-bc628aef140a => generated 650 bytes in 16 msecs (HTTP/1.1 200) 4 headers in 157 bytes (1 switches on core 0)
Aug 06 17:45:29.563742 np0000006680 devstack@g-api.service[99904]: DEBUG swiftclient [None req-22baacf2-1f25-4e08-a9d3-a2953f36d90d tempest-VolumesActionsTest-1640225386 tempest-VolumesActionsTest-1640225386-project-member] REQ: curl -i https://10.4.3.236:8080/v1/AUTH_2d2ccd2ebdbd4b839f4e0cfe67747941/glance/58135d69-320b-4c7b-b611-bc628aef140a-00004 -X PUT -H "X-Auth-Token: gAAAAABqdMgx6_h-..." {{(pid=99904) http_log /opt/stack/data/venv/lib/python3.12/site-packages/swiftclient/client.py:160}}
Aug 06 17:45:29.564242 np0000006680 devstack@g-api.service[99904]: DEBUG swiftclient [None req-22baacf2-1f25-4e08-a9d3-a2953f36d90d tempest-VolumesActionsTest-1640225386 tempest-VolumesActionsTest-1640225386-project-member] RESP STATUS: 201 Created {{(pid=99904) http_log /opt/stack/data/venv/lib/python3.12/site-packages/swiftclient/client.py:161}}
Aug 06 17:45:29.564242 np0000006680 devstack@g-api.service[99904]: DEBUG swiftclient [None req-22baacf2-1f25-4e08-a9d3-a2953f36d90d tempest-VolumesActionsTest-1640225386 tempest-VolumesActionsTest-1640225386-project-member] RESP HEADERS: {'Date': 'Thu, 06 Aug 2026 17:45:29 GMT', 'Server': 'Apache/2.4.58 (Ubuntu)', 'Content-Type': 'text/html; charset=UTF-8', 'Content-Length': '0', 'Etag': 'eda9a9889837ac4bc81d6387d92c1bec', 'Last-Modified': 'Thu, 06 Aug 2026 17:45:28 GMT', 'X-Trans-Id': 'txdf40579312e7455986349-006a74c837', 'X-Openstack-Request-Id': 'txdf40579312e7455986349-006a74c837', 'Connection': 'close'} {{(pid=99904) http_log /opt/stack/data/venv/lib/python3.12/site-packages/swiftclient/client.py:162}}
Aug 06 17:45:29.564242 np0000006680 devstack@g-api.service[99904]: DEBUG glance_store._drivers.swift.store [None req-22baacf2-1f25-4e08-a9d3-a2953f36d90d tempest-VolumesActionsTest-1640225386 tempest-VolumesActionsTest-1640225386-project-member] Wrote chunk 58135d69-320b-4c7b-b611-bc628aef140a-00004 (4/?) of length 204800000 to Swift returning MD5 of content: eda9a9889837ac4bc81d6387d92c1bec {{(pid=99904) add /opt/stack/data/venv/lib/python3.12/site-packages/glance_store/_drivers/swift/store.py:1059}}
Aug 06 17:45:30.238027 np0000006680 devstack@g-api.service[99903]: DEBUG glance.api.middleware.version_negotiation [None req-7816f0d3-6c1d-43ab-b860-182b8f0d93cf tempest-TestServerVolumeAttachmentScenario-1509510015 tempest-TestServerVolumeAttachmentScenario-1509510015-project-member] Determining version of request: GET /v2/images/58135d69-320b-4c7b-b611-bc628aef140a Accept: application/json {{(pid=99903) process_request /opt/stack/glance/glance/api/middleware/version_negotiation.py:44}}
Aug 06 17:45:30.238329 np0000006680 devstack@g-api.service[99903]: DEBUG glance.api.middleware.version_negotiation [None req-7816f0d3-6c1d-43ab-b860-182b8f0d93cf tempest-TestServerVolumeAttachmentScenario-1509510015 tempest-TestServerVolumeAttachmentScenario-1509510015-project-member] Using url versioning {{(pid=99903) process_request /opt/stack/glance/glance/api/middleware/version_negotiation.py:57}}
Aug 06 17:45:30.238400 np0000006680 devstack@g-api.service[99903]: DEBUG glance.api.middleware.version_negotiation [None req-7816f0d3-6c1d-43ab-b860-182b8f0d93cf tempest-TestServerVolumeAttachmentScenario-1509510015 tempest-TestServerVolumeAttachmentScenario-1509510015-project-member] Matched version: v2 {{(pid=99903) process_request /opt/stack/glance/glance/api/middleware/version_negotiation.py:69}}
Aug 06 17:45:30.238580 np0000006680 devstack@g-api.service[99903]: DEBUG glance.api.middleware.version_negotiation [None req-7816f0d3-6c1d-43ab-b860-182b8f0d93cf tempest-TestServerVolumeAttachmentScenario-1509510015 tempest-TestServerVolumeAttachmentScenario-1509510015-project-member] new path /v2/images/58135d69-320b-4c7b-b611-bc628aef140a {{(pid=99903) process_request /opt/stack/glance/glance/api/middleware/version_negotiation.py:70}}
Aug 06 17:45:30.254121 np0000006680 devstack@g-api.service[99903]: [pid: 99903|app: 0|req: 111/328] 127.0.0.1 () {40 vars in 838 bytes} [Thu Aug 6 17:45:30 2026] GET /v2/images/58135d69-320b-4c7b-b611-bc628aef140a => generated 650 bytes in 16 msecs (HTTP/1.1 200) 4 headers in 157 bytes (1 switches on core 0)
Aug 06 17:45:31.266263 np0000006680 devstack@g-api.service[99902]: DEBUG glance.api.middleware.version_negotiation [None req-13844c75-88d9-44cc-9b2a-496ecd2d9bdd tempest-VolumesActionsTest-1640225386 tempest-VolumesActionsTest-1640225386-project-member] Determining version of request: GET /v2/images/58135d69-320b-4c7b-b611-bc628aef140a Accept: application/json {{(pid=99902) process_request /opt/stack/glance/glance/api/middleware/version_negotiation.py:44}}
Aug 06 17:45:31.266692 np0000006680 devstack@g-api.service[99902]: DEBUG glance.api.middleware.version_negotiation [None req-13844c75-88d9-44cc-9b2a-496ecd2d9bdd tempest-VolumesActionsTest-1640225386 tempest-VolumesActionsTest-1640225386-project-member] Using url versioning {{(pid=99902) process_request /opt/stack/glance/glance/api/middleware/version_negotiation.py:57}}
Aug 06 17:45:31.266692 np0000006680 devstack@g-api.service[99902]: DEBUG glance.api.middleware.version_negotiation [None req-13844c75-88d9-44cc-9b2a-496ecd2d9bdd tempest-VolumesActionsTest-1640225386 tempest-VolumesActionsTest-1640225386-project-member] Matched version: v2 {{(pid=99902) process_request /opt/stack/glance/glance/api/middleware/version_negotiation.py:69}}
Aug 06 17:45:31.266692 np0000006680 devstack@g-api.service[99902]: DEBUG glance.api.middleware.version_negotiation [None req-13844c75-88d9-44cc-9b2a-496ecd2d9bdd tempest-VolumesActionsTest-1640225386 tempest-VolumesActionsTest-1640225386-project-member] new path /v2/images/58135d69-320b-4c7b-b611-bc628aef140a {{(pid=99902) process_request /opt/stack/glance/glance/api/middleware/version_negotiation.py:70}}
Aug 06 17:45:31.282062 np0000006680 devstack@g-api.service[99902]: [pid: 99902|app: 0|req: 110/329] 127.0.0.1 () {40 vars in 838 bytes} [Thu Aug 6 17:45:31 2026] GET /v2/images/58135d69-320b-4c7b-b611-bc628aef140a => generated 650 bytes in 16 msecs (HTTP/1.1 200) 4 headers in 157 bytes (1 switches on core 0)
Aug 06 17:45:31.428653 np0000006680 devstack@g-api.service[99904]: DEBUG dbcounter [-] [99904] Writing DB stats glance:SELECT=23,glance:INSERT=1,glance:UPDATE=1 {{(pid=99904) stat_writer /opt/stack/data/venv/lib/python3.12/site-packages/dbcounter.py:115}}
Aug 06 17:45:31.767908 np0000006680 devstack@g-api.service[99904]: DEBUG swiftclient [None req-22baacf2-1f25-4e08-a9d3-a2953f36d90d tempest-VolumesActionsTest-1640225386 tempest-VolumesActionsTest-1640225386-project-member] REQ: curl -i https://10.4.3.236:8080/v1/AUTH_2d2ccd2ebdbd4b839f4e0cfe67747941/glance/58135d69-320b-4c7b-b611-bc628aef140a-00005 -X PUT -H "X-Auth-Token: gAAAAABqdMgx6_h-..." {{(pid=99904) http_log /opt/stack/data/venv/lib/python3.12/site-packages/swiftclient/client.py:160}}
Aug 06 17:45:31.768313 np0000006680 devstack@g-api.service[99904]: DEBUG swiftclient [None req-22baacf2-1f25-4e08-a9d3-a2953f36d90d tempest-VolumesActionsTest-1640225386 tempest-VolumesActionsTest-1640225386-project-member] RESP STATUS: 201 Created {{(pid=99904) http_log /opt/stack/data/venv/lib/python3.12/site-packages/swiftclient/client.py:161}}
Aug 06 17:45:31.768560 np0000006680 devstack@g-api.service[99904]: DEBUG swiftclient [None req-22baacf2-1f25-4e08-a9d3-a2953f36d90d tempest-VolumesActionsTest-1640225386 tempest-VolumesActionsTest-1640225386-project-member] RESP HEADERS: {'Date': 'Thu, 06 Aug 2026 17:45:31 GMT', 'Server': 'Apache/2.4.58 (Ubuntu)', 'Content-Type': 'text/html; charset=UTF-8', 'Content-Length': '0', 'Etag': 'eda9a9889837ac4bc81d6387d92c1bec', 'Last-Modified': 'Thu, 06 Aug 2026 17:45:30 GMT', 'X-Trans-Id': 'tx48c7131a77db49e2ab5c7-006a74c839', 'X-Openstack-Request-Id': 'tx48c7131a77db49e2ab5c7-006a74c839', 'Connection': 'close'} {{(pid=99904) http_log /opt/stack/data/venv/lib/python3.12/site-packages/swiftclient/client.py:162}}
Aug 06 17:45:31.768788 np0000006680 devstack@g-api.service[99904]: DEBUG glance_store._drivers.swift.store [None req-22baacf2-1f25-4e08-a9d3-a2953f36d90d tempest-VolumesActionsTest-1640225386 tempest-VolumesActionsTest-1640225386-project-member] Wrote chunk 58135d69-320b-4c7b-b611-bc628aef140a-00005 (5/?) of length 204800000 to Swift returning MD5 of content: eda9a9889837ac4bc81d6387d92c1bec {{(pid=99904) add /opt/stack/data/venv/lib/python3.12/site-packages/glance_store/_drivers/swift/store.py:1059}}
Aug 06 17:45:32.291826 np0000006680 devstack@g-api.service[99903]: DEBUG glance.api.middleware.version_negotiation [None req-55bcab7a-6202-40ec-9037-8a566bdbd8a2 tempest-VolumesActionsTest-1640225386 tempest-VolumesActionsTest-1640225386-project-member] Determining version of request: GET /v2/images/58135d69-320b-4c7b-b611-bc628aef140a Accept: application/json {{(pid=99903) process_request /opt/stack/glance/glance/api/middleware/version_negotiation.py:44}}
Aug 06 17:45:32.292397 np0000006680 devstack@g-api.service[99903]: DEBUG glance.api.middleware.version_negotiation [None req-55bcab7a-6202-40ec-9037-8a566bdbd8a2 tempest-VolumesActionsTest-1640225386 tempest-VolumesActionsTest-1640225386-project-member] Using url versioning {{(pid=99903) process_request /opt/stack/glance/glance/api/middleware/version_negotiation.py:57}}
Aug 06 17:45:32.292397 np0000006680 devstack@g-api.service[99903]: DEBUG glance.api.middleware.version_negotiation [None req-55bcab7a-6202-40ec-9037-8a566bdbd8a2 tempest-VolumesActionsTest-1640225386 tempest-VolumesActionsTest-1640225386-project-member] Matched version: v2 {{(pid=99903) process_request /opt/stack/glance/glance/api/middleware/version_negotiation.py:69}}
Aug 06 17:45:32.292609 np0000006680 devstack@g-api.service[99903]: DEBUG glance.api.middleware.version_negotiation [None req-55bcab7a-6202-40ec-9037-8a566bdbd8a2 tempest-VolumesActionsTest-1640225386 tempest-VolumesActionsTest-1640225386-project-member] new path /v2/images/58135d69-320b-4c7b-b611-bc628aef140a {{(pid=99903) process_request /opt/stack/glance/glance/api/middleware/version_negotiation.py:70}}
Aug 06 17:45:32.303019 np0000006680 devstack@g-api.service[99903]: [pid: 99903|app: 0|req: 112/330] 127.0.0.1 () {40 vars in 838 bytes} [Thu Aug 6 17:45:32 2026] GET /v2/images/58135d69-320b-4c7b-b611-bc628aef140a => generated 650 bytes in 11 msecs (HTTP/1.1 200) 4 headers in 157 bytes (1 switches on core 0)
Aug 06 17:45:32.322837 np0000006680 devstack@g-api.service[99904]: DEBUG swiftclient [None req-22baacf2-1f25-4e08-a9d3-a2953f36d90d tempest-VolumesActionsTest-1640225386 tempest-VolumesActionsTest-1640225386-project-member] REQ: curl -i https://10.4.3.236:8080/v1/AUTH_2d2ccd2ebdbd4b839f4e0cfe67747941/glance/58135d69-320b-4c7b-b611-bc628aef140a-00006 -X PUT -H "X-Auth-Token: gAAAAABqdMgx6_h-..." {{(pid=99904) http_log /opt/stack/data/venv/lib/python3.12/site-packages/swiftclient/client.py:160}}
Aug 06 17:45:32.323023 np0000006680 devstack@g-api.service[99904]: DEBUG swiftclient [None req-22baacf2-1f25-4e08-a9d3-a2953f36d90d tempest-VolumesActionsTest-1640225386 tempest-VolumesActionsTest-1640225386-project-member] RESP STATUS: 201 Created {{(pid=99904) http_log /opt/stack/data/venv/lib/python3.12/site-packages/swiftclient/client.py:161}}
Aug 06 17:45:32.323293 np0000006680 devstack@g-api.service[99904]: DEBUG swiftclient [None req-22baacf2-1f25-4e08-a9d3-a2953f36d90d tempest-VolumesActionsTest-1640225386 tempest-VolumesActionsTest-1640225386-project-member] RESP HEADERS: {'Date': 'Thu, 06 Aug 2026 17:45:32 GMT', 'Server': 'Apache/2.4.58 (Ubuntu)', 'Content-Type': 'text/html; charset=UTF-8', 'Content-Length': '0', 'Etag': '708761f3b8777ec77058e63da08eeeb6', 'Last-Modified': 'Thu, 06 Aug 2026 17:45:32 GMT', 'X-Trans-Id': 'txbf22e8bb66054b1cb91da-006a74c83b', 'X-Openstack-Request-Id': 'txbf22e8bb66054b1cb91da-006a74c83b', 'Connection': 'close'} {{(pid=99904) http_log /opt/stack/data/venv/lib/python3.12/site-packages/swiftclient/client.py:162}}
Aug 06 17:45:32.323483 np0000006680 devstack@g-api.service[99904]: DEBUG glance_store._drivers.swift.store [None req-22baacf2-1f25-4e08-a9d3-a2953f36d90d tempest-VolumesActionsTest-1640225386 tempest-VolumesActionsTest-1640225386-project-member] Wrote chunk 58135d69-320b-4c7b-b611-bc628aef140a-00006 (6/?) of length 49741824 to Swift returning MD5 of content: 708761f3b8777ec77058e63da08eeeb6 {{(pid=99904) add /opt/stack/data/venv/lib/python3.12/site-packages/glance_store/_drivers/swift/store.py:1059}}
Aug 06 17:45:32.323814 np0000006680 devstack@g-api.service[99904]: DEBUG glance_store._drivers.swift.store [None req-22baacf2-1f25-4e08-a9d3-a2953f36d90d tempest-VolumesActionsTest-1640225386 tempest-VolumesActionsTest-1640225386-project-member] Not writing zero-length chunk. {{(pid=99904) add /opt/stack/data/venv/lib/python3.12/site-packages/glance_store/_drivers/swift/store.py:1028}}
Aug 06 17:45:32.345026 np0000006680 devstack@g-api.service[99904]: DEBUG swiftclient [None req-22baacf2-1f25-4e08-a9d3-a2953f36d90d tempest-VolumesActionsTest-1640225386 tempest-VolumesActionsTest-1640225386-project-member] REQ: curl -i https://10.4.3.236:8080/v1/AUTH_2d2ccd2ebdbd4b839f4e0cfe67747941/glance/58135d69-320b-4c7b-b611-bc628aef140a -X PUT -H "X-Object-Manifest: glance/58135d69-320b-4c7b-b611-bc628aef140a-" -H "X-Auth-Token: gAAAAABqdMgx6_h-..." -H "Content-Length: 0" {{(pid=99904) http_log /opt/stack/data/venv/lib/python3.12/site-packages/swiftclient/client.py:160}}
Aug 06 17:45:32.345163 np0000006680 devstack@g-api.service[99904]: DEBUG swiftclient [None req-22baacf2-1f25-4e08-a9d3-a2953f36d90d tempest-VolumesActionsTest-1640225386 tempest-VolumesActionsTest-1640225386-project-member] RESP STATUS: 201 Created {{(pid=99904) http_log /opt/stack/data/venv/lib/python3.12/site-packages/swiftclient/client.py:161}}
