Aug 06 17:37:44.784366 np0000006680 nova-scheduler[93537]: DEBUG cotyledon.oslo_config_glue [-] oslo_messaging_rabbit.rabbit_quorum_delivery_limit = 0 {{(pid=93537) log_opt_values /opt/stack/data/venv/lib/python3.12/site-packages/oslo_config/cfg.py:3545}}
Aug 06 17:37:44.784366 np0000006680 nova-scheduler[93537]: DEBUG cotyledon.oslo_config_glue [-] oslo_messaging_rabbit.rabbit_quorum_max_memory_bytes = 0 {{(pid=93537) log_opt_values /opt/stack/data/venv/lib/python3.12/site-packages/oslo_config/cfg.py:3545}}
Aug 06 17:37:44.784366 np0000006680 nova-scheduler[93537]: DEBUG cotyledon.oslo_config_glue [-] oslo_messaging_rabbit.rabbit_quorum_max_memory_length = 0 {{(pid=93537) log_opt_values /opt/stack/data/venv/lib/python3.12/site-packages/oslo_config/cfg.py:3545}}
Aug 06 17:37:44.784366 np0000006680 nova-scheduler[93537]: DEBUG cotyledon.oslo_config_glue [-] oslo_messaging_rabbit.rabbit_quorum_queue = False {{(pid=93537) log_opt_values /opt/stack/data/venv/lib/python3.12/site-packages/oslo_config/cfg.py:3545}}
Aug 06 17:37:44.784366 np0000006680 nova-scheduler[93537]: DEBUG cotyledon.oslo_config_glue [-] oslo_messaging_rabbit.rabbit_retry_backoff = 2 {{(pid=93537) log_opt_values /opt/stack/data/venv/lib/python3.12/site-packages/oslo_config/cfg.py:3545}}
Aug 06 17:37:44.784366 np0000006680 nova-scheduler[93537]: DEBUG cotyledon.oslo_config_glue [-] oslo_messaging_rabbit.rabbit_retry_interval = 1 {{(pid=93537) log_opt_values /opt/stack/data/venv/lib/python3.12/site-packages/oslo_config/cfg.py:3545}}
Aug 06 17:37:44.784366 np0000006680 nova-scheduler[93537]: DEBUG cotyledon.oslo_config_glue [-] oslo_messaging_rabbit.rabbit_stream_fanout = False {{(pid=93537) log_opt_values /opt/stack/data/venv/lib/python3.12/site-packages/oslo_config/cfg.py:3545}}
Aug 06 17:37:44.784622 np0000006680 nova-scheduler[93537]: DEBUG cotyledon.oslo_config_glue [-] oslo_messaging_rabbit.rabbit_transient_queues_ttl = 1800 {{(pid=93537) log_opt_values /opt/stack/data/venv/lib/python3.12/site-packages/oslo_config/cfg.py:3545}}
Aug 06 17:37:44.784622 np0000006680 nova-scheduler[93537]: DEBUG cotyledon.oslo_config_glue [-] oslo_messaging_rabbit.rabbit_transient_quorum_queue = False {{(pid=93537) log_opt_values /opt/stack/data/venv/lib/python3.12/site-packages/oslo_config/cfg.py:3545}}
Aug 06 17:37:44.784622 np0000006680 nova-scheduler[93537]: DEBUG cotyledon.oslo_config_glue [-] oslo_messaging_rabbit.rpc_conn_pool_size = 30 {{(pid=93537) log_opt_values /opt/stack/data/venv/lib/python3.12/site-packages/oslo_config/cfg.py:3545}}
Aug 06 17:37:44.784622 np0000006680 nova-scheduler[93537]: DEBUG cotyledon.oslo_config_glue [-] oslo_messaging_rabbit.ssl = False {{(pid=93537) log_opt_values /opt/stack/data/venv/lib/python3.12/site-packages/oslo_config/cfg.py:3545}}
Aug 06 17:37:44.784622 np0000006680 nova-scheduler[93537]: DEBUG cotyledon.oslo_config_glue [-] oslo_messaging_rabbit.ssl_ca_file = {{(pid=93537) log_opt_values /opt/stack/data/venv/lib/python3.12/site-packages/oslo_config/cfg.py:3545}}
Aug 06 17:37:44.784622 np0000006680 nova-scheduler[93537]: DEBUG cotyledon.oslo_config_glue [-] oslo_messaging_rabbit.ssl_cert_file = {{(pid=93537) log_opt_values /opt/stack/data/venv/lib/python3.12/site-packages/oslo_config/cfg.py:3545}}
Aug 06 17:37:44.784622 np0000006680 nova-scheduler[93537]: DEBUG cotyledon.oslo_config_glue [-] oslo_messaging_rabbit.ssl_enforce_fips_mode = False {{(pid=93537) log_opt_values /opt/stack/data/venv/lib/python3.12/site-packages/oslo_config/cfg.py:3545}}
Aug 06 17:37:44.784622 np0000006680 nova-scheduler[93537]: DEBUG cotyledon.oslo_config_glue [-] oslo_messaging_rabbit.ssl_enforce_hostname_verification = True {{(pid=93537) log_opt_values /opt/stack/data/venv/lib/python3.12/site-packages/oslo_config/cfg.py:3545}}
Aug 06 17:37:44.784622 np0000006680 nova-scheduler[93537]: DEBUG cotyledon.oslo_config_glue [-] oslo_messaging_rabbit.ssl_key_file = {{(pid=93537) log_opt_values /opt/stack/data/venv/lib/python3.12/site-packages/oslo_config/cfg.py:3545}}
Aug 06 17:37:44.784899 np0000006680 nova-scheduler[93537]: DEBUG cotyledon.oslo_config_glue [-] oslo_messaging_rabbit.ssl_version = {{(pid=93537) log_opt_values /opt/stack/data/venv/lib/python3.12/site-packages/oslo_config/cfg.py:3545}}
Aug 06 17:37:44.784899 np0000006680 nova-scheduler[93537]: DEBUG cotyledon.oslo_config_glue [-] oslo_messaging_rabbit.use_queue_manager = False {{(pid=93537) log_opt_values /opt/stack/data/venv/lib/python3.12/site-packages/oslo_config/cfg.py:3545}}
Aug 06 17:37:44.784899 np0000006680 nova-scheduler[93537]: DEBUG cotyledon.oslo_config_glue [-] oslo_messaging_notifications.driver = ['messagingv2'] {{(pid=93537) log_opt_values /opt/stack/data/venv/lib/python3.12/site-packages/oslo_config/cfg.py:3545}}
Aug 06 17:37:44.784899 np0000006680 nova-scheduler[93537]: DEBUG cotyledon.oslo_config_glue [-] oslo_messaging_notifications.retry = -1 {{(pid=93537) log_opt_values /opt/stack/data/venv/lib/python3.12/site-packages/oslo_config/cfg.py:3545}}
Aug 06 17:37:44.784899 np0000006680 nova-scheduler[93537]: DEBUG cotyledon.oslo_config_glue [-] oslo_messaging_notifications.topics = ['notifications'] {{(pid=93537) log_opt_values /opt/stack/data/venv/lib/python3.12/site-packages/oslo_config/cfg.py:3545}}
Aug 06 17:37:44.784899 np0000006680 nova-scheduler[93537]: DEBUG cotyledon.oslo_config_glue [-] oslo_messaging_notifications.transport_url = **** {{(pid=93537) log_opt_values /opt/stack/data/venv/lib/python3.12/site-packages/oslo_config/cfg.py:3545}}
Aug 06 17:37:44.784899 np0000006680 nova-scheduler[93537]: DEBUG cotyledon.oslo_config_glue [-] oslo_limit.auth_section = None {{(pid=93537) log_opt_values /opt/stack/data/venv/lib/python3.12/site-packages/oslo_config/cfg.py:3545}}
Aug 06 17:37:44.784899 np0000006680 nova-scheduler[93537]: DEBUG cotyledon.oslo_config_glue [-] oslo_limit.auth_type = None {{(pid=93537) log_opt_values /opt/stack/data/venv/lib/python3.12/site-packages/oslo_config/cfg.py:3545}}
Aug 06 17:37:44.784899 np0000006680 nova-scheduler[93537]: DEBUG cotyledon.oslo_config_glue [-] oslo_limit.cafile = None {{(pid=93537) log_opt_values /opt/stack/data/venv/lib/python3.12/site-packages/oslo_config/cfg.py:3545}}
Aug 06 17:37:44.785195 np0000006680 nova-scheduler[93537]: DEBUG cotyledon.oslo_config_glue [-] oslo_limit.certfile = None {{(pid=93537) log_opt_values /opt/stack/data/venv/lib/python3.12/site-packages/oslo_config/cfg.py:3545}}
Aug 06 17:37:44.785195 np0000006680 nova-scheduler[93537]: DEBUG cotyledon.oslo_config_glue [-] oslo_limit.collect_timing = False {{(pid=93537) log_opt_values /opt/stack/data/venv/lib/python3.12/site-packages/oslo_config/cfg.py:3545}}
Aug 06 17:37:44.785195 np0000006680 nova-scheduler[93537]: DEBUG cotyledon.oslo_config_glue [-] oslo_limit.connect_retries = None {{(pid=93537) log_opt_values /opt/stack/data/venv/lib/python3.12/site-packages/oslo_config/cfg.py:3545}}
Aug 06 17:37:44.785195 np0000006680 nova-scheduler[93537]: DEBUG cotyledon.oslo_config_glue [-] oslo_limit.connect_retry_delay = None {{(pid=93537) log_opt_values /opt/stack/data/venv/lib/python3.12/site-packages/oslo_config/cfg.py:3545}}
Aug 06 17:37:44.785195 np0000006680 nova-scheduler[93537]: DEBUG cotyledon.oslo_config_glue [-] oslo_limit.endpoint_id = None {{(pid=93537) log_opt_values /opt/stack/data/venv/lib/python3.12/site-packages/oslo_config/cfg.py:3545}}
Aug 06 17:37:44.785195 np0000006680 nova-scheduler[93537]: DEBUG cotyledon.oslo_config_glue [-] oslo_limit.endpoint_interface = public {{(pid=93537) log_opt_values /opt/stack/data/venv/lib/python3.12/site-packages/oslo_config/cfg.py:3545}}
Aug 06 17:37:44.785195 np0000006680 nova-scheduler[93537]: DEBUG cotyledon.oslo_config_glue [-] oslo_limit.endpoint_override = None {{(pid=93537) log_opt_values /opt/stack/data/venv/lib/python3.12/site-packages/oslo_config/cfg.py:3545}}
Aug 06 17:37:44.785195 np0000006680 nova-scheduler[93537]: DEBUG cotyledon.oslo_config_glue [-] oslo_limit.endpoint_region_name = None {{(pid=93537) log_opt_values /opt/stack/data/venv/lib/python3.12/site-packages/oslo_config/cfg.py:3545}}
Aug 06 17:37:44.785195 np0000006680 nova-scheduler[93537]: DEBUG cotyledon.oslo_config_glue [-] oslo_limit.endpoint_service_name = None {{(pid=93537) log_opt_values /opt/stack/data/venv/lib/python3.12/site-packages/oslo_config/cfg.py:3545}}
Aug 06 17:37:44.785502 np0000006680 nova-scheduler[93537]: DEBUG cotyledon.oslo_config_glue [-] oslo_limit.endpoint_service_type = None {{(pid=93537) log_opt_values /opt/stack/data/venv/lib/python3.12/site-packages/oslo_config/cfg.py:3545}}
Aug 06 17:37:44.785502 np0000006680 nova-scheduler[93537]: DEBUG cotyledon.oslo_config_glue [-] oslo_limit.insecure = False {{(pid=93537) log_opt_values /opt/stack/data/venv/lib/python3.12/site-packages/oslo_config/cfg.py:3545}}
Aug 06 17:37:44.785502 np0000006680 nova-scheduler[93537]: DEBUG cotyledon.oslo_config_glue [-] oslo_limit.keyfile = None {{(pid=93537) log_opt_values /opt/stack/data/venv/lib/python3.12/site-packages/oslo_config/cfg.py:3545}}
Aug 06 17:37:44.785502 np0000006680 nova-scheduler[93537]: DEBUG cotyledon.oslo_config_glue [-] oslo_limit.max_version = None {{(pid=93537) log_opt_values /opt/stack/data/venv/lib/python3.12/site-packages/oslo_config/cfg.py:3545}}
Aug 06 17:37:44.785502 np0000006680 nova-scheduler[93537]: DEBUG cotyledon.oslo_config_glue [-] oslo_limit.min_version = None {{(pid=93537) log_opt_values /opt/stack/data/venv/lib/python3.12/site-packages/oslo_config/cfg.py:3545}}
Aug 06 17:37:44.785502 np0000006680 nova-scheduler[93537]: DEBUG cotyledon.oslo_config_glue [-] oslo_limit.region_name = None {{(pid=93537) log_opt_values /opt/stack/data/venv/lib/python3.12/site-packages/oslo_config/cfg.py:3545}}
Aug 06 17:37:44.785502 np0000006680 nova-scheduler[93537]: DEBUG cotyledon.oslo_config_glue [-] oslo_limit.retriable_status_codes = None {{(pid=93537) log_opt_values /opt/stack/data/venv/lib/python3.12/site-packages/oslo_config/cfg.py:3545}}
Aug 06 17:37:44.785502 np0000006680 nova-scheduler[93537]: DEBUG cotyledon.oslo_config_glue [-] oslo_limit.service_name = None {{(pid=93537) log_opt_values /opt/stack/data/venv/lib/python3.12/site-packages/oslo_config/cfg.py:3545}}
Aug 06 17:37:44.785502 np0000006680 nova-scheduler[93537]: DEBUG cotyledon.oslo_config_glue [-] oslo_limit.service_type = None {{(pid=93537) log_opt_values /opt/stack/data/venv/lib/python3.12/site-packages/oslo_config/cfg.py:3545}}
Aug 06 17:37:44.785788 np0000006680 nova-scheduler[93537]: DEBUG cotyledon.oslo_config_glue [-] oslo_limit.split_loggers = False {{(pid=93537) log_opt_values /opt/stack/data/venv/lib/python3.12/site-packages/oslo_config/cfg.py:3545}}
Aug 06 17:37:44.785788 np0000006680 nova-scheduler[93537]: DEBUG cotyledon.oslo_config_glue [-] oslo_limit.status_code_retries = None {{(pid=93537) log_opt_values /opt/stack/data/venv/lib/python3.12/site-packages/oslo_config/cfg.py:3545}}
Aug 06 17:37:44.785788 np0000006680 nova-scheduler[93537]: DEBUG cotyledon.oslo_config_glue [-] oslo_limit.status_code_retry_delay = None {{(pid=93537) log_opt_values /opt/stack/data/venv/lib/python3.12/site-packages/oslo_config/cfg.py:3545}}
Aug 06 17:37:44.785788 np0000006680 nova-scheduler[93537]: DEBUG cotyledon.oslo_config_glue [-] oslo_limit.timeout = None {{(pid=93537) log_opt_values /opt/stack/data/venv/lib/python3.12/site-packages/oslo_config/cfg.py:3545}}
Aug 06 17:37:44.785788 np0000006680 nova-scheduler[93537]: DEBUG cotyledon.oslo_config_glue [-] oslo_limit.valid_interfaces = None {{(pid=93537) log_opt_values /opt/stack/data/venv/lib/python3.12/site-packages/oslo_config/cfg.py:3545}}
Aug 06 17:37:44.785788 np0000006680 nova-scheduler[93537]: DEBUG cotyledon.oslo_config_glue [-] oslo_limit.version = None {{(pid=93537) log_opt_values /opt/stack/data/venv/lib/python3.12/site-packages/oslo_config/cfg.py:3545}}
Aug 06 17:37:44.785788 np0000006680 nova-scheduler[93537]: DEBUG cotyledon.oslo_config_glue [-] oslo_reports.file_event_handler = None {{(pid=93537) log_opt_values /opt/stack/data/venv/lib/python3.12/site-packages/oslo_config/cfg.py:3545}}
Aug 06 17:37:44.785788 np0000006680 nova-scheduler[93537]: DEBUG cotyledon.oslo_config_glue [-] oslo_reports.file_event_handler_interval = 1 {{(pid=93537) log_opt_values /opt/stack/data/venv/lib/python3.12/site-packages/oslo_config/cfg.py:3545}}
Aug 06 17:37:44.785788 np0000006680 nova-scheduler[93537]: DEBUG cotyledon.oslo_config_glue [-] oslo_reports.log_dir = None {{(pid=93537) log_opt_values /opt/stack/data/venv/lib/python3.12/site-packages/oslo_config/cfg.py:3545}}
Aug 06 17:37:44.786063 np0000006680 nova-scheduler[93537]: DEBUG cotyledon.oslo_config_glue [-] ******************************************************************************** {{(pid=93537) log_opt_values /opt/stack/data/venv/lib/python3.12/site-packages/oslo_config/cfg.py:3552}}
Aug 06 17:37:44.786063 np0000006680 nova-scheduler[93537]: DEBUG cotyledon._service_worker [-] Run service ServiceWrapper(2) [93537] {{(pid=93537) wait_forever /opt/stack/data/venv/lib/python3.12/site-packages/cotyledon/_service_worker.py:218}}
Aug 06 17:37:44.786063 np0000006680 nova-scheduler[93537]: INFO nova.service [-] Starting scheduler node (version 33.1.0)
Aug 06 17:37:44.786063 np0000006680 nova-scheduler[93537]: INFO dbcounter [None req-ac4f4bf7-f928-4f1b-aba1-b54b65af8876 None None] Registered counter for database nova_cell0
Aug 06 17:37:44.786221 np0000006680 nova-scheduler[93535]: DEBUG oslo_db.sqlalchemy.engines [None req-b9c68674-67a1-4bb4-8eda-a98722ded2f6 None None] MySQL server mode set to STRICT_TRANS_TABLES,STRICT_ALL_TABLES,NO_ZERO_IN_DATE,NO_ZERO_DATE,ERROR_FOR_DIVISION_BY_ZERO,TRADITIONAL,NO_ENGINE_SUBSTITUTION {{(pid=93535) _check_effective_sql_mode /opt/stack/data/venv/lib/python3.12/site-packages/oslo_db/sqlalchemy/engines.py:325}}
Aug 06 17:37:44.793675 np0000006680 nova-scheduler[93535]: DEBUG dbcounter [-] [93535] Writer thread running {{(pid=93535) stat_writer /opt/stack/data/venv/lib/python3.12/site-packages/dbcounter.py:102}}
Aug 06 17:37:44.797695 np0000006680 nova-scheduler[93533]: DEBUG oslo_db.sqlalchemy.engines [None req-df55abe1-8ac8-4faf-be81-a727f808ff0f None None] MySQL server mode set to STRICT_TRANS_TABLES,STRICT_ALL_TABLES,NO_ZERO_IN_DATE,NO_ZERO_DATE,ERROR_FOR_DIVISION_BY_ZERO,TRADITIONAL,NO_ENGINE_SUBSTITUTION {{(pid=93533) _check_effective_sql_mode /opt/stack/data/venv/lib/python3.12/site-packages/oslo_db/sqlalchemy/engines.py:325}}
Aug 06 17:37:44.807048 np0000006680 nova-scheduler[93537]: DEBUG oslo_db.sqlalchemy.engines [None req-ac4f4bf7-f928-4f1b-aba1-b54b65af8876 None None] MySQL server mode set to STRICT_TRANS_TABLES,STRICT_ALL_TABLES,NO_ZERO_IN_DATE,NO_ZERO_DATE,ERROR_FOR_DIVISION_BY_ZERO,TRADITIONAL,NO_ENGINE_SUBSTITUTION {{(pid=93537) _check_effective_sql_mode /opt/stack/data/venv/lib/python3.12/site-packages/oslo_db/sqlalchemy/engines.py:325}}
Aug 06 17:37:44.810365 np0000006680 nova-scheduler[93533]: DEBUG dbcounter [-] [93533] Writer thread running {{(pid=93533) stat_writer /opt/stack/data/venv/lib/python3.12/site-packages/dbcounter.py:102}}
Aug 06 17:37:44.811660 np0000006680 nova-scheduler[93535]: DEBUG nova.service [None req-b9c68674-67a1-4bb4-8eda-a98722ded2f6 None None] Creating RPC server for service: nova-scheduler on topic: scheduler {{(pid=93535) start /opt/stack/nova/nova/service.py:196}}
Aug 06 17:37:44.813787 np0000006680 nova-scheduler[93533]: DEBUG nova.service [None req-df55abe1-8ac8-4faf-be81-a727f808ff0f None None] Creating RPC server for service: nova-scheduler on topic: scheduler {{(pid=93533) start /opt/stack/nova/nova/service.py:196}}
Aug 06 17:37:44.818748 np0000006680 nova-scheduler[93537]: DEBUG dbcounter [-] [93537] Writer thread running {{(pid=93537) stat_writer /opt/stack/data/venv/lib/python3.12/site-packages/dbcounter.py:102}}
Aug 06 17:37:44.825129 np0000006680 nova-scheduler[93537]: DEBUG nova.service [None req-ac4f4bf7-f928-4f1b-aba1-b54b65af8876 None None] Creating RPC server for service: nova-scheduler on topic: scheduler {{(pid=93537) start /opt/stack/nova/nova/service.py:196}}
Aug 06 17:37:44.842658 np0000006680 nova-scheduler[93537]: DEBUG nova.service [None req-ac4f4bf7-f928-4f1b-aba1-b54b65af8876 None None] Join ServiceGroup membership for this service scheduler {{(pid=93537) start /opt/stack/nova/nova/service.py:222}}
Aug 06 17:37:44.842939 np0000006680 nova-scheduler[93537]: DEBUG nova.servicegroup.drivers.db [None req-ac4f4bf7-f928-4f1b-aba1-b54b65af8876 None None] DB_Driver: join new ServiceGroup member np0000006680 to the scheduler group, service = {{(pid=93537) join /opt/stack/nova/nova/servicegroup/drivers/db.py:44}}
Aug 06 17:37:44.843874 np0000006680 nova-scheduler[93535]: DEBUG nova.service [None req-b9c68674-67a1-4bb4-8eda-a98722ded2f6 None None] Join ServiceGroup membership for this service scheduler {{(pid=93535) start /opt/stack/nova/nova/service.py:222}}
Aug 06 17:37:44.844163 np0000006680 nova-scheduler[93535]: DEBUG nova.servicegroup.drivers.db [None req-b9c68674-67a1-4bb4-8eda-a98722ded2f6 None None] DB_Driver: join new ServiceGroup member np0000006680 to the scheduler group, service = {{(pid=93535) join /opt/stack/nova/nova/servicegroup/drivers/db.py:44}}
Aug 06 17:37:44.852917 np0000006680 nova-scheduler[93533]: DEBUG nova.service [None req-df55abe1-8ac8-4faf-be81-a727f808ff0f None None] Join ServiceGroup membership for this service scheduler {{(pid=93533) start /opt/stack/nova/nova/service.py:222}}
Aug 06 17:37:44.852917 np0000006680 nova-scheduler[93533]: DEBUG nova.servicegroup.drivers.db [None req-df55abe1-8ac8-4faf-be81-a727f808ff0f None None] DB_Driver: join new ServiceGroup member np0000006680 to the scheduler group, service = {{(pid=93533) join /opt/stack/nova/nova/servicegroup/drivers/db.py:44}}
Aug 06 17:37:49.863956 np0000006680 nova-scheduler[93535]: DEBUG oslo.service.backend._threading.loopingcall [-] Fixed interval looping call 'nova.servicegroup.drivers.db.DbDriver._report_state' sleeping for 119.98 seconds {{(pid=93535) _run_loop /opt/stack/data/venv/lib/python3.12/site-packages/oslo_service/backend/_threading/loopingcall.py:125}}
Aug 06 17:37:49.867207 np0000006680 nova-scheduler[93537]: DEBUG oslo.service.backend._threading.loopingcall [-] Fixed interval looping call 'nova.servicegroup.drivers.db.DbDriver._report_state' sleeping for 119.98 seconds {{(pid=93537) _run_loop /opt/stack/data/venv/lib/python3.12/site-packages/oslo_service/backend/_threading/loopingcall.py:125}}
Aug 06 17:37:49.869537 np0000006680 nova-scheduler[93533]: DEBUG oslo.service.backend._threading.loopingcall [-] Fixed interval looping call 'nova.servicegroup.drivers.db.DbDriver._report_state' sleeping for 119.99 seconds {{(pid=93533) _run_loop /opt/stack/data/venv/lib/python3.12/site-packages/oslo_service/backend/_threading/loopingcall.py:125}}
Aug 06 17:37:53.340191 np0000006680 nova-scheduler[92329]: DEBUG dbcounter [-] [92329] Writing DB stats nova_api:SELECT=3 {{(pid=92329) stat_writer /opt/stack/data/venv/lib/python3.12/site-packages/dbcounter.py:115}}
Aug 06 17:37:53.504843 np0000006680 nova-scheduler[92329]: DEBUG dbcounter [-] [92329] Writing DB stats nova_cell0:SELECT=1 {{(pid=92329) stat_writer /opt/stack/data/venv/lib/python3.12/site-packages/dbcounter.py:115}}
Aug 06 17:37:53.511420 np0000006680 nova-scheduler[92329]: DEBUG dbcounter [-] [92329] Writing DB stats nova_cell1:SELECT=1 {{(pid=92329) stat_writer /opt/stack/data/venv/lib/python3.12/site-packages/dbcounter.py:115}}
Aug 06 17:37:59.855564 np0000006680 nova-scheduler[93535]: DEBUG dbcounter [-] [93535] Writing DB stats nova_cell0:SELECT=4,nova_cell0:INSERT=1,nova_cell0:UPDATE=1 {{(pid=93535) stat_writer /opt/stack/data/venv/lib/python3.12/site-packages/dbcounter.py:115}}
Aug 06 17:37:59.856027 np0000006680 nova-scheduler[93537]: DEBUG dbcounter [-] [93537] Writing DB stats nova_cell0:SELECT=3,nova_cell0:UPDATE=1 {{(pid=93537) stat_writer /opt/stack/data/venv/lib/python3.12/site-packages/dbcounter.py:115}}
Aug 06 17:37:59.867194 np0000006680 nova-scheduler[93533]: DEBUG dbcounter [-] [93533] Writing DB stats nova_cell0:SELECT=3,nova_cell0:UPDATE=1 {{(pid=93533) stat_writer /opt/stack/data/venv/lib/python3.12/site-packages/dbcounter.py:115}}
Aug 06 17:38:08.855501 np0000006680 nova-scheduler[93533]: DEBUG oslo.service.backend._threading.loopingcall [None req-ab87f440-075e-418d-8c2c-5de984e9cd69 None None] Dynamic interval looping call 'nova.service.Service.periodic_tasks' sleeping for 60.00 seconds {{(pid=93533) _run_loop /opt/stack/data/venv/lib/python3.12/site-packages/oslo_service/backend/_threading/loopingcall.py:125}}
Aug 06 17:38:26.845116 np0000006680 nova-scheduler[93537]: DEBUG oslo.service.backend._threading.loopingcall [None req-4c920022-b9bc-4a51-9981-d831d149dd60 None None] Dynamic interval looping call 'nova.service.Service.periodic_tasks' sleeping for 60.00 seconds {{(pid=93537) _run_loop /opt/stack/data/venv/lib/python3.12/site-packages/oslo_service/backend/_threading/loopingcall.py:125}}
Aug 06 17:38:39.848429 np0000006680 nova-scheduler[93535]: DEBUG oslo.service.backend._threading.loopingcall [None req-056fcfe1-157e-43e3-8567-2264af7dc81b None None] Dynamic interval looping call 'nova.service.Service.periodic_tasks' sleeping for 60.00 seconds {{(pid=93535) _run_loop /opt/stack/data/venv/lib/python3.12/site-packages/oslo_service/backend/_threading/loopingcall.py:125}}
Aug 06 17:39:08.856258 np0000006680 nova-scheduler[93533]: DEBUG oslo.service.backend._threading.loopingcall [None req-ab87f440-075e-418d-8c2c-5de984e9cd69 None None] Dynamic interval looping call 'nova.service.Service.periodic_tasks' sleeping for 60.00 seconds {{(pid=93533) _run_loop /opt/stack/data/venv/lib/python3.12/site-packages/oslo_service/backend/_threading/loopingcall.py:125}}
Aug 06 17:39:26.845612 np0000006680 nova-scheduler[93537]: DEBUG oslo.service.backend._threading.loopingcall [None req-4c920022-b9bc-4a51-9981-d831d149dd60 None None] Dynamic interval looping call 'nova.service.Service.periodic_tasks' sleeping for 60.00 seconds {{(pid=93537) _run_loop /opt/stack/data/venv/lib/python3.12/site-packages/oslo_service/backend/_threading/loopingcall.py:125}}
Aug 06 17:39:39.849305 np0000006680 nova-scheduler[93535]: DEBUG oslo.service.backend._threading.loopingcall [None req-056fcfe1-157e-43e3-8567-2264af7dc81b None None] Dynamic interval looping call 'nova.service.Service.periodic_tasks' sleeping for 60.00 seconds {{(pid=93535) _run_loop /opt/stack/data/venv/lib/python3.12/site-packages/oslo_service/backend/_threading/loopingcall.py:125}}
Aug 06 17:39:49.856453 np0000006680 nova-scheduler[93537]: DEBUG oslo.service.backend._threading.loopingcall [-] Fixed interval looping call 'nova.servicegroup.drivers.db.DbDriver._report_state' sleeping for 119.99 seconds {{(pid=93537) _run_loop /opt/stack/data/venv/lib/python3.12/site-packages/oslo_service/backend/_threading/loopingcall.py:125}}
Aug 06 17:39:49.857558 np0000006680 nova-scheduler[93535]: DEBUG oslo.service.backend._threading.loopingcall [-] Fixed interval looping call 'nova.servicegroup.drivers.db.DbDriver._report_state' sleeping for 119.99 seconds {{(pid=93535) _run_loop /opt/stack/data/venv/lib/python3.12/site-packages/oslo_service/backend/_threading/loopingcall.py:125}}
Aug 06 17:39:49.867069 np0000006680 nova-scheduler[93533]: DEBUG oslo.service.backend._threading.loopingcall [-] Fixed interval looping call 'nova.servicegroup.drivers.db.DbDriver._report_state' sleeping for 119.99 seconds {{(pid=93533) _run_loop /opt/stack/data/venv/lib/python3.12/site-packages/oslo_service/backend/_threading/loopingcall.py:125}}
Aug 06 17:39:59.850790 np0000006680 nova-scheduler[93537]: DEBUG dbcounter [-] [93537] Writing DB stats nova_cell0:SELECT=1,nova_cell0:UPDATE=1 {{(pid=93537) stat_writer /opt/stack/data/venv/lib/python3.12/site-packages/dbcounter.py:115}}
Aug 06 17:39:59.851361 np0000006680 nova-scheduler[93535]: DEBUG dbcounter [-] [93535] Writing DB stats nova_cell0:SELECT=1,nova_cell0:UPDATE=1 {{(pid=93535) stat_writer /opt/stack/data/venv/lib/python3.12/site-packages/dbcounter.py:115}}
Aug 06 17:39:59.864779 np0000006680 nova-scheduler[93533]: DEBUG dbcounter [-] [93533] Writing DB stats nova_cell0:SELECT=1 {{(pid=93533) stat_writer /opt/stack/data/venv/lib/python3.12/site-packages/dbcounter.py:115}}
Aug 06 17:40:08.856894 np0000006680 nova-scheduler[93533]: DEBUG oslo.service.backend._threading.loopingcall [None req-ab87f440-075e-418d-8c2c-5de984e9cd69 None None] Dynamic interval looping call 'nova.service.Service.periodic_tasks' sleeping for 60.00 seconds {{(pid=93533) _run_loop /opt/stack/data/venv/lib/python3.12/site-packages/oslo_service/backend/_threading/loopingcall.py:125}}
Aug 06 17:40:26.849265 np0000006680 nova-scheduler[93537]: DEBUG oslo.service.backend._threading.loopingcall [None req-4c920022-b9bc-4a51-9981-d831d149dd60 None None] Dynamic interval looping call 'nova.service.Service.periodic_tasks' sleeping for 60.00 seconds {{(pid=93537) _run_loop /opt/stack/data/venv/lib/python3.12/site-packages/oslo_service/backend/_threading/loopingcall.py:125}}
Aug 06 17:40:39.094688 np0000006680 nova-scheduler[93537]: DEBUG nova.scheduler.manager [None req-45a5388d-da1b-4273-8ed0-d8868b22e7cb tempest-ServerRescueNegativeTestJSON-418502793 tempest-ServerRescueNegativeTestJSON-418502793-project-member] Starting to schedule for instances: ['c0461766-8075-4001-9849-47131141aea6'] {{(pid=93537) select_destinations /opt/stack/nova/nova/scheduler/manager.py:209}}
Aug 06 17:40:39.096126 np0000006680 nova-scheduler[93537]: DEBUG nova.scheduler.request_filter [None req-45a5388d-da1b-4273-8ed0-d8868b22e7cb tempest-ServerRescueNegativeTestJSON-418502793 tempest-ServerRescueNegativeTestJSON-418502793-project-member] compute_status_filter request filter added forbidden trait COMPUTE_STATUS_DISABLED {{(pid=93537) compute_status_filter /opt/stack/nova/nova/scheduler/request_filter.py:253}}
Aug 06 17:40:39.096126 np0000006680 nova-scheduler[93537]: DEBUG nova.scheduler.request_filter [None req-45a5388d-da1b-4273-8ed0-d8868b22e7cb tempest-ServerRescueNegativeTestJSON-418502793 tempest-ServerRescueNegativeTestJSON-418502793-project-member] Request filter 'compute_status_filter' took 0.0 seconds {{(pid=93537) wrapper /opt/stack/nova/nova/scheduler/request_filter.py:46}}
Aug 06 17:40:39.096126 np0000006680 nova-scheduler[93537]: DEBUG nova.scheduler.request_filter [None req-45a5388d-da1b-4273-8ed0-d8868b22e7cb tempest-ServerRescueNegativeTestJSON-418502793 tempest-ServerRescueNegativeTestJSON-418502793-project-member] Request filter 'accelerators_filter' took 0.0 seconds {{(pid=93537) wrapper /opt/stack/nova/nova/scheduler/request_filter.py:46}}
Aug 06 17:40:39.096442 np0000006680 nova-scheduler[93537]: DEBUG nova.scheduler.request_filter [None req-45a5388d-da1b-4273-8ed0-d8868b22e7cb tempest-ServerRescueNegativeTestJSON-418502793 tempest-ServerRescueNegativeTestJSON-418502793-project-member] Request filter 'packed_virtqueue_filter' took 0.0 seconds {{(pid=93537) wrapper /opt/stack/nova/nova/scheduler/request_filter.py:46}}
Aug 06 17:40:39.096772 np0000006680 nova-scheduler[93537]: DEBUG nova.scheduler.request_filter [None req-45a5388d-da1b-4273-8ed0-d8868b22e7cb tempest-ServerRescueNegativeTestJSON-418502793 tempest-ServerRescueNegativeTestJSON-418502793-project-member] Request filter 'remote_managed_ports_filter' took 0.0 seconds {{(pid=93537) wrapper /opt/stack/nova/nova/scheduler/request_filter.py:46}}
Aug 06 17:40:39.096974 np0000006680 nova-scheduler[93537]: DEBUG nova.scheduler.request_filter [None req-45a5388d-da1b-4273-8ed0-d8868b22e7cb tempest-ServerRescueNegativeTestJSON-418502793 tempest-ServerRescueNegativeTestJSON-418502793-project-member] ephemeral_encryption_filter skipped {{(pid=93537) ephemeral_encryption_filter /opt/stack/nova/nova/scheduler/request_filter.py:426}}
Aug 06 17:40:39.097465 np0000006680 nova-scheduler[93537]: DEBUG nova.scheduler.request_filter [None req-45a5388d-da1b-4273-8ed0-d8868b22e7cb tempest-ServerRescueNegativeTestJSON-418502793 tempest-ServerRescueNegativeTestJSON-418502793-project-member] virtio_sound_filter skipped {{(pid=93537) virtio_sound_filter /opt/stack/nova/nova/scheduler/request_filter.py:460}}
Aug 06 17:40:39.097676 np0000006680 nova-scheduler[93537]: DEBUG nova.scheduler.request_filter [None req-45a5388d-da1b-4273-8ed0-d8868b22e7cb tempest-ServerRescueNegativeTestJSON-418502793 tempest-ServerRescueNegativeTestJSON-418502793-project-member] tpm_secret_security_filter skipped {{(pid=93537) tpm_secret_security_filter /opt/stack/nova/nova/scheduler/request_filter.py:477}}
Aug 06 17:40:39.656613 np0000006680 nova-scheduler[93537]: INFO nova.utils [None req-45a5388d-da1b-4273-8ed0-d8868b22e7cb tempest-ServerRescueNegativeTestJSON-418502793 tempest-ServerRescueNegativeTestJSON-418502793-project-member] The cell worker thread pool ForkProcess-3.cell_worker is initialized
Aug 06 17:40:39.657024 np0000006680 nova-scheduler[93537]: DEBUG oslo_concurrency.lockutils [None req-45a5388d-da1b-4273-8ed0-d8868b22e7cb tempest-ServerRescueNegativeTestJSON-418502793 tempest-ServerRescueNegativeTestJSON-418502793-project-member] Acquiring lock "03fb0fe1-4b42-4927-91d9-4d59d3d5bd73" by "nova.context.set_target_cell..get_or_set_cached_cell_and_set_connections" {{(pid=93537) inner /opt/stack/data/venv/lib/python3.12/site-packages/oslo_concurrency/lockutils.py:512}}
Aug 06 17:40:39.657265 np0000006680 nova-scheduler[93537]: DEBUG oslo_concurrency.lockutils [None req-45a5388d-da1b-4273-8ed0-d8868b22e7cb tempest-ServerRescueNegativeTestJSON-418502793 tempest-ServerRescueNegativeTestJSON-418502793-project-member] Lock "03fb0fe1-4b42-4927-91d9-4d59d3d5bd73" acquired by "nova.context.set_target_cell..get_or_set_cached_cell_and_set_connections" :: waited 0.000s {{(pid=93537) inner /opt/stack/data/venv/lib/python3.12/site-packages/oslo_concurrency/lockutils.py:525}}
Aug 06 17:40:39.658512 np0000006680 nova-scheduler[93537]: DEBUG oslo_concurrency.lockutils [None req-45a5388d-da1b-4273-8ed0-d8868b22e7cb tempest-ServerRescueNegativeTestJSON-418502793 tempest-ServerRescueNegativeTestJSON-418502793-project-member] Lock "03fb0fe1-4b42-4927-91d9-4d59d3d5bd73" "released" by "nova.context.set_target_cell..get_or_set_cached_cell_and_set_connections" :: held 0.001s {{(pid=93537) inner /opt/stack/data/venv/lib/python3.12/site-packages/oslo_concurrency/lockutils.py:544}}
Aug 06 17:40:39.660782 np0000006680 nova-scheduler[93537]: INFO dbcounter [None req-45a5388d-da1b-4273-8ed0-d8868b22e7cb tempest-ServerRescueNegativeTestJSON-418502793 tempest-ServerRescueNegativeTestJSON-418502793-project-member] Registered counter for database nova_cell1
Aug 06 17:40:39.695745 np0000006680 nova-scheduler[93537]: DEBUG oslo_db.sqlalchemy.engines [None req-45a5388d-da1b-4273-8ed0-d8868b22e7cb tempest-ServerRescueNegativeTestJSON-418502793 tempest-ServerRescueNegativeTestJSON-418502793-project-member] MySQL server mode set to STRICT_TRANS_TABLES,STRICT_ALL_TABLES,NO_ZERO_IN_DATE,NO_ZERO_DATE,ERROR_FOR_DIVISION_BY_ZERO,TRADITIONAL,NO_ENGINE_SUBSTITUTION {{(pid=93537) _check_effective_sql_mode /opt/stack/data/venv/lib/python3.12/site-packages/oslo_db/sqlalchemy/engines.py:325}}
Aug 06 17:40:39.700835 np0000006680 nova-scheduler[93537]: DEBUG dbcounter [-] [93537] Writer thread running {{(pid=93537) stat_writer /opt/stack/data/venv/lib/python3.12/site-packages/dbcounter.py:102}}
Aug 06 17:40:39.712505 np0000006680 nova-scheduler[93537]: DEBUG oslo_db.sqlalchemy.engines [None req-45a5388d-da1b-4273-8ed0-d8868b22e7cb tempest-ServerRescueNegativeTestJSON-418502793 tempest-ServerRescueNegativeTestJSON-418502793-project-member] Parent process 92329 forked (93537) with an open database connection, which is being discarded and recreated. {{(pid=93537) checkout /opt/stack/data/venv/lib/python3.12/site-packages/oslo_db/sqlalchemy/engines.py:402}}
Aug 06 17:40:39.748386 np0000006680 nova-scheduler[93537]: DEBUG dbcounter [-] [93537] Writer thread running {{(pid=93537) stat_writer /opt/stack/data/venv/lib/python3.12/site-packages/dbcounter.py:102}}
Aug 06 17:40:39.750878 np0000006680 nova-scheduler[93537]: DEBUG oslo_concurrency.lockutils [None req-45a5388d-da1b-4273-8ed0-d8868b22e7cb tempest-ServerRescueNegativeTestJSON-418502793 tempest-ServerRescueNegativeTestJSON-418502793-project-member] Acquiring lock "03fb0fe1-4b42-4927-91d9-4d59d3d5bd73" by "nova.context.set_target_cell..get_or_set_cached_cell_and_set_connections" {{(pid=93537) inner /opt/stack/data/venv/lib/python3.12/site-packages/oslo_concurrency/lockutils.py:512}}
Aug 06 17:40:39.751031 np0000006680 nova-scheduler[93537]: DEBUG oslo_concurrency.lockutils [None req-45a5388d-da1b-4273-8ed0-d8868b22e7cb tempest-ServerRescueNegativeTestJSON-418502793 tempest-ServerRescueNegativeTestJSON-418502793-project-member] Lock "03fb0fe1-4b42-4927-91d9-4d59d3d5bd73" acquired by "nova.context.set_target_cell..get_or_set_cached_cell_and_set_connections" :: waited 0.000s {{(pid=93537) inner /opt/stack/data/venv/lib/python3.12/site-packages/oslo_concurrency/lockutils.py:525}}
Aug 06 17:40:39.751185 np0000006680 nova-scheduler[93537]: DEBUG oslo_concurrency.lockutils [None req-45a5388d-da1b-4273-8ed0-d8868b22e7cb tempest-ServerRescueNegativeTestJSON-418502793 tempest-ServerRescueNegativeTestJSON-418502793-project-member] Lock "03fb0fe1-4b42-4927-91d9-4d59d3d5bd73" "released" by "nova.context.set_target_cell..get_or_set_cached_cell_and_set_connections" :: held 0.000s {{(pid=93537) inner /opt/stack/data/venv/lib/python3.12/site-packages/oslo_concurrency/lockutils.py:544}}
Aug 06 17:40:39.754150 np0000006680 nova-scheduler[93537]: DEBUG oslo_concurrency.lockutils [None req-45a5388d-da1b-4273-8ed0-d8868b22e7cb tempest-ServerRescueNegativeTestJSON-418502793 tempest-ServerRescueNegativeTestJSON-418502793-project-member] Acquiring lock "np0000006680-np0000006680" by "nova.scheduler.host_manager.HostState.update.._locked_update" {{(pid=93537) inner /opt/stack/data/venv/lib/python3.12/site-packages/oslo_concurrency/lockutils.py:512}}
Aug 06 17:40:39.754312 np0000006680 nova-scheduler[93537]: DEBUG oslo_concurrency.lockutils [None req-45a5388d-da1b-4273-8ed0-d8868b22e7cb tempest-ServerRescueNegativeTestJSON-418502793 tempest-ServerRescueNegativeTestJSON-418502793-project-member] Lock "np0000006680-np0000006680" acquired by "nova.scheduler.host_manager.HostState.update.._locked_update" :: waited 0.000s {{(pid=93537) inner /opt/stack/data/venv/lib/python3.12/site-packages/oslo_concurrency/lockutils.py:525}}
Aug 06 17:40:39.755154 np0000006680 nova-scheduler[93537]: DEBUG nova.scheduler.host_manager [None req-45a5388d-da1b-4273-8ed0-d8868b22e7cb tempest-ServerRescueNegativeTestJSON-418502793 tempest-ServerRescueNegativeTestJSON-418502793-project-member] Update host state from compute node: ComputeNode(cpu_allocation_ratio=4.0,cpu_info='{"arch": "x86_64", "model": "EPYC-Milan", "vendor": "AMD", "topology": {"cells": 1, "sockets": 16, "cores": 1, "threads": 1}, "maxphysaddr": {"mode": "emulate", "bits": 40}, "features": ["pni", "clflush", "topoext", "clzero", "pschange-mc-no", "lbrv", "mce", "ssbd", "stibp", "svme-addr-chk", "apic", "mmx", "rdrand", "virt-ssbd", "mca", "pse36", "rdpid", "fxsr", "de", "erms", "amd-stibp", "ibrs", "pku", "mtrr", "arat", "clflushopt", "no-nested-data-bp", "sse", "null-sel-clr-base", "ibpb", "perfctr_core", "sse4.2", "vaes", "sse2", "tsc-deadline", "xsavec", "bmi1", "fxsr_opt", "vme", "gds-no", "pse", "xsaveerptr", "tsc-scale", "pae", "rdctl-no", "sep", "pause-filter", "f16c", "flushbyasid", "msr", "ssse3", "abm", "sse4a", "popcnt", "osvw", "smep", "fpu", "hypervisor", "pge", "fsgsbase", "pclmuldq", "v-vmsave-vmload", "lfence-always-serializing", "invpcid", "sse4.1", "rdtscp", "lm", "cr8legacy", "rdseed", "vpclmulqdq", "npt", "syscall", "arch-capabilities", "fma", "umip", "cmp_legacy", "svm", "misalignsse", "stibp-always-on", "pat", "amd-ssbd", "clwb", "pcid", "bmi2", "avx", "xsaveopt", "3dnowprefetch", "cx16", "cx8", "xsave", "smap", "tsc", "pfthreshold", "skip-l1dfl-vmentry", "amd-psfd", "nrip-save", "vmcb-clean", "pdpe1gb", "x2apic", "adx", "lahf_lm", "mds-no", "movbe", "tsc_adjust", "spec-ctrl", "avx2", "cmov", "sha-ni", "xgetbv1", "aes", "fsrm", "mmxext", "nx", "vgif", "wbnoinvd", "xsaves"]}',created_at=2026-08-06T17:38:08Z,current_workload=0,deleted=False,deleted_at=None,disk_allocation_ratio=1.0,disk_available_least=73,free_disk_gb=95,free_ram_mb=62765,host='np0000006680',host_ip=10.4.3.236,hypervisor_hostname='np0000006680',hypervisor_type='QEMU',hypervisor_version=8002002,id=1,local_gb=95,local_gb_used=0,mapped=1,memory_mb=63277,memory_mb_used=512,metrics='[]',numa_topology='{"nova_object.name": "NUMATopology", "nova_object.namespace": "nova", "nova_object.version": "1.2", "nova_object.data": {"cells": [{"nova_object.name": "NUMACell", "nova_object.namespace": "nova", "nova_object.version": "1.5", "nova_object.data": {"id": 0, "cpuset": [0, 1, 2, 3, 4, 5, 6, 7, 8, 9, 10, 11, 12, 13, 14, 15], "pcpuset": [0, 1, 2, 3, 4, 5, 6, 7, 8, 9, 10, 11, 12, 13, 14, 15], "memory": 63277, "cpu_usage": 0, "memory_usage": 0, "pinned_cpus": [], "siblings": [[6], [12], [2], [15], [5], [11], [8], [14], [4], [1], [7], [10], [0], [13], [3], [9]], "mempages": [{"nova_object.name": "NUMAPagesTopology", "nova_object.namespace": "nova", "nova_object.version": "1.1", "nova_object.data": {"size_kb": 4, "total": 16177929, "used": 0, "reserved": 0}, "nova_object.changes": ["used", "size_kb", "total", "reserved"]}, {"nova_object.name": "NUMAPagesTopology", "nova_object.namespace": "nova", "nova_object.version": "1.1", "nova_object.data": {"size_kb": 2048, "total": 41, "used": 0, "reserved": 0}, "nova_object.changes": ["used", "size_kb", "total", "reserved"]}, {"nova_object.name": "NUMAPagesTopology", "nova_object.namespace": "nova", "nova_object.version": "1.1", "nova_object.data": {"size_kb": 1048576, "total": 0, "used": 0, "reserved": 0}, "nova_object.changes": ["used", "size_kb", "total", "reserved"]}], "network_metadata": {"nova_object.name": "NetworkMetadata", "nova_object.namespace": "nova", "nova_object.version": "1.0", "nova_object.data": {"physnets": [], "tunneled": false}, "nova_object.changes": ["physnets", "tunneled"]}, "socket": null}, "nova_object.changes": ["cpu_usage", "memory", "pinned_cpus", "pcpuset", "cpuset", "network_metadata", "id", "memory_usage", "socket", "mempages", "siblings"]}]}, "nova_object.changes": ["cells"]}',pci_device_pools=PciDevicePoolList,ram_allocation_ratio=1.0,running_vms=0,service_id=3,stats={failed_builds='0',uptime=' 17:39:55 up 15 min, 2 users, load average: 1.09, 1.32, 0.77
Aug 06 17:40:39.755154 np0000006680 nova-scheduler[93537]: '},supported_hv_specs=[HVSpec,HVSpec,HVSpec,HVSpec,HVSpec,HVSpec,HVSpec,HVSpec,HVSpec,HVSpec,HVSpec,HVSpec,HVSpec,HVSpec,HVSpec,HVSpec,HVSpec,HVSpec,HVSpec,HVSpec,HVSpec,HVSpec,HVSpec,HVSpec,HVSpec],updated_at=2026-08-06T17:39:56Z,uuid=87b8063d-fc4a-4059-a69c-b742cf206848,vcpus=16,vcpus_used=0) {{(pid=93537) _locked_update /opt/stack/nova/nova/scheduler/host_manager.py:168}}
Aug 06 17:40:39.756065 np0000006680 nova-scheduler[93537]: DEBUG nova.scheduler.host_manager [None req-45a5388d-da1b-4273-8ed0-d8868b22e7cb tempest-ServerRescueNegativeTestJSON-418502793 tempest-ServerRescueNegativeTestJSON-418502793-project-member] Update host state with aggregates: [] {{(pid=93537) _locked_update /opt/stack/nova/nova/scheduler/host_manager.py:171}}
Aug 06 17:40:39.756213 np0000006680 nova-scheduler[93537]: DEBUG nova.scheduler.host_manager [None req-45a5388d-da1b-4273-8ed0-d8868b22e7cb tempest-ServerRescueNegativeTestJSON-418502793 tempest-ServerRescueNegativeTestJSON-418502793-project-member] Update host state with service dict: {'id': 3, 'uuid': 'ed193a65-3cf9-4973-9bd3-91e178b3f100', 'host': 'np0000006680', 'binary': 'nova-compute', 'topic': 'compute', 'report_count': 2, 'disabled': False, 'disabled_reason': None, 'last_seen_up': datetime.datetime(2026, 8, 6, 17, 40, 14, tzinfo=datetime.timezone.utc), 'forced_down': False, 'version': 72, 'created_at': datetime.datetime(2026, 8, 6, 17, 38, 7, tzinfo=datetime.timezone.utc), 'updated_at': datetime.datetime(2026, 8, 6, 17, 40, 14, tzinfo=datetime.timezone.utc), 'deleted_at': None, 'deleted': False} {{(pid=93537) _locked_update /opt/stack/nova/nova/scheduler/host_manager.py:174}}
Aug 06 17:40:39.756369 np0000006680 nova-scheduler[93537]: DEBUG nova.scheduler.host_manager [None req-45a5388d-da1b-4273-8ed0-d8868b22e7cb tempest-ServerRescueNegativeTestJSON-418502793 tempest-ServerRescueNegativeTestJSON-418502793-project-member] Update host state with instances: [] {{(pid=93537) _locked_update /opt/stack/nova/nova/scheduler/host_manager.py:177}}
Aug 06 17:40:39.756478 np0000006680 nova-scheduler[93537]: DEBUG oslo_concurrency.lockutils [None req-45a5388d-da1b-4273-8ed0-d8868b22e7cb tempest-ServerRescueNegativeTestJSON-418502793 tempest-ServerRescueNegativeTestJSON-418502793-project-member] Lock "np0000006680-np0000006680" "released" by "nova.scheduler.host_manager.HostState.update.._locked_update" :: held 0.002s {{(pid=93537) inner /opt/stack/data/venv/lib/python3.12/site-packages/oslo_concurrency/lockutils.py:544}}
Aug 06 17:40:39.757042 np0000006680 nova-scheduler[93537]: DEBUG nova.filters [None req-45a5388d-da1b-4273-8ed0-d8868b22e7cb tempest-ServerRescueNegativeTestJSON-418502793 tempest-ServerRescueNegativeTestJSON-418502793-project-member] Starting with 1 host(s) {{(pid=93537) get_filtered_objects /opt/stack/nova/nova/filters.py:70}}
Aug 06 17:40:39.757315 np0000006680 nova-scheduler[93537]: DEBUG nova.filters [None req-45a5388d-da1b-4273-8ed0-d8868b22e7cb tempest-ServerRescueNegativeTestJSON-418502793 tempest-ServerRescueNegativeTestJSON-418502793-project-member] Filter ComputeFilter returned 1 host(s) {{(pid=93537) get_filtered_objects /opt/stack/nova/nova/filters.py:102}}
Aug 06 17:40:39.757473 np0000006680 nova-scheduler[93537]: DEBUG nova.filters [None req-45a5388d-da1b-4273-8ed0-d8868b22e7cb tempest-ServerRescueNegativeTestJSON-418502793 tempest-ServerRescueNegativeTestJSON-418502793-project-member] Filter ComputeCapabilitiesFilter returned 1 host(s) {{(pid=93537) get_filtered_objects /opt/stack/nova/nova/filters.py:102}}
Aug 06 17:40:39.757664 np0000006680 nova-scheduler[93537]: DEBUG nova.filters [None req-45a5388d-da1b-4273-8ed0-d8868b22e7cb tempest-ServerRescueNegativeTestJSON-418502793 tempest-ServerRescueNegativeTestJSON-418502793-project-member] Filter ImagePropertiesFilter returned 1 host(s) {{(pid=93537) get_filtered_objects /opt/stack/nova/nova/filters.py:102}}
Aug 06 17:40:39.757804 np0000006680 nova-scheduler[93537]: DEBUG nova.filters [None req-45a5388d-da1b-4273-8ed0-d8868b22e7cb tempest-ServerRescueNegativeTestJSON-418502793 tempest-ServerRescueNegativeTestJSON-418502793-project-member] Filter ServerGroupAntiAffinityFilter returned 1 host(s) {{(pid=93537) get_filtered_objects /opt/stack/nova/nova/filters.py:102}}
Aug 06 17:40:39.757956 np0000006680 nova-scheduler[93537]: DEBUG nova.filters [None req-45a5388d-da1b-4273-8ed0-d8868b22e7cb tempest-ServerRescueNegativeTestJSON-418502793 tempest-ServerRescueNegativeTestJSON-418502793-project-member] Filter ServerGroupAffinityFilter returned 1 host(s) {{(pid=93537) get_filtered_objects /opt/stack/nova/nova/filters.py:102}}
Aug 06 17:40:39.758066 np0000006680 nova-scheduler[93537]: DEBUG nova.filters [None req-45a5388d-da1b-4273-8ed0-d8868b22e7cb tempest-ServerRescueNegativeTestJSON-418502793 tempest-ServerRescueNegativeTestJSON-418502793-project-member] Filter SameHostFilter returned 1 host(s) {{(pid=93537) get_filtered_objects /opt/stack/nova/nova/filters.py:102}}
Aug 06 17:40:39.758200 np0000006680 nova-scheduler[93537]: DEBUG nova.filters [None req-45a5388d-da1b-4273-8ed0-d8868b22e7cb tempest-ServerRescueNegativeTestJSON-418502793 tempest-ServerRescueNegativeTestJSON-418502793-project-member] Filter DifferentHostFilter returned 1 host(s) {{(pid=93537) get_filtered_objects /opt/stack/nova/nova/filters.py:102}}
Aug 06 17:40:39.758344 np0000006680 nova-scheduler[93537]: DEBUG nova.scheduler.manager [None req-45a5388d-da1b-4273-8ed0-d8868b22e7cb tempest-ServerRescueNegativeTestJSON-418502793 tempest-ServerRescueNegativeTestJSON-418502793-project-member] Filtered [(np0000006680, np0000006680) ram: 62765MB disk: 74752MB io_ops: 0 instances: 0, allocation_candidates: 1] {{(pid=93537) _get_sorted_hosts /opt/stack/nova/nova/scheduler/manager.py:742}}
Aug 06 17:40:39.758554 np0000006680 nova-scheduler[93537]: DEBUG nova.scheduler.manager [None req-45a5388d-da1b-4273-8ed0-d8868b22e7cb tempest-ServerRescueNegativeTestJSON-418502793 tempest-ServerRescueNegativeTestJSON-418502793-project-member] Weighed [WeighedHost [host: (np0000006680, np0000006680) ram: 62765MB disk: 74752MB io_ops: 0 instances: 0, allocation_candidates: 1, weight: 0.0]] {{(pid=93537) _get_sorted_hosts /opt/stack/nova/nova/scheduler/manager.py:764}}
Aug 06 17:40:39.758759 np0000006680 nova-scheduler[93537]: DEBUG nova.scheduler.utils [None req-45a5388d-da1b-4273-8ed0-d8868b22e7cb tempest-ServerRescueNegativeTestJSON-418502793 tempest-ServerRescueNegativeTestJSON-418502793-project-member] Attempting to claim resources in the placement API for instance c0461766-8075-4001-9849-47131141aea6 {{(pid=93537) claim_resources /opt/stack/nova/nova/scheduler/utils.py:1345}}
Aug 06 17:40:39.849831 np0000006680 nova-scheduler[93535]: DEBUG oslo.service.backend._threading.loopingcall [None req-056fcfe1-157e-43e3-8567-2264af7dc81b None None] Dynamic interval looping call 'nova.service.Service.periodic_tasks' sleeping for 60.00 seconds {{(pid=93535) _run_loop /opt/stack/data/venv/lib/python3.12/site-packages/oslo_service/backend/_threading/loopingcall.py:125}}
Aug 06 17:40:39.903737 np0000006680 nova-scheduler[93537]: DEBUG nova.scheduler.manager [None req-45a5388d-da1b-4273-8ed0-d8868b22e7cb tempest-ServerRescueNegativeTestJSON-418502793 tempest-ServerRescueNegativeTestJSON-418502793-project-member] [instance: c0461766-8075-4001-9849-47131141aea6] Selected host: (np0000006680, np0000006680) ram: 62765MB disk: 74752MB io_ops: 0 instances: 0, allocation_candidates: 1 {{(pid=93537) _consume_selected_host /opt/stack/nova/nova/scheduler/manager.py:624}}
Aug 06 17:40:39.903989 np0000006680 nova-scheduler[93537]: DEBUG oslo_concurrency.lockutils [None req-45a5388d-da1b-4273-8ed0-d8868b22e7cb tempest-ServerRescueNegativeTestJSON-418502793 tempest-ServerRescueNegativeTestJSON-418502793-project-member] Acquiring lock "np0000006680-np0000006680" by "nova.scheduler.host_manager.HostState.consume_from_request.._locked" {{(pid=93537) inner /opt/stack/data/venv/lib/python3.12/site-packages/oslo_concurrency/lockutils.py:512}}
Aug 06 17:40:39.904216 np0000006680 nova-scheduler[93537]: DEBUG oslo_concurrency.lockutils [None req-45a5388d-da1b-4273-8ed0-d8868b22e7cb tempest-ServerRescueNegativeTestJSON-418502793 tempest-ServerRescueNegativeTestJSON-418502793-project-member] Lock "np0000006680-np0000006680" acquired by "nova.scheduler.host_manager.HostState.consume_from_request.._locked" :: waited 0.000s {{(pid=93537) inner /opt/stack/data/venv/lib/python3.12/site-packages/oslo_concurrency/lockutils.py:525}}
Aug 06 17:40:39.904422 np0000006680 nova-scheduler[93537]: DEBUG oslo_concurrency.lockutils [None req-45a5388d-da1b-4273-8ed0-d8868b22e7cb tempest-ServerRescueNegativeTestJSON-418502793 tempest-ServerRescueNegativeTestJSON-418502793-project-member] Lock "np0000006680-np0000006680" "released" by "nova.scheduler.host_manager.HostState.consume_from_request.._locked" :: held 0.000s {{(pid=93537) inner /opt/stack/data/venv/lib/python3.12/site-packages/oslo_concurrency/lockutils.py:544}}
Aug 06 17:40:43.161999 np0000006680 nova-scheduler[93535]: DEBUG nova.scheduler.manager [None req-431b5d88-fbd5-4a47-a7d6-f3051298a39f tempest-AttachVolumeTestJSON-1216300441 tempest-AttachVolumeTestJSON-1216300441-project-member] Starting to schedule for instances: ['696b229c-e20f-4b5e-987e-dcba69cadbcc'] {{(pid=93535) select_destinations /opt/stack/nova/nova/scheduler/manager.py:209}}
Aug 06 17:40:43.162976 np0000006680 nova-scheduler[93535]: DEBUG nova.scheduler.request_filter [None req-431b5d88-fbd5-4a47-a7d6-f3051298a39f tempest-AttachVolumeTestJSON-1216300441 tempest-AttachVolumeTestJSON-1216300441-project-member] compute_status_filter request filter added forbidden trait COMPUTE_STATUS_DISABLED {{(pid=93535) compute_status_filter /opt/stack/nova/nova/scheduler/request_filter.py:253}}
Aug 06 17:40:43.163116 np0000006680 nova-scheduler[93535]: DEBUG nova.scheduler.request_filter [None req-431b5d88-fbd5-4a47-a7d6-f3051298a39f tempest-AttachVolumeTestJSON-1216300441 tempest-AttachVolumeTestJSON-1216300441-project-member] Request filter 'compute_status_filter' took 0.0 seconds {{(pid=93535) wrapper /opt/stack/nova/nova/scheduler/request_filter.py:46}}
Aug 06 17:40:43.163414 np0000006680 nova-scheduler[93535]: DEBUG nova.scheduler.request_filter [None req-431b5d88-fbd5-4a47-a7d6-f3051298a39f tempest-AttachVolumeTestJSON-1216300441 tempest-AttachVolumeTestJSON-1216300441-project-member] Request filter 'accelerators_filter' took 0.0 seconds {{(pid=93535) wrapper /opt/stack/nova/nova/scheduler/request_filter.py:46}}
Aug 06 17:40:43.163635 np0000006680 nova-scheduler[93535]: DEBUG nova.scheduler.request_filter [None req-431b5d88-fbd5-4a47-a7d6-f3051298a39f tempest-AttachVolumeTestJSON-1216300441 tempest-AttachVolumeTestJSON-1216300441-project-member] Request filter 'packed_virtqueue_filter' took 0.0 seconds {{(pid=93535) wrapper /opt/stack/nova/nova/scheduler/request_filter.py:46}}
Aug 06 17:40:43.164002 np0000006680 nova-scheduler[93535]: DEBUG nova.scheduler.request_filter [None req-431b5d88-fbd5-4a47-a7d6-f3051298a39f tempest-AttachVolumeTestJSON-1216300441 tempest-AttachVolumeTestJSON-1216300441-project-member] Request filter 'remote_managed_ports_filter' took 0.0 seconds {{(pid=93535) wrapper /opt/stack/nova/nova/scheduler/request_filter.py:46}}
