May 22 12:11:42.190433 np0000001262 devstack@g-api.service[101997]: DEBUG glance_store.capabilities [-] Store glance_store._drivers.swift.store.SingleTenantStore doesn't support updating dynamic storage capabilities. Please overwrite 'update_capabilities' method of the store to implement updating logics if needed. {{(pid=101997) update_capabilities /opt/stack/data/venv/lib/python3.12/site-packages/glance_store/capabilities.py:91}}
May 22 12:11:42.190488 np0000001262 devstack@g-api.service[101997]: DEBUG glance_store.backend [-] Registering store swift with schemes ('swift+https', 'swift', 'swift+http', 'swift+config') {{(pid=101997) create_stores /opt/stack/data/venv/lib/python3.12/site-packages/glance_store/backend.py:261}}
May 22 12:11:42.190585 np0000001262 devstack@g-api.service[101997]: DEBUG glance_store.driver [-] Late loading location class glance_store._drivers.swift.store.StoreLocation {{(pid=101997) get_store_location_class /opt/stack/data/venv/lib/python3.12/site-packages/glance_store/driver.py:134}}
May 22 12:11:42.190690 np0000001262 devstack@g-api.service[101997]: DEBUG glance_store.location [-] Registering scheme swift+https with {'store': , 'location_class': , 'store_entry': 'swift'} {{(pid=101997) register_scheme_map /opt/stack/data/venv/lib/python3.12/site-packages/glance_store/location.py:146}}
May 22 12:11:42.190745 np0000001262 devstack@g-api.service[101997]: DEBUG glance_store.location [-] Registering scheme swift with {'store': , 'location_class': , 'store_entry': 'swift'} {{(pid=101997) register_scheme_map /opt/stack/data/venv/lib/python3.12/site-packages/glance_store/location.py:146}}
May 22 12:11:42.190791 np0000001262 devstack@g-api.service[101997]: DEBUG glance_store.location [-] Registering scheme swift+http with {'store': , 'location_class': , 'store_entry': 'swift'} {{(pid=101997) register_scheme_map /opt/stack/data/venv/lib/python3.12/site-packages/glance_store/location.py:146}}
May 22 12:11:42.190839 np0000001262 devstack@g-api.service[101997]: DEBUG glance_store.location [-] Registering scheme swift+config with {'store': , 'location_class': , 'store_entry': 'swift'} {{(pid=101997) register_scheme_map /opt/stack/data/venv/lib/python3.12/site-packages/glance_store/location.py:146}}
May 22 12:11:42.190882 np0000001262 devstack@g-api.service[101997]: DEBUG glance_store.backend [-] Attempting to import store file {{(pid=101997) _load_store /opt/stack/data/venv/lib/python3.12/site-packages/glance_store/backend.py:215}}
May 22 12:11:42.191408 np0000001262 devstack@g-api.service[101997]: DEBUG glance_store.capabilities [-] Store glance_store._drivers.filesystem.Store doesn't support updating dynamic storage capabilities. Please overwrite 'update_capabilities' method of the store to implement updating logics if needed. {{(pid=101997) update_capabilities /opt/stack/data/venv/lib/python3.12/site-packages/glance_store/capabilities.py:91}}
May 22 12:11:42.191456 np0000001262 devstack@g-api.service[101997]: DEBUG glance_store.backend [-] Registering store file with schemes ('file', 'filesystem') {{(pid=101997) create_stores /opt/stack/data/venv/lib/python3.12/site-packages/glance_store/backend.py:261}}
May 22 12:11:42.191515 np0000001262 devstack@g-api.service[101997]: DEBUG glance_store.driver [-] Late loading location class glance_store._drivers.filesystem.StoreLocation {{(pid=101997) get_store_location_class /opt/stack/data/venv/lib/python3.12/site-packages/glance_store/driver.py:134}}
May 22 12:11:42.191594 np0000001262 devstack@g-api.service[101997]: DEBUG glance_store.location [-] Registering scheme file with {'store': , 'location_class': , 'store_entry': 'file'} {{(pid=101997) register_scheme_map /opt/stack/data/venv/lib/python3.12/site-packages/glance_store/location.py:146}}
May 22 12:11:42.191683 np0000001262 devstack@g-api.service[101997]: DEBUG glance_store.location [-] Registering scheme filesystem with {'store': , 'location_class': , 'store_entry': 'file'} {{(pid=101997) register_scheme_map /opt/stack/data/venv/lib/python3.12/site-packages/glance_store/location.py:146}}
May 22 12:11:42.191794 np0000001262 devstack@g-api.service[101997]: DEBUG glance_store.backend [-] Attempting to import store swift {{(pid=101997) _load_store /opt/stack/data/venv/lib/python3.12/site-packages/glance_store/backend.py:215}}
May 22 12:11:42.193012 np0000001262 devstack@g-api.service[101997]: DEBUG glance_store.capabilities [-] Store glance_store._drivers.swift.store.SingleTenantStore doesn't support updating dynamic storage capabilities. Please overwrite 'update_capabilities' method of the store to implement updating logics if needed. {{(pid=101997) update_capabilities /opt/stack/data/venv/lib/python3.12/site-packages/glance_store/capabilities.py:91}}
May 22 12:11:42.193184 np0000001262 devstack@g-api.service[101997]: DEBUG glance_store.driver [-] Late loading location class glance_store._drivers.swift.store.StoreLocation {{(pid=101997) get_store_location_class /opt/stack/data/venv/lib/python3.12/site-packages/glance_store/driver.py:134}}
May 22 12:11:42.193184 np0000001262 devstack@g-api.service[101997]: DEBUG glance_store.location [-] Registering scheme swift+https with {'store': , 'location_class': , 'store_entry': 'swift'} {{(pid=101997) register_scheme_map /opt/stack/data/venv/lib/python3.12/site-packages/glance_store/location.py:146}}
May 22 12:11:42.193268 np0000001262 devstack@g-api.service[101997]: DEBUG glance_store.location [-] Registering scheme swift+https with {'store': , 'location_class': , 'store_entry': 'swift'} {{(pid=101997) register_scheme_map /opt/stack/data/venv/lib/python3.12/site-packages/glance_store/location.py:146}}
May 22 12:11:42.193514 np0000001262 devstack@g-api.service[101997]: DEBUG glance_store.location [-] Registering scheme swift with {'store': , 'location_class': , 'store_entry': 'swift'} {{(pid=101997) register_scheme_map /opt/stack/data/venv/lib/python3.12/site-packages/glance_store/location.py:146}}
May 22 12:11:42.193514 np0000001262 devstack@g-api.service[101997]: DEBUG glance_store.location [-] Registering scheme swift+https with {'store': , 'location_class': , 'store_entry': 'swift'} {{(pid=101997) register_scheme_map /opt/stack/data/venv/lib/python3.12/site-packages/glance_store/location.py:146}}
May 22 12:11:42.193514 np0000001262 devstack@g-api.service[101997]: DEBUG glance_store.location [-] Registering scheme swift with {'store': , 'location_class': , 'store_entry': 'swift'} {{(pid=101997) register_scheme_map /opt/stack/data/venv/lib/python3.12/site-packages/glance_store/location.py:146}}
May 22 12:11:42.193514 np0000001262 devstack@g-api.service[101997]: DEBUG glance_store.location [-] Registering scheme swift+http with {'store': , 'location_class': , 'store_entry': 'swift'} {{(pid=101997) register_scheme_map /opt/stack/data/venv/lib/python3.12/site-packages/glance_store/location.py:146}}
May 22 12:11:42.193645 np0000001262 devstack@g-api.service[101997]: DEBUG glance_store.location [-] Registering scheme swift+https with {'store': , 'location_class': , 'store_entry': 'swift'} {{(pid=101997) register_scheme_map /opt/stack/data/venv/lib/python3.12/site-packages/glance_store/location.py:146}}
May 22 12:11:42.193679 np0000001262 devstack@g-api.service[101997]: DEBUG glance_store.location [-] Registering scheme swift with {'store': , 'location_class': , 'store_entry': 'swift'} {{(pid=101997) register_scheme_map /opt/stack/data/venv/lib/python3.12/site-packages/glance_store/location.py:146}}
May 22 12:11:42.193764 np0000001262 devstack@g-api.service[101997]: DEBUG glance_store.location [-] Registering scheme swift+http with {'store': , 'location_class': , 'store_entry': 'swift'} {{(pid=101997) register_scheme_map /opt/stack/data/venv/lib/python3.12/site-packages/glance_store/location.py:146}}
May 22 12:11:42.193831 np0000001262 devstack@g-api.service[101997]: DEBUG glance_store.location [-] Registering scheme swift+config with {'store': , 'location_class': , 'store_entry': 'swift'} {{(pid=101997) register_scheme_map /opt/stack/data/venv/lib/python3.12/site-packages/glance_store/location.py:146}}
May 22 12:11:42.194265 np0000001262 devstack@g-api.service[101997]: DEBUG glance.sqlite_migration [-] SQLite caching database not located, skipping migration {{(pid=101997) get_db_path /opt/stack/glance/glance/sqlite_migration.py:68}}
May 22 12:11:42.194415 np0000001262 devstack@g-api.service[101997]: WARNING glance.common.wsgi_app [-] Import methods are enabled but staging directory /tmp/staging/ does not exist; Imports will fail!
May 22 12:11:42.442824 np0000001262 devstack@g-api.service[101999]: DEBUG glance.common.config [None req-cb7d2a97-a5f7-40bf-a0c4-62a4fcd26966 None None] Loading glance-api-keystone+cachemanagement from /etc/glance/glance-api-paste.ini {{(pid=101999) load_paste_app /opt/stack/glance/glance/common/config.py:758}}
May 22 12:11:42.507484 np0000001262 devstack@g-api.service[101997]: DEBUG glance.common.config [None req-b072a5dc-f327-4fca-8d9f-54d9d81a2d14 None None] Loading glance-api-keystone+cachemanagement from /etc/glance/glance-api-paste.ini {{(pid=101997) load_paste_app /opt/stack/glance/glance/common/config.py:758}}
May 22 12:11:42.522881 np0000001262 devstack@g-api.service[101998]: DEBUG glance.common.config [None req-5c003b18-1974-483a-a98f-23b8908e9079 None None] Loading glance-api-keystone+cachemanagement from /etc/glance/glance-api-paste.ini {{(pid=101998) load_paste_app /opt/stack/glance/glance/common/config.py:758}}
May 22 12:11:43.126782 np0000001262 devstack@g-api.service[101999]: INFO glance.image_cache [None req-cb7d2a97-a5f7-40bf-a0c4-62a4fcd26966 None None] Image cache loaded driver 'centralized_db'.
May 22 12:11:43.131622 np0000001262 devstack@g-api.service[101998]: INFO glance.image_cache [None req-5c003b18-1974-483a-a98f-23b8908e9079 None None] Image cache loaded driver 'centralized_db'.
May 22 12:11:43.176091 np0000001262 devstack@g-api.service[101997]: INFO glance.image_cache [None req-b072a5dc-f327-4fca-8d9f-54d9d81a2d14 None None] Image cache loaded driver 'centralized_db'.
May 22 12:11:43.194164 np0000001262 devstack@g-api.service[101998]: INFO dbcounter [None req-5c003b18-1974-483a-a98f-23b8908e9079 None None] Registered counter for database glance
May 22 12:11:43.200319 np0000001262 devstack@g-api.service[101999]: INFO dbcounter [None req-cb7d2a97-a5f7-40bf-a0c4-62a4fcd26966 None None] Registered counter for database glance
May 22 12:11:43.211742 np0000001262 devstack@g-api.service[101998]: DEBUG oslo_db.sqlalchemy.engines [None req-5c003b18-1974-483a-a98f-23b8908e9079 None None] MySQL server mode set to STRICT_TRANS_TABLES,STRICT_ALL_TABLES,NO_ZERO_IN_DATE,NO_ZERO_DATE,ERROR_FOR_DIVISION_BY_ZERO,TRADITIONAL,NO_ENGINE_SUBSTITUTION {{(pid=101998) _check_effective_sql_mode /opt/stack/data/venv/lib/python3.12/site-packages/oslo_db/sqlalchemy/engines.py:325}}
May 22 12:11:43.219929 np0000001262 devstack@g-api.service[101999]: DEBUG oslo_db.sqlalchemy.engines [None req-cb7d2a97-a5f7-40bf-a0c4-62a4fcd26966 None None] MySQL server mode set to STRICT_TRANS_TABLES,STRICT_ALL_TABLES,NO_ZERO_IN_DATE,NO_ZERO_DATE,ERROR_FOR_DIVISION_BY_ZERO,TRADITIONAL,NO_ENGINE_SUBSTITUTION {{(pid=101999) _check_effective_sql_mode /opt/stack/data/venv/lib/python3.12/site-packages/oslo_db/sqlalchemy/engines.py:325}}
May 22 12:11:43.225042 np0000001262 devstack@g-api.service[101997]: INFO dbcounter [None req-b072a5dc-f327-4fca-8d9f-54d9d81a2d14 None None] Registered counter for database glance
May 22 12:11:43.243929 np0000001262 devstack@g-api.service[101997]: DEBUG oslo_db.sqlalchemy.engines [None req-b072a5dc-f327-4fca-8d9f-54d9d81a2d14 None None] MySQL server mode set to STRICT_TRANS_TABLES,STRICT_ALL_TABLES,NO_ZERO_IN_DATE,NO_ZERO_DATE,ERROR_FOR_DIVISION_BY_ZERO,TRADITIONAL,NO_ENGINE_SUBSTITUTION {{(pid=101997) _check_effective_sql_mode /opt/stack/data/venv/lib/python3.12/site-packages/oslo_db/sqlalchemy/engines.py:325}}
May 22 12:11:43.244089 np0000001262 devstack@g-api.service[101999]: DEBUG dbcounter [-] [101999] Writer thread running {{(pid=101999) stat_writer /opt/stack/data/venv/lib/python3.12/site-packages/dbcounter.py:102}}
May 22 12:11:43.245456 np0000001262 devstack@g-api.service[101998]: DEBUG dbcounter [-] [101998] Writer thread running {{(pid=101998) stat_writer /opt/stack/data/venv/lib/python3.12/site-packages/dbcounter.py:102}}
May 22 12:11:43.250577 np0000001262 devstack@g-api.service[101998]: DEBUG glance.image_cache.drivers.centralized_db [None req-5c003b18-1974-483a-a98f-23b8908e9079 None None] Node reference is already recorded, ignoring it {{(pid=101998) configure /opt/stack/glance/glance/image_cache/drivers/centralized_db.py:71}}
May 22 12:11:43.256752 np0000001262 devstack@g-api.service[101999]: INFO glance.image_cache [None req-cb7d2a97-a5f7-40bf-a0c4-62a4fcd26966 None None] Image cache loaded driver 'centralized_db'.
May 22 12:11:43.257127 np0000001262 devstack@g-api.service[101998]: INFO glance.image_cache [None req-5c003b18-1974-483a-a98f-23b8908e9079 None None] Image cache loaded driver 'centralized_db'.
May 22 12:11:43.264077 np0000001262 devstack@g-api.service[101997]: DEBUG dbcounter [-] [101997] Writer thread running {{(pid=101997) stat_writer /opt/stack/data/venv/lib/python3.12/site-packages/dbcounter.py:102}}
May 22 12:11:43.265652 np0000001262 devstack@g-api.service[101999]: DEBUG glance.image_cache.drivers.centralized_db [None req-cb7d2a97-a5f7-40bf-a0c4-62a4fcd26966 None None] Node reference is already recorded, ignoring it {{(pid=101999) configure /opt/stack/glance/glance/image_cache/drivers/centralized_db.py:71}}
May 22 12:11:43.266337 np0000001262 devstack@g-api.service[101998]: DEBUG glance.image_cache.drivers.centralized_db [None req-5c003b18-1974-483a-a98f-23b8908e9079 None None] Node reference is already recorded, ignoring it {{(pid=101998) configure /opt/stack/glance/glance/image_cache/drivers/centralized_db.py:71}}
May 22 12:11:43.266923 np0000001262 devstack@g-api.service[101997]: DEBUG glance.image_cache.drivers.centralized_db [None req-b072a5dc-f327-4fca-8d9f-54d9d81a2d14 None None] Node reference is already recorded, ignoring it {{(pid=101997) configure /opt/stack/glance/glance/image_cache/drivers/centralized_db.py:71}}
May 22 12:11:43.271726 np0000001262 devstack@g-api.service[101998]: DEBUG glance.api.v2.cached_images [None req-5c003b18-1974-483a-a98f-23b8908e9079 None None] Started cache worker thread {{(pid=101998) __init__ /opt/stack/glance/glance/api/v2/cached_images.py:69}}
May 22 12:11:43.272148 np0000001262 devstack@g-api.service[101999]: DEBUG glance.api.v2.cached_images [None req-cb7d2a97-a5f7-40bf-a0c4-62a4fcd26966 None None] Started cache worker thread {{(pid=101999) __init__ /opt/stack/glance/glance/api/v2/cached_images.py:69}}
May 22 12:11:43.272413 np0000001262 devstack@g-api.service[101998]: INFO glance.image_cache [None req-5c003b18-1974-483a-a98f-23b8908e9079 None None] Image cache loaded driver 'centralized_db'.
May 22 12:11:43.272933 np0000001262 devstack@g-api.service[101997]: INFO glance.image_cache [None req-b072a5dc-f327-4fca-8d9f-54d9d81a2d14 None None] Image cache loaded driver 'centralized_db'.
May 22 12:11:43.273053 np0000001262 devstack@g-api.service[101999]: INFO glance.image_cache [None req-cb7d2a97-a5f7-40bf-a0c4-62a4fcd26966 None None] Image cache loaded driver 'centralized_db'.
May 22 12:11:43.280228 np0000001262 devstack@g-api.service[101997]: DEBUG glance.image_cache.drivers.centralized_db [None req-b072a5dc-f327-4fca-8d9f-54d9d81a2d14 None None] Node reference is already recorded, ignoring it {{(pid=101997) configure /opt/stack/glance/glance/image_cache/drivers/centralized_db.py:71}}
May 22 12:11:43.282288 np0000001262 devstack@g-api.service[101998]: DEBUG glance.image_cache.drivers.centralized_db [None req-5c003b18-1974-483a-a98f-23b8908e9079 None None] Node reference is already recorded, ignoring it {{(pid=101998) configure /opt/stack/glance/glance/image_cache/drivers/centralized_db.py:71}}
May 22 12:11:43.282616 np0000001262 devstack@g-api.service[101999]: DEBUG glance.image_cache.drivers.centralized_db [None req-cb7d2a97-a5f7-40bf-a0c4-62a4fcd26966 None None] Node reference is already recorded, ignoring it {{(pid=101999) configure /opt/stack/glance/glance/image_cache/drivers/centralized_db.py:71}}
May 22 12:11:43.285504 np0000001262 devstack@g-api.service[101997]: DEBUG glance.api.v2.cached_images [None req-b072a5dc-f327-4fca-8d9f-54d9d81a2d14 None None] Started cache worker thread {{(pid=101997) __init__ /opt/stack/glance/glance/api/v2/cached_images.py:69}}
May 22 12:11:43.286256 np0000001262 devstack@g-api.service[101997]: INFO glance.image_cache [None req-b072a5dc-f327-4fca-8d9f-54d9d81a2d14 None None] Image cache loaded driver 'centralized_db'.
May 22 12:11:43.287652 np0000001262 devstack@g-api.service[101998]: INFO glance.api.middleware.cache_manage [None req-5c003b18-1974-483a-a98f-23b8908e9079 None None] Initialized image cache management middleware
May 22 12:11:43.287820 np0000001262 devstack@g-api.service[101998]: INFO glance.image_cache [None req-5c003b18-1974-483a-a98f-23b8908e9079 None None] Image cache loaded driver 'centralized_db'.
May 22 12:11:43.292742 np0000001262 devstack@g-api.service[101999]: INFO glance.api.middleware.cache_manage [None req-cb7d2a97-a5f7-40bf-a0c4-62a4fcd26966 None None] Initialized image cache management middleware
May 22 12:11:43.293068 np0000001262 devstack@g-api.service[101999]: INFO glance.image_cache [None req-cb7d2a97-a5f7-40bf-a0c4-62a4fcd26966 None None] Image cache loaded driver 'centralized_db'.
May 22 12:11:43.295033 np0000001262 devstack@g-api.service[101998]: DEBUG glance.image_cache.drivers.centralized_db [None req-5c003b18-1974-483a-a98f-23b8908e9079 None None] Node reference is already recorded, ignoring it {{(pid=101998) configure /opt/stack/glance/glance/image_cache/drivers/centralized_db.py:71}}
May 22 12:11:43.295264 np0000001262 devstack@g-api.service[101997]: DEBUG glance.image_cache.drivers.centralized_db [None req-b072a5dc-f327-4fca-8d9f-54d9d81a2d14 None None] Node reference is already recorded, ignoring it {{(pid=101997) configure /opt/stack/glance/glance/image_cache/drivers/centralized_db.py:71}}
May 22 12:11:43.298861 np0000001262 devstack@g-api.service[101998]: INFO glance.api.middleware.cache [None req-5c003b18-1974-483a-a98f-23b8908e9079 None None] Initialized image cache middleware
May 22 12:11:43.300250 np0000001262 devstack@g-api.service[101997]: INFO glance.api.middleware.cache_manage [None req-b072a5dc-f327-4fca-8d9f-54d9d81a2d14 None None] Initialized image cache management middleware
May 22 12:11:43.300414 np0000001262 devstack@g-api.service[101997]: INFO glance.image_cache [None req-b072a5dc-f327-4fca-8d9f-54d9d81a2d14 None None] Image cache loaded driver 'centralized_db'.
May 22 12:11:43.303408 np0000001262 devstack@g-api.service[101999]: DEBUG glance.image_cache.drivers.centralized_db [None req-cb7d2a97-a5f7-40bf-a0c4-62a4fcd26966 None None] Node reference is already recorded, ignoring it {{(pid=101999) configure /opt/stack/glance/glance/image_cache/drivers/centralized_db.py:71}}
May 22 12:11:43.307681 np0000001262 devstack@g-api.service[101997]: DEBUG glance.image_cache.drivers.centralized_db [None req-b072a5dc-f327-4fca-8d9f-54d9d81a2d14 None None] Node reference is already recorded, ignoring it {{(pid=101997) configure /opt/stack/glance/glance/image_cache/drivers/centralized_db.py:71}}
May 22 12:11:43.310024 np0000001262 devstack@g-api.service[101999]: INFO glance.api.middleware.cache [None req-cb7d2a97-a5f7-40bf-a0c4-62a4fcd26966 None None] Initialized image cache middleware
May 22 12:11:43.310740 np0000001262 devstack@g-api.service[101998]: DEBUG glance.common.config [None req-5c003b18-1974-483a-a98f-23b8908e9079 None None] ******************************************************************************** {{(pid=101998) log_opt_values /opt/stack/data/venv/lib/python3.12/site-packages/oslo_config/cfg.py:3229}}
May 22 12:11:43.310842 np0000001262 devstack@g-api.service[101998]: DEBUG glance.common.config [None req-5c003b18-1974-483a-a98f-23b8908e9079 None None] Configuration options gathered from: {{(pid=101998) log_opt_values /opt/stack/data/venv/lib/python3.12/site-packages/oslo_config/cfg.py:3230}}
May 22 12:11:43.311433 np0000001262 devstack@g-api.service[101998]: DEBUG glance.common.config [None req-5c003b18-1974-483a-a98f-23b8908e9079 None None] command line args: [] {{(pid=101998) log_opt_values /opt/stack/data/venv/lib/python3.12/site-packages/oslo_config/cfg.py:3231}}
May 22 12:11:43.311613 np0000001262 devstack@g-api.service[101998]: DEBUG glance.common.config [None req-5c003b18-1974-483a-a98f-23b8908e9079 None None] config files: ['/etc/glance/glance-image-import.conf', '/etc/glance/glance-api.conf'] {{(pid=101998) log_opt_values /opt/stack/data/venv/lib/python3.12/site-packages/oslo_config/cfg.py:3232}}
May 22 12:11:43.311721 np0000001262 devstack@g-api.service[101998]: DEBUG glance.common.config [None req-5c003b18-1974-483a-a98f-23b8908e9079 None None] ================================================================================ {{(pid=101998) log_opt_values /opt/stack/data/venv/lib/python3.12/site-packages/oslo_config/cfg.py:3237}}
May 22 12:11:43.311913 np0000001262 devstack@g-api.service[101998]: DEBUG glance.common.config [None req-5c003b18-1974-483a-a98f-23b8908e9079 None None] allow_anonymous_access = False {{(pid=101998) log_opt_values /opt/stack/data/venv/lib/python3.12/site-packages/oslo_config/cfg.py:3245}}
May 22 12:11:43.312052 np0000001262 devstack@g-api.service[101998]: DEBUG glance.common.config [None req-5c003b18-1974-483a-a98f-23b8908e9079 None None] api_limit_max = 1000 {{(pid=101998) log_opt_values /opt/stack/data/venv/lib/python3.12/site-packages/oslo_config/cfg.py:3245}}
May 22 12:11:43.312181 np0000001262 devstack@g-api.service[101997]: INFO glance.api.middleware.cache [None req-b072a5dc-f327-4fca-8d9f-54d9d81a2d14 None None] Initialized image cache middleware
May 22 12:11:43.312279 np0000001262 devstack@g-api.service[101998]: DEBUG glance.common.config [None req-5c003b18-1974-483a-a98f-23b8908e9079 None None] backlog = 4096 {{(pid=101998) log_opt_values /opt/stack/data/venv/lib/python3.12/site-packages/oslo_config/cfg.py:3245}}
May 22 12:11:43.312370 np0000001262 devstack@g-api.service[101998]: DEBUG glance.common.config [None req-5c003b18-1974-483a-a98f-23b8908e9079 None None] bind_host = 0.0.0.0 {{(pid=101998) log_opt_values /opt/stack/data/venv/lib/python3.12/site-packages/oslo_config/cfg.py:3245}}
May 22 12:11:43.312536 np0000001262 devstack@g-api.service[101998]: DEBUG glance.common.config [None req-5c003b18-1974-483a-a98f-23b8908e9079 None None] bind_port = 19292 {{(pid=101998) log_opt_values /opt/stack/data/venv/lib/python3.12/site-packages/oslo_config/cfg.py:3245}}
May 22 12:11:43.312666 np0000001262 devstack@g-api.service[101998]: DEBUG glance.common.config [None req-5c003b18-1974-483a-a98f-23b8908e9079 None None] client_socket_timeout = 900 {{(pid=101998) log_opt_values /opt/stack/data/venv/lib/python3.12/site-packages/oslo_config/cfg.py:3245}}
May 22 12:11:43.312802 np0000001262 devstack@g-api.service[101998]: DEBUG glance.common.config [None req-5c003b18-1974-483a-a98f-23b8908e9079 None None] config_dir = [] {{(pid=101998) log_opt_values /opt/stack/data/venv/lib/python3.12/site-packages/oslo_config/cfg.py:3245}}
May 22 12:11:43.312895 np0000001262 devstack@g-api.service[101998]: DEBUG glance.common.config [None req-5c003b18-1974-483a-a98f-23b8908e9079 None None] config_file = ['/etc/glance/glance-image-import.conf', '/etc/glance/glance-api.conf'] {{(pid=101998) log_opt_values /opt/stack/data/venv/lib/python3.12/site-packages/oslo_config/cfg.py:3245}}
May 22 12:11:43.313025 np0000001262 devstack@g-api.service[101998]: DEBUG glance.common.config [None req-5c003b18-1974-483a-a98f-23b8908e9079 None None] config_source = [] {{(pid=101998) log_opt_values /opt/stack/data/venv/lib/python3.12/site-packages/oslo_config/cfg.py:3245}}
May 22 12:11:43.313146 np0000001262 devstack@g-api.service[101998]: DEBUG glance.common.config [None req-5c003b18-1974-483a-a98f-23b8908e9079 None None] control_exchange = glance {{(pid=101998) log_opt_values /opt/stack/data/venv/lib/python3.12/site-packages/oslo_config/cfg.py:3245}}
May 22 12:11:43.313245 np0000001262 devstack@g-api.service[101998]: DEBUG glance.common.config [None req-5c003b18-1974-483a-a98f-23b8908e9079 None None] debug = True {{(pid=101998) log_opt_values /opt/stack/data/venv/lib/python3.12/site-packages/oslo_config/cfg.py:3245}}
May 22 12:11:43.313407 np0000001262 devstack@g-api.service[101998]: DEBUG glance.common.config [None req-5c003b18-1974-483a-a98f-23b8908e9079 None None] default_log_levels = ['amqp=WARN', 'boto=WARN', 'sqlalchemy=WARN', 'suds=INFO', 'oslo.messaging=INFO', 'oslo_messaging=INFO', 'iso8601=WARN', 'requests.packages.urllib3.connectionpool=WARN', 'urllib3.connectionpool=WARN', 'websocket=WARN', 'requests.packages.urllib3.util.retry=WARN', 'urllib3.util.retry=WARN', 'keystonemiddleware=WARN', 'routes.middleware=WARN', 'stevedore=WARN', 'taskflow=WARN', 'keystoneauth=WARN', 'oslo.cache=INFO', 'oslo_policy=INFO', 'dogpile.core.dogpile=INFO'] {{(pid=101998) log_opt_values /opt/stack/data/venv/lib/python3.12/site-packages/oslo_config/cfg.py:3245}}
May 22 12:11:43.313527 np0000001262 devstack@g-api.service[101998]: DEBUG glance.common.config [None req-5c003b18-1974-483a-a98f-23b8908e9079 None None] default_publisher_id = image.localhost {{(pid=101998) log_opt_values /opt/stack/data/venv/lib/python3.12/site-packages/oslo_config/cfg.py:3245}}
May 22 12:11:43.313587 np0000001262 devstack@g-api.service[101998]: DEBUG glance.common.config [None req-5c003b18-1974-483a-a98f-23b8908e9079 None None] delayed_delete = False {{(pid=101998) log_opt_values /opt/stack/data/venv/lib/python3.12/site-packages/oslo_config/cfg.py:3245}}
May 22 12:11:43.313749 np0000001262 devstack@g-api.service[101998]: DEBUG glance.common.config [None req-5c003b18-1974-483a-a98f-23b8908e9079 None None] digest_algorithm = sha256 {{(pid=101998) log_opt_values /opt/stack/data/venv/lib/python3.12/site-packages/oslo_config/cfg.py:3245}}
May 22 12:11:43.313849 np0000001262 devstack@g-api.service[101998]: DEBUG glance.common.config [None req-5c003b18-1974-483a-a98f-23b8908e9079 None None] disabled_notifications = [] {{(pid=101998) log_opt_values /opt/stack/data/venv/lib/python3.12/site-packages/oslo_config/cfg.py:3245}}
May 22 12:11:43.313961 np0000001262 devstack@g-api.service[101998]: DEBUG glance.common.config [None req-5c003b18-1974-483a-a98f-23b8908e9079 None None] do_secure_hash = True {{(pid=101998) log_opt_values /opt/stack/data/venv/lib/python3.12/site-packages/oslo_config/cfg.py:3245}}
May 22 12:11:43.314059 np0000001262 devstack@g-api.service[101998]: DEBUG glance.common.config [None req-5c003b18-1974-483a-a98f-23b8908e9079 None None] enabled_backends = None {{(pid=101998) log_opt_values /opt/stack/data/venv/lib/python3.12/site-packages/oslo_config/cfg.py:3245}}
May 22 12:11:43.314182 np0000001262 devstack@g-api.service[101998]: DEBUG glance.common.config [None req-5c003b18-1974-483a-a98f-23b8908e9079 None None] enabled_import_methods = ['glance-direct', 'web-download', 'copy-image'] {{(pid=101998) log_opt_values /opt/stack/data/venv/lib/python3.12/site-packages/oslo_config/cfg.py:3245}}
May 22 12:11:43.314296 np0000001262 devstack@g-api.service[101998]: DEBUG glance.common.config [None req-5c003b18-1974-483a-a98f-23b8908e9079 None None] fatal_deprecations = False {{(pid=101998) log_opt_values /opt/stack/data/venv/lib/python3.12/site-packages/oslo_config/cfg.py:3245}}
May 22 12:11:43.314380 np0000001262 devstack@g-api.service[101998]: DEBUG glance.common.config [None req-5c003b18-1974-483a-a98f-23b8908e9079 None None] hashing_algorithm = sha512 {{(pid=101998) log_opt_values /opt/stack/data/venv/lib/python3.12/site-packages/oslo_config/cfg.py:3245}}
May 22 12:11:43.314497 np0000001262 devstack@g-api.service[101998]: DEBUG glance.common.config [None req-5c003b18-1974-483a-a98f-23b8908e9079 None None] http_keepalive = True {{(pid=101998) log_opt_values /opt/stack/data/venv/lib/python3.12/site-packages/oslo_config/cfg.py:3245}}
May 22 12:11:43.314607 np0000001262 devstack@g-api.service[101998]: DEBUG glance.common.config [None req-5c003b18-1974-483a-a98f-23b8908e9079 None None] http_retries = 3 {{(pid=101998) log_opt_values /opt/stack/data/venv/lib/python3.12/site-packages/oslo_config/cfg.py:3245}}
May 22 12:11:43.314713 np0000001262 devstack@g-api.service[101998]: DEBUG glance.common.config [None req-5c003b18-1974-483a-a98f-23b8908e9079 None None] image_cache_dir = /opt/stack/data/glance/cache/ {{(pid=101998) log_opt_values /opt/stack/data/venv/lib/python3.12/site-packages/oslo_config/cfg.py:3245}}
May 22 12:11:43.314841 np0000001262 devstack@g-api.service[101998]: DEBUG glance.common.config [None req-5c003b18-1974-483a-a98f-23b8908e9079 None None] image_cache_driver = centralized_db {{(pid=101998) log_opt_values /opt/stack/data/venv/lib/python3.12/site-packages/oslo_config/cfg.py:3245}}
May 22 12:11:43.314969 np0000001262 devstack@g-api.service[101998]: DEBUG glance.common.config [None req-5c003b18-1974-483a-a98f-23b8908e9079 None None] image_cache_max_size = 10737418240 {{(pid=101998) log_opt_values /opt/stack/data/venv/lib/python3.12/site-packages/oslo_config/cfg.py:3245}}
May 22 12:11:43.315097 np0000001262 devstack@g-api.service[101998]: DEBUG glance.common.config [None req-5c003b18-1974-483a-a98f-23b8908e9079 None None] image_cache_sqlite_db = cache.db {{(pid=101998) log_opt_values /opt/stack/data/venv/lib/python3.12/site-packages/oslo_config/cfg.py:3245}}
May 22 12:11:43.315209 np0000001262 devstack@g-api.service[101998]: DEBUG glance.common.config [None req-5c003b18-1974-483a-a98f-23b8908e9079 None None] image_cache_stall_time = 86400 {{(pid=101998) log_opt_values /opt/stack/data/venv/lib/python3.12/site-packages/oslo_config/cfg.py:3245}}
May 22 12:11:43.315357 np0000001262 devstack@g-api.service[101998]: DEBUG glance.common.config [None req-5c003b18-1974-483a-a98f-23b8908e9079 None None] image_location_quota = 10 {{(pid=101998) log_opt_values /opt/stack/data/venv/lib/python3.12/site-packages/oslo_config/cfg.py:3245}}
May 22 12:11:43.315488 np0000001262 devstack@g-api.service[101998]: DEBUG glance.common.config [None req-5c003b18-1974-483a-a98f-23b8908e9079 None None] image_member_quota = 128 {{(pid=101998) log_opt_values /opt/stack/data/venv/lib/python3.12/site-packages/oslo_config/cfg.py:3245}}
May 22 12:11:43.315591 np0000001262 devstack@g-api.service[101998]: DEBUG glance.common.config [None req-5c003b18-1974-483a-a98f-23b8908e9079 None None] image_property_quota = 128 {{(pid=101998) log_opt_values /opt/stack/data/venv/lib/python3.12/site-packages/oslo_config/cfg.py:3245}}
May 22 12:11:43.315697 np0000001262 devstack@g-api.service[101998]: DEBUG glance.common.config [None req-5c003b18-1974-483a-a98f-23b8908e9079 None None] image_size_cap = 1099511627776 {{(pid=101998) log_opt_values /opt/stack/data/venv/lib/python3.12/site-packages/oslo_config/cfg.py:3245}}
May 22 12:11:43.315813 np0000001262 devstack@g-api.service[101998]: DEBUG glance.common.config [None req-5c003b18-1974-483a-a98f-23b8908e9079 None None] image_tag_quota = 128 {{(pid=101998) log_opt_values /opt/stack/data/venv/lib/python3.12/site-packages/oslo_config/cfg.py:3245}}
May 22 12:11:43.315971 np0000001262 devstack@g-api.service[101998]: DEBUG glance.common.config [None req-5c003b18-1974-483a-a98f-23b8908e9079 None None] instance_format = [instance: %(uuid)s] {{(pid=101998) log_opt_values /opt/stack/data/venv/lib/python3.12/site-packages/oslo_config/cfg.py:3245}}
May 22 12:11:43.316079 np0000001262 devstack@g-api.service[101998]: DEBUG glance.common.config [None req-5c003b18-1974-483a-a98f-23b8908e9079 None None] instance_uuid_format = [instance: %(uuid)s] {{(pid=101998) log_opt_values /opt/stack/data/venv/lib/python3.12/site-packages/oslo_config/cfg.py:3245}}
May 22 12:11:43.316219 np0000001262 devstack@g-api.service[101998]: DEBUG glance.common.config [None req-5c003b18-1974-483a-a98f-23b8908e9079 None None] limit_param_default = 25 {{(pid=101998) log_opt_values /opt/stack/data/venv/lib/python3.12/site-packages/oslo_config/cfg.py:3245}}
May 22 12:11:43.316362 np0000001262 devstack@g-api.service[101998]: DEBUG glance.common.config [None req-5c003b18-1974-483a-a98f-23b8908e9079 None None] log_color = False {{(pid=101998) log_opt_values /opt/stack/data/venv/lib/python3.12/site-packages/oslo_config/cfg.py:3245}}
May 22 12:11:43.316483 np0000001262 devstack@g-api.service[101998]: DEBUG glance.common.config [None req-5c003b18-1974-483a-a98f-23b8908e9079 None None] log_config_append = None {{(pid=101998) log_opt_values /opt/stack/data/venv/lib/python3.12/site-packages/oslo_config/cfg.py:3245}}
May 22 12:11:43.316616 np0000001262 devstack@g-api.service[101998]: DEBUG glance.common.config [None req-5c003b18-1974-483a-a98f-23b8908e9079 None None] log_date_format = %Y-%m-%d %H:%M:%S {{(pid=101998) log_opt_values /opt/stack/data/venv/lib/python3.12/site-packages/oslo_config/cfg.py:3245}}
May 22 12:11:43.316762 np0000001262 devstack@g-api.service[101998]: DEBUG glance.common.config [None req-5c003b18-1974-483a-a98f-23b8908e9079 None None] log_dir = None {{(pid=101998) log_opt_values /opt/stack/data/venv/lib/python3.12/site-packages/oslo_config/cfg.py:3245}}
May 22 12:11:43.316839 np0000001262 devstack@g-api.service[101998]: DEBUG glance.common.config [None req-5c003b18-1974-483a-a98f-23b8908e9079 None None] log_file = None {{(pid=101998) log_opt_values /opt/stack/data/venv/lib/python3.12/site-packages/oslo_config/cfg.py:3245}}
May 22 12:11:43.317986 np0000001262 devstack@g-api.service[101998]: DEBUG glance.common.config [None req-5c003b18-1974-483a-a98f-23b8908e9079 None None] log_rotate_interval = 1 {{(pid=101998) log_opt_values /opt/stack/data/venv/lib/python3.12/site-packages/oslo_config/cfg.py:3245}}
May 22 12:11:43.317986 np0000001262 devstack@g-api.service[101998]: DEBUG glance.common.config [None req-5c003b18-1974-483a-a98f-23b8908e9079 None None] log_rotate_interval_type = days {{(pid=101998) log_opt_values /opt/stack/data/venv/lib/python3.12/site-packages/oslo_config/cfg.py:3245}}
May 22 12:11:43.317986 np0000001262 devstack@g-api.service[101998]: DEBUG glance.common.config [None req-5c003b18-1974-483a-a98f-23b8908e9079 None None] log_rotation_type = none {{(pid=101998) log_opt_values /opt/stack/data/venv/lib/python3.12/site-packages/oslo_config/cfg.py:3245}}
May 22 12:11:43.317986 np0000001262 devstack@g-api.service[101998]: DEBUG glance.common.config [None req-5c003b18-1974-483a-a98f-23b8908e9079 None None] logging_context_format_string = %(color)s%(levelname)s %(name)s [%(global_request_id)s %(request_id)s %(project_name)s %(user_name)s%(color)s] %(instance)s%(color)s%(message)s {{(pid=101998) log_opt_values /opt/stack/data/venv/lib/python3.12/site-packages/oslo_config/cfg.py:3245}}
May 22 12:11:43.317986 np0000001262 devstack@g-api.service[101998]: DEBUG glance.common.config [None req-5c003b18-1974-483a-a98f-23b8908e9079 None None] logging_debug_format_suffix = {{(pid=%(process)d) %(funcName)s %(pathname)s:%(lineno)d}} {{(pid=101998) log_opt_values /opt/stack/data/venv/lib/python3.12/site-packages/oslo_config/cfg.py:3245}}
May 22 12:11:43.317986 np0000001262 devstack@g-api.service[101998]: DEBUG glance.common.config [None req-5c003b18-1974-483a-a98f-23b8908e9079 None None] logging_default_format_string = %(color)s%(levelname)s %(name)s [-%(color)s] %(instance)s%(color)s%(message)s {{(pid=101998) log_opt_values /opt/stack/data/venv/lib/python3.12/site-packages/oslo_config/cfg.py:3245}}
May 22 12:11:43.318391 np0000001262 devstack@g-api.service[101998]: DEBUG glance.common.config [None req-5c003b18-1974-483a-a98f-23b8908e9079 None None] logging_exception_prefix = ERROR %(name)s %(instance)s {{(pid=101998) log_opt_values /opt/stack/data/venv/lib/python3.12/site-packages/oslo_config/cfg.py:3245}}
May 22 12:11:43.318391 np0000001262 devstack@g-api.service[101998]: DEBUG glance.common.config [None req-5c003b18-1974-483a-a98f-23b8908e9079 None None] logging_user_identity_format = %(user)s %(project)s %(domain)s %(system_scope)s %(user_domain)s %(project_domain)s {{(pid=101998) log_opt_values /opt/stack/data/venv/lib/python3.12/site-packages/oslo_config/cfg.py:3245}}
May 22 12:11:43.318391 np0000001262 devstack@g-api.service[101998]: DEBUG glance.common.config [None req-5c003b18-1974-483a-a98f-23b8908e9079 None None] max_header_line = 16384 {{(pid=101998) log_opt_values /opt/stack/data/venv/lib/python3.12/site-packages/oslo_config/cfg.py:3245}}
May 22 12:11:43.318391 np0000001262 devstack@g-api.service[101998]: DEBUG glance.common.config [None req-5c003b18-1974-483a-a98f-23b8908e9079 None None] max_logfile_count = 30 {{(pid=101998) log_opt_values /opt/stack/data/venv/lib/python3.12/site-packages/oslo_config/cfg.py:3245}}
May 22 12:11:43.318391 np0000001262 devstack@g-api.service[101998]: DEBUG glance.common.config [None req-5c003b18-1974-483a-a98f-23b8908e9079 None None] max_logfile_size_mb = 200 {{(pid=101998) log_opt_values /opt/stack/data/venv/lib/python3.12/site-packages/oslo_config/cfg.py:3245}}
May 22 12:11:43.318391 np0000001262 devstack@g-api.service[101998]: DEBUG glance.common.config [None req-5c003b18-1974-483a-a98f-23b8908e9079 None None] max_request_id_length = 64 {{(pid=101998) log_opt_values /opt/stack/data/venv/lib/python3.12/site-packages/oslo_config/cfg.py:3245}}
May 22 12:11:43.318391 np0000001262 devstack@g-api.service[101998]: DEBUG glance.common.config [None req-5c003b18-1974-483a-a98f-23b8908e9079 None None] metadata_encryption_key = **** {{(pid=101998) log_opt_values /opt/stack/data/venv/lib/python3.12/site-packages/oslo_config/cfg.py:3245}}
May 22 12:11:43.318671 np0000001262 devstack@g-api.service[101998]: DEBUG glance.common.config [None req-5c003b18-1974-483a-a98f-23b8908e9079 None None] node_staging_uri = file:///tmp/staging/ {{(pid=101998) log_opt_values /opt/stack/data/venv/lib/python3.12/site-packages/oslo_config/cfg.py:3245}}
May 22 12:11:43.318671 np0000001262 devstack@g-api.service[101998]: DEBUG glance.common.config [None req-5c003b18-1974-483a-a98f-23b8908e9079 None None] property_protection_file = None {{(pid=101998) log_opt_values /opt/stack/data/venv/lib/python3.12/site-packages/oslo_config/cfg.py:3245}}
May 22 12:11:43.318671 np0000001262 devstack@g-api.service[101998]: DEBUG glance.common.config [None req-5c003b18-1974-483a-a98f-23b8908e9079 None None] property_protection_rule_format = roles {{(pid=101998) log_opt_values /opt/stack/data/venv/lib/python3.12/site-packages/oslo_config/cfg.py:3245}}
May 22 12:11:43.318671 np0000001262 devstack@g-api.service[101998]: DEBUG glance.common.config [None req-5c003b18-1974-483a-a98f-23b8908e9079 None None] public_endpoint = https://10.4.3.58/image {{(pid=101998) log_opt_values /opt/stack/data/venv/lib/python3.12/site-packages/oslo_config/cfg.py:3245}}
May 22 12:11:43.318830 np0000001262 devstack@g-api.service[101998]: DEBUG glance.common.config [None req-5c003b18-1974-483a-a98f-23b8908e9079 None None] publish_errors = False {{(pid=101998) log_opt_values /opt/stack/data/venv/lib/python3.12/site-packages/oslo_config/cfg.py:3245}}
May 22 12:11:43.318830 np0000001262 devstack@g-api.service[101998]: DEBUG glance.common.config [None req-5c003b18-1974-483a-a98f-23b8908e9079 None None] pydev_worker_debug_host = None {{(pid=101998) log_opt_values /opt/stack/data/venv/lib/python3.12/site-packages/oslo_config/cfg.py:3245}}
May 22 12:11:43.318988 np0000001262 devstack@g-api.service[101998]: DEBUG glance.common.config [None req-5c003b18-1974-483a-a98f-23b8908e9079 None None] pydev_worker_debug_port = 5678 {{(pid=101998) log_opt_values /opt/stack/data/venv/lib/python3.12/site-packages/oslo_config/cfg.py:3245}}
May 22 12:11:43.319059 np0000001262 devstack@g-api.service[101998]: DEBUG glance.common.config [None req-5c003b18-1974-483a-a98f-23b8908e9079 None None] rate_limit_burst = 0 {{(pid=101998) log_opt_values /opt/stack/data/venv/lib/python3.12/site-packages/oslo_config/cfg.py:3245}}
May 22 12:11:43.319135 np0000001262 devstack@g-api.service[101998]: DEBUG glance.common.config [None req-5c003b18-1974-483a-a98f-23b8908e9079 None None] rate_limit_except_level = CRITICAL {{(pid=101998) log_opt_values /opt/stack/data/venv/lib/python3.12/site-packages/oslo_config/cfg.py:3245}}
May 22 12:11:43.319248 np0000001262 devstack@g-api.service[101998]: DEBUG glance.common.config [None req-5c003b18-1974-483a-a98f-23b8908e9079 None None] rate_limit_interval = 0 {{(pid=101998) log_opt_values /opt/stack/data/venv/lib/python3.12/site-packages/oslo_config/cfg.py:3245}}
May 22 12:11:43.319343 np0000001262 devstack@g-api.service[101998]: DEBUG glance.common.config [None req-5c003b18-1974-483a-a98f-23b8908e9079 None None] scrub_pool_size = 1 {{(pid=101998) log_opt_values /opt/stack/data/venv/lib/python3.12/site-packages/oslo_config/cfg.py:3245}}
May 22 12:11:43.319419 np0000001262 devstack@g-api.service[101998]: DEBUG glance.common.config [None req-5c003b18-1974-483a-a98f-23b8908e9079 None None] scrub_time = 0 {{(pid=101998) log_opt_values /opt/stack/data/venv/lib/python3.12/site-packages/oslo_config/cfg.py:3245}}
May 22 12:11:43.319480 np0000001262 devstack@g-api.service[101998]: DEBUG glance.common.config [None req-5c003b18-1974-483a-a98f-23b8908e9079 None None] shell_completion = None {{(pid=101998) log_opt_values /opt/stack/data/venv/lib/python3.12/site-packages/oslo_config/cfg.py:3245}}
May 22 12:11:43.319579 np0000001262 devstack@g-api.service[101998]: DEBUG glance.common.config [None req-5c003b18-1974-483a-a98f-23b8908e9079 None None] show_image_direct_url = False {{(pid=101998) log_opt_values /opt/stack/data/venv/lib/python3.12/site-packages/oslo_config/cfg.py:3245}}
May 22 12:11:43.319814 np0000001262 devstack@g-api.service[101998]: WARNING oslo_config.cfg [None req-5c003b18-1974-483a-a98f-23b8908e9079 None None] Deprecated: Option "show_multiple_locations" from group "DEFAULT" is deprecated for removal (Use of this option, deprecated since Newton, is a security risk and will be removed once we figure out a way to satisfy those use cases that currently require it. An earlier announcement that the same functionality can be achieved with greater granularity by using policies is incorrect. You cannot work around this option via policy configuration at the present time, though that is the direction we believe the fix will take. Please keep an eye on the Glance release notes to stay up to date on progress in addressing this issue.). Its value may be silently ignored in the future.
May 22 12:11:43.319955 np0000001262 devstack@g-api.service[101998]: DEBUG glance.common.config [None req-5c003b18-1974-483a-a98f-23b8908e9079 None None] show_multiple_locations = False {{(pid=101998) log_opt_values /opt/stack/data/venv/lib/python3.12/site-packages/oslo_config/cfg.py:3245}}
May 22 12:11:43.320037 np0000001262 devstack@g-api.service[101998]: DEBUG glance.common.config [None req-5c003b18-1974-483a-a98f-23b8908e9079 None None] syslog_log_facility = LOG_USER {{(pid=101998) log_opt_values /opt/stack/data/venv/lib/python3.12/site-packages/oslo_config/cfg.py:3245}}
May 22 12:11:43.320114 np0000001262 devstack@g-api.service[101998]: DEBUG glance.common.config [None req-5c003b18-1974-483a-a98f-23b8908e9079 None None] tcp_keepidle = 600 {{(pid=101998) log_opt_values /opt/stack/data/venv/lib/python3.12/site-packages/oslo_config/cfg.py:3245}}
May 22 12:11:43.320235 np0000001262 devstack@g-api.service[101998]: DEBUG glance.common.config [None req-5c003b18-1974-483a-a98f-23b8908e9079 None None] transport_url = **** {{(pid=101998) log_opt_values /opt/stack/data/venv/lib/python3.12/site-packages/oslo_config/cfg.py:3245}}
May 22 12:11:43.320315 np0000001262 devstack@g-api.service[101998]: DEBUG glance.common.config [None req-5c003b18-1974-483a-a98f-23b8908e9079 None None] use_journal = False {{(pid=101998) log_opt_values /opt/stack/data/venv/lib/python3.12/site-packages/oslo_config/cfg.py:3245}}
May 22 12:11:43.320400 np0000001262 devstack@g-api.service[101998]: DEBUG glance.common.config [None req-5c003b18-1974-483a-a98f-23b8908e9079 None None] use_json = False {{(pid=101998) log_opt_values /opt/stack/data/venv/lib/python3.12/site-packages/oslo_config/cfg.py:3245}}
May 22 12:11:43.320506 np0000001262 devstack@g-api.service[101998]: DEBUG glance.common.config [None req-5c003b18-1974-483a-a98f-23b8908e9079 None None] use_keystone_limits = True {{(pid=101998) log_opt_values /opt/stack/data/venv/lib/python3.12/site-packages/oslo_config/cfg.py:3245}}
May 22 12:11:43.320584 np0000001262 devstack@g-api.service[101998]: DEBUG glance.common.config [None req-5c003b18-1974-483a-a98f-23b8908e9079 None None] use_stderr = False {{(pid=101998) log_opt_values /opt/stack/data/venv/lib/python3.12/site-packages/oslo_config/cfg.py:3245}}
May 22 12:11:43.320676 np0000001262 devstack@g-api.service[101998]: DEBUG glance.common.config [None req-5c003b18-1974-483a-a98f-23b8908e9079 None None] use_syslog = False {{(pid=101998) log_opt_values /opt/stack/data/venv/lib/python3.12/site-packages/oslo_config/cfg.py:3245}}
May 22 12:11:43.320767 np0000001262 devstack@g-api.service[101998]: DEBUG glance.common.config [None req-5c003b18-1974-483a-a98f-23b8908e9079 None None] user_storage_quota = 0 {{(pid=101998) log_opt_values /opt/stack/data/venv/lib/python3.12/site-packages/oslo_config/cfg.py:3245}}
May 22 12:11:43.320867 np0000001262 devstack@g-api.service[101998]: DEBUG glance.common.config [None req-5c003b18-1974-483a-a98f-23b8908e9079 None None] worker_self_reference_url = http://127.0.0.1:60999 {{(pid=101998) log_opt_values /opt/stack/data/venv/lib/python3.12/site-packages/oslo_config/cfg.py:3245}}
May 22 12:11:43.320975 np0000001262 devstack@g-api.service[101998]: DEBUG glance.common.config [None req-5c003b18-1974-483a-a98f-23b8908e9079 None None] workers = None {{(pid=101998) log_opt_values /opt/stack/data/venv/lib/python3.12/site-packages/oslo_config/cfg.py:3245}}
May 22 12:11:43.321096 np0000001262 devstack@g-api.service[101998]: DEBUG glance.common.config [None req-5c003b18-1974-483a-a98f-23b8908e9079 None None] oslo_concurrency.disable_process_locking = False {{(pid=101998) log_opt_values /opt/stack/data/venv/lib/python3.12/site-packages/oslo_config/cfg.py:3256}}
May 22 12:11:43.321232 np0000001262 devstack@g-api.service[101998]: DEBUG glance.common.config [None req-5c003b18-1974-483a-a98f-23b8908e9079 None None] oslo_concurrency.lock_path = /opt/stack/data/glance/locks {{(pid=101998) log_opt_values /opt/stack/data/venv/lib/python3.12/site-packages/oslo_config/cfg.py:3256}}
May 22 12:11:43.321337 np0000001262 devstack@g-api.service[101998]: DEBUG glance.common.config [None req-5c003b18-1974-483a-a98f-23b8908e9079 None None] oslo_middleware.enable_proxy_headers_parsing = False {{(pid=101998) log_opt_values /opt/stack/data/venv/lib/python3.12/site-packages/oslo_config/cfg.py:3256}}
May 22 12:11:43.321454 np0000001262 devstack@g-api.service[101998]: DEBUG glance.common.config [None req-5c003b18-1974-483a-a98f-23b8908e9079 None None] oslo_middleware.http_basic_auth_user_file = /etc/htpasswd {{(pid=101998) log_opt_values /opt/stack/data/venv/lib/python3.12/site-packages/oslo_config/cfg.py:3256}}
May 22 12:11:43.321540 np0000001262 devstack@g-api.service[101998]: DEBUG glance.common.config [None req-5c003b18-1974-483a-a98f-23b8908e9079 None None] paste_deploy.config_file = None {{(pid=101998) log_opt_values /opt/stack/data/venv/lib/python3.12/site-packages/oslo_config/cfg.py:3256}}
May 22 12:11:43.321641 np0000001262 devstack@g-api.service[101998]: DEBUG glance.common.config [None req-5c003b18-1974-483a-a98f-23b8908e9079 None None] paste_deploy.flavor = keystone+cachemanagement {{(pid=101998) log_opt_values /opt/stack/data/venv/lib/python3.12/site-packages/oslo_config/cfg.py:3256}}
May 22 12:11:43.321771 np0000001262 devstack@g-api.service[101998]: DEBUG glance.common.config [None req-5c003b18-1974-483a-a98f-23b8908e9079 None None] image_format.container_formats = ['ami', 'ari', 'aki', 'bare', 'ovf', 'ova', 'docker', 'compressed'] {{(pid=101998) log_opt_values /opt/stack/data/venv/lib/python3.12/site-packages/oslo_config/cfg.py:3256}}
May 22 12:11:43.321895 np0000001262 devstack@g-api.service[101998]: DEBUG glance.common.config [None req-5c003b18-1974-483a-a98f-23b8908e9079 None None] image_format.disk_formats = ['ami', 'ari', 'aki', 'vhd', 'vhdx', 'vmdk', 'raw', 'qcow2', 'vdi', 'iso', 'ploop'] {{(pid=101998) log_opt_values /opt/stack/data/venv/lib/python3.12/site-packages/oslo_config/cfg.py:3256}}
May 22 12:11:43.321996 np0000001262 devstack@g-api.service[101998]: DEBUG glance.common.config [None req-5c003b18-1974-483a-a98f-23b8908e9079 None None] image_format.gpt_safety_checks_nonfatal = [] {{(pid=101998) log_opt_values /opt/stack/data/venv/lib/python3.12/site-packages/oslo_config/cfg.py:3256}}
May 22 12:11:43.322100 np0000001262 devstack@g-api.service[101998]: DEBUG glance.common.config [None req-5c003b18-1974-483a-a98f-23b8908e9079 None None] image_format.require_image_format_match = True {{(pid=101998) log_opt_values /opt/stack/data/venv/lib/python3.12/site-packages/oslo_config/cfg.py:3256}}
May 22 12:11:43.322223 np0000001262 devstack@g-api.service[101998]: DEBUG glance.common.config [None req-5c003b18-1974-483a-a98f-23b8908e9079 None None] image_format.vmdk_allowed_types = ['streamOptimized', 'monolithicSparse'] {{(pid=101998) log_opt_values /opt/stack/data/venv/lib/python3.12/site-packages/oslo_config/cfg.py:3256}}
May 22 12:11:43.322324 np0000001262 devstack@g-api.service[101998]: DEBUG glance.common.config [None req-5c003b18-1974-483a-a98f-23b8908e9079 None None] task.task_executor = taskflow {{(pid=101998) log_opt_values /opt/stack/data/venv/lib/python3.12/site-packages/oslo_config/cfg.py:3256}}
