May 22 12:10:49.920580 np0000001262 devstack@neutron-api.service[89944]: DEBUG neutron_lib.callbacks.manager [None req-4873b6b6-5f7f-45a0-816b-072159f88e21 None None] Subscribe: > security_group_rule before_delete 55550000, False {{(pid=89944) subscribe /opt/stack/data/venv/lib/python3.12/site-packages/neutron_lib/callbacks/manager.py:52}}
May 22 12:10:49.920676 np0000001262 devstack@neutron-api.service[89944]: DEBUG neutron_lib.callbacks.manager [None req-4873b6b6-5f7f-45a0-816b-072159f88e21 None None] Subscribe: > address_group after_create 55550000, False {{(pid=89944) subscribe /opt/stack/data/venv/lib/python3.12/site-packages/neutron_lib/callbacks/manager.py:52}}
May 22 12:10:49.920762 np0000001262 devstack@neutron-api.service[89942]: DEBUG neutron.api.extensions [None req-54ecd702-43d3-4821-b6e2-8120241b80fe None None] Ext name="Trunk port details" alias="trunk-details" description="Expose trunk port details" updated="2016-01-01T10:00:00-00:00" {{(pid=89942) _check_extension /opt/stack/neutron/neutron/api/extensions.py:415}}
May 22 12:10:49.920792 np0000001262 devstack@neutron-api.service[89944]: DEBUG neutron_lib.callbacks.manager [None req-4873b6b6-5f7f-45a0-816b-072159f88e21 None None] Subscribe: > address_group after_update 55550000, False {{(pid=89944) subscribe /opt/stack/data/venv/lib/python3.12/site-packages/neutron_lib/callbacks/manager.py:52}}
May 22 12:10:49.920863 np0000001262 devstack@neutron-api.service[89944]: DEBUG neutron_lib.callbacks.manager [None req-4873b6b6-5f7f-45a0-816b-072159f88e21 None None] Subscribe: > address_group after_delete 55550000, False {{(pid=89944) subscribe /opt/stack/data/venv/lib/python3.12/site-packages/neutron_lib/callbacks/manager.py:52}}
May 22 12:10:49.920996 np0000001262 devstack@neutron-api.service[89942]: INFO neutron.api.extensions [None req-54ecd702-43d3-4821-b6e2-8120241b80fe None None] Extension trunk-details not supported by any of loaded plugins
May 22 12:10:49.921062 np0000001262 devstack@neutron-api.service[89944]: DEBUG neutron_lib.callbacks.manager [None req-4873b6b6-5f7f-45a0-816b-072159f88e21 None None] Subscribe: > qos_plugin after_init 55550000, False {{(pid=89944) subscribe /opt/stack/data/venv/lib/python3.12/site-packages/neutron_lib/callbacks/manager.py:52}}
May 22 12:10:49.921115 np0000001262 devstack@neutron-api.service[89942]: DEBUG neutron.api.extensions [None req-54ecd702-43d3-4821-b6e2-8120241b80fe None None] Loading extension file: uplink_status_propagation.py {{(pid=89942) _load_all_extensions_from_path /opt/stack/neutron/neutron/api/extensions.py:449}}
May 22 12:10:49.921216 np0000001262 devstack@neutron-api.service[89944]: DEBUG neutron_lib.callbacks.manager [None req-4873b6b6-5f7f-45a0-816b-072159f88e21 None None] Subscribe: > trunk_plugin after_init 55550000, False {{(pid=89944) subscribe /opt/stack/data/venv/lib/python3.12/site-packages/neutron_lib/callbacks/manager.py:52}}
May 22 12:10:49.921422 np0000001262 devstack@neutron-api.service[89942]: DEBUG neutron.api.extensions [None req-54ecd702-43d3-4821-b6e2-8120241b80fe None None] Ext name="Uplink status propagation extension" alias="uplink-status-propagation" description="Provides ability to propagate port uplink status." updated="2018-05-31T18:00:00-00:00" {{(pid=89942) _check_extension /opt/stack/neutron/neutron/api/extensions.py:415}}
May 22 12:10:49.921467 np0000001262 devstack@neutron-api.service[89944]: DEBUG neutron_lib.callbacks.manager [None req-4873b6b6-5f7f-45a0-816b-072159f88e21 None None] Subscribe: > logging-plugin after_init 55550000, False {{(pid=89944) subscribe /opt/stack/data/venv/lib/python3.12/site-packages/neutron_lib/callbacks/manager.py:52}}
May 22 12:10:49.921645 np0000001262 devstack@neutron-api.service[89942]: INFO neutron.api.extensions [None req-54ecd702-43d3-4821-b6e2-8120241b80fe None None] Extension uplink-status-propagation not supported by any of loaded plugins
May 22 12:10:49.921763 np0000001262 devstack@neutron-api.service[89942]: DEBUG neutron.api.extensions [None req-54ecd702-43d3-4821-b6e2-8120241b80fe None None] Loading extension file: uplink_status_propagation_updatable.py {{(pid=89942) _load_all_extensions_from_path /opt/stack/neutron/neutron/api/extensions.py:449}}
May 22 12:10:49.921856 np0000001262 devstack@neutron-api.service[89944]: INFO neutron.services.logapi.drivers.ovn.driver [None req-4873b6b6-5f7f-45a0-816b-072159f88e21 None None] OVN logging driver registered
May 22 12:10:49.922075 np0000001262 devstack@neutron-api.service[89942]: DEBUG neutron.api.extensions [None req-54ecd702-43d3-4821-b6e2-8120241b80fe None None] Ext name="Uplink status propagation updatable extension" alias="uplink-status-propagation-updatable" description="Provides ability to update the port uplink status." updated="2024-09-03T18:00:00-00:00" {{(pid=89942) _check_extension /opt/stack/neutron/neutron/api/extensions.py:415}}
May 22 12:10:49.922291 np0000001262 devstack@neutron-api.service[89942]: INFO neutron.api.extensions [None req-54ecd702-43d3-4821-b6e2-8120241b80fe None None] Extension uplink-status-propagation-updatable not supported by any of loaded plugins
May 22 12:10:49.922409 np0000001262 devstack@neutron-api.service[89942]: DEBUG neutron.api.extensions [None req-54ecd702-43d3-4821-b6e2-8120241b80fe None None] Loading extension file: vlantransparent.py {{(pid=89942) _load_all_extensions_from_path /opt/stack/neutron/neutron/api/extensions.py:449}}
May 22 12:10:49.922856 np0000001262 devstack@neutron-api.service[89942]: DEBUG neutron.api.extensions [None req-54ecd702-43d3-4821-b6e2-8120241b80fe None None] Ext name="Vlantransparent" alias="vlan-transparent" description="Provides Vlan Transparent Networks" updated="2015-03-23T09:00:00-00:00" {{(pid=89942) _check_extension /opt/stack/neutron/neutron/api/extensions.py:415}}
May 22 12:10:49.922973 np0000001262 devstack@neutron-api.service[89942]: INFO neutron.api.extensions [None req-54ecd702-43d3-4821-b6e2-8120241b80fe None None] Loaded extension: vlan-transparent
May 22 12:10:49.923267 np0000001262 devstack@neutron-api.service[89944]: DEBUG neutron.plugins.ml2.plugin [None req-4873b6b6-5f7f-45a0-816b-072159f88e21 None None] neutron.plugins.ml2.plugin.Ml2Plugin method _start_rpc_notifiers called with arguments () {} {{(pid=89944) wrapper /opt/stack/data/venv/lib/python3.12/site-packages/oslo_log/helpers.py:77}}
May 22 12:10:49.923748 np0000001262 devstack@neutron-api.service[89944]: DEBUG neutron_lib.callbacks.manager [None req-4873b6b6-5f7f-45a0-816b-072159f88e21 None None] Subscribe: > port after_create 55550000, False {{(pid=89944) subscribe /opt/stack/data/venv/lib/python3.12/site-packages/neutron_lib/callbacks/manager.py:52}}
May 22 12:10:49.923748 np0000001262 devstack@neutron-api.service[89944]: DEBUG neutron_lib.callbacks.manager [None req-4873b6b6-5f7f-45a0-816b-072159f88e21 None None] Subscribe: > port after_update 55550000, False {{(pid=89944) subscribe /opt/stack/data/venv/lib/python3.12/site-packages/neutron_lib/callbacks/manager.py:52}}
May 22 12:10:49.923748 np0000001262 devstack@neutron-api.service[89944]: DEBUG neutron_lib.callbacks.manager [None req-4873b6b6-5f7f-45a0-816b-072159f88e21 None None] Subscribe: > port after_delete 55550000, False {{(pid=89944) subscribe /opt/stack/data/venv/lib/python3.12/site-packages/neutron_lib/callbacks/manager.py:52}}
May 22 12:10:49.923822 np0000001262 devstack@neutron-api.service[89944]: DEBUG neutron_lib.callbacks.manager [None req-4873b6b6-5f7f-45a0-816b-072159f88e21 None None] Subscribe: > subnet after_create 55550000, False {{(pid=89944) subscribe /opt/stack/data/venv/lib/python3.12/site-packages/neutron_lib/callbacks/manager.py:52}}
May 22 12:10:49.923921 np0000001262 devstack@neutron-api.service[89944]: DEBUG neutron_lib.callbacks.manager [None req-4873b6b6-5f7f-45a0-816b-072159f88e21 None None] Subscribe: > subnet after_update 55550000, False {{(pid=89944) subscribe /opt/stack/data/venv/lib/python3.12/site-packages/neutron_lib/callbacks/manager.py:52}}
May 22 12:10:49.924021 np0000001262 devstack@neutron-api.service[89944]: DEBUG neutron_lib.callbacks.manager [None req-4873b6b6-5f7f-45a0-816b-072159f88e21 None None] Subscribe: > subnet after_delete 55550000, False {{(pid=89944) subscribe /opt/stack/data/venv/lib/python3.12/site-packages/neutron_lib/callbacks/manager.py:52}}
May 22 12:10:49.924115 np0000001262 devstack@neutron-api.service[89944]: DEBUG neutron_lib.callbacks.manager [None req-4873b6b6-5f7f-45a0-816b-072159f88e21 None None] Subscribe: > network after_create 55550000, False {{(pid=89944) subscribe /opt/stack/data/venv/lib/python3.12/site-packages/neutron_lib/callbacks/manager.py:52}}
May 22 12:10:49.924206 np0000001262 devstack@neutron-api.service[89944]: DEBUG neutron_lib.callbacks.manager [None req-4873b6b6-5f7f-45a0-816b-072159f88e21 None None] Subscribe: > network after_update 55550000, False {{(pid=89944) subscribe /opt/stack/data/venv/lib/python3.12/site-packages/neutron_lib/callbacks/manager.py:52}}
May 22 12:10:49.924297 np0000001262 devstack@neutron-api.service[89944]: DEBUG neutron_lib.callbacks.manager [None req-4873b6b6-5f7f-45a0-816b-072159f88e21 None None] Subscribe: > network after_delete 55550000, False {{(pid=89944) subscribe /opt/stack/data/venv/lib/python3.12/site-packages/neutron_lib/callbacks/manager.py:52}}
May 22 12:10:49.924386 np0000001262 devstack@neutron-api.service[89944]: DEBUG neutron_lib.callbacks.manager [None req-4873b6b6-5f7f-45a0-816b-072159f88e21 None None] Subscribe: > security_group after_create 55550000, False {{(pid=89944) subscribe /opt/stack/data/venv/lib/python3.12/site-packages/neutron_lib/callbacks/manager.py:52}}
May 22 12:10:49.924476 np0000001262 devstack@neutron-api.service[89944]: DEBUG neutron_lib.callbacks.manager [None req-4873b6b6-5f7f-45a0-816b-072159f88e21 None None] Subscribe: > security_group after_update 55550000, False {{(pid=89944) subscribe /opt/stack/data/venv/lib/python3.12/site-packages/neutron_lib/callbacks/manager.py:52}}
May 22 12:10:49.924573 np0000001262 devstack@neutron-api.service[89944]: DEBUG neutron_lib.callbacks.manager [None req-4873b6b6-5f7f-45a0-816b-072159f88e21 None None] Subscribe: > security_group after_delete 55550000, False {{(pid=89944) subscribe /opt/stack/data/venv/lib/python3.12/site-packages/neutron_lib/callbacks/manager.py:52}}
May 22 12:10:49.924664 np0000001262 devstack@neutron-api.service[89944]: DEBUG neutron_lib.callbacks.manager [None req-4873b6b6-5f7f-45a0-816b-072159f88e21 None None] Subscribe: > security_group_rule after_create 55550000, False {{(pid=89944) subscribe /opt/stack/data/venv/lib/python3.12/site-packages/neutron_lib/callbacks/manager.py:52}}
May 22 12:10:49.924749 np0000001262 devstack@neutron-api.service[89944]: DEBUG neutron_lib.callbacks.manager [None req-4873b6b6-5f7f-45a0-816b-072159f88e21 None None] Subscribe: > security_group_rule after_update 55550000, False {{(pid=89944) subscribe /opt/stack/data/venv/lib/python3.12/site-packages/neutron_lib/callbacks/manager.py:52}}
May 22 12:10:49.924840 np0000001262 devstack@neutron-api.service[89944]: DEBUG neutron_lib.callbacks.manager [None req-4873b6b6-5f7f-45a0-816b-072159f88e21 None None] Subscribe: > security_group_rule after_delete 55550000, False {{(pid=89944) subscribe /opt/stack/data/venv/lib/python3.12/site-packages/neutron_lib/callbacks/manager.py:52}}
May 22 12:10:49.924947 np0000001262 devstack@neutron-api.service[89944]: DEBUG neutron_lib.callbacks.manager [None req-4873b6b6-5f7f-45a0-816b-072159f88e21 None None] Subscribe: > address_group after_create 55550000, False {{(pid=89944) subscribe /opt/stack/data/venv/lib/python3.12/site-packages/neutron_lib/callbacks/manager.py:52}}
May 22 12:10:49.925037 np0000001262 devstack@neutron-api.service[89944]: DEBUG neutron_lib.callbacks.manager [None req-4873b6b6-5f7f-45a0-816b-072159f88e21 None None] Subscribe: > address_group after_update 55550000, False {{(pid=89944) subscribe /opt/stack/data/venv/lib/python3.12/site-packages/neutron_lib/callbacks/manager.py:52}}
May 22 12:10:49.925111 np0000001262 devstack@neutron-api.service[89942]: INFO neutron.quota.resource_registry [None req-54ecd702-43d3-4821-b6e2-8120241b80fe None None] Creating instance of TrackedResource for resource:network
May 22 12:10:49.925152 np0000001262 devstack@neutron-api.service[89944]: DEBUG neutron_lib.callbacks.manager [None req-4873b6b6-5f7f-45a0-816b-072159f88e21 None None] Subscribe: > address_group after_delete 55550000, False {{(pid=89944) subscribe /opt/stack/data/venv/lib/python3.12/site-packages/neutron_lib/callbacks/manager.py:52}}
May 22 12:10:49.925212 np0000001262 devstack@neutron-api.service[89944]: DEBUG neutron.plugins.ml2.ovo_rpc [None req-4873b6b6-5f7f-45a0-816b-072159f88e21 None None] ML2 OVO RPC backend initialized. {{(pid=89944) __init__ /opt/stack/neutron/neutron/plugins/ml2/ovo_rpc.py:117}}
May 22 12:10:49.925417 np0000001262 devstack@neutron-api.service[89942]: INFO neutron.quota.resource_registry [None req-54ecd702-43d3-4821-b6e2-8120241b80fe None None] Creating instance of TrackedResource for resource:subnet
May 22 12:10:49.925592 np0000001262 devstack@neutron-api.service[89942]: INFO neutron.quota.resource_registry [None req-54ecd702-43d3-4821-b6e2-8120241b80fe None None] Creating instance of TrackedResource for resource:subnetpool
May 22 12:10:49.925745 np0000001262 devstack@neutron-api.service[89942]: INFO neutron.quota.resource_registry [None req-54ecd702-43d3-4821-b6e2-8120241b80fe None None] Creating instance of TrackedResource for resource:port
May 22 12:10:49.925948 np0000001262 devstack@neutron-api.service[89944]: INFO neutron.quota [None req-4873b6b6-5f7f-45a0-816b-072159f88e21 None None] Loaded quota_driver: .
May 22 12:10:49.926053 np0000001262 devstack@neutron-api.service[89944]: INFO neutron.plugins.ml2.plugin [None req-4873b6b6-5f7f-45a0-816b-072159f88e21 None None] Modular L2 Plugin initialization complete
May 22 12:10:49.926178 np0000001262 devstack@neutron-api.service[89944]: DEBUG neutron.manager [None req-4873b6b6-5f7f-45a0-816b-072159f88e21 None None] Loading services supported by the core plugin {{(pid=89944) _load_services_from_core_plugin /opt/stack/neutron/neutron/manager.py:170}}
May 22 12:10:49.926278 np0000001262 devstack@neutron-api.service[89944]: INFO neutron.plugins.ml2.managers [None req-4873b6b6-5f7f-45a0-816b-072159f88e21 None None] Got port-security extension from driver 'port_security'
May 22 12:10:49.926558 np0000001262 devstack@neutron-api.service[89944]: DEBUG neutron.manager [None req-4873b6b6-5f7f-45a0-816b-072159f88e21 None None] Loading service plugins: ['ovn-router', 'auto_allocate', 'tag', 'timestamp', 'network_ip_availability', 'flavors', 'revisions'] {{(pid=89944) _load_service_plugins /opt/stack/neutron/neutron/manager.py:195}}
May 22 12:10:49.926624 np0000001262 devstack@neutron-api.service[89944]: INFO neutron.manager [None req-4873b6b6-5f7f-45a0-816b-072159f88e21 None None] Loading Plugin: ovn-router
May 22 12:10:49.927733 np0000001262 devstack@neutron-api.service[89942]: DEBUG neutron.api.v2.resource_helper [None req-54ecd702-43d3-4821-b6e2-8120241b80fe None None] Service L3_ROUTER_NAT assigned prefix: {{(pid=89942) build_resource_info /opt/stack/neutron/neutron/api/v2/resource_helper.py:77}}
May 22 12:10:49.928256 np0000001262 devstack@neutron-api.service[89942]: DEBUG neutron.api.v2.resource_helper [None req-54ecd702-43d3-4821-b6e2-8120241b80fe None None] Service FLAVORS assigned prefix: {{(pid=89942) build_resource_info /opt/stack/neutron/neutron/api/v2/resource_helper.py:77}}
May 22 12:10:49.929421 np0000001262 devstack@neutron-api.service[89942]: DEBUG neutron.api.v2.resource_helper [None req-54ecd702-43d3-4821-b6e2-8120241b80fe None None] Service L3_ROUTER_NAT assigned prefix: {{(pid=89942) build_resource_info /opt/stack/neutron/neutron/api/v2/resource_helper.py:77}}
May 22 12:10:49.929891 np0000001262 devstack@neutron-api.service[89942]: DEBUG neutron.api.v2.resource_helper [None req-54ecd702-43d3-4821-b6e2-8120241b80fe None None] Service L3_ROUTER_NAT assigned prefix: {{(pid=89942) build_resource_info /opt/stack/neutron/neutron/api/v2/resource_helper.py:77}}
May 22 12:10:49.930119 np0000001262 devstack@neutron-api.service[89942]: INFO neutron.quota.resource_registry [None req-54ecd702-43d3-4821-b6e2-8120241b80fe None None] Creating instance of TrackedResource for resource:router
May 22 12:10:49.930581 np0000001262 devstack@neutron-api.service[89942]: INFO neutron.quota.resource_registry [None req-54ecd702-43d3-4821-b6e2-8120241b80fe None None] Creating instance of TrackedResource for resource:floatingip
May 22 12:10:49.931857 np0000001262 devstack@neutron-api.service[89942]: INFO neutron.quota.resource_registry [None req-54ecd702-43d3-4821-b6e2-8120241b80fe None None] Creating instance of CountableResource for resource:rbac_policy
May 22 12:10:49.932754 np0000001262 devstack@neutron-api.service[89942]: INFO neutron.quota.resource_registry [None req-54ecd702-43d3-4821-b6e2-8120241b80fe None None] Creating instance of TrackedResource for resource:security_group
May 22 12:10:49.933222 np0000001262 devstack@neutron-api.service[89942]: INFO neutron.quota.resource_registry [None req-54ecd702-43d3-4821-b6e2-8120241b80fe None None] Creating instance of TrackedResource for resource:security_group_rule
May 22 12:10:49.934000 np0000001262 devstack@neutron-api.service[89942]: DEBUG neutron.api.v2.resource_helper [None req-54ecd702-43d3-4821-b6e2-8120241b80fe None None] Service CORE assigned prefix: {{(pid=89942) build_resource_info /opt/stack/neutron/neutron/api/v2/resource_helper.py:77}}
May 22 12:10:49.934164 np0000001262 devstack@neutron-api.service[89942]: INFO neutron.quota.resource_registry [None req-54ecd702-43d3-4821-b6e2-8120241b80fe None None] Creating instance of TrackedResource for resource:subnetpool
May 22 12:10:49.934349 np0000001262 devstack@neutron-api.service[89942]: WARNING neutron.quota.resource_registry [None req-54ecd702-43d3-4821-b6e2-8120241b80fe None None] subnetpool is already registered
May 22 12:10:49.935069 np0000001262 devstack@neutron-api.service[89944]: DEBUG neutron_lib.callbacks.manager [None req-4873b6b6-5f7f-45a0-816b-072159f88e21 None None] Subscribe: > router before_delete 55550000, False {{(pid=89944) subscribe /opt/stack/data/venv/lib/python3.12/site-packages/neutron_lib/callbacks/manager.py:52}}
May 22 12:10:49.935208 np0000001262 devstack@neutron-api.service[89944]: DEBUG neutron_lib.callbacks.manager [None req-4873b6b6-5f7f-45a0-816b-072159f88e21 None None] Subscribe: port before_update 55550000, False {{(pid=89944) subscribe /opt/stack/data/venv/lib/python3.12/site-packages/neutron_lib/callbacks/manager.py:52}}
May 22 12:10:49.935301 np0000001262 devstack@neutron-api.service[89944]: DEBUG neutron_lib.callbacks.manager [None req-4873b6b6-5f7f-45a0-816b-072159f88e21 None None] Subscribe: port after_update 55550000, False {{(pid=89944) subscribe /opt/stack/data/venv/lib/python3.12/site-packages/neutron_lib/callbacks/manager.py:52}}
May 22 12:10:49.935505 np0000001262 devstack@neutron-api.service[89944]: DEBUG neutron_lib.callbacks.manager [None req-4873b6b6-5f7f-45a0-816b-072159f88e21 None None] Subscribe: > port precommit_delete 55550000, False {{(pid=89944) subscribe /opt/stack/data/venv/lib/python3.12/site-packages/neutron_lib/callbacks/manager.py:52}}
May 22 12:10:49.935649 np0000001262 devstack@neutron-api.service[89944]: DEBUG neutron_lib.callbacks.manager [None req-4873b6b6-5f7f-45a0-816b-072159f88e21 None None] Subscribe: port before_update 55550000, False {{(pid=89944) subscribe /opt/stack/data/venv/lib/python3.12/site-packages/neutron_lib/callbacks/manager.py:52}}
May 22 12:10:49.935773 np0000001262 devstack@neutron-api.service[89944]: DEBUG neutron_lib.callbacks.manager [None req-4873b6b6-5f7f-45a0-816b-072159f88e21 None None] Subscribe: port before_delete 55550000, False {{(pid=89944) subscribe /opt/stack/data/venv/lib/python3.12/site-packages/neutron_lib/callbacks/manager.py:52}}
May 22 12:10:49.935914 np0000001262 devstack@neutron-api.service[89944]: DEBUG neutron_lib.callbacks.manager [None req-4873b6b6-5f7f-45a0-816b-072159f88e21 None None] Subscribe: > router precommit_create 55550000, False {{(pid=89944) subscribe /opt/stack/data/venv/lib/python3.12/site-packages/neutron_lib/callbacks/manager.py:52}}
May 22 12:10:49.936084 np0000001262 devstack@neutron-api.service[89944]: DEBUG neutron_lib.callbacks.manager [None req-4873b6b6-5f7f-45a0-816b-072159f88e21 None None] Subscribe: > router precommit_create 55550000, False {{(pid=89944) subscribe /opt/stack/data/venv/lib/python3.12/site-packages/neutron_lib/callbacks/manager.py:52}}
May 22 12:10:49.936183 np0000001262 devstack@neutron-api.service[89944]: DEBUG neutron_lib.callbacks.manager [None req-4873b6b6-5f7f-45a0-816b-072159f88e21 None None] Subscribe: > router precommit_update 55550000, False {{(pid=89944) subscribe /opt/stack/data/venv/lib/python3.12/site-packages/neutron_lib/callbacks/manager.py:52}}
May 22 12:10:49.936278 np0000001262 devstack@neutron-api.service[89944]: DEBUG neutron_lib.callbacks.manager [None req-4873b6b6-5f7f-45a0-816b-072159f88e21 None None] Subscribe: subnet after_update 55550000, False {{(pid=89944) subscribe /opt/stack/data/venv/lib/python3.12/site-packages/neutron_lib/callbacks/manager.py:52}}
May 22 12:10:49.936473 np0000001262 devstack@neutron-api.service[89944]: DEBUG neutron.quota.resource_registry [None req-4873b6b6-5f7f-45a0-816b-072159f88e21 None None] Tracking information for resource: router configured {{(pid=89944) set_tracked_resource /opt/stack/neutron/neutron/quota/resource_registry.py:203}}
May 22 12:10:49.936575 np0000001262 devstack@neutron-api.service[89944]: DEBUG neutron.quota.resource_registry [None req-4873b6b6-5f7f-45a0-816b-072159f88e21 None None] Tracking information for resource: floatingip configured {{(pid=89944) set_tracked_resource /opt/stack/neutron/neutron/quota/resource_registry.py:203}}
May 22 12:10:49.936664 np0000001262 devstack@neutron-api.service[89944]: INFO neutron.services.ovn_l3.plugin [None req-4873b6b6-5f7f-45a0-816b-072159f88e21 None None] Starting OVNL3RouterPlugin
May 22 12:10:49.936882 np0000001262 devstack@neutron-api.service[89944]: DEBUG neutron_lib.callbacks.manager [None req-4873b6b6-5f7f-45a0-816b-072159f88e21 None None] Subscribe: > port_forwarding_plugin after_init 55550000, False {{(pid=89944) subscribe /opt/stack/data/venv/lib/python3.12/site-packages/neutron_lib/callbacks/manager.py:52}}
May 22 12:10:49.937043 np0000001262 devstack@neutron-api.service[89942]: DEBUG neutron.api.v2.resource_helper [None req-54ecd702-43d3-4821-b6e2-8120241b80fe None None] Service L3_ROUTER_NAT assigned prefix: {{(pid=89942) build_resource_info /opt/stack/neutron/neutron/api/v2/resource_helper.py:77}}
May 22 12:10:49.937098 np0000001262 devstack@neutron-api.service[89944]: DEBUG neutron_lib.callbacks.manager [None req-4873b6b6-5f7f-45a0-816b-072159f88e21 None None] Subscribe: > router before_create 55550100, False {{(pid=89944) subscribe /opt/stack/data/venv/lib/python3.12/site-packages/neutron_lib/callbacks/manager.py:52}}
May 22 12:10:49.937191 np0000001262 devstack@neutron-api.service[89944]: DEBUG neutron_lib.callbacks.manager [None req-4873b6b6-5f7f-45a0-816b-072159f88e21 None None] Subscribe: > router precommit_delete 55550100, False {{(pid=89944) subscribe /opt/stack/data/venv/lib/python3.12/site-packages/neutron_lib/callbacks/manager.py:52}}
May 22 12:10:49.937296 np0000001262 devstack@neutron-api.service[89944]: DEBUG neutron_lib.callbacks.manager [None req-4873b6b6-5f7f-45a0-816b-072159f88e21 None None] Subscribe: > router precommit_create 55550100, False {{(pid=89944) subscribe /opt/stack/data/venv/lib/python3.12/site-packages/neutron_lib/callbacks/manager.py:52}}
May 22 12:10:49.937378 np0000001262 devstack@neutron-api.service[89944]: DEBUG neutron_lib.callbacks.manager [None req-4873b6b6-5f7f-45a0-816b-072159f88e21 None None] Subscribe: > router precommit_update 55550100, False {{(pid=89944) subscribe /opt/stack/data/venv/lib/python3.12/site-packages/neutron_lib/callbacks/manager.py:52}}
May 22 12:10:49.937510 np0000001262 devstack@neutron-api.service[89942]: DEBUG neutron.api.v2.resource_helper [None req-54ecd702-43d3-4821-b6e2-8120241b80fe None None] Service FLAVORS assigned prefix: {{(pid=89942) build_resource_info /opt/stack/neutron/neutron/api/v2/resource_helper.py:77}}
May 22 12:10:49.938656 np0000001262 devstack@neutron-api.service[89942]: DEBUG neutron.api.v2.resource_helper [None req-54ecd702-43d3-4821-b6e2-8120241b80fe None None] Service L3_ROUTER_NAT assigned prefix: {{(pid=89942) build_resource_info /opt/stack/neutron/neutron/api/v2/resource_helper.py:77}}
May 22 12:10:49.939118 np0000001262 devstack@neutron-api.service[89942]: DEBUG neutron.api.v2.resource_helper [None req-54ecd702-43d3-4821-b6e2-8120241b80fe None None] Service L3_ROUTER_NAT assigned prefix: {{(pid=89942) build_resource_info /opt/stack/neutron/neutron/api/v2/resource_helper.py:77}}
May 22 12:10:49.939283 np0000001262 devstack@neutron-api.service[89942]: INFO neutron.quota.resource_registry [None req-54ecd702-43d3-4821-b6e2-8120241b80fe None None] Creating instance of TrackedResource for resource:router
May 22 12:10:49.939447 np0000001262 devstack@neutron-api.service[89942]: WARNING neutron.quota.resource_registry [None req-54ecd702-43d3-4821-b6e2-8120241b80fe None None] router is already registered
May 22 12:10:49.939939 np0000001262 devstack@neutron-api.service[89942]: INFO neutron.quota.resource_registry [None req-54ecd702-43d3-4821-b6e2-8120241b80fe None None] Creating instance of TrackedResource for resource:floatingip
May 22 12:10:49.940144 np0000001262 devstack@neutron-api.service[89942]: WARNING neutron.quota.resource_registry [None req-54ecd702-43d3-4821-b6e2-8120241b80fe None None] floatingip is already registered
May 22 12:10:49.940186 np0000001262 devstack@neutron-api.service[89944]: DEBUG neutron.services.provider_configuration [None req-4873b6b6-5f7f-45a0-816b-072159f88e21 None None] Service providers = [] {{(pid=89944) parse_service_provider_opt /opt/stack/neutron/neutron/services/provider_configuration.py:170}}
May 22 12:10:49.940237 np0000001262 devstack@neutron-api.service[89944]: DEBUG neutron.db.servicetype_db [None req-4873b6b6-5f7f-45a0-816b-072159f88e21 None None] Adding provider configuration for service L3_ROUTER_NAT {{(pid=89944) add_provider_configuration /opt/stack/neutron/neutron/db/servicetype_db.py:45}}
May 22 12:10:49.941494 np0000001262 devstack@neutron-api.service[89942]: INFO neutron.quota.resource_registry [None req-54ecd702-43d3-4821-b6e2-8120241b80fe None None] Creating instance of CountableResource for resource:rbac_policy
May 22 12:10:49.941621 np0000001262 devstack@neutron-api.service[89942]: WARNING neutron.quota.resource_registry [None req-54ecd702-43d3-4821-b6e2-8120241b80fe None None] rbac_policy is already registered
May 22 12:10:49.941652 np0000001262 devstack@neutron-api.service[89944]: DEBUG neutron_lib.callbacks.manager [None req-4873b6b6-5f7f-45a0-816b-072159f88e21 None None] Subscribe: > router precommit_create 55549900, False {{(pid=89944) subscribe /opt/stack/data/venv/lib/python3.12/site-packages/neutron_lib/callbacks/manager.py:52}}
May 22 12:10:49.941736 np0000001262 devstack@neutron-api.service[89944]: DEBUG neutron_lib.callbacks.manager [None req-4873b6b6-5f7f-45a0-816b-072159f88e21 None None] Subscribe: > router_interface after_create 55550000, False {{(pid=89944) subscribe /opt/stack/data/venv/lib/python3.12/site-packages/neutron_lib/callbacks/manager.py:52}}
May 22 12:10:49.941835 np0000001262 devstack@neutron-api.service[89944]: DEBUG neutron_lib.callbacks.manager [None req-4873b6b6-5f7f-45a0-816b-072159f88e21 None None] Subscribe: > floatingip after_create 55550000, False {{(pid=89944) subscribe /opt/stack/data/venv/lib/python3.12/site-packages/neutron_lib/callbacks/manager.py:52}}
May 22 12:10:49.941993 np0000001262 devstack@neutron-api.service[89944]: DEBUG neutron_lib.callbacks.manager [None req-4873b6b6-5f7f-45a0-816b-072159f88e21 None None] Subscribe: > floatingip precommit_create 55550000, False {{(pid=89944) subscribe /opt/stack/data/venv/lib/python3.12/site-packages/neutron_lib/callbacks/manager.py:52}}
May 22 12:10:49.942076 np0000001262 devstack@neutron-api.service[89944]: DEBUG neutron_lib.callbacks.manager [None req-4873b6b6-5f7f-45a0-816b-072159f88e21 None None] Subscribe: > floatingip precommit_update 55550000, False {{(pid=89944) subscribe /opt/stack/data/venv/lib/python3.12/site-packages/neutron_lib/callbacks/manager.py:52}}
May 22 12:10:49.942168 np0000001262 devstack@neutron-api.service[89944]: DEBUG neutron_lib.callbacks.manager [None req-4873b6b6-5f7f-45a0-816b-072159f88e21 None None] Subscribe: > floatingip after_delete 55550000, False {{(pid=89944) subscribe /opt/stack/data/venv/lib/python3.12/site-packages/neutron_lib/callbacks/manager.py:52}}
May 22 12:10:49.942267 np0000001262 devstack@neutron-api.service[89944]: DEBUG neutron_lib.callbacks.manager [None req-4873b6b6-5f7f-45a0-816b-072159f88e21 None None] Subscribe: > floatingip after_status_update 55550000, False {{(pid=89944) subscribe /opt/stack/data/venv/lib/python3.12/site-packages/neutron_lib/callbacks/manager.py:52}}
May 22 12:10:49.942330 np0000001262 devstack@neutron-api.service[89942]: INFO neutron.quota.resource_registry [None req-54ecd702-43d3-4821-b6e2-8120241b80fe None None] Creating instance of TrackedResource for resource:security_group
May 22 12:10:49.942353 np0000001262 devstack@neutron-api.service[89944]: DEBUG neutron_lib.callbacks.manager [None req-4873b6b6-5f7f-45a0-816b-072159f88e21 None None] Subscribe: > floatingip after_update 55550000, False {{(pid=89944) subscribe /opt/stack/data/venv/lib/python3.12/site-packages/neutron_lib/callbacks/manager.py:52}}
May 22 12:10:49.942478 np0000001262 devstack@neutron-api.service[89944]: DEBUG neutron_lib.callbacks.manager [None req-4873b6b6-5f7f-45a0-816b-072159f88e21 None None] Subscribe: > port_forwarding after_create 55550000, False {{(pid=89944) subscribe /opt/stack/data/venv/lib/python3.12/site-packages/neutron_lib/callbacks/manager.py:52}}
May 22 12:10:49.942516 np0000001262 devstack@neutron-api.service[89942]: WARNING neutron.quota.resource_registry [None req-54ecd702-43d3-4821-b6e2-8120241b80fe None None] security_group is already registered
May 22 12:10:49.942642 np0000001262 devstack@neutron-api.service[89944]: DEBUG neutron_lib.callbacks.manager [None req-4873b6b6-5f7f-45a0-816b-072159f88e21 None None] Subscribe: > router_interface after_delete 55550000, False {{(pid=89944) subscribe /opt/stack/data/venv/lib/python3.12/site-packages/neutron_lib/callbacks/manager.py:52}}
May 22 12:10:49.942642 np0000001262 devstack@neutron-api.service[89944]: DEBUG neutron_lib.callbacks.manager [None req-4873b6b6-5f7f-45a0-816b-072159f88e21 None None] Subscribe: > router after_create 55550000, False {{(pid=89944) subscribe /opt/stack/data/venv/lib/python3.12/site-packages/neutron_lib/callbacks/manager.py:52}}
May 22 12:10:49.942782 np0000001262 devstack@neutron-api.service[89944]: DEBUG neutron_lib.callbacks.manager [None req-4873b6b6-5f7f-45a0-816b-072159f88e21 None None] Subscribe: > router precommit_create 55550000, False {{(pid=89944) subscribe /opt/stack/data/venv/lib/python3.12/site-packages/neutron_lib/callbacks/manager.py:52}}
May 22 12:10:49.942807 np0000001262 devstack@neutron-api.service[89944]: DEBUG neutron_lib.callbacks.manager [None req-4873b6b6-5f7f-45a0-816b-072159f88e21 None None] Subscribe: > router after_delete 55550000, False {{(pid=89944) subscribe /opt/stack/data/venv/lib/python3.12/site-packages/neutron_lib/callbacks/manager.py:52}}
May 22 12:10:49.942948 np0000001262 devstack@neutron-api.service[89944]: DEBUG neutron_lib.callbacks.manager [None req-4873b6b6-5f7f-45a0-816b-072159f88e21 None None] Subscribe: > router after_update 55550000, False {{(pid=89944) subscribe /opt/stack/data/venv/lib/python3.12/site-packages/neutron_lib/callbacks/manager.py:52}}
May 22 12:10:49.942987 np0000001262 devstack@neutron-api.service[89942]: INFO neutron.quota.resource_registry [None req-54ecd702-43d3-4821-b6e2-8120241b80fe None None] Creating instance of TrackedResource for resource:security_group_rule
May 22 12:10:49.943053 np0000001262 devstack@neutron-api.service[89944]: DEBUG neutron.services.service_base [None req-4873b6b6-5f7f-45a0-816b-072159f88e21 None None] Loaded 'neutron.services.ovn_l3.service_providers.ovn.OvnDriver' provider for service L3_ROUTER_NAT {{(pid=89944) load_drivers /opt/stack/neutron/neutron/services/service_base.py:49}}
May 22 12:10:49.943089 np0000001262 devstack@neutron-api.service[89942]: WARNING neutron.quota.resource_registry [None req-54ecd702-43d3-4821-b6e2-8120241b80fe None None] security_group_rule is already registered
May 22 12:10:49.943136 np0000001262 devstack@neutron-api.service[89944]: DEBUG neutron_lib.callbacks.manager [None req-4873b6b6-5f7f-45a0-816b-072159f88e21 None None] Subscribe: > process after_init 55550001, True {{(pid=89944) subscribe /opt/stack/data/venv/lib/python3.12/site-packages/neutron_lib/callbacks/manager.py:52}}
May 22 12:10:49.943251 np0000001262 devstack@neutron-api.service[89944]: DEBUG neutron.manager [None req-4873b6b6-5f7f-45a0-816b-072159f88e21 None None] Successfully loaded L3_ROUTER_NAT plugin. Description: L3 Router Service Plugin for basic L3 forwarding using OVN {{(pid=89944) _create_and_add_service_plugin /opt/stack/neutron/neutron/manager.py:239}}
May 22 12:10:49.943390 np0000001262 devstack@neutron-api.service[89944]: INFO neutron.manager [None req-4873b6b6-5f7f-45a0-816b-072159f88e21 None None] Loading Plugin: auto_allocate
May 22 12:10:49.943801 np0000001262 devstack@neutron-api.service[89942]: DEBUG neutron.api.v2.resource_helper [None req-54ecd702-43d3-4821-b6e2-8120241b80fe None None] Service CORE assigned prefix: {{(pid=89942) build_resource_info /opt/stack/neutron/neutron/api/v2/resource_helper.py:77}}
May 22 12:10:49.943986 np0000001262 devstack@neutron-api.service[89942]: INFO neutron.quota.resource_registry [None req-54ecd702-43d3-4821-b6e2-8120241b80fe None None] Creating instance of TrackedResource for resource:subnetpool
May 22 12:10:49.944152 np0000001262 devstack@neutron-api.service[89942]: WARNING neutron.quota.resource_registry [None req-54ecd702-43d3-4821-b6e2-8120241b80fe None None] subnetpool is already registered
May 22 12:10:49.944312 np0000001262 devstack@neutron-api.service[89944]: DEBUG neutron_lib.callbacks.manager [None req-4873b6b6-5f7f-45a0-816b-072159f88e21 None None] Subscribe: network precommit_update 55550000, False {{(pid=89944) subscribe /opt/stack/data/venv/lib/python3.12/site-packages/neutron_lib/callbacks/manager.py:52}}
May 22 12:10:49.944367 np0000001262 devstack@neutron-api.service[89944]: DEBUG neutron_lib.callbacks.manager [None req-4873b6b6-5f7f-45a0-816b-072159f88e21 None None] Subscribe: network precommit_create 55550000, False {{(pid=89944) subscribe /opt/stack/data/venv/lib/python3.12/site-packages/neutron_lib/callbacks/manager.py:52}}
May 22 12:10:49.944584 np0000001262 devstack@neutron-api.service[89944]: DEBUG neutron.manager [None req-4873b6b6-5f7f-45a0-816b-072159f88e21 None None] Successfully loaded auto-allocated-topology plugin. Description: Auto Allocated Topology - aka get me a network. {{(pid=89944) _create_and_add_service_plugin /opt/stack/neutron/neutron/manager.py:239}}
May 22 12:10:49.944725 np0000001262 devstack@neutron-api.service[89944]: INFO neutron.manager [None req-4873b6b6-5f7f-45a0-816b-072159f88e21 None None] Loading Plugin: tag
May 22 12:10:49.944769 np0000001262 devstack@neutron-api.service[89942]: DEBUG neutron.api.extensions [None req-54ecd702-43d3-4821-b6e2-8120241b80fe None None] Extended resource: extensions {{(pid=89942) __init__ /opt/stack/neutron/neutron/api/extensions.py:156}}
May 22 12:10:49.945837 np0000001262 devstack@neutron-api.service[89942]: DEBUG neutron.api.extensions [None req-54ecd702-43d3-4821-b6e2-8120241b80fe None None] Extended resource: address-groups {{(pid=89942) __init__ /opt/stack/neutron/neutron/api/extensions.py:156}}
May 22 12:10:49.946582 np0000001262 devstack@neutron-api.service[89942]: DEBUG neutron.api.extensions [None req-54ecd702-43d3-4821-b6e2-8120241b80fe None None] Extended resource: address-scopes {{(pid=89942) __init__ /opt/stack/neutron/neutron/api/extensions.py:156}}
May 22 12:10:49.947182 np0000001262 devstack@neutron-api.service[89942]: DEBUG neutron.api.extensions [None req-54ecd702-43d3-4821-b6e2-8120241b80fe None None] Extended resource: agents {{(pid=89942) __init__ /opt/stack/neutron/neutron/api/extensions.py:156}}
May 22 12:10:49.947604 np0000001262 devstack@neutron-api.service[89944]: DEBUG neutron.manager [None req-4873b6b6-5f7f-45a0-816b-072159f88e21 None None] Successfully loaded TAG plugin. Description: Tag support {{(pid=89944) _create_and_add_service_plugin /opt/stack/neutron/neutron/manager.py:239}}
May 22 12:10:49.947699 np0000001262 devstack@neutron-api.service[89944]: INFO neutron.manager [None req-4873b6b6-5f7f-45a0-816b-072159f88e21 None None] Loading Plugin: timestamp
May 22 12:10:49.949206 np0000001262 devstack@neutron-api.service[89944]: DEBUG neutron.manager [None req-4873b6b6-5f7f-45a0-816b-072159f88e21 None None] Successfully loaded timestamp plugin. Description: Adds timestamps to Neutron resources with standard attributes {{(pid=89944) _create_and_add_service_plugin /opt/stack/neutron/neutron/manager.py:239}}
May 22 12:10:49.949206 np0000001262 devstack@neutron-api.service[89944]: INFO neutron.manager [None req-4873b6b6-5f7f-45a0-816b-072159f88e21 None None] Loading Plugin: network_ip_availability
May 22 12:10:49.949498 np0000001262 devstack@neutron-api.service[89942]: DEBUG neutron.api.extensions [None req-54ecd702-43d3-4821-b6e2-8120241b80fe None None] Extended resource: auto-allocated-topology {{(pid=89942) __init__ /opt/stack/neutron/neutron/api/extensions.py:156}}
May 22 12:10:49.949916 np0000001262 devstack@neutron-api.service[89942]: DEBUG neutron.api.extensions [None req-54ecd702-43d3-4821-b6e2-8120241b80fe None None] Extended resource: availability_zones {{(pid=89942) __init__ /opt/stack/neutron/neutron/api/extensions.py:156}}
May 22 12:10:49.950462 np0000001262 devstack@neutron-api.service[89942]: DEBUG neutron.api.extensions [None req-54ecd702-43d3-4821-b6e2-8120241b80fe None None] Extended resource: dhcp-networks {{(pid=89942) __init__ /opt/stack/neutron/neutron/api/extensions.py:156}}
May 22 12:10:49.950510 np0000001262 devstack@neutron-api.service[89944]: DEBUG neutron.manager [None req-4873b6b6-5f7f-45a0-816b-072159f88e21 None None] Successfully loaded network-ip-availability plugin. Description: Provides IP availability data for each network and subnet. {{(pid=89944) _create_and_add_service_plugin /opt/stack/neutron/neutron/manager.py:239}}
May 22 12:10:49.950668 np0000001262 devstack@neutron-api.service[89944]: INFO neutron.manager [None req-4873b6b6-5f7f-45a0-816b-072159f88e21 None None] Loading Plugin: flavors
May 22 12:10:49.951200 np0000001262 devstack@neutron-api.service[89942]: DEBUG neutron.api.extensions [None req-54ecd702-43d3-4821-b6e2-8120241b80fe None None] Extended resource: dhcp-agents {{(pid=89942) __init__ /opt/stack/neutron/neutron/api/extensions.py:156}}
May 22 12:10:49.952067 np0000001262 devstack@neutron-api.service[89944]: DEBUG neutron.manager [None req-4873b6b6-5f7f-45a0-816b-072159f88e21 None None] Successfully loaded FLAVORS plugin. Description: Neutron Flavors and Service Profiles manager plugin {{(pid=89944) _create_and_add_service_plugin /opt/stack/neutron/neutron/manager.py:239}}
May 22 12:10:49.952067 np0000001262 devstack@neutron-api.service[89944]: INFO neutron.manager [None req-4873b6b6-5f7f-45a0-816b-072159f88e21 None None] Loading Plugin: revisions
May 22 12:10:49.952716 np0000001262 devstack@neutron-api.service[89942]: DEBUG neutron.api.extensions [None req-54ecd702-43d3-4821-b6e2-8120241b80fe None None] Extended resource: routers {{(pid=89942) __init__ /opt/stack/neutron/neutron/api/extensions.py:156}}
May 22 12:10:49.952873 np0000001262 devstack@neutron-api.service[89944]: DEBUG neutron.manager [None req-4873b6b6-5f7f-45a0-816b-072159f88e21 None None] Successfully loaded revision_plugin plugin. Description: Adds revision numbers to resources. {{(pid=89944) _create_and_add_service_plugin /opt/stack/neutron/neutron/manager.py:239}}
May 22 12:10:49.952873 np0000001262 devstack@neutron-api.service[89944]: DEBUG oslo_concurrency.lockutils [None req-4873b6b6-5f7f-45a0-816b-072159f88e21 None None] Lock "manager" "released" by "neutron.manager.NeutronManager._create_instance" :: held 3.734s {{(pid=89944) inner /opt/stack/data/venv/lib/python3.12/site-packages/oslo_concurrency/lockutils.py:543}}
May 22 12:10:49.953076 np0000001262 devstack@neutron-api.service[89944]: DEBUG neutron.api.extensions [None req-4873b6b6-5f7f-45a0-816b-072159f88e21 None None] get_extension_paths = OrderedDict({'/opt/stack/neutron/neutron/extensions': 1}) {{(pid=89944) get_extensions_path /opt/stack/neutron/neutron/api/extensions.py:640}}
May 22 12:10:49.953138 np0000001262 devstack@neutron-api.service[89944]: INFO neutron.api.extensions [None req-4873b6b6-5f7f-45a0-816b-072159f88e21 None None] Initializing extension manager.
May 22 12:10:49.953230 np0000001262 devstack@neutron-api.service[89942]: DEBUG neutron.api.extensions [None req-54ecd702-43d3-4821-b6e2-8120241b80fe None None] Extended resource: flavors {{(pid=89942) __init__ /opt/stack/neutron/neutron/api/extensions.py:156}}
May 22 12:10:49.953682 np0000001262 devstack@neutron-api.service[89944]: DEBUG neutron.api.extensions [None req-4873b6b6-5f7f-45a0-816b-072159f88e21 None None] Loading extension file: __init__.py {{(pid=89944) _load_all_extensions_from_path /opt/stack/neutron/neutron/api/extensions.py:449}}
May 22 12:10:49.953682 np0000001262 devstack@neutron-api.service[89944]: DEBUG neutron.api.extensions [None req-4873b6b6-5f7f-45a0-816b-072159f88e21 None None] Loading extension file: __pycache__ {{(pid=89944) _load_all_extensions_from_path /opt/stack/neutron/neutron/api/extensions.py:449}}
May 22 12:10:49.953682 np0000001262 devstack@neutron-api.service[89944]: DEBUG neutron.api.extensions [None req-4873b6b6-5f7f-45a0-816b-072159f88e21 None None] Loading extension file: aap_reject_multicast.py {{(pid=89944) _load_all_extensions_from_path /opt/stack/neutron/neutron/api/extensions.py:449}}
May 22 12:10:49.953980 np0000001262 devstack@neutron-api.service[89944]: DEBUG neutron.api.extensions [None req-4873b6b6-5f7f-45a0-816b-072159f88e21 None None] Ext name="Allowed address pairs reject multicast extension" alias="aap-reject-multicast" description="Reject multicast addresses in Allowed Address Pairs" updated="2026-04-01T00:00:00-00:00" {{(pid=89944) _check_extension /opt/stack/neutron/neutron/api/extensions.py:415}}
May 22 12:10:49.954161 np0000001262 devstack@neutron-api.service[89942]: DEBUG neutron.api.extensions [None req-54ecd702-43d3-4821-b6e2-8120241b80fe None None] Extended resource: service_profiles {{(pid=89942) __init__ /opt/stack/neutron/neutron/api/extensions.py:156}}
May 22 12:10:49.954257 np0000001262 devstack@neutron-api.service[89944]: INFO neutron.api.extensions [None req-4873b6b6-5f7f-45a0-816b-072159f88e21 None None] Extension aap-reject-multicast not supported by any of loaded plugins
May 22 12:10:49.954257 np0000001262 devstack@neutron-api.service[89944]: DEBUG neutron.api.extensions [None req-4873b6b6-5f7f-45a0-816b-072159f88e21 None None] Loading extension file: address_group.py {{(pid=89944) _load_all_extensions_from_path /opt/stack/neutron/neutron/api/extensions.py:449}}
May 22 12:10:49.954428 np0000001262 devstack@neutron-api.service[89942]: DEBUG neutron.api.extensions [None req-54ecd702-43d3-4821-b6e2-8120241b80fe None None] Extended resource: next_providers {{(pid=89942) __init__ /opt/stack/neutron/neutron/api/extensions.py:156}}
May 22 12:10:49.954455 np0000001262 devstack@neutron-api.service[89944]: DEBUG neutron.api.extensions [None req-4873b6b6-5f7f-45a0-816b-072159f88e21 None None] Ext name="Address group" alias="address-group" description="Support address group" updated="2020-07-15T10:00:00-00:00" {{(pid=89944) _check_extension /opt/stack/neutron/neutron/api/extensions.py:415}}
May 22 12:10:49.954641 np0000001262 devstack@neutron-api.service[89944]: INFO neutron.api.extensions [None req-4873b6b6-5f7f-45a0-816b-072159f88e21 None None] Loaded extension: address-group
May 22 12:10:49.954688 np0000001262 devstack@neutron-api.service[89944]: DEBUG neutron.api.extensions [None req-4873b6b6-5f7f-45a0-816b-072159f88e21 None None] Loading extension file: address_scope.py {{(pid=89944) _load_all_extensions_from_path /opt/stack/neutron/neutron/api/extensions.py:449}}
May 22 12:10:49.954990 np0000001262 devstack@neutron-api.service[89944]: DEBUG neutron.api.extensions [None req-4873b6b6-5f7f-45a0-816b-072159f88e21 None None] Ext name="Address scope" alias="address-scope" description="Address scopes extension." updated="2015-07-26T10:00:00-00:00" {{(pid=89944) _check_extension /opt/stack/neutron/neutron/api/extensions.py:415}}
May 22 12:10:49.955193 np0000001262 devstack@neutron-api.service[89942]: DEBUG neutron.api.extensions [None req-54ecd702-43d3-4821-b6e2-8120241b80fe None None] Extended resource: service_profiles {{(pid=89942) __init__ /opt/stack/neutron/neutron/api/extensions.py:156}}
May 22 12:10:49.955283 np0000001262 devstack@neutron-api.service[89944]: INFO neutron.api.extensions [None req-4873b6b6-5f7f-45a0-816b-072159f88e21 None None] Loaded extension: address-scope
May 22 12:10:49.955283 np0000001262 devstack@neutron-api.service[89944]: DEBUG neutron.api.extensions [None req-4873b6b6-5f7f-45a0-816b-072159f88e21 None None] Loading extension file: admin_state_down_before_update.py {{(pid=89944) _load_all_extensions_from_path /opt/stack/neutron/neutron/api/extensions.py:449}}
May 22 12:10:49.955455 np0000001262 devstack@neutron-api.service[89944]: DEBUG neutron.api.extensions [None req-4873b6b6-5f7f-45a0-816b-072159f88e21 None None] Ext name="Enforce Router's Admin State Down Before Update Extension" alias="router-admin-state-down-before-update" description="Ensure that the admin state of a router is DOWN (admin_state_up=False) before updating the distributed attribute" updated="2019-07-02T15:56:00" {{(pid=89944) _check_extension /opt/stack/neutron/neutron/api/extensions.py:415}}
May 22 12:10:49.955736 np0000001262 devstack@neutron-api.service[89944]: INFO neutron.api.extensions [None req-4873b6b6-5f7f-45a0-816b-072159f88e21 None None] Extension router-admin-state-down-before-update not supported by any of loaded plugins
May 22 12:10:49.955736 np0000001262 devstack@neutron-api.service[89944]: DEBUG neutron.api.extensions [None req-4873b6b6-5f7f-45a0-816b-072159f88e21 None None] Loading extension file: agent.py {{(pid=89944) _load_all_extensions_from_path /opt/stack/neutron/neutron/api/extensions.py:449}}
May 22 12:10:49.955875 np0000001262 devstack@neutron-api.service[89942]: DEBUG neutron.api.extensions [None req-54ecd702-43d3-4821-b6e2-8120241b80fe None None] Extended resource: floatingip-pools {{(pid=89942) __init__ /opt/stack/neutron/neutron/api/extensions.py:156}}
May 22 12:10:49.955999 np0000001262 devstack@neutron-api.service[89944]: DEBUG neutron.api.extensions [None req-4873b6b6-5f7f-45a0-816b-072159f88e21 None None] Ext name="agent" alias="agent" description="The agent management extension." updated="2013-02-03T10:00:00-00:00" {{(pid=89944) _check_extension /opt/stack/neutron/neutron/api/extensions.py:415}}
May 22 12:10:49.956191 np0000001262 devstack@neutron-api.service[89944]: INFO neutron.api.extensions [None req-4873b6b6-5f7f-45a0-816b-072159f88e21 None None] Loaded extension: agent
May 22 12:10:49.956191 np0000001262 devstack@neutron-api.service[89944]: DEBUG neutron.api.extensions [None req-4873b6b6-5f7f-45a0-816b-072159f88e21 None None] Loading extension file: agent_resources_synced.py {{(pid=89944) _load_all_extensions_from_path /opt/stack/neutron/neutron/api/extensions.py:449}}
May 22 12:10:49.956481 np0000001262 devstack@neutron-api.service[89944]: DEBUG neutron.api.extensions [None req-4873b6b6-5f7f-45a0-816b-072159f88e21 None None] Ext name="Agent's Resource View Synced to Placement" alias="agent-resources-synced" description="Stores success/failure of last sync to Placement" updated="2018-12-19T00:00:00-00:00" {{(pid=89944) _check_extension /opt/stack/neutron/neutron/api/extensions.py:415}}
May 22 12:10:49.956550 np0000001262 devstack@neutron-api.service[89942]: DEBUG neutron.api.extensions [None req-54ecd702-43d3-4821-b6e2-8120241b80fe None None] Extended resource: routers {{(pid=89942) __init__ /opt/stack/neutron/neutron/api/extensions.py:156}}
May 22 12:10:49.956714 np0000001262 devstack@neutron-api.service[89944]: INFO neutron.api.extensions [None req-4873b6b6-5f7f-45a0-816b-072159f88e21 None None] Extension agent-resources-synced not supported by any of loaded plugins
May 22 12:10:49.956714 np0000001262 devstack@neutron-api.service[89944]: DEBUG neutron.api.extensions [None req-4873b6b6-5f7f-45a0-816b-072159f88e21 None None] Loading extension file: agent_sort_key.py {{(pid=89944) _load_all_extensions_from_path /opt/stack/neutron/neutron/api/extensions.py:449}}
May 22 12:10:49.956865 np0000001262 devstack@neutron-api.service[89944]: DEBUG neutron.api.extensions [None req-4873b6b6-5f7f-45a0-816b-072159f88e21 None None] Ext name="Agents Sort Key" alias="agent_sort_key" description="Enabling the keyword sort_key for sorting in agents." updated="2013-02-03T10:00:00-00:00" {{(pid=89944) _check_extension /opt/stack/neutron/neutron/api/extensions.py:415}}
May 22 12:10:49.957005 np0000001262 devstack@neutron-api.service[89944]: INFO neutron.api.extensions [None req-4873b6b6-5f7f-45a0-816b-072159f88e21 None None] Extension agent_sort_key not supported by any of loaded plugins
