Jul 02 23:23:17.734543 np0000004334 nova-conductor[98773]: DEBUG cotyledon.oslo_config_glue [-] profiler.enabled = False {{(pid=98773) log_opt_values /opt/stack/data/venv/lib/python3.12/site-packages/oslo_config/cfg.py:3253}}
Jul 02 23:23:17.734543 np0000004334 nova-conductor[98773]: DEBUG cotyledon.oslo_config_glue [-] profiler.es_doc_type = notification {{(pid=98773) log_opt_values /opt/stack/data/venv/lib/python3.12/site-packages/oslo_config/cfg.py:3253}}
Jul 02 23:23:17.734543 np0000004334 nova-conductor[98773]: DEBUG cotyledon.oslo_config_glue [-] profiler.es_scroll_size = 10000 {{(pid=98773) log_opt_values /opt/stack/data/venv/lib/python3.12/site-packages/oslo_config/cfg.py:3253}}
Jul 02 23:23:17.734543 np0000004334 nova-conductor[98773]: DEBUG cotyledon.oslo_config_glue [-] profiler.es_scroll_time = 2m {{(pid=98773) log_opt_values /opt/stack/data/venv/lib/python3.12/site-packages/oslo_config/cfg.py:3253}}
Jul 02 23:23:17.734543 np0000004334 nova-conductor[98773]: DEBUG cotyledon.oslo_config_glue [-] profiler.filter_error_trace = False {{(pid=98773) log_opt_values /opt/stack/data/venv/lib/python3.12/site-packages/oslo_config/cfg.py:3253}}
Jul 02 23:23:17.734543 np0000004334 nova-conductor[98773]: DEBUG cotyledon.oslo_config_glue [-] profiler.hmac_keys = **** {{(pid=98773) log_opt_values /opt/stack/data/venv/lib/python3.12/site-packages/oslo_config/cfg.py:3253}}
Jul 02 23:23:17.734543 np0000004334 nova-conductor[98773]: DEBUG cotyledon.oslo_config_glue [-] profiler.sentinel_service_name = mymaster {{(pid=98773) log_opt_values /opt/stack/data/venv/lib/python3.12/site-packages/oslo_config/cfg.py:3253}}
Jul 02 23:23:17.734543 np0000004334 nova-conductor[98773]: DEBUG cotyledon.oslo_config_glue [-] profiler.socket_timeout = 0.1 {{(pid=98773) log_opt_values /opt/stack/data/venv/lib/python3.12/site-packages/oslo_config/cfg.py:3253}}
Jul 02 23:23:17.734768 np0000004334 nova-conductor[98773]: DEBUG cotyledon.oslo_config_glue [-] profiler.trace_requests = False {{(pid=98773) log_opt_values /opt/stack/data/venv/lib/python3.12/site-packages/oslo_config/cfg.py:3253}}
Jul 02 23:23:17.734768 np0000004334 nova-conductor[98773]: DEBUG cotyledon.oslo_config_glue [-] profiler.trace_sqlalchemy = False {{(pid=98773) log_opt_values /opt/stack/data/venv/lib/python3.12/site-packages/oslo_config/cfg.py:3253}}
Jul 02 23:23:17.734768 np0000004334 nova-conductor[98773]: DEBUG cotyledon.oslo_config_glue [-] profiler_jaeger.process_tags = {} {{(pid=98773) log_opt_values /opt/stack/data/venv/lib/python3.12/site-packages/oslo_config/cfg.py:3253}}
Jul 02 23:23:17.734768 np0000004334 nova-conductor[98773]: DEBUG cotyledon.oslo_config_glue [-] profiler_jaeger.service_name_prefix = None {{(pid=98773) log_opt_values /opt/stack/data/venv/lib/python3.12/site-packages/oslo_config/cfg.py:3253}}
Jul 02 23:23:17.734768 np0000004334 nova-conductor[98773]: DEBUG cotyledon.oslo_config_glue [-] profiler_otlp.service_name_prefix = None {{(pid=98773) log_opt_values /opt/stack/data/venv/lib/python3.12/site-packages/oslo_config/cfg.py:3253}}
Jul 02 23:23:17.734768 np0000004334 nova-conductor[98773]: DEBUG cotyledon.oslo_config_glue [-] oslo_messaging_rabbit.amqp_auto_delete = False {{(pid=98773) log_opt_values /opt/stack/data/venv/lib/python3.12/site-packages/oslo_config/cfg.py:3253}}
Jul 02 23:23:17.734768 np0000004334 nova-conductor[98773]: DEBUG cotyledon.oslo_config_glue [-] oslo_messaging_rabbit.amqp_durable_queues = False {{(pid=98773) log_opt_values /opt/stack/data/venv/lib/python3.12/site-packages/oslo_config/cfg.py:3253}}
Jul 02 23:23:17.734768 np0000004334 nova-conductor[98773]: DEBUG cotyledon.oslo_config_glue [-] oslo_messaging_rabbit.conn_pool_min_size = 2 {{(pid=98773) log_opt_values /opt/stack/data/venv/lib/python3.12/site-packages/oslo_config/cfg.py:3253}}
Jul 02 23:23:17.734768 np0000004334 nova-conductor[98773]: DEBUG cotyledon.oslo_config_glue [-] oslo_messaging_rabbit.conn_pool_ttl = 1200 {{(pid=98773) log_opt_values /opt/stack/data/venv/lib/python3.12/site-packages/oslo_config/cfg.py:3253}}
Jul 02 23:23:17.734965 np0000004334 nova-conductor[98773]: DEBUG cotyledon.oslo_config_glue [-] oslo_messaging_rabbit.direct_mandatory_flag = True {{(pid=98773) log_opt_values /opt/stack/data/venv/lib/python3.12/site-packages/oslo_config/cfg.py:3253}}
Jul 02 23:23:17.734965 np0000004334 nova-conductor[98773]: DEBUG cotyledon.oslo_config_glue [-] oslo_messaging_rabbit.enable_cancel_on_failover = False {{(pid=98773) log_opt_values /opt/stack/data/venv/lib/python3.12/site-packages/oslo_config/cfg.py:3253}}
Jul 02 23:23:17.734965 np0000004334 nova-conductor[98773]: DEBUG cotyledon.oslo_config_glue [-] oslo_messaging_rabbit.heartbeat_rate = 3 {{(pid=98773) log_opt_values /opt/stack/data/venv/lib/python3.12/site-packages/oslo_config/cfg.py:3253}}
Jul 02 23:23:17.735022 np0000004334 nova-conductor[98751]: DEBUG dbcounter [-] [98751] Writer thread running {{(pid=98751) stat_writer /opt/stack/data/venv/lib/python3.12/site-packages/dbcounter.py:102}}
Jul 02 23:23:17.735054 np0000004334 nova-conductor[98773]: DEBUG cotyledon.oslo_config_glue [-] oslo_messaging_rabbit.heartbeat_timeout_threshold = 60 {{(pid=98773) log_opt_values /opt/stack/data/venv/lib/python3.12/site-packages/oslo_config/cfg.py:3253}}
Jul 02 23:23:17.735054 np0000004334 nova-conductor[98773]: DEBUG cotyledon.oslo_config_glue [-] oslo_messaging_rabbit.hostname = np0000004334 {{(pid=98773) log_opt_values /opt/stack/data/venv/lib/python3.12/site-packages/oslo_config/cfg.py:3253}}
Jul 02 23:23:17.735054 np0000004334 nova-conductor[98773]: DEBUG cotyledon.oslo_config_glue [-] oslo_messaging_rabbit.kombu_compression = None {{(pid=98773) log_opt_values /opt/stack/data/venv/lib/python3.12/site-packages/oslo_config/cfg.py:3253}}
Jul 02 23:23:17.735054 np0000004334 nova-conductor[98773]: DEBUG cotyledon.oslo_config_glue [-] oslo_messaging_rabbit.kombu_failover_strategy = round-robin {{(pid=98773) log_opt_values /opt/stack/data/venv/lib/python3.12/site-packages/oslo_config/cfg.py:3253}}
Jul 02 23:23:17.735054 np0000004334 nova-conductor[98773]: DEBUG cotyledon.oslo_config_glue [-] oslo_messaging_rabbit.kombu_missing_consumer_retry_timeout = 60 {{(pid=98773) log_opt_values /opt/stack/data/venv/lib/python3.12/site-packages/oslo_config/cfg.py:3253}}
Jul 02 23:23:17.735054 np0000004334 nova-conductor[98773]: DEBUG cotyledon.oslo_config_glue [-] oslo_messaging_rabbit.kombu_reconnect_delay = 1.0 {{(pid=98773) log_opt_values /opt/stack/data/venv/lib/python3.12/site-packages/oslo_config/cfg.py:3253}}
Jul 02 23:23:17.735054 np0000004334 nova-conductor[98773]: DEBUG cotyledon.oslo_config_glue [-] oslo_messaging_rabbit.kombu_reconnect_splay = 0.0 {{(pid=98773) log_opt_values /opt/stack/data/venv/lib/python3.12/site-packages/oslo_config/cfg.py:3253}}
Jul 02 23:23:17.735054 np0000004334 nova-conductor[98773]: DEBUG cotyledon.oslo_config_glue [-] oslo_messaging_rabbit.processname = nova-conductor {{(pid=98773) log_opt_values /opt/stack/data/venv/lib/python3.12/site-packages/oslo_config/cfg.py:3253}}
Jul 02 23:23:17.735054 np0000004334 nova-conductor[98773]: DEBUG cotyledon.oslo_config_glue [-] oslo_messaging_rabbit.rabbit_ha_queues = False {{(pid=98773) log_opt_values /opt/stack/data/venv/lib/python3.12/site-packages/oslo_config/cfg.py:3253}}
Jul 02 23:23:17.735356 np0000004334 nova-conductor[98773]: DEBUG cotyledon.oslo_config_glue [-] oslo_messaging_rabbit.rabbit_interval_max = 30 {{(pid=98773) log_opt_values /opt/stack/data/venv/lib/python3.12/site-packages/oslo_config/cfg.py:3253}}
Jul 02 23:23:17.735356 np0000004334 nova-conductor[98773]: DEBUG cotyledon.oslo_config_glue [-] oslo_messaging_rabbit.rabbit_login_method = AMQPLAIN {{(pid=98773) log_opt_values /opt/stack/data/venv/lib/python3.12/site-packages/oslo_config/cfg.py:3253}}
Jul 02 23:23:17.735356 np0000004334 nova-conductor[98773]: DEBUG cotyledon.oslo_config_glue [-] oslo_messaging_rabbit.rabbit_qos_prefetch_count = 0 {{(pid=98773) log_opt_values /opt/stack/data/venv/lib/python3.12/site-packages/oslo_config/cfg.py:3253}}
Jul 02 23:23:17.735356 np0000004334 nova-conductor[98773]: DEBUG cotyledon.oslo_config_glue [-] oslo_messaging_rabbit.rabbit_quorum_delivery_limit = 0 {{(pid=98773) log_opt_values /opt/stack/data/venv/lib/python3.12/site-packages/oslo_config/cfg.py:3253}}
Jul 02 23:23:17.735356 np0000004334 nova-conductor[98773]: DEBUG cotyledon.oslo_config_glue [-] oslo_messaging_rabbit.rabbit_quorum_max_memory_bytes = 0 {{(pid=98773) log_opt_values /opt/stack/data/venv/lib/python3.12/site-packages/oslo_config/cfg.py:3253}}
Jul 02 23:23:17.735356 np0000004334 nova-conductor[98773]: DEBUG cotyledon.oslo_config_glue [-] oslo_messaging_rabbit.rabbit_quorum_max_memory_length = 0 {{(pid=98773) log_opt_values /opt/stack/data/venv/lib/python3.12/site-packages/oslo_config/cfg.py:3253}}
Jul 02 23:23:17.735356 np0000004334 nova-conductor[98773]: DEBUG cotyledon.oslo_config_glue [-] oslo_messaging_rabbit.rabbit_quorum_queue = False {{(pid=98773) log_opt_values /opt/stack/data/venv/lib/python3.12/site-packages/oslo_config/cfg.py:3253}}
Jul 02 23:23:17.735356 np0000004334 nova-conductor[98773]: DEBUG cotyledon.oslo_config_glue [-] oslo_messaging_rabbit.rabbit_retry_backoff = 2 {{(pid=98773) log_opt_values /opt/stack/data/venv/lib/python3.12/site-packages/oslo_config/cfg.py:3253}}
Jul 02 23:23:17.735356 np0000004334 nova-conductor[98773]: DEBUG cotyledon.oslo_config_glue [-] oslo_messaging_rabbit.rabbit_retry_interval = 1 {{(pid=98773) log_opt_values /opt/stack/data/venv/lib/python3.12/site-packages/oslo_config/cfg.py:3253}}
Jul 02 23:23:17.735694 np0000004334 nova-conductor[98773]: DEBUG cotyledon.oslo_config_glue [-] oslo_messaging_rabbit.rabbit_stream_fanout = False {{(pid=98773) log_opt_values /opt/stack/data/venv/lib/python3.12/site-packages/oslo_config/cfg.py:3253}}
Jul 02 23:23:17.735694 np0000004334 nova-conductor[98773]: DEBUG cotyledon.oslo_config_glue [-] oslo_messaging_rabbit.rabbit_transient_queues_ttl = 1800 {{(pid=98773) log_opt_values /opt/stack/data/venv/lib/python3.12/site-packages/oslo_config/cfg.py:3253}}
Jul 02 23:23:17.735694 np0000004334 nova-conductor[98773]: DEBUG cotyledon.oslo_config_glue [-] oslo_messaging_rabbit.rabbit_transient_quorum_queue = False {{(pid=98773) log_opt_values /opt/stack/data/venv/lib/python3.12/site-packages/oslo_config/cfg.py:3253}}
Jul 02 23:23:17.735694 np0000004334 nova-conductor[98773]: DEBUG cotyledon.oslo_config_glue [-] oslo_messaging_rabbit.rpc_conn_pool_size = 30 {{(pid=98773) log_opt_values /opt/stack/data/venv/lib/python3.12/site-packages/oslo_config/cfg.py:3253}}
Jul 02 23:23:17.735694 np0000004334 nova-conductor[98773]: DEBUG cotyledon.oslo_config_glue [-] oslo_messaging_rabbit.ssl = False {{(pid=98773) log_opt_values /opt/stack/data/venv/lib/python3.12/site-packages/oslo_config/cfg.py:3253}}
Jul 02 23:23:17.735694 np0000004334 nova-conductor[98773]: DEBUG cotyledon.oslo_config_glue [-] oslo_messaging_rabbit.ssl_ca_file = {{(pid=98773) log_opt_values /opt/stack/data/venv/lib/python3.12/site-packages/oslo_config/cfg.py:3253}}
Jul 02 23:23:17.735694 np0000004334 nova-conductor[98773]: DEBUG cotyledon.oslo_config_glue [-] oslo_messaging_rabbit.ssl_cert_file = {{(pid=98773) log_opt_values /opt/stack/data/venv/lib/python3.12/site-packages/oslo_config/cfg.py:3253}}
Jul 02 23:23:17.735694 np0000004334 nova-conductor[98773]: DEBUG cotyledon.oslo_config_glue [-] oslo_messaging_rabbit.ssl_enforce_fips_mode = False {{(pid=98773) log_opt_values /opt/stack/data/venv/lib/python3.12/site-packages/oslo_config/cfg.py:3253}}
Jul 02 23:23:17.735694 np0000004334 nova-conductor[98773]: DEBUG cotyledon.oslo_config_glue [-] oslo_messaging_rabbit.ssl_enforce_hostname_verification = True {{(pid=98773) log_opt_values /opt/stack/data/venv/lib/python3.12/site-packages/oslo_config/cfg.py:3253}}
Jul 02 23:23:17.736019 np0000004334 nova-conductor[98773]: DEBUG cotyledon.oslo_config_glue [-] oslo_messaging_rabbit.ssl_key_file = {{(pid=98773) log_opt_values /opt/stack/data/venv/lib/python3.12/site-packages/oslo_config/cfg.py:3253}}
Jul 02 23:23:17.736019 np0000004334 nova-conductor[98773]: DEBUG cotyledon.oslo_config_glue [-] oslo_messaging_rabbit.ssl_version = {{(pid=98773) log_opt_values /opt/stack/data/venv/lib/python3.12/site-packages/oslo_config/cfg.py:3253}}
Jul 02 23:23:17.736019 np0000004334 nova-conductor[98773]: DEBUG cotyledon.oslo_config_glue [-] oslo_messaging_rabbit.use_queue_manager = False {{(pid=98773) log_opt_values /opt/stack/data/venv/lib/python3.12/site-packages/oslo_config/cfg.py:3253}}
Jul 02 23:23:17.736019 np0000004334 nova-conductor[98773]: DEBUG cotyledon.oslo_config_glue [-] oslo_messaging_notifications.driver = ['messagingv2'] {{(pid=98773) log_opt_values /opt/stack/data/venv/lib/python3.12/site-packages/oslo_config/cfg.py:3253}}
Jul 02 23:23:17.736019 np0000004334 nova-conductor[98773]: DEBUG cotyledon.oslo_config_glue [-] oslo_messaging_notifications.retry = -1 {{(pid=98773) log_opt_values /opt/stack/data/venv/lib/python3.12/site-packages/oslo_config/cfg.py:3253}}
Jul 02 23:23:17.736019 np0000004334 nova-conductor[98773]: DEBUG cotyledon.oslo_config_glue [-] oslo_messaging_notifications.topics = ['notifications'] {{(pid=98773) log_opt_values /opt/stack/data/venv/lib/python3.12/site-packages/oslo_config/cfg.py:3253}}
Jul 02 23:23:17.736019 np0000004334 nova-conductor[98773]: DEBUG cotyledon.oslo_config_glue [-] oslo_messaging_notifications.transport_url = **** {{(pid=98773) log_opt_values /opt/stack/data/venv/lib/python3.12/site-packages/oslo_config/cfg.py:3253}}
Jul 02 23:23:17.736019 np0000004334 nova-conductor[98773]: DEBUG cotyledon.oslo_config_glue [-] oslo_limit.auth_section = None {{(pid=98773) log_opt_values /opt/stack/data/venv/lib/python3.12/site-packages/oslo_config/cfg.py:3253}}
Jul 02 23:23:17.736019 np0000004334 nova-conductor[98773]: DEBUG cotyledon.oslo_config_glue [-] oslo_limit.auth_type = None {{(pid=98773) log_opt_values /opt/stack/data/venv/lib/python3.12/site-packages/oslo_config/cfg.py:3253}}
Jul 02 23:23:17.736264 np0000004334 nova-conductor[98773]: DEBUG cotyledon.oslo_config_glue [-] oslo_limit.cafile = None {{(pid=98773) log_opt_values /opt/stack/data/venv/lib/python3.12/site-packages/oslo_config/cfg.py:3253}}
Jul 02 23:23:17.736264 np0000004334 nova-conductor[98773]: DEBUG cotyledon.oslo_config_glue [-] oslo_limit.certfile = None {{(pid=98773) log_opt_values /opt/stack/data/venv/lib/python3.12/site-packages/oslo_config/cfg.py:3253}}
Jul 02 23:23:17.736264 np0000004334 nova-conductor[98773]: DEBUG cotyledon.oslo_config_glue [-] oslo_limit.collect_timing = False {{(pid=98773) log_opt_values /opt/stack/data/venv/lib/python3.12/site-packages/oslo_config/cfg.py:3253}}
Jul 02 23:23:17.736264 np0000004334 nova-conductor[98773]: DEBUG cotyledon.oslo_config_glue [-] oslo_limit.connect_retries = None {{(pid=98773) log_opt_values /opt/stack/data/venv/lib/python3.12/site-packages/oslo_config/cfg.py:3253}}
Jul 02 23:23:17.736264 np0000004334 nova-conductor[98773]: DEBUG cotyledon.oslo_config_glue [-] oslo_limit.connect_retry_delay = None {{(pid=98773) log_opt_values /opt/stack/data/venv/lib/python3.12/site-packages/oslo_config/cfg.py:3253}}
Jul 02 23:23:17.736264 np0000004334 nova-conductor[98773]: DEBUG cotyledon.oslo_config_glue [-] oslo_limit.endpoint_id = None {{(pid=98773) log_opt_values /opt/stack/data/venv/lib/python3.12/site-packages/oslo_config/cfg.py:3253}}
Jul 02 23:23:17.736264 np0000004334 nova-conductor[98773]: DEBUG cotyledon.oslo_config_glue [-] oslo_limit.endpoint_interface = public {{(pid=98773) log_opt_values /opt/stack/data/venv/lib/python3.12/site-packages/oslo_config/cfg.py:3253}}
Jul 02 23:23:17.736264 np0000004334 nova-conductor[98773]: DEBUG cotyledon.oslo_config_glue [-] oslo_limit.endpoint_override = None {{(pid=98773) log_opt_values /opt/stack/data/venv/lib/python3.12/site-packages/oslo_config/cfg.py:3253}}
Jul 02 23:23:17.736264 np0000004334 nova-conductor[98773]: DEBUG cotyledon.oslo_config_glue [-] oslo_limit.endpoint_region_name = None {{(pid=98773) log_opt_values /opt/stack/data/venv/lib/python3.12/site-packages/oslo_config/cfg.py:3253}}
Jul 02 23:23:17.736449 np0000004334 nova-conductor[98773]: DEBUG cotyledon.oslo_config_glue [-] oslo_limit.endpoint_service_name = None {{(pid=98773) log_opt_values /opt/stack/data/venv/lib/python3.12/site-packages/oslo_config/cfg.py:3253}}
Jul 02 23:23:17.736449 np0000004334 nova-conductor[98773]: DEBUG cotyledon.oslo_config_glue [-] oslo_limit.endpoint_service_type = None {{(pid=98773) log_opt_values /opt/stack/data/venv/lib/python3.12/site-packages/oslo_config/cfg.py:3253}}
Jul 02 23:23:17.736449 np0000004334 nova-conductor[98773]: DEBUG cotyledon.oslo_config_glue [-] oslo_limit.insecure = False {{(pid=98773) log_opt_values /opt/stack/data/venv/lib/python3.12/site-packages/oslo_config/cfg.py:3253}}
Jul 02 23:23:17.736449 np0000004334 nova-conductor[98773]: DEBUG cotyledon.oslo_config_glue [-] oslo_limit.keyfile = None {{(pid=98773) log_opt_values /opt/stack/data/venv/lib/python3.12/site-packages/oslo_config/cfg.py:3253}}
Jul 02 23:23:17.736449 np0000004334 nova-conductor[98773]: DEBUG cotyledon.oslo_config_glue [-] oslo_limit.max_version = None {{(pid=98773) log_opt_values /opt/stack/data/venv/lib/python3.12/site-packages/oslo_config/cfg.py:3253}}
Jul 02 23:23:17.736449 np0000004334 nova-conductor[98773]: DEBUG cotyledon.oslo_config_glue [-] oslo_limit.min_version = None {{(pid=98773) log_opt_values /opt/stack/data/venv/lib/python3.12/site-packages/oslo_config/cfg.py:3253}}
Jul 02 23:23:17.736449 np0000004334 nova-conductor[98773]: DEBUG cotyledon.oslo_config_glue [-] oslo_limit.region_name = None {{(pid=98773) log_opt_values /opt/stack/data/venv/lib/python3.12/site-packages/oslo_config/cfg.py:3253}}
Jul 02 23:23:17.736449 np0000004334 nova-conductor[98773]: DEBUG cotyledon.oslo_config_glue [-] oslo_limit.retriable_status_codes = None {{(pid=98773) log_opt_values /opt/stack/data/venv/lib/python3.12/site-packages/oslo_config/cfg.py:3253}}
Jul 02 23:23:17.736449 np0000004334 nova-conductor[98773]: DEBUG cotyledon.oslo_config_glue [-] oslo_limit.service_name = None {{(pid=98773) log_opt_values /opt/stack/data/venv/lib/python3.12/site-packages/oslo_config/cfg.py:3253}}
Jul 02 23:23:17.736689 np0000004334 nova-conductor[98773]: DEBUG cotyledon.oslo_config_glue [-] oslo_limit.service_type = None {{(pid=98773) log_opt_values /opt/stack/data/venv/lib/python3.12/site-packages/oslo_config/cfg.py:3253}}
Jul 02 23:23:17.736716 np0000004334 nova-conductor[98802]: INFO dbcounter [None req-c6cf2c81-2c48-4d47-a0bb-7f7afb735beb None None] Registered counter for database nova_cell0
Jul 02 23:23:17.736751 np0000004334 nova-conductor[98773]: DEBUG cotyledon.oslo_config_glue [-] oslo_limit.split_loggers = False {{(pid=98773) log_opt_values /opt/stack/data/venv/lib/python3.12/site-packages/oslo_config/cfg.py:3253}}
Jul 02 23:23:17.736751 np0000004334 nova-conductor[98773]: DEBUG cotyledon.oslo_config_glue [-] oslo_limit.status_code_retries = None {{(pid=98773) log_opt_values /opt/stack/data/venv/lib/python3.12/site-packages/oslo_config/cfg.py:3253}}
Jul 02 23:23:17.736751 np0000004334 nova-conductor[98773]: DEBUG cotyledon.oslo_config_glue [-] oslo_limit.status_code_retry_delay = None {{(pid=98773) log_opt_values /opt/stack/data/venv/lib/python3.12/site-packages/oslo_config/cfg.py:3253}}
Jul 02 23:23:17.736751 np0000004334 nova-conductor[98773]: DEBUG cotyledon.oslo_config_glue [-] oslo_limit.timeout = None {{(pid=98773) log_opt_values /opt/stack/data/venv/lib/python3.12/site-packages/oslo_config/cfg.py:3253}}
Jul 02 23:23:17.736751 np0000004334 nova-conductor[98773]: DEBUG cotyledon.oslo_config_glue [-] oslo_limit.valid_interfaces = None {{(pid=98773) log_opt_values /opt/stack/data/venv/lib/python3.12/site-packages/oslo_config/cfg.py:3253}}
Jul 02 23:23:17.736751 np0000004334 nova-conductor[98773]: DEBUG cotyledon.oslo_config_glue [-] oslo_limit.version = None {{(pid=98773) log_opt_values /opt/stack/data/venv/lib/python3.12/site-packages/oslo_config/cfg.py:3253}}
Jul 02 23:23:17.736751 np0000004334 nova-conductor[98773]: DEBUG cotyledon.oslo_config_glue [-] oslo_reports.file_event_handler = None {{(pid=98773) log_opt_values /opt/stack/data/venv/lib/python3.12/site-packages/oslo_config/cfg.py:3253}}
Jul 02 23:23:17.736751 np0000004334 nova-conductor[98773]: DEBUG cotyledon.oslo_config_glue [-] oslo_reports.file_event_handler_interval = 1 {{(pid=98773) log_opt_values /opt/stack/data/venv/lib/python3.12/site-packages/oslo_config/cfg.py:3253}}
Jul 02 23:23:17.736751 np0000004334 nova-conductor[98773]: DEBUG cotyledon.oslo_config_glue [-] oslo_reports.log_dir = None {{(pid=98773) log_opt_values /opt/stack/data/venv/lib/python3.12/site-packages/oslo_config/cfg.py:3253}}
Jul 02 23:23:17.736951 np0000004334 nova-conductor[98773]: DEBUG cotyledon.oslo_config_glue [-] ******************************************************************************** {{(pid=98773) log_opt_values /opt/stack/data/venv/lib/python3.12/site-packages/oslo_config/cfg.py:3260}}
Jul 02 23:23:17.736951 np0000004334 nova-conductor[98773]: DEBUG cotyledon._service_worker [-] Run service ServiceWrapper(2) [98773] {{(pid=98773) wait_forever /opt/stack/data/venv/lib/python3.12/site-packages/cotyledon/_service_worker.py:218}}
Jul 02 23:23:17.736951 np0000004334 nova-conductor[98773]: INFO nova.service [-] Starting conductor node (version 33.1.0)
Jul 02 23:23:17.736951 np0000004334 nova-conductor[98773]: INFO dbcounter [None req-82034101-f47a-46c9-8395-cde0873ccec8 None None] Registered counter for database nova_cell0
Jul 02 23:23:17.737066 np0000004334 nova-conductor[98751]: DEBUG nova.service [None req-f73b7f3a-ede5-4a7d-985a-ed1c3ab435b7 None None] Creating RPC server for service: nova-conductor on topic: conductor {{(pid=98751) start /opt/stack/nova/nova/service.py:196}}
Jul 02 23:23:17.737101 np0000004334 nova-conductor[98753]: DEBUG oslo_db.sqlalchemy.engines [None req-097663f9-5682-4e18-ab4c-ea736433fd73 None None] MySQL server mode set to STRICT_TRANS_TABLES,STRICT_ALL_TABLES,NO_ZERO_IN_DATE,NO_ZERO_DATE,ERROR_FOR_DIVISION_BY_ZERO,TRADITIONAL,NO_ENGINE_SUBSTITUTION {{(pid=98753) _check_effective_sql_mode /opt/stack/data/venv/lib/python3.12/site-packages/oslo_db/sqlalchemy/engines.py:325}}
Jul 02 23:23:17.737101 np0000004334 nova-conductor[98753]: DEBUG dbcounter [-] [98753] Writer thread running {{(pid=98753) stat_writer /opt/stack/data/venv/lib/python3.12/site-packages/dbcounter.py:102}}
Jul 02 23:23:17.737101 np0000004334 nova-conductor[98753]: DEBUG nova.service [None req-097663f9-5682-4e18-ab4c-ea736433fd73 None None] Creating RPC server for service: nova-conductor on topic: conductor {{(pid=98753) start /opt/stack/nova/nova/service.py:196}}
Jul 02 23:23:17.739779 np0000004334 nova-conductor[98802]: DEBUG oslo_db.sqlalchemy.engines [None req-c6cf2c81-2c48-4d47-a0bb-7f7afb735beb None None] MySQL server mode set to STRICT_TRANS_TABLES,STRICT_ALL_TABLES,NO_ZERO_IN_DATE,NO_ZERO_DATE,ERROR_FOR_DIVISION_BY_ZERO,TRADITIONAL,NO_ENGINE_SUBSTITUTION {{(pid=98802) _check_effective_sql_mode /opt/stack/data/venv/lib/python3.12/site-packages/oslo_db/sqlalchemy/engines.py:325}}
Jul 02 23:23:17.742209 np0000004334 nova-conductor[98751]: DEBUG nova.service [None req-f73b7f3a-ede5-4a7d-985a-ed1c3ab435b7 None None] Join ServiceGroup membership for this service conductor {{(pid=98751) start /opt/stack/nova/nova/service.py:222}}
Jul 02 23:23:17.742714 np0000004334 nova-conductor[98751]: DEBUG nova.servicegroup.drivers.db [None req-f73b7f3a-ede5-4a7d-985a-ed1c3ab435b7 None None] DB_Driver: join new ServiceGroup member np0000004334 to the conductor group, service = {{(pid=98751) join /opt/stack/nova/nova/servicegroup/drivers/db.py:44}}
Jul 02 23:23:17.749785 np0000004334 nova-conductor[98773]: DEBUG oslo_db.sqlalchemy.engines [None req-82034101-f47a-46c9-8395-cde0873ccec8 None None] MySQL server mode set to STRICT_TRANS_TABLES,STRICT_ALL_TABLES,NO_ZERO_IN_DATE,NO_ZERO_DATE,ERROR_FOR_DIVISION_BY_ZERO,TRADITIONAL,NO_ENGINE_SUBSTITUTION {{(pid=98773) _check_effective_sql_mode /opt/stack/data/venv/lib/python3.12/site-packages/oslo_db/sqlalchemy/engines.py:325}}
Jul 02 23:23:17.750866 np0000004334 nova-conductor[98802]: DEBUG dbcounter [-] [98802] Writer thread running {{(pid=98802) stat_writer /opt/stack/data/venv/lib/python3.12/site-packages/dbcounter.py:102}}
Jul 02 23:23:17.754330 np0000004334 nova-conductor[98802]: DEBUG nova.service [None req-c6cf2c81-2c48-4d47-a0bb-7f7afb735beb None None] Creating RPC server for service: nova-conductor on topic: conductor {{(pid=98802) start /opt/stack/nova/nova/service.py:196}}
Jul 02 23:23:17.758747 np0000004334 nova-conductor[98773]: DEBUG dbcounter [-] [98773] Writer thread running {{(pid=98773) stat_writer /opt/stack/data/venv/lib/python3.12/site-packages/dbcounter.py:102}}
Jul 02 23:23:17.762450 np0000004334 nova-conductor[98753]: DEBUG nova.service [None req-097663f9-5682-4e18-ab4c-ea736433fd73 None None] Join ServiceGroup membership for this service conductor {{(pid=98753) start /opt/stack/nova/nova/service.py:222}}
Jul 02 23:23:17.762560 np0000004334 nova-conductor[98773]: DEBUG nova.service [None req-82034101-f47a-46c9-8395-cde0873ccec8 None None] Creating RPC server for service: nova-conductor on topic: conductor {{(pid=98773) start /opt/stack/nova/nova/service.py:196}}
Jul 02 23:23:17.762707 np0000004334 nova-conductor[98753]: DEBUG nova.servicegroup.drivers.db [None req-097663f9-5682-4e18-ab4c-ea736433fd73 None None] DB_Driver: join new ServiceGroup member np0000004334 to the conductor group, service = {{(pid=98753) join /opt/stack/nova/nova/servicegroup/drivers/db.py:44}}
Jul 02 23:23:17.774935 np0000004334 nova-conductor[98802]: DEBUG nova.service [None req-c6cf2c81-2c48-4d47-a0bb-7f7afb735beb None None] Join ServiceGroup membership for this service conductor {{(pid=98802) start /opt/stack/nova/nova/service.py:222}}
Jul 02 23:23:17.775087 np0000004334 nova-conductor[98802]: DEBUG nova.servicegroup.drivers.db [None req-c6cf2c81-2c48-4d47-a0bb-7f7afb735beb None None] DB_Driver: join new ServiceGroup member np0000004334 to the conductor group, service = {{(pid=98802) join /opt/stack/nova/nova/servicegroup/drivers/db.py:44}}
Jul 02 23:23:17.783492 np0000004334 nova-conductor[98773]: DEBUG nova.service [None req-82034101-f47a-46c9-8395-cde0873ccec8 None None] Join ServiceGroup membership for this service conductor {{(pid=98773) start /opt/stack/nova/nova/service.py:222}}
Jul 02 23:23:17.783686 np0000004334 nova-conductor[98773]: DEBUG nova.servicegroup.drivers.db [None req-82034101-f47a-46c9-8395-cde0873ccec8 None None] DB_Driver: join new ServiceGroup member np0000004334 to the conductor group, service = {{(pid=98773) join /opt/stack/nova/nova/servicegroup/drivers/db.py:44}}
Jul 02 23:23:22.757198 np0000004334 nova-conductor[98751]: DEBUG oslo.service.backend._threading.loopingcall [-] Fixed interval looping call 'nova.servicegroup.drivers.db.DbDriver._report_state' sleeping for 119.99 seconds {{(pid=98751) _run_loop /opt/stack/data/venv/lib/python3.12/site-packages/oslo_service/backend/_threading/loopingcall.py:125}}
Jul 02 23:23:22.786090 np0000004334 nova-conductor[98753]: DEBUG oslo.service.backend._threading.loopingcall [-] Fixed interval looping call 'nova.servicegroup.drivers.db.DbDriver._report_state' sleeping for 119.98 seconds {{(pid=98753) _run_loop /opt/stack/data/venv/lib/python3.12/site-packages/oslo_service/backend/_threading/loopingcall.py:125}}
Jul 02 23:23:22.787571 np0000004334 nova-conductor[98802]: DEBUG oslo.service.backend._threading.loopingcall [-] Fixed interval looping call 'nova.servicegroup.drivers.db.DbDriver._report_state' sleeping for 119.99 seconds {{(pid=98802) _run_loop /opt/stack/data/venv/lib/python3.12/site-packages/oslo_service/backend/_threading/loopingcall.py:125}}
Jul 02 23:23:22.797010 np0000004334 nova-conductor[98773]: DEBUG oslo.service.backend._threading.loopingcall [-] Fixed interval looping call 'nova.servicegroup.drivers.db.DbDriver._report_state' sleeping for 119.99 seconds {{(pid=98773) _run_loop /opt/stack/data/venv/lib/python3.12/site-packages/oslo_service/backend/_threading/loopingcall.py:125}}
Jul 02 23:23:24.745084 np0000004334 nova-conductor[98751]: DEBUG oslo.service.backend._threading.loopingcall [None req-7dc7c9db-3660-4150-921a-abe01229c3d7 None None] Dynamic interval looping call 'nova.service.Service.periodic_tasks' sleeping for 60.00 seconds {{(pid=98751) _run_loop /opt/stack/data/venv/lib/python3.12/site-packages/oslo_service/backend/_threading/loopingcall.py:125}}
Jul 02 23:23:26.298266 np0000004334 nova-conductor[97242]: DEBUG dbcounter [-] [97242] Writing DB stats nova_api:SELECT=1 {{(pid=97242) stat_writer /opt/stack/data/venv/lib/python3.12/site-packages/dbcounter.py:115}}
Jul 02 23:23:26.423082 np0000004334 nova-conductor[97242]: DEBUG dbcounter [-] [97242] Writing DB stats nova_cell0:SELECT=1 {{(pid=97242) stat_writer /opt/stack/data/venv/lib/python3.12/site-packages/dbcounter.py:115}}
Jul 02 23:23:26.433225 np0000004334 nova-conductor[97242]: DEBUG dbcounter [-] [97242] Writing DB stats nova_cell1:SELECT=1 {{(pid=97242) stat_writer /opt/stack/data/venv/lib/python3.12/site-packages/dbcounter.py:115}}
Jul 02 23:23:32.752656 np0000004334 nova-conductor[98751]: DEBUG dbcounter [-] [98751] Writing DB stats nova_cell0:SELECT=4,nova_cell0:INSERT=1,nova_cell0:UPDATE=1 {{(pid=98751) stat_writer /opt/stack/data/venv/lib/python3.12/site-packages/dbcounter.py:115}}
Jul 02 23:23:32.779750 np0000004334 nova-conductor[98753]: DEBUG dbcounter [-] [98753] Writing DB stats nova_cell0:SELECT=3 {{(pid=98753) stat_writer /opt/stack/data/venv/lib/python3.12/site-packages/dbcounter.py:115}}
Jul 02 23:23:32.783796 np0000004334 nova-conductor[98802]: DEBUG dbcounter [-] [98802] Writing DB stats nova_cell0:SELECT=3 {{(pid=98802) stat_writer /opt/stack/data/venv/lib/python3.12/site-packages/dbcounter.py:115}}
Jul 02 23:23:32.794491 np0000004334 nova-conductor[98773]: DEBUG dbcounter [-] [98773] Writing DB stats nova_cell0:SELECT=3 {{(pid=98773) stat_writer /opt/stack/data/venv/lib/python3.12/site-packages/dbcounter.py:115}}
Jul 02 23:23:43.764865 np0000004334 nova-conductor[98753]: DEBUG oslo.service.backend._threading.loopingcall [None req-152d5c07-7b75-4a68-acf5-f8d0244e9d89 None None] Dynamic interval looping call 'nova.service.Service.periodic_tasks' sleeping for 60.00 seconds {{(pid=98753) _run_loop /opt/stack/data/venv/lib/python3.12/site-packages/oslo_service/backend/_threading/loopingcall.py:125}}
Jul 02 23:23:50.785614 np0000004334 nova-conductor[98773]: DEBUG oslo.service.backend._threading.loopingcall [None req-ab038083-7e23-424b-82e5-53e8a9861863 None None] Dynamic interval looping call 'nova.service.Service.periodic_tasks' sleeping for 60.00 seconds {{(pid=98773) _run_loop /opt/stack/data/venv/lib/python3.12/site-packages/oslo_service/backend/_threading/loopingcall.py:125}}
Jul 02 23:24:13.776736 np0000004334 nova-conductor[98802]: DEBUG oslo.service.backend._threading.loopingcall [None req-180d8edf-77cc-485d-8399-584b3a256b30 None None] Dynamic interval looping call 'nova.service.Service.periodic_tasks' sleeping for 60.00 seconds {{(pid=98802) _run_loop /opt/stack/data/venv/lib/python3.12/site-packages/oslo_service/backend/_threading/loopingcall.py:125}}
Jul 02 23:24:24.745629 np0000004334 nova-conductor[98751]: DEBUG oslo.service.backend._threading.loopingcall [None req-7dc7c9db-3660-4150-921a-abe01229c3d7 None None] Dynamic interval looping call 'nova.service.Service.periodic_tasks' sleeping for 60.00 seconds {{(pid=98751) _run_loop /opt/stack/data/venv/lib/python3.12/site-packages/oslo_service/backend/_threading/loopingcall.py:125}}
Jul 02 23:24:43.765377 np0000004334 nova-conductor[98753]: DEBUG oslo.service.backend._threading.loopingcall [None req-152d5c07-7b75-4a68-acf5-f8d0244e9d89 None None] Dynamic interval looping call 'nova.service.Service.periodic_tasks' sleeping for 60.00 seconds {{(pid=98753) _run_loop /opt/stack/data/venv/lib/python3.12/site-packages/oslo_service/backend/_threading/loopingcall.py:125}}
Jul 02 23:24:50.786153 np0000004334 nova-conductor[98773]: DEBUG oslo.service.backend._threading.loopingcall [None req-ab038083-7e23-424b-82e5-53e8a9861863 None None] Dynamic interval looping call 'nova.service.Service.periodic_tasks' sleeping for 60.00 seconds {{(pid=98773) _run_loop /opt/stack/data/venv/lib/python3.12/site-packages/oslo_service/backend/_threading/loopingcall.py:125}}
Jul 02 23:25:13.777263 np0000004334 nova-conductor[98802]: DEBUG oslo.service.backend._threading.loopingcall [None req-180d8edf-77cc-485d-8399-584b3a256b30 None None] Dynamic interval looping call 'nova.service.Service.periodic_tasks' sleeping for 60.00 seconds {{(pid=98802) _run_loop /opt/stack/data/venv/lib/python3.12/site-packages/oslo_service/backend/_threading/loopingcall.py:125}}
Jul 02 23:25:22.760650 np0000004334 nova-conductor[98751]: DEBUG oslo.service.backend._threading.loopingcall [-] Fixed interval looping call 'nova.servicegroup.drivers.db.DbDriver._report_state' sleeping for 119.99 seconds {{(pid=98751) _run_loop /opt/stack/data/venv/lib/python3.12/site-packages/oslo_service/backend/_threading/loopingcall.py:125}}
Jul 02 23:25:22.769684 np0000004334 nova-conductor[98753]: DEBUG oslo.service.backend._threading.loopingcall [-] Fixed interval looping call 'nova.servicegroup.drivers.db.DbDriver._report_state' sleeping for 120.00 seconds {{(pid=98753) _run_loop /opt/stack/data/venv/lib/python3.12/site-packages/oslo_service/backend/_threading/loopingcall.py:125}}
Jul 02 23:25:22.781906 np0000004334 nova-conductor[98802]: DEBUG oslo.service.backend._threading.loopingcall [-] Fixed interval looping call 'nova.servicegroup.drivers.db.DbDriver._report_state' sleeping for 120.00 seconds {{(pid=98802) _run_loop /opt/stack/data/venv/lib/python3.12/site-packages/oslo_service/backend/_threading/loopingcall.py:125}}
Jul 02 23:25:22.791885 np0000004334 nova-conductor[98773]: DEBUG oslo.service.backend._threading.loopingcall [-] Fixed interval looping call 'nova.servicegroup.drivers.db.DbDriver._report_state' sleeping for 120.00 seconds {{(pid=98773) _run_loop /opt/stack/data/venv/lib/python3.12/site-packages/oslo_service/backend/_threading/loopingcall.py:125}}
Jul 02 23:25:24.746181 np0000004334 nova-conductor[98751]: DEBUG oslo.service.backend._threading.loopingcall [None req-7dc7c9db-3660-4150-921a-abe01229c3d7 None None] Dynamic interval looping call 'nova.service.Service.periodic_tasks' sleeping for 60.00 seconds {{(pid=98751) _run_loop /opt/stack/data/venv/lib/python3.12/site-packages/oslo_service/backend/_threading/loopingcall.py:125}}
Jul 02 23:25:32.751145 np0000004334 nova-conductor[98751]: DEBUG dbcounter [-] [98751] Writing DB stats nova_cell0:SELECT=1,nova_cell0:UPDATE=1 {{(pid=98751) stat_writer /opt/stack/data/venv/lib/python3.12/site-packages/dbcounter.py:115}}
Jul 02 23:25:32.769347 np0000004334 nova-conductor[98753]: DEBUG dbcounter [-] [98753] Writing DB stats nova_cell0:SELECT=1 {{(pid=98753) stat_writer /opt/stack/data/venv/lib/python3.12/site-packages/dbcounter.py:115}}
Jul 02 23:25:32.779977 np0000004334 nova-conductor[98802]: DEBUG dbcounter [-] [98802] Writing DB stats nova_cell0:SELECT=1 {{(pid=98802) stat_writer /opt/stack/data/venv/lib/python3.12/site-packages/dbcounter.py:115}}
Jul 02 23:25:32.790181 np0000004334 nova-conductor[98773]: DEBUG dbcounter [-] [98773] Writing DB stats nova_cell0:SELECT=1 {{(pid=98773) stat_writer /opt/stack/data/venv/lib/python3.12/site-packages/dbcounter.py:115}}
Jul 02 23:25:39.415819 np0000004334 nova-conductor[98751]: DEBUG oslo_db.sqlalchemy.engines [None req-e61e48eb-274e-4ac8-86d6-b3db492c36ca tempest-ServerActionsTestOtherA-1516407164 tempest-ServerActionsTestOtherA-1516407164-project-member] Parent process 97242 forked (98751) with an open database connection, which is being discarded and recreated. {{(pid=98751) checkout /opt/stack/data/venv/lib/python3.12/site-packages/oslo_db/sqlalchemy/engines.py:402}}
Jul 02 23:25:39.470226 np0000004334 nova-conductor[98751]: DEBUG dbcounter [-] [98751] Writer thread running {{(pid=98751) stat_writer /opt/stack/data/venv/lib/python3.12/site-packages/dbcounter.py:102}}
Jul 02 23:25:40.999488 np0000004334 nova-conductor[98751]: DEBUG nova.conductor.manager [None req-e61e48eb-274e-4ac8-86d6-b3db492c36ca tempest-ServerActionsTestOtherA-1516407164 tempest-ServerActionsTestOtherA-1516407164-project-member] Took 1.53 seconds to select destinations for 1 instance(s). {{(pid=98751) _schedule_instances /opt/stack/nova/nova/conductor/manager.py:968}}
Jul 02 23:25:41.032240 np0000004334 nova-conductor[98751]: DEBUG oslo_concurrency.lockutils [None req-e61e48eb-274e-4ac8-86d6-b3db492c36ca tempest-ServerActionsTestOtherA-1516407164 tempest-ServerActionsTestOtherA-1516407164-project-member] Acquiring lock "f630c320-4d15-4f9f-94a8-c6a324c1f4f8" by "nova.context.set_target_cell..get_or_set_cached_cell_and_set_connections" {{(pid=98751) inner /opt/stack/data/venv/lib/python3.12/site-packages/oslo_concurrency/lockutils.py:511}}
Jul 02 23:25:41.032394 np0000004334 nova-conductor[98751]: DEBUG oslo_concurrency.lockutils [None req-e61e48eb-274e-4ac8-86d6-b3db492c36ca tempest-ServerActionsTestOtherA-1516407164 tempest-ServerActionsTestOtherA-1516407164-project-member] Lock "f630c320-4d15-4f9f-94a8-c6a324c1f4f8" acquired by "nova.context.set_target_cell..get_or_set_cached_cell_and_set_connections" :: waited 0.000s {{(pid=98751) inner /opt/stack/data/venv/lib/python3.12/site-packages/oslo_concurrency/lockutils.py:524}}
Jul 02 23:25:41.034216 np0000004334 nova-conductor[98751]: DEBUG oslo_concurrency.lockutils [None req-e61e48eb-274e-4ac8-86d6-b3db492c36ca tempest-ServerActionsTestOtherA-1516407164 tempest-ServerActionsTestOtherA-1516407164-project-member] Lock "f630c320-4d15-4f9f-94a8-c6a324c1f4f8" "released" by "nova.context.set_target_cell..get_or_set_cached_cell_and_set_connections" :: held 0.002s {{(pid=98751) inner /opt/stack/data/venv/lib/python3.12/site-packages/oslo_concurrency/lockutils.py:543}}
Jul 02 23:25:41.042038 np0000004334 nova-conductor[98751]: INFO dbcounter [None req-e61e48eb-274e-4ac8-86d6-b3db492c36ca tempest-ServerActionsTestOtherA-1516407164 tempest-ServerActionsTestOtherA-1516407164-project-member] Registered counter for database nova_cell1
Jul 02 23:25:41.091191 np0000004334 nova-conductor[98751]: DEBUG oslo_db.sqlalchemy.engines [None req-e61e48eb-274e-4ac8-86d6-b3db492c36ca tempest-ServerActionsTestOtherA-1516407164 tempest-ServerActionsTestOtherA-1516407164-project-member] MySQL server mode set to STRICT_TRANS_TABLES,STRICT_ALL_TABLES,NO_ZERO_IN_DATE,NO_ZERO_DATE,ERROR_FOR_DIVISION_BY_ZERO,TRADITIONAL,NO_ENGINE_SUBSTITUTION {{(pid=98751) _check_effective_sql_mode /opt/stack/data/venv/lib/python3.12/site-packages/oslo_db/sqlalchemy/engines.py:325}}
Jul 02 23:25:41.098210 np0000004334 nova-conductor[98751]: DEBUG dbcounter [-] [98751] Writer thread running {{(pid=98751) stat_writer /opt/stack/data/venv/lib/python3.12/site-packages/dbcounter.py:102}}
Jul 02 23:25:41.172064 np0000004334 nova-conductor[98751]: INFO nova.utils [None req-e61e48eb-274e-4ac8-86d6-b3db492c36ca tempest-ServerActionsTestOtherA-1516407164 tempest-ServerActionsTestOtherA-1516407164-project-member] The cell worker thread pool ForkProcess-1.cell_worker is initialized
Jul 02 23:25:41.172064 np0000004334 nova-conductor[98751]: DEBUG oslo_concurrency.lockutils [None req-e61e48eb-274e-4ac8-86d6-b3db492c36ca tempest-ServerActionsTestOtherA-1516407164 tempest-ServerActionsTestOtherA-1516407164-project-member] Acquiring lock "00000000-0000-0000-0000-000000000000" by "nova.context.set_target_cell..get_or_set_cached_cell_and_set_connections" {{(pid=98751) inner /opt/stack/data/venv/lib/python3.12/site-packages/oslo_concurrency/lockutils.py:511}}
Jul 02 23:25:41.172064 np0000004334 nova-conductor[98751]: DEBUG oslo_concurrency.lockutils [None req-e61e48eb-274e-4ac8-86d6-b3db492c36ca tempest-ServerActionsTestOtherA-1516407164 tempest-ServerActionsTestOtherA-1516407164-project-member] Lock "00000000-0000-0000-0000-000000000000" acquired by "nova.context.set_target_cell..get_or_set_cached_cell_and_set_connections" :: waited 0.000s {{(pid=98751) inner /opt/stack/data/venv/lib/python3.12/site-packages/oslo_concurrency/lockutils.py:524}}
Jul 02 23:25:41.172711 np0000004334 nova-conductor[98751]: DEBUG oslo_concurrency.lockutils [None req-e61e48eb-274e-4ac8-86d6-b3db492c36ca tempest-ServerActionsTestOtherA-1516407164 tempest-ServerActionsTestOtherA-1516407164-project-member] Lock "00000000-0000-0000-0000-000000000000" "released" by "nova.context.set_target_cell..get_or_set_cached_cell_and_set_connections" :: held 0.000s {{(pid=98751) inner /opt/stack/data/venv/lib/python3.12/site-packages/oslo_concurrency/lockutils.py:543}}
Jul 02 23:25:41.173234 np0000004334 nova-conductor[98751]: DEBUG oslo_concurrency.lockutils [None req-e61e48eb-274e-4ac8-86d6-b3db492c36ca tempest-ServerActionsTestOtherA-1516407164 tempest-ServerActionsTestOtherA-1516407164-project-member] Acquiring lock "f630c320-4d15-4f9f-94a8-c6a324c1f4f8" by "nova.context.set_target_cell..get_or_set_cached_cell_and_set_connections" {{(pid=98751) inner /opt/stack/data/venv/lib/python3.12/site-packages/oslo_concurrency/lockutils.py:511}}
Jul 02 23:25:41.173234 np0000004334 nova-conductor[98751]: DEBUG oslo_concurrency.lockutils [None req-e61e48eb-274e-4ac8-86d6-b3db492c36ca tempest-ServerActionsTestOtherA-1516407164 tempest-ServerActionsTestOtherA-1516407164-project-member] Lock "f630c320-4d15-4f9f-94a8-c6a324c1f4f8" acquired by "nova.context.set_target_cell..get_or_set_cached_cell_and_set_connections" :: waited 0.000s {{(pid=98751) inner /opt/stack/data/venv/lib/python3.12/site-packages/oslo_concurrency/lockutils.py:524}}
Jul 02 23:25:41.173234 np0000004334 nova-conductor[98751]: DEBUG oslo_concurrency.lockutils [None req-e61e48eb-274e-4ac8-86d6-b3db492c36ca tempest-ServerActionsTestOtherA-1516407164 tempest-ServerActionsTestOtherA-1516407164-project-member] Lock "f630c320-4d15-4f9f-94a8-c6a324c1f4f8" "released" by "nova.context.set_target_cell..get_or_set_cached_cell_and_set_connections" :: held 0.000s {{(pid=98751) inner /opt/stack/data/venv/lib/python3.12/site-packages/oslo_concurrency/lockutils.py:543}}
Jul 02 23:25:41.178213 np0000004334 nova-conductor[98751]: INFO dbcounter [None req-e61e48eb-274e-4ac8-86d6-b3db492c36ca tempest-ServerActionsTestOtherA-1516407164 tempest-ServerActionsTestOtherA-1516407164-project-member] Registered counter for database nova_cell0
Jul 02 23:25:41.226389 np0000004334 nova-conductor[98751]: DEBUG oslo_db.sqlalchemy.engines [None req-e61e48eb-274e-4ac8-86d6-b3db492c36ca tempest-ServerActionsTestOtherA-1516407164 tempest-ServerActionsTestOtherA-1516407164-project-member] MySQL server mode set to STRICT_TRANS_TABLES,STRICT_ALL_TABLES,NO_ZERO_IN_DATE,NO_ZERO_DATE,ERROR_FOR_DIVISION_BY_ZERO,TRADITIONAL,NO_ENGINE_SUBSTITUTION {{(pid=98751) _check_effective_sql_mode /opt/stack/data/venv/lib/python3.12/site-packages/oslo_db/sqlalchemy/engines.py:325}}
Jul 02 23:25:41.231783 np0000004334 nova-conductor[98751]: DEBUG dbcounter [-] [98751] Writer thread running {{(pid=98751) stat_writer /opt/stack/data/venv/lib/python3.12/site-packages/dbcounter.py:102}}
Jul 02 23:25:41.240868 np0000004334 nova-conductor[98751]: DEBUG nova.quota [None req-e61e48eb-274e-4ac8-86d6-b3db492c36ca tempest-ServerActionsTestOtherA-1516407164 tempest-ServerActionsTestOtherA-1516407164-project-member] Getting quotas for project 497623c5c7eb4a4c9ef8de830c1d2dbd. Resources: {'instances', 'cores', 'ram'} {{(pid=98751) _get_quotas /opt/stack/nova/nova/quota.py:389}}
Jul 02 23:25:41.244757 np0000004334 nova-conductor[98751]: DEBUG nova.quota [None req-e61e48eb-274e-4ac8-86d6-b3db492c36ca tempest-ServerActionsTestOtherA-1516407164 tempest-ServerActionsTestOtherA-1516407164-project-member] Getting quotas for user aa5c0d60f46644e6b1f097aac78760a5 and project 497623c5c7eb4a4c9ef8de830c1d2dbd. Resources: {'instances', 'cores', 'ram'} {{(pid=98751) _get_quotas /opt/stack/nova/nova/quota.py:379}}
Jul 02 23:25:41.251323 np0000004334 nova-conductor[98751]: DEBUG nova.conductor.manager [None req-e61e48eb-274e-4ac8-86d6-b3db492c36ca tempest-ServerActionsTestOtherA-1516407164 tempest-ServerActionsTestOtherA-1516407164-project-member] [instance: 1a23ff34-979d-495e-b1b5-836ac95701cd] Selected host: np0000004334; Selected node: np0000004334; Alternates: [] {{(pid=98751) schedule_and_build_instances /opt/stack/nova/nova/conductor/manager.py:1784}}
Jul 02 23:25:41.254622 np0000004334 nova-conductor[98751]: DEBUG oslo_concurrency.lockutils [None req-e61e48eb-274e-4ac8-86d6-b3db492c36ca tempest-ServerActionsTestOtherA-1516407164 tempest-ServerActionsTestOtherA-1516407164-project-member] Acquiring lock "f630c320-4d15-4f9f-94a8-c6a324c1f4f8" by "nova.context.set_target_cell..get_or_set_cached_cell_and_set_connections" {{(pid=98751) inner /opt/stack/data/venv/lib/python3.12/site-packages/oslo_concurrency/lockutils.py:511}}
Jul 02 23:25:41.254622 np0000004334 nova-conductor[98751]: DEBUG oslo_concurrency.lockutils [None req-e61e48eb-274e-4ac8-86d6-b3db492c36ca tempest-ServerActionsTestOtherA-1516407164 tempest-ServerActionsTestOtherA-1516407164-project-member] Lock "f630c320-4d15-4f9f-94a8-c6a324c1f4f8" acquired by "nova.context.set_target_cell..get_or_set_cached_cell_and_set_connections" :: waited 0.000s {{(pid=98751) inner /opt/stack/data/venv/lib/python3.12/site-packages/oslo_concurrency/lockutils.py:524}}
Jul 02 23:25:41.254622 np0000004334 nova-conductor[98751]: DEBUG oslo_concurrency.lockutils [None req-e61e48eb-274e-4ac8-86d6-b3db492c36ca tempest-ServerActionsTestOtherA-1516407164 tempest-ServerActionsTestOtherA-1516407164-project-member] Lock "f630c320-4d15-4f9f-94a8-c6a324c1f4f8" "released" by "nova.context.set_target_cell..get_or_set_cached_cell_and_set_connections" :: held 0.000s {{(pid=98751) inner /opt/stack/data/venv/lib/python3.12/site-packages/oslo_concurrency/lockutils.py:543}}
Jul 02 23:25:41.269718 np0000004334 nova-conductor[98751]: DEBUG nova.conductor.manager [None req-e61e48eb-274e-4ac8-86d6-b3db492c36ca tempest-ServerActionsTestOtherA-1516407164 tempest-ServerActionsTestOtherA-1516407164-project-member] [instance: 1a23ff34-979d-495e-b1b5-836ac95701cd] block_device_mapping [BlockDeviceMapping(attachment_id=,boot_index=0,connection_info=None,created_at=,delete_on_termination=True,deleted=,deleted_at=,destination_type='local',device_name=None,device_type='disk',disk_bus=None,encrypted=False,encryption_format=None,encryption_options=None,encryption_secret_uuid=None,guest_format=None,id=,image_id='86a3aa2b-4dfa-4f70-8c65-e0dc43cad6a4',instance=,instance_uuid=,no_device=False,snapshot_id=None,source_type='image',tag=None,updated_at=,uuid=,volume_id=None,volume_size=None,volume_type=None)] {{(pid=98751) _create_block_device_mapping /opt/stack/nova/nova/conductor/manager.py:1529}}
Jul 02 23:25:41.271342 np0000004334 nova-conductor[98751]: DEBUG oslo_concurrency.lockutils [None req-e61e48eb-274e-4ac8-86d6-b3db492c36ca tempest-ServerActionsTestOtherA-1516407164 tempest-ServerActionsTestOtherA-1516407164-project-member] Acquiring lock "f630c320-4d15-4f9f-94a8-c6a324c1f4f8" by "nova.context.set_target_cell..get_or_set_cached_cell_and_set_connections" {{(pid=98751) inner /opt/stack/data/venv/lib/python3.12/site-packages/oslo_concurrency/lockutils.py:511}}
Jul 02 23:25:41.271582 np0000004334 nova-conductor[98751]: DEBUG oslo_concurrency.lockutils [None req-e61e48eb-274e-4ac8-86d6-b3db492c36ca tempest-ServerActionsTestOtherA-1516407164 tempest-ServerActionsTestOtherA-1516407164-project-member] Lock "f630c320-4d15-4f9f-94a8-c6a324c1f4f8" acquired by "nova.context.set_target_cell..get_or_set_cached_cell_and_set_connections" :: waited 0.000s {{(pid=98751) inner /opt/stack/data/venv/lib/python3.12/site-packages/oslo_concurrency/lockutils.py:524}}
Jul 02 23:25:41.271798 np0000004334 nova-conductor[98751]: DEBUG oslo_concurrency.lockutils [None req-e61e48eb-274e-4ac8-86d6-b3db492c36ca tempest-ServerActionsTestOtherA-1516407164 tempest-ServerActionsTestOtherA-1516407164-project-member] Lock "f630c320-4d15-4f9f-94a8-c6a324c1f4f8" "released" by "nova.context.set_target_cell..get_or_set_cached_cell_and_set_connections" :: held 0.000s {{(pid=98751) inner /opt/stack/data/venv/lib/python3.12/site-packages/oslo_concurrency/lockutils.py:543}}
Jul 02 23:25:41.339702 np0000004334 nova-conductor[98751]: DEBUG oslo_concurrency.lockutils [None req-e61e48eb-274e-4ac8-86d6-b3db492c36ca tempest-ServerActionsTestOtherA-1516407164 tempest-ServerActionsTestOtherA-1516407164-project-member] Acquiring lock "f630c320-4d15-4f9f-94a8-c6a324c1f4f8" by "nova.context.set_target_cell..get_or_set_cached_cell_and_set_connections" {{(pid=98751) inner /opt/stack/data/venv/lib/python3.12/site-packages/oslo_concurrency/lockutils.py:511}}
Jul 02 23:25:41.339806 np0000004334 nova-conductor[98751]: DEBUG oslo_concurrency.lockutils [None req-e61e48eb-274e-4ac8-86d6-b3db492c36ca tempest-ServerActionsTestOtherA-1516407164 tempest-ServerActionsTestOtherA-1516407164-project-member] Lock "f630c320-4d15-4f9f-94a8-c6a324c1f4f8" acquired by "nova.context.set_target_cell..get_or_set_cached_cell_and_set_connections" :: waited 0.003s {{(pid=98751) inner /opt/stack/data/venv/lib/python3.12/site-packages/oslo_concurrency/lockutils.py:524}}
Jul 02 23:25:41.340156 np0000004334 nova-conductor[98751]: DEBUG oslo_concurrency.lockutils [None req-e61e48eb-274e-4ac8-86d6-b3db492c36ca tempest-ServerActionsTestOtherA-1516407164 tempest-ServerActionsTestOtherA-1516407164-project-member] Lock "f630c320-4d15-4f9f-94a8-c6a324c1f4f8" "released" by "nova.context.set_target_cell..get_or_set_cached_cell_and_set_connections" :: held 0.000s {{(pid=98751) inner /opt/stack/data/venv/lib/python3.12/site-packages/oslo_concurrency/lockutils.py:543}}
