Jul 02 23:24:07.560983 np0000004334 devstack@neutron-api.service[90485]: DEBUG ovsdbapp.backend.ovs_idl.transaction [None req-965227ea-8f86-4889-aa01-480bba662242 None None] Running txn n=1 command(idx=2): QoSDelCommand(_result=None, switch=neutron-8ea25006-5502-4f61-baeb-0d51def723e8, conditions=[('direction', '=', 'from-lport'), ('priority', '=', 2002), ('match', '=', 'inport == "6d545276-94d8-40f9-bc2a-da3fce548eef"')], if_exists=True) {{(pid=90485) do_commit /opt/stack/data/venv/lib/python3.12/site-packages/ovsdbapp/backend/ovs_idl/transaction.py:89}}
Jul 02 23:24:07.565138 np0000004334 devstack@neutron-api.service[90484]: DEBUG neutron.plugins.ml2.drivers.ovn.mech_driver.ovsdb.ovsdb_monitor [None req-c53ff695-1a23-423a-ba81-9c9768a65d8d None None] Hash Ring: Node 3f5696eaa0c356118b19974a99fbace5 (host: np0000004334) handling event "update" for row 8ea25006-5502-4f61-baeb-0d51def723e8 (table: Logical_Switch) {{(pid=90484) notify /opt/stack/neutron/neutron/plugins/ml2/drivers/ovn/mech_driver/ovsdb/ovsdb_monitor.py:1015}}
Jul 02 23:24:07.565305 np0000004334 devstack@neutron-api.service[90484]: DEBUG neutron.plugins.ml2.drivers.ovn.mech_driver.ovsdb.ovsdb_monitor [None req-c53ff695-1a23-423a-ba81-9c9768a65d8d None None] Hash Ring: Node 3f5696eaa0c356118b19974a99fbace5 (host: np0000004334) handling event "create" for row b7049bee-40e9-4af2-8c17-010ac1b424b6 (table: Logical_Switch_Port) {{(pid=90484) notify /opt/stack/neutron/neutron/plugins/ml2/drivers/ovn/mech_driver/ovsdb/ovsdb_monitor.py:1015}}
Jul 02 23:24:07.566948 np0000004334 devstack@neutron-api.service[90484]: DEBUG ovsdbapp.backend.ovs_idl.event [None req-c53ff695-1a23-423a-ba81-9c9768a65d8d None None] Matched CREATE: LogicalSwitchPortCreateEvent(events=('create',), table='Logical_Switch_Port', conditions=[], old_conditions=None), priority=20 to row=Logical_Switch_Port(uuid=b7049bee-40e9-4af2-8c17-010ac1b424b6, addresses=['fa:16:3e:20:d7:9d'], dhcpv4_options=[], dhcpv6_options=[], dynamic_addresses=[], enabled=True, external_ids={'neutron:cidrs': '', 'neutron:device_id': 'ovnmeta-8ea25006-5502-4f61-baeb-0d51def723e8', 'neutron:device_owner': 'network:distributed', 'neutron:mtu': '1372', 'neutron:network_name': 'neutron-8ea25006-5502-4f61-baeb-0d51def723e8', 'neutron:port_capabilities': '', 'neutron:port_name': '', 'neutron:project_id': '2417052cb24b4daeb1ee9a959596490e', 'neutron:revision_number': '1', 'neutron:security_group_ids': '', 'neutron:subnet_pool_addr_scope4': '', 'neutron:subnet_pool_addr_scope6': '', 'neutron:vnic_type': 'normal'}, ha_chassis_group=[], mirror_rules=[], name='6d545276-94d8-40f9-bc2a-da3fce548eef', options={}, parent_name=[], port_security=[], tag=[], tag_request=[], type='localport', up=[]) old= {{(pid=90484) matches /opt/stack/data/venv/lib/python3.12/site-packages/ovsdbapp/backend/ovs_idl/event.py:55}}
Jul 02 23:24:07.567769 np0000004334 devstack@neutron-api.service[90484]: INFO neutron.plugins.ml2.drivers.ovn.mech_driver.mech_driver [None req-dfec9e98-5046-424e-b509-7d165bcaee32 None None] OVN reports status down for port: 6d545276-94d8-40f9-bc2a-da3fce548eef
Jul 02 23:24:07.569359 np0000004334 devstack@neutron-api.service[90484]: DEBUG neutron.plugins.ml2.drivers.ovn.mech_driver.ovsdb.ovsdb_monitor [None req-c53ff695-1a23-423a-ba81-9c9768a65d8d None None] Hash Ring: Node 3f5696eaa0c356118b19974a99fbace5 (host: np0000004334) handling event "update" for row b7049bee-40e9-4af2-8c17-010ac1b424b6 (table: Logical_Switch_Port) {{(pid=90484) notify /opt/stack/neutron/neutron/plugins/ml2/drivers/ovn/mech_driver/ovsdb/ovsdb_monitor.py:1015}}
Jul 02 23:24:07.570828 np0000004334 devstack@neutron-api.service[90484]: DEBUG neutron.plugins.ml2.drivers.ovn.mech_driver.ovsdb.ovsdb_monitor [-] Hash Ring: Node 3f5696eaa0c356118b19974a99fbace5 (host: np0000004334) handling event "create" for row c66ea7f9-2d90-4a38-91f0-0d4f8d7cb0eb (table: Port_Binding) {{(pid=90484) notify /opt/stack/neutron/neutron/plugins/ml2/drivers/ovn/mech_driver/ovsdb/ovsdb_monitor.py:1015}}
Jul 02 23:24:07.589742 np0000004334 devstack@neutron-api.service[90484]: DEBUG neutron.db.provisioning_blocks [None req-dfec9e98-5046-424e-b509-7d165bcaee32 None None] Transition to ACTIVE for port object 6d545276-94d8-40f9-bc2a-da3fce548eef will not be triggered until provisioned by entity L2. {{(pid=90484) add_provisioning_component /opt/stack/neutron/neutron/db/provisioning_blocks.py:74}}
Jul 02 23:24:07.596607 np0000004334 devstack@neutron-api.service[90485]: INFO neutron.db.ovn_revision_numbers_db [None req-5c8b4fa1-2894-44a2-87cb-329bc8f59337 admin admin] Successfully bumped revision number for resource 6d545276-94d8-40f9-bc2a-da3fce548eef (type: ports) to 1
Jul 02 23:24:07.607021 np0000004334 devstack@neutron-api.service[90485]: DEBUG neutron.pecan_wsgi.hooks.policy_enforcement [None req-5c8b4fa1-2894-44a2-87cb-329bc8f59337 admin admin] Attributes excluded by policy engine: ['standard_attr_id'] {{(pid=90485) _exclude_attributes_by_policy /opt/stack/neutron/neutron/pecan_wsgi/hooks/policy_enforcement.py:259}}
Jul 02 23:24:07.607278 np0000004334 devstack@neutron-api.service[90485]: DEBUG neutron_lib.callbacks.manager [None req-5c8b4fa1-2894-44a2-87cb-329bc8f59337 admin admin] Publish callbacks [] for network (None), before_response {{(pid=90485) _notify_loop /opt/stack/data/venv/lib/python3.12/site-packages/neutron_lib/callbacks/manager.py:184}}
Jul 02 23:24:07.608995 np0000004334 devstack@neutron-api.service[90484]: DEBUG neutron.plugins.ml2.plugin [None req-dfec9e98-5046-424e-b509-7d165bcaee32 None None] Current status of the port 6d545276-94d8-40f9-bc2a-da3fce548eef is: DOWN; New status is: DOWN {{(pid=90484) _update_individual_port_db_status /opt/stack/neutron/neutron/plugins/ml2/plugin.py:2473}}
Jul 02 23:24:07.609974 np0000004334 devstack@neutron-api.service[90484]: DEBUG ovsdbapp.backend.ovs_idl.transaction [None req-c53ff695-1a23-423a-ba81-9c9768a65d8d None None] Running txn n=1 command(idx=0): DbRemoveCommand(_result=None, table=Logical_Switch_Port, record=6d545276-94d8-40f9-bc2a-da3fce548eef, column=external_ids, values=('neutron:host_id',), keyvalues={}, if_exists=True) {{(pid=90484) do_commit /opt/stack/data/venv/lib/python3.12/site-packages/ovsdbapp/backend/ovs_idl/transaction.py:89}}
Jul 02 23:24:07.617795 np0000004334 devstack@neutron-api.service[90485]: [pid: 90485|app: 0|req: 9/37] 10.4.3.97 () {68 vars in 1319 bytes} [Thu Jul 2 23:24:07 2026] POST /networking/v2.0/networks => generated 679 bytes in 386 msecs (HTTP/1.1 201) 4 headers in 162 bytes (1 switches on core 0)
Jul 02 23:24:07.807066 np0000004334 devstack@neutron-api.service[90483]: INFO neutron.pecan_wsgi.hooks.translation [None req-c2ac16a3-b5fb-4265-91fc-ba421370679c admin admin] GET failed (client error): The resource could not be found.
Jul 02 23:24:07.807621 np0000004334 devstack@neutron-api.service[90483]: [pid: 90483|app: 0|req: 11/38] 10.4.3.97 () {64 vars in 1287 bytes} [Thu Jul 2 23:24:07 2026] GET /networking/v2.0/networks/shared => generated 108 bytes in 7 msecs (HTTP/1.1 404) 4 headers in 164 bytes (1 switches on core 0)
Jul 02 23:24:07.847597 np0000004334 devstack@neutron-api.service[90484]: DEBUG neutron.pecan_wsgi.hooks.policy_enforcement [None req-0047bb3d-cf5b-4329-8add-a0cde41972c4 admin admin] Attributes excluded by policy engine: ['standard_attr_id'] {{(pid=90484) _exclude_attributes_by_policy /opt/stack/neutron/neutron/pecan_wsgi/hooks/policy_enforcement.py:259}}
Jul 02 23:24:07.848905 np0000004334 devstack@neutron-api.service[90484]: [pid: 90484|app: 0|req: 10/39] 10.4.3.97 () {64 vars in 1302 bytes} [Thu Jul 2 23:24:07 2026] GET /networking/v2.0/networks?name=shared => generated 663 bytes in 33 msecs (HTTP/1.1 200) 4 headers in 157 bytes (1 switches on core 0)
Jul 02 23:24:07.860090 np0000004334 devstack@neutron-api.service[90482]: DEBUG neutron.api.v2.base [None req-139e23e2-e7e2-4461-93d6-c40fdf60fcc4 admin admin] Request body: {'subnet': {'ip_version': 4, 'network_id': '8ea25006-5502-4f61-baeb-0d51def723e8', 'description': 'shared-subnet', 'cidr': '192.168.233.0/24', 'name': 'shared-subnet'}} {{(pid=90482) prepare_request_body /opt/stack/neutron/neutron/api/v2/base.py:727}}
Jul 02 23:24:07.872346 np0000004334 devstack@neutron-api.service[90482]: DEBUG neutron.pecan_wsgi.hooks.quota_enforcement [None req-139e23e2-e7e2-4461-93d6-c40fdf60fcc4 admin admin] Made reservation on behalf of 2417052cb24b4daeb1ee9a959596490e for: {'subnet': 1} {{(pid=90482) before /opt/stack/neutron/neutron/pecan_wsgi/hooks/quota_enforcement.py:66}}
Jul 02 23:24:07.874642 np0000004334 devstack@neutron-api.service[90482]: DEBUG neutron_lib.callbacks.manager [None req-139e23e2-e7e2-4461-93d6-c40fdf60fcc4 admin admin] Publish callbacks [] for subnet (None), before_create {{(pid=90482) _notify_loop /opt/stack/data/venv/lib/python3.12/site-packages/neutron_lib/callbacks/manager.py:184}}
Jul 02 23:24:07.921921 np0000004334 devstack@neutron-api.service[90482]: DEBUG neutron.db.ovn_revision_numbers_db [None req-139e23e2-e7e2-4461-93d6-c40fdf60fcc4 admin admin] create_initial_revision uuid=719df38e-2c08-4e21-9caf-c30d667e1aae, type=subnets, rev=-1 {{(pid=90482) create_initial_revision /opt/stack/neutron/neutron/db/ovn_revision_numbers_db.py:98}}
Jul 02 23:24:07.925901 np0000004334 devstack@neutron-api.service[90482]: DEBUG neutron_lib.callbacks.manager [None req-139e23e2-e7e2-4461-93d6-c40fdf60fcc4 admin admin] Publish callbacks ['neutron.plugins.ml2.ovo_rpc._ObjectChangeHandler.handle_event-2592971'] for subnet (719df38e-2c08-4e21-9caf-c30d667e1aae), after_create {{(pid=90482) _notify_loop /opt/stack/data/venv/lib/python3.12/site-packages/neutron_lib/callbacks/manager.py:184}}
Jul 02 23:24:07.936288 np0000004334 devstack@neutron-api.service[90482]: DEBUG neutron.api.rpc.handlers.resources_rpc [None req-139e23e2-e7e2-4461-93d6-c40fdf60fcc4 admin admin] Pushing event updated for resources: {'Subnet': ['ID=719df38e-2c08-4e21-9caf-c30d667e1aae,revision_number=0']} {{(pid=90482) push /opt/stack/neutron/neutron/api/rpc/handlers/resources_rpc.py:237}}
Jul 02 23:24:07.976092 np0000004334 devstack@neutron-api.service[90482]: DEBUG neutron_lib.callbacks.manager [None req-139e23e2-e7e2-4461-93d6-c40fdf60fcc4 admin admin] Publish callbacks ['neutron.plugins.ml2.plugin.SecurityGroupDbMixin._ensure_default_security_group_handler-33866', 'neutron.services.ovn_l3.plugin.OVNL3RouterPlugin._port_update-7816909548908', 'neutron.db.l3_db.L3_NAT_dbonly_mixin._prevent_internal_ip_change_for_fip-7816910663260'] for port (6d545276-94d8-40f9-bc2a-da3fce548eef), before_update {{(pid=90482) _notify_loop /opt/stack/data/venv/lib/python3.12/site-packages/neutron_lib/callbacks/manager.py:184}}
Jul 02 23:24:08.049367 np0000004334 devstack@neutron-api.service[90482]: DEBUG neutron.db.db_base_plugin_common [None req-139e23e2-e7e2-4461-93d6-c40fdf60fcc4 admin admin] Allocated IP 192.168.233.2 (8ea25006-5502-4f61-baeb-0d51def723e8/719df38e-2c08-4e21-9caf-c30d667e1aae/6d545276-94d8-40f9-bc2a-da3fce548eef) {{(pid=90482) _store_ip_allocation /opt/stack/neutron/neutron/db/db_base_plugin_common.py:131}}
Jul 02 23:24:08.104668 np0000004334 devstack@neutron-api.service[90482]: DEBUG neutron_lib.callbacks.manager [None req-139e23e2-e7e2-4461-93d6-c40fdf60fcc4 admin admin] Publish callbacks [] for port (6d545276-94d8-40f9-bc2a-da3fce548eef), precommit_update {{(pid=90482) _notify_loop /opt/stack/data/venv/lib/python3.12/site-packages/neutron_lib/callbacks/manager.py:184}}
Jul 02 23:24:08.104835 np0000004334 devstack@neutron-api.service[90482]: DEBUG neutron.plugins.ml2.drivers.ovn.mech_driver.mech_driver [None req-139e23e2-e7e2-4461-93d6-c40fdf60fcc4 admin admin] No provisioning block for port 6d545276-94d8-40f9-bc2a-da3fce548eef since it does not have a host {{(pid=90482) _is_port_provisioning_required /opt/stack/neutron/neutron/plugins/ml2/drivers/ovn/mech_driver/mech_driver.py:899}}
Jul 02 23:24:08.115406 np0000004334 devstack@neutron-api.service[90482]: DEBUG neutron_lib.callbacks.manager [None req-139e23e2-e7e2-4461-93d6-c40fdf60fcc4 admin admin] Publish callbacks ['neutron.plugins.ml2.ovo_rpc._ObjectChangeHandler.handle_event-2592966', 'neutron.services.ovn_l3.plugin.OVNL3RouterPlugin._port_update-7816909548908'] for port (6d545276-94d8-40f9-bc2a-da3fce548eef), after_update {{(pid=90482) _notify_loop /opt/stack/data/venv/lib/python3.12/site-packages/neutron_lib/callbacks/manager.py:184}}
Jul 02 23:24:08.143886 np0000004334 devstack@neutron-api.service[90482]: DEBUG neutron.api.rpc.handlers.resources_rpc [None req-139e23e2-e7e2-4461-93d6-c40fdf60fcc4 admin admin] Pushing event updated for resources: {'Port': ['ID=6d545276-94d8-40f9-bc2a-da3fce548eef,revision_number=2']} {{(pid=90482) push /opt/stack/neutron/neutron/api/rpc/handlers/resources_rpc.py:237}}
Jul 02 23:24:08.239120 np0000004334 devstack@neutron-api.service[90482]: DEBUG neutron.plugins.ml2.drivers.ovn.mech_driver.ovsdb.commands [None req-139e23e2-e7e2-4461-93d6-c40fdf60fcc4 admin admin] Converting tag [] to a tag_request {{(pid=90482) _tag_column_to_tag_request /opt/stack/neutron/neutron/plugins/ml2/drivers/ovn/mech_driver/ovsdb/commands.py:205}}
Jul 02 23:24:08.240100 np0000004334 devstack@neutron-api.service[90482]: DEBUG ovsdbapp.backend.ovs_idl.transaction [None req-c02e4dc4-3103-4cd2-b081-a0b9b8794610 None None] Running txn n=1 command(idx=0): CheckRevisionNumberCommand(_result=None, name=6d545276-94d8-40f9-bc2a-da3fce548eef, resource={'id': '6d545276-94d8-40f9-bc2a-da3fce548eef', 'name': '', 'network_id': '8ea25006-5502-4f61-baeb-0d51def723e8', 'project_id': '2417052cb24b4daeb1ee9a959596490e', 'mac_address': 'fa:16:3e:20:d7:9d', 'admin_state_up': True, 'status': 'DOWN', 'device_id': 'ovnmeta-8ea25006-5502-4f61-baeb-0d51def723e8', 'device_owner': 'network:distributed', 'standard_attr_id': 28, 'fixed_ips': [{'subnet_id': '719df38e-2c08-4e21-9caf-c30d667e1aae', 'ip_address': '192.168.233.2'}], 'allowed_address_pairs': [], 'extra_dhcp_opts': [], 'security_groups': [], 'description': '', 'binding:vnic_type': 'normal', 'binding:profile': {}, 'binding:host_id': '', 'binding:vif_type': 'unbound', 'binding:vif_details': {}, 'port_security_enabled': False, 'tags': [], 'created_at': '2026-07-02T23:24:07Z', 'updated_at': '2026-07-02T23:24:08Z', 'revision_number': 2, 'tenant_id': '2417052cb24b4daeb1ee9a959596490e', 'network': {'id': '8ea25006-5502-4f61-baeb-0d51def723e8', 'name': 'shared', 'tenant_id': '2417052cb24b4daeb1ee9a959596490e', 'project_id': '2417052cb24b4daeb1ee9a959596490e', 'admin_state_up': True, 'mtu': 1372, 'status': 'ACTIVE', 'subnets': ['719df38e-2c08-4e21-9caf-c30d667e1aae'], 'standard_attr_id': 26, 'shared': True, 'availability_zone_hints': [], 'availability_zones': [], 'ipv4_address_scope': None, 'ipv6_address_scope': None, 'router:external': False, 'qinq': False, 'vlan_transparent': False, 'description': '', 'port_security_enabled': True, 'tags': [], 'created_at': '2026-07-02T23:24:07Z', 'updated_at': '2026-07-02T23:24:07Z', 'revision_number': 2, 'provider:network_type': 'geneve', 'provider:physical_network': None, 'provider:segmentation_id': 57603}}, resource_type=ports, if_exists=True) {{(pid=90482) do_commit /opt/stack/data/venv/lib/python3.12/site-packages/ovsdbapp/backend/ovs_idl/transaction.py:89}}
Jul 02 23:24:08.240483 np0000004334 devstack@neutron-api.service[90482]: DEBUG ovsdbapp.backend.ovs_idl.transaction [None req-c02e4dc4-3103-4cd2-b081-a0b9b8794610 None None] Running txn n=1 command(idx=1): AddDHCPOptionsCommand(_result=None, columns={'cidr': '192.168.233.0/24', 'options': {'server_id': '192.168.233.1', 'lease_time': '43200', 'mtu': '1372', 'router': '192.168.233.1', 'server_mac': 'fa:16:3e:5e:8a:59', 'dns_server': '{127.0.0.53}', 'classless_static_route': '{169.254.169.254/32,192.168.233.2, 0.0.0.0/0,192.168.233.1}'}, 'external_ids': {'subnet_id': '719df38e-2c08-4e21-9caf-c30d667e1aae', 'neutron:network_id': '8ea25006-5502-4f61-baeb-0d51def723e8', 'neutron:revision_number': '0'}}, may_exist=True, subnet_id=719df38e-2c08-4e21-9caf-c30d667e1aae, port_id=None, new_insert=False) {{(pid=90482) do_commit /opt/stack/data/venv/lib/python3.12/site-packages/ovsdbapp/backend/ovs_idl/transaction.py:89}}
Jul 02 23:24:08.240840 np0000004334 devstack@neutron-api.service[90482]: DEBUG ovsdbapp.backend.ovs_idl.transaction [None req-c02e4dc4-3103-4cd2-b081-a0b9b8794610 None None] Running txn n=1 command(idx=2): SetLSwitchPortCommand(_result=None, lport=6d545276-94d8-40f9-bc2a-da3fce548eef, external_ids_update=None, columns={'external_ids': {'neutron:port_name': '', 'neutron:device_id': 'ovnmeta-8ea25006-5502-4f61-baeb-0d51def723e8', 'neutron:project_id': '2417052cb24b4daeb1ee9a959596490e', 'neutron:cidrs': '192.168.233.2/24', 'neutron:device_owner': 'network:distributed', 'neutron:subnet_pool_addr_scope4': '', 'neutron:subnet_pool_addr_scope6': '', 'neutron:network_name': 'neutron-8ea25006-5502-4f61-baeb-0d51def723e8', 'neutron:security_group_ids': '', 'neutron:revision_number': '2', 'neutron:vnic_type': 'normal', 'neutron:port_capabilities': '', 'neutron:mtu': '1372'}, 'parent_name': [], 'options': {}, 'enabled': True, 'port_security': [], 'dhcpv4_options': [], 'dhcpv6_options': [], 'type': 'localport', 'addresses': ['fa:16:3e:20:d7:9d 192.168.233.2'], 'ha_chassis_group': [], 'tag_request': []}, if_exists=False) {{(pid=90482) do_commit /opt/stack/data/venv/lib/python3.12/site-packages/ovsdbapp/backend/ovs_idl/transaction.py:89}}
Jul 02 23:24:08.241620 np0000004334 devstack@neutron-api.service[90482]: DEBUG ovsdbapp.backend.ovs_idl.transaction [None req-c02e4dc4-3103-4cd2-b081-a0b9b8794610 None None] Running txn n=1 command(idx=3): PgDelPortCommand(_result=None, port_group=neutron_pg_drop, lsp=['6d545276-94d8-40f9-bc2a-da3fce548eef'], if_exists=False) {{(pid=90482) do_commit /opt/stack/data/venv/lib/python3.12/site-packages/ovsdbapp/backend/ovs_idl/transaction.py:89}}
Jul 02 23:24:08.255830 np0000004334 devstack@neutron-api.service[90484]: DEBUG neutron.plugins.ml2.drivers.ovn.mech_driver.ovsdb.ovsdb_monitor [None req-c53ff695-1a23-423a-ba81-9c9768a65d8d None None] Hash Ring: Node 3f5696eaa0c356118b19974a99fbace5 (host: np0000004334) handling event "update" for row b7049bee-40e9-4af2-8c17-010ac1b424b6 (table: Logical_Switch_Port) {{(pid=90484) notify /opt/stack/neutron/neutron/plugins/ml2/drivers/ovn/mech_driver/ovsdb/ovsdb_monitor.py:1015}}
Jul 02 23:24:08.256480 np0000004334 devstack@neutron-api.service[90482]: DEBUG neutron.plugins.ml2.drivers.ovn.mech_driver.ovsdb.ovsdb_monitor [None req-c02e4dc4-3103-4cd2-b081-a0b9b8794610 None None] Hash Ring: Node c9faba2e448659969b39adb40eb4e3a4 (host: np0000004334) handling event "create" for row 5710f8ff-0bf4-448a-9de1-c6d698a24eec (table: DHCP_Options) {{(pid=90482) notify /opt/stack/neutron/neutron/plugins/ml2/drivers/ovn/mech_driver/ovsdb/ovsdb_monitor.py:1015}}
Jul 02 23:24:08.259891 np0000004334 devstack@neutron-api.service[90484]: DEBUG neutron.plugins.ml2.drivers.ovn.mech_driver.ovsdb.ovsdb_monitor [-] Hash Ring: Node 3f5696eaa0c356118b19974a99fbace5 (host: np0000004334) handling event "update" for row c66ea7f9-2d90-4a38-91f0-0d4f8d7cb0eb (table: Port_Binding) {{(pid=90484) notify /opt/stack/neutron/neutron/plugins/ml2/drivers/ovn/mech_driver/ovsdb/ovsdb_monitor.py:1015}}
Jul 02 23:24:08.287236 np0000004334 devstack@neutron-api.service[90482]: INFO neutron.db.ovn_revision_numbers_db [None req-139e23e2-e7e2-4461-93d6-c40fdf60fcc4 admin admin] Successfully bumped revision number for resource 6d545276-94d8-40f9-bc2a-da3fce548eef (type: ports) to 2
Jul 02 23:24:08.297096 np0000004334 devstack@neutron-api.service[90482]: DEBUG neutron.plugins.ml2.plugin [None req-139e23e2-e7e2-4461-93d6-c40fdf60fcc4 admin admin] In _notify_port_updated(), no bound segment for port 6d545276-94d8-40f9-bc2a-da3fce548eef on network 8ea25006-5502-4f61-baeb-0d51def723e8 {{(pid=90482) _notify_port_updated /opt/stack/neutron/neutron/plugins/ml2/plugin.py:1041}}
Jul 02 23:24:08.315277 np0000004334 devstack@neutron-api.service[90482]: INFO neutron.db.ovn_revision_numbers_db [None req-139e23e2-e7e2-4461-93d6-c40fdf60fcc4 admin admin] Successfully bumped revision number for resource 719df38e-2c08-4e21-9caf-c30d667e1aae (type: subnets) to 0
Jul 02 23:24:08.316477 np0000004334 devstack@neutron-api.service[90482]: DEBUG neutron.pecan_wsgi.hooks.policy_enforcement [None req-139e23e2-e7e2-4461-93d6-c40fdf60fcc4 admin admin] Attributes excluded by policy engine: ['standard_attr_id', 'shared', 'network'] {{(pid=90482) _exclude_attributes_by_policy /opt/stack/neutron/neutron/pecan_wsgi/hooks/policy_enforcement.py:259}}
Jul 02 23:24:08.316822 np0000004334 devstack@neutron-api.service[90482]: DEBUG neutron_lib.callbacks.manager [None req-139e23e2-e7e2-4461-93d6-c40fdf60fcc4 admin admin] Publish callbacks [] for subnet (None), before_response {{(pid=90482) _notify_loop /opt/stack/data/venv/lib/python3.12/site-packages/neutron_lib/callbacks/manager.py:184}}
Jul 02 23:24:08.329850 np0000004334 devstack@neutron-api.service[90482]: [pid: 90482|app: 0|req: 10/40] 10.4.3.97 () {68 vars in 1317 bytes} [Thu Jul 2 23:24:07 2026] POST /networking/v2.0/subnets => generated 665 bytes in 472 msecs (HTTP/1.1 201) 4 headers in 162 bytes (1 switches on core 0)
Jul 02 23:24:14.386704 np0000004334 devstack@neutron-api.service[90483]: DEBUG neutron.plugins.ml2.drivers.ovn.mech_driver.ovsdb.ovsdb_monitor [None req-2253732b-b68a-4f40-a096-22572bb3cf7e None None] ChassisOVNAgentWriteEvent : Matched Chassis_Private, update, None None {{(pid=90483) matches /opt/stack/neutron/neutron/plugins/ml2/drivers/ovn/mech_driver/ovsdb/ovsdb_monitor.py:64}}
Jul 02 23:24:14.387378 np0000004334 devstack@neutron-api.service[90482]: DEBUG neutron.plugins.ml2.drivers.ovn.mech_driver.ovsdb.ovsdb_monitor [None req-c2c1fdb7-3b71-43c7-b5ab-26303b2de3d2 None None] ChassisOVNAgentWriteEvent : Matched Chassis_Private, update, None None {{(pid=90482) matches /opt/stack/neutron/neutron/plugins/ml2/drivers/ovn/mech_driver/ovsdb/ovsdb_monitor.py:64}}
Jul 02 23:24:14.388851 np0000004334 devstack@neutron-api.service[90484]: DEBUG neutron.plugins.ml2.drivers.ovn.mech_driver.ovsdb.ovsdb_monitor [-] ChassisOVNAgentWriteEvent : Matched Chassis_Private, update, None None {{(pid=90484) matches /opt/stack/neutron/neutron/plugins/ml2/drivers/ovn/mech_driver/ovsdb/ovsdb_monitor.py:64}}
Jul 02 23:24:14.389655 np0000004334 devstack@neutron-api.service[90485]: DEBUG neutron.plugins.ml2.drivers.ovn.mech_driver.ovsdb.ovsdb_monitor [None req-c33d2ab7-1fb8-420c-9eae-653f7b313aec None None] ChassisOVNAgentWriteEvent : Matched Chassis_Private, update, None None {{(pid=90485) matches /opt/stack/neutron/neutron/plugins/ml2/drivers/ovn/mech_driver/ovsdb/ovsdb_monitor.py:64}}
Jul 02 23:24:14.389655 np0000004334 devstack@neutron-api.service[90485]: DEBUG neutron.plugins.ml2.drivers.ovn.mech_driver.ovsdb.ovsdb_monitor [None req-c33d2ab7-1fb8-420c-9eae-653f7b313aec None None] Hash Ring: Node 7cc51f4aeffd52e5be8b79871755284d (host: np0000004334) handling event "update" for row 4aafbbc3-4d5f-4be3-b3ca-97e32f93cb33 (table: Chassis_Private) {{(pid=90485) notify /opt/stack/neutron/neutron/plugins/ml2/drivers/ovn/mech_driver/ovsdb/ovsdb_monitor.py:1015}}
Jul 02 23:24:16.462986 np0000004334 devstack@neutron-api.service[90483]: DEBUG futurist.periodics [-] Submitting periodic callback 'neutron.plugins.ml2.drivers.ovn.mech_driver.ovsdb.maintenance.HashRingHealthCheckPeriodics.touch_hash_ring_node' {{(pid=90483) _process_scheduled /opt/stack/data/venv/lib/python3.12/site-packages/futurist/periodics.py:784}}
Jul 02 23:24:16.463334 np0000004334 devstack@neutron-api.service[90483]: DEBUG neutron.plugins.ml2.drivers.ovn.mech_driver.ovsdb.maintenance [-] Touching Hash Ring node "b77c1029d72c5cd58dd37cb7ec357917" from periodic health check thread {{(pid=90483) touch_hash_ring_node /opt/stack/neutron/neutron/plugins/ml2/drivers/ovn/mech_driver/ovsdb/maintenance.py:1419}}
Jul 02 23:24:17.408365 np0000004334 devstack@neutron-api.service[90484]: DEBUG futurist.periodics [-] Submitting periodic callback 'neutron.plugins.ml2.drivers.ovn.mech_driver.ovsdb.maintenance.HashRingHealthCheckPeriodics.touch_hash_ring_node' {{(pid=90484) _process_scheduled /opt/stack/data/venv/lib/python3.12/site-packages/futurist/periodics.py:784}}
Jul 02 23:24:17.410140 np0000004334 devstack@neutron-api.service[90484]: DEBUG neutron.plugins.ml2.drivers.ovn.mech_driver.ovsdb.maintenance [-] Touching Hash Ring node "3f5696eaa0c356118b19974a99fbace5" from periodic health check thread {{(pid=90484) touch_hash_ring_node /opt/stack/neutron/neutron/plugins/ml2/drivers/ovn/mech_driver/ovsdb/maintenance.py:1419}}
Jul 02 23:24:17.419830 np0000004334 devstack@neutron-api.service[90482]: DEBUG futurist.periodics [-] Submitting periodic callback 'neutron.plugins.ml2.drivers.ovn.mech_driver.ovsdb.maintenance.HashRingHealthCheckPeriodics.touch_hash_ring_node' {{(pid=90482) _process_scheduled /opt/stack/data/venv/lib/python3.12/site-packages/futurist/periodics.py:784}}
Jul 02 23:24:17.420243 np0000004334 devstack@neutron-api.service[90482]: DEBUG neutron.plugins.ml2.drivers.ovn.mech_driver.ovsdb.maintenance [-] Touching Hash Ring node "c9faba2e448659969b39adb40eb4e3a4" from periodic health check thread {{(pid=90482) touch_hash_ring_node /opt/stack/neutron/neutron/plugins/ml2/drivers/ovn/mech_driver/ovsdb/maintenance.py:1419}}
Jul 02 23:24:17.544196 np0000004334 devstack@neutron-api.service[90485]: DEBUG futurist.periodics [-] Submitting periodic callback 'neutron.plugins.ml2.drivers.ovn.mech_driver.ovsdb.maintenance.HashRingHealthCheckPeriodics.touch_hash_ring_node' {{(pid=90485) _process_scheduled /opt/stack/data/venv/lib/python3.12/site-packages/futurist/periodics.py:784}}
Jul 02 23:24:17.544682 np0000004334 devstack@neutron-api.service[90485]: DEBUG neutron.plugins.ml2.drivers.ovn.mech_driver.ovsdb.maintenance [-] Touching Hash Ring node "7cc51f4aeffd52e5be8b79871755284d" from periodic health check thread {{(pid=90485) touch_hash_ring_node /opt/stack/neutron/neutron/plugins/ml2/drivers/ovn/mech_driver/ovsdb/maintenance.py:1419}}
Jul 02 23:24:26.470664 np0000004334 devstack@neutron-api.service[90483]: DEBUG dbcounter [-] [90483] Writing DB stats neutron:UPDATE=2,neutron:SELECT=7 {{(pid=90483) stat_writer /opt/stack/data/venv/lib/python3.12/site-packages/dbcounter.py:115}}
Jul 02 23:24:27.416601 np0000004334 devstack@neutron-api.service[90484]: DEBUG dbcounter [-] [90484] Writing DB stats neutron:UPDATE=2,neutron:SELECT=40,neutron:INSERT=1 {{(pid=90484) stat_writer /opt/stack/data/venv/lib/python3.12/site-packages/dbcounter.py:115}}
Jul 02 23:24:27.427419 np0000004334 devstack@neutron-api.service[90482]: DEBUG dbcounter [-] [90482] Writing DB stats neutron:UPDATE=7,neutron:SELECT=256,neutron:INSERT=11,neutron:DELETE=2 {{(pid=90482) stat_writer /opt/stack/data/venv/lib/python3.12/site-packages/dbcounter.py:115}}
Jul 02 23:24:27.551680 np0000004334 devstack@neutron-api.service[90485]: DEBUG dbcounter [-] [90485] Writing DB stats neutron:UPDATE=11,neutron:SELECT=139,neutron:INSERT=14,neutron:DELETE=2 {{(pid=90485) stat_writer /opt/stack/data/venv/lib/python3.12/site-packages/dbcounter.py:115}}
Jul 02 23:24:31.463499 np0000004334 devstack@neutron-api.service[90483]: DEBUG futurist.periodics [-] Submitting periodic callback 'neutron.plugins.ml2.drivers.ovn.mech_driver.ovsdb.maintenance.HashRingHealthCheckPeriodics.touch_hash_ring_node' {{(pid=90483) _process_scheduled /opt/stack/data/venv/lib/python3.12/site-packages/futurist/periodics.py:784}}
Jul 02 23:24:31.463904 np0000004334 devstack@neutron-api.service[90483]: DEBUG neutron.plugins.ml2.drivers.ovn.mech_driver.ovsdb.maintenance [-] Touching Hash Ring node "b77c1029d72c5cd58dd37cb7ec357917" from periodic health check thread {{(pid=90483) touch_hash_ring_node /opt/stack/neutron/neutron/plugins/ml2/drivers/ovn/mech_driver/ovsdb/maintenance.py:1419}}
Jul 02 23:24:32.409371 np0000004334 devstack@neutron-api.service[90484]: DEBUG futurist.periodics [-] Submitting periodic callback 'neutron.plugins.ml2.drivers.ovn.mech_driver.ovsdb.maintenance.HashRingHealthCheckPeriodics.touch_hash_ring_node' {{(pid=90484) _process_scheduled /opt/stack/data/venv/lib/python3.12/site-packages/futurist/periodics.py:784}}
Jul 02 23:24:32.409864 np0000004334 devstack@neutron-api.service[90484]: DEBUG neutron.plugins.ml2.drivers.ovn.mech_driver.ovsdb.maintenance [-] Touching Hash Ring node "3f5696eaa0c356118b19974a99fbace5" from periodic health check thread {{(pid=90484) touch_hash_ring_node /opt/stack/neutron/neutron/plugins/ml2/drivers/ovn/mech_driver/ovsdb/maintenance.py:1419}}
Jul 02 23:24:32.420237 np0000004334 devstack@neutron-api.service[90482]: DEBUG futurist.periodics [-] Submitting periodic callback 'neutron.plugins.ml2.drivers.ovn.mech_driver.ovsdb.maintenance.HashRingHealthCheckPeriodics.touch_hash_ring_node' {{(pid=90482) _process_scheduled /opt/stack/data/venv/lib/python3.12/site-packages/futurist/periodics.py:784}}
Jul 02 23:24:32.420684 np0000004334 devstack@neutron-api.service[90482]: DEBUG neutron.plugins.ml2.drivers.ovn.mech_driver.ovsdb.maintenance [-] Touching Hash Ring node "c9faba2e448659969b39adb40eb4e3a4" from periodic health check thread {{(pid=90482) touch_hash_ring_node /opt/stack/neutron/neutron/plugins/ml2/drivers/ovn/mech_driver/ovsdb/maintenance.py:1419}}
Jul 02 23:24:32.544672 np0000004334 devstack@neutron-api.service[90485]: DEBUG futurist.periodics [-] Submitting periodic callback 'neutron.plugins.ml2.drivers.ovn.mech_driver.ovsdb.maintenance.HashRingHealthCheckPeriodics.touch_hash_ring_node' {{(pid=90485) _process_scheduled /opt/stack/data/venv/lib/python3.12/site-packages/futurist/periodics.py:784}}
Jul 02 23:24:32.545105 np0000004334 devstack@neutron-api.service[90485]: DEBUG neutron.plugins.ml2.drivers.ovn.mech_driver.ovsdb.maintenance [-] Touching Hash Ring node "7cc51f4aeffd52e5be8b79871755284d" from periodic health check thread {{(pid=90485) touch_hash_ring_node /opt/stack/neutron/neutron/plugins/ml2/drivers/ovn/mech_driver/ovsdb/maintenance.py:1419}}
Jul 02 23:24:35.722276 np0000004334 devstack@neutron-api.service[90485]: DEBUG neutron.api.wsgi [None req-eb7dfff7-9d98-49cd-8190-acb3e04b896f tempest-verify_tempest_config-1824017812 tempest-verify_tempest_config-1824017812-project-member] https://10.4.3.97/networking/v2.0/extensions returned with HTTP 200 {{(pid=90485) __call__ /opt/stack/neutron/neutron/api/wsgi.py:540}}
Jul 02 23:24:35.722734 np0000004334 devstack@neutron-api.service[90485]: [pid: 90485|app: 0|req: 10/41] 10.4.3.97 () {66 vars in 1254 bytes} [Thu Jul 2 23:24:35 2026] GET /networking/v2.0/extensions => generated 16171 bytes in 3 msecs (HTTP/1.1 200) 4 headers in 159 bytes (1 switches on core 0)
Jul 02 23:24:36.243001 np0000004334 devstack@neutron-api.service[90483]: DEBUG neutron_lib.callbacks.manager [None req-43f5fe0b-8117-48c5-bd53-7d2670b941bf admin admin] Publish callbacks [] for security_group (None), before_create {{(pid=90483) _notify_loop /opt/stack/data/venv/lib/python3.12/site-packages/neutron_lib/callbacks/manager.py:184}}
Jul 02 23:24:36.349091 np0000004334 devstack@neutron-api.service[90483]: DEBUG neutron_lib.callbacks.manager [None req-43f5fe0b-8117-48c5-bd53-7d2670b941bf admin admin] Publish callbacks ['neutron.plugins.ml2.drivers.ovn.mech_driver.mech_driver.OVNMechanismDriver._create_security_group_precommit-462412'] for security_group (fe0a4d2a-194e-4ae8-9e3f-bfb19bfdafe2), precommit_create {{(pid=90483) _notify_loop /opt/stack/data/venv/lib/python3.12/site-packages/neutron_lib/callbacks/manager.py:184}}
Jul 02 23:24:36.349269 np0000004334 devstack@neutron-api.service[90483]: DEBUG neutron.db.ovn_revision_numbers_db [None req-43f5fe0b-8117-48c5-bd53-7d2670b941bf admin admin] create_initial_revision uuid=fe0a4d2a-194e-4ae8-9e3f-bfb19bfdafe2, type=security_groups, rev=-1 {{(pid=90483) create_initial_revision /opt/stack/neutron/neutron/db/ovn_revision_numbers_db.py:98}}
Jul 02 23:24:36.350601 np0000004334 devstack@neutron-api.service[90483]: DEBUG neutron.db.ovn_revision_numbers_db [None req-43f5fe0b-8117-48c5-bd53-7d2670b941bf admin admin] create_initial_revision uuid=9c3c8d50-7f3f-4195-8929-c6e59c78afa1, type=security_group_rules, rev=-1 {{(pid=90483) create_initial_revision /opt/stack/neutron/neutron/db/ovn_revision_numbers_db.py:98}}
Jul 02 23:24:36.351604 np0000004334 devstack@neutron-api.service[90483]: DEBUG neutron.db.ovn_revision_numbers_db [None req-43f5fe0b-8117-48c5-bd53-7d2670b941bf admin admin] create_initial_revision uuid=9c612316-917c-4b8e-a533-7d437ce6219b, type=security_group_rules, rev=-1 {{(pid=90483) create_initial_revision /opt/stack/neutron/neutron/db/ovn_revision_numbers_db.py:98}}
Jul 02 23:24:36.352487 np0000004334 devstack@neutron-api.service[90483]: DEBUG neutron.db.ovn_revision_numbers_db [None req-43f5fe0b-8117-48c5-bd53-7d2670b941bf admin admin] create_initial_revision uuid=a6f10531-e945-4aaf-90cf-725bc3dc0354, type=security_group_rules, rev=-1 {{(pid=90483) create_initial_revision /opt/stack/neutron/neutron/db/ovn_revision_numbers_db.py:98}}
Jul 02 23:24:36.353405 np0000004334 devstack@neutron-api.service[90483]: DEBUG neutron.db.ovn_revision_numbers_db [None req-43f5fe0b-8117-48c5-bd53-7d2670b941bf admin admin] create_initial_revision uuid=de5b5738-0cce-4dbd-aa21-60c113eb603a, type=security_group_rules, rev=-1 {{(pid=90483) create_initial_revision /opt/stack/neutron/neutron/db/ovn_revision_numbers_db.py:98}}
Jul 02 23:24:36.358014 np0000004334 devstack@neutron-api.service[90483]: DEBUG neutron_lib.callbacks.manager [None req-43f5fe0b-8117-48c5-bd53-7d2670b941bf admin admin] Publish callbacks ['neutron.plugins.ml2.drivers.ovn.mech_driver.mech_driver.OVNMechanismDriver._create_security_group-462422', 'neutron.plugins.ml2.ovo_rpc._ObjectChangeHandler.handle_event-1143835'] for security_group (fe0a4d2a-194e-4ae8-9e3f-bfb19bfdafe2), after_create {{(pid=90483) _notify_loop /opt/stack/data/venv/lib/python3.12/site-packages/neutron_lib/callbacks/manager.py:184}}
Jul 02 23:24:36.358962 np0000004334 devstack@neutron-api.service[90483]: DEBUG ovsdbapp.backend.ovs_idl.transaction [None req-fca815df-48f3-44c9-8115-422f95780ec3 None None] Running txn n=1 command(idx=0): PgAddCommand(_result=None, name=pg_fe0a4d2a_194e_4ae8_9e3f_bfb19bfdafe2, may_exist=False, columns={'acls': [], 'external_ids': {'neutron:security_group_id': 'fe0a4d2a-194e-4ae8-9e3f-bfb19bfdafe2'}}) {{(pid=90483) do_commit /opt/stack/data/venv/lib/python3.12/site-packages/ovsdbapp/backend/ovs_idl/transaction.py:89}}
Jul 02 23:24:36.359399 np0000004334 devstack@neutron-api.service[90483]: DEBUG ovsdbapp.backend.ovs_idl.transaction [None req-fca815df-48f3-44c9-8115-422f95780ec3 None None] Running txn n=1 command(idx=1): PgAclAddCommand(_result=None, entity=pg_fe0a4d2a_194e_4ae8_9e3f_bfb19bfdafe2, direction=from-lport, priority=1002, match=inport == @pg_fe0a4d2a_194e_4ae8_9e3f_bfb19bfdafe2 && ip4, action=allow-related, log=False, may_exist=True, severity=[], name=[], meter=[], external_ids={'neutron:security_group_rule_id': '9c3c8d50-7f3f-4195-8929-c6e59c78afa1'}) {{(pid=90483) do_commit /opt/stack/data/venv/lib/python3.12/site-packages/ovsdbapp/backend/ovs_idl/transaction.py:89}}
Jul 02 23:24:36.359822 np0000004334 devstack@neutron-api.service[90483]: DEBUG ovsdbapp.backend.ovs_idl.transaction [None req-fca815df-48f3-44c9-8115-422f95780ec3 None None] Running txn n=1 command(idx=2): PgAclAddCommand(_result=None, entity=pg_fe0a4d2a_194e_4ae8_9e3f_bfb19bfdafe2, direction=to-lport, priority=1002, match=outport == @pg_fe0a4d2a_194e_4ae8_9e3f_bfb19bfdafe2 && ip6 && ip6.src == $pg_fe0a4d2a_194e_4ae8_9e3f_bfb19bfdafe2_ip6, action=allow-related, log=False, may_exist=True, severity=[], name=[], meter=[], external_ids={'neutron:security_group_rule_id': '9c612316-917c-4b8e-a533-7d437ce6219b'}) {{(pid=90483) do_commit /opt/stack/data/venv/lib/python3.12/site-packages/ovsdbapp/backend/ovs_idl/transaction.py:89}}
Jul 02 23:24:36.360145 np0000004334 devstack@neutron-api.service[90483]: DEBUG ovsdbapp.backend.ovs_idl.transaction [None req-fca815df-48f3-44c9-8115-422f95780ec3 None None] Running txn n=1 command(idx=3): PgAclAddCommand(_result=None, entity=pg_fe0a4d2a_194e_4ae8_9e3f_bfb19bfdafe2, direction=from-lport, priority=1002, match=inport == @pg_fe0a4d2a_194e_4ae8_9e3f_bfb19bfdafe2 && ip6, action=allow-related, log=False, may_exist=True, severity=[], name=[], meter=[], external_ids={'neutron:security_group_rule_id': 'a6f10531-e945-4aaf-90cf-725bc3dc0354'}) {{(pid=90483) do_commit /opt/stack/data/venv/lib/python3.12/site-packages/ovsdbapp/backend/ovs_idl/transaction.py:89}}
Jul 02 23:24:36.360565 np0000004334 devstack@neutron-api.service[90483]: DEBUG ovsdbapp.backend.ovs_idl.transaction [None req-fca815df-48f3-44c9-8115-422f95780ec3 None None] Running txn n=1 command(idx=4): PgAclAddCommand(_result=None, entity=pg_fe0a4d2a_194e_4ae8_9e3f_bfb19bfdafe2, direction=to-lport, priority=1002, match=outport == @pg_fe0a4d2a_194e_4ae8_9e3f_bfb19bfdafe2 && ip4 && ip4.src == $pg_fe0a4d2a_194e_4ae8_9e3f_bfb19bfdafe2_ip4, action=allow-related, log=False, may_exist=True, severity=[], name=[], meter=[], external_ids={'neutron:security_group_rule_id': 'de5b5738-0cce-4dbd-aa21-60c113eb603a'}) {{(pid=90483) do_commit /opt/stack/data/venv/lib/python3.12/site-packages/ovsdbapp/backend/ovs_idl/transaction.py:89}}
Jul 02 23:24:36.367020 np0000004334 devstack@neutron-api.service[90482]: DEBUG neutron.plugins.ml2.drivers.ovn.mech_driver.ovsdb.ovsdb_monitor [None req-c02e4dc4-3103-4cd2-b081-a0b9b8794610 None None] Touching Hash Ring node "c9faba2e448659969b39adb40eb4e3a4" from IDL notify handler {{(pid=90482) notify /opt/stack/neutron/neutron/plugins/ml2/drivers/ovn/mech_driver/ovsdb/ovsdb_monitor.py:1007}}
Jul 02 23:24:36.367454 np0000004334 devstack@neutron-api.service[90485]: DEBUG neutron.plugins.ml2.drivers.ovn.mech_driver.ovsdb.ovsdb_monitor [None req-965227ea-8f86-4889-aa01-480bba662242 None None] Touching Hash Ring node "7cc51f4aeffd52e5be8b79871755284d" from IDL notify handler {{(pid=90485) notify /opt/stack/neutron/neutron/plugins/ml2/drivers/ovn/mech_driver/ovsdb/ovsdb_monitor.py:1007}}
Jul 02 23:24:36.367677 np0000004334 devstack@neutron-api.service[90483]: DEBUG neutron.plugins.ml2.drivers.ovn.mech_driver.ovsdb.ovsdb_monitor [None req-fca815df-48f3-44c9-8115-422f95780ec3 None None] Touching Hash Ring node "b77c1029d72c5cd58dd37cb7ec357917" from IDL notify handler {{(pid=90483) notify /opt/stack/neutron/neutron/plugins/ml2/drivers/ovn/mech_driver/ovsdb/ovsdb_monitor.py:1007}}
Jul 02 23:24:36.373127 np0000004334 devstack@neutron-api.service[90482]: DEBUG neutron.plugins.ml2.drivers.ovn.mech_driver.ovsdb.ovsdb_monitor [None req-c02e4dc4-3103-4cd2-b081-a0b9b8794610 None None] Hash Ring: Node c9faba2e448659969b39adb40eb4e3a4 (host: np0000004334) handling event "create" for row 0e58f169-b3f4-48a6-a924-23126da56bef (table: ACL) {{(pid=90482) notify /opt/stack/neutron/neutron/plugins/ml2/drivers/ovn/mech_driver/ovsdb/ovsdb_monitor.py:1015}}
Jul 02 23:24:36.373574 np0000004334 devstack@neutron-api.service[90482]: DEBUG neutron.plugins.ml2.drivers.ovn.mech_driver.ovsdb.ovsdb_monitor [None req-c02e4dc4-3103-4cd2-b081-a0b9b8794610 None None] Touching Hash Ring node "c9faba2e448659969b39adb40eb4e3a4" from IDL notify handler {{(pid=90482) notify /opt/stack/neutron/neutron/plugins/ml2/drivers/ovn/mech_driver/ovsdb/ovsdb_monitor.py:1007}}
Jul 02 23:24:36.373860 np0000004334 devstack@neutron-api.service[90483]: DEBUG neutron.plugins.ml2.drivers.ovn.mech_driver.ovsdb.ovsdb_monitor [None req-fca815df-48f3-44c9-8115-422f95780ec3 None None] Hash Ring: Node b77c1029d72c5cd58dd37cb7ec357917 (host: np0000004334) handling event "create" for row bbe148df-699c-495c-97d2-369851c9ecf8 (table: Port_Group) {{(pid=90483) notify /opt/stack/neutron/neutron/plugins/ml2/drivers/ovn/mech_driver/ovsdb/ovsdb_monitor.py:1015}}
Jul 02 23:24:36.373916 np0000004334 devstack@neutron-api.service[90485]: DEBUG neutron.plugins.ml2.drivers.ovn.mech_driver.ovsdb.ovsdb_monitor [None req-965227ea-8f86-4889-aa01-480bba662242 None None] Hash Ring: Node 7cc51f4aeffd52e5be8b79871755284d (host: np0000004334) handling event "create" for row 92133d16-4f6a-4839-b6b7-c1186eb2ca95 (table: ACL) {{(pid=90485) notify /opt/stack/neutron/neutron/plugins/ml2/drivers/ovn/mech_driver/ovsdb/ovsdb_monitor.py:1015}}
Jul 02 23:24:36.376021 np0000004334 devstack@neutron-api.service[90485]: DEBUG neutron.plugins.ml2.drivers.ovn.mech_driver.ovsdb.ovsdb_monitor [None req-965227ea-8f86-4889-aa01-480bba662242 None None] Touching Hash Ring node "7cc51f4aeffd52e5be8b79871755284d" from IDL notify handler {{(pid=90485) notify /opt/stack/neutron/neutron/plugins/ml2/drivers/ovn/mech_driver/ovsdb/ovsdb_monitor.py:1007}}
Jul 02 23:24:36.376296 np0000004334 devstack@neutron-api.service[90482]: DEBUG neutron.plugins.ml2.drivers.ovn.mech_driver.ovsdb.ovsdb_monitor [None req-c02e4dc4-3103-4cd2-b081-a0b9b8794610 None None] Hash Ring: Node c9faba2e448659969b39adb40eb4e3a4 (host: np0000004334) handling event "create" for row a99baa39-e3c5-472b-99a5-e5373799b057 (table: ACL) {{(pid=90482) notify /opt/stack/neutron/neutron/plugins/ml2/drivers/ovn/mech_driver/ovsdb/ovsdb_monitor.py:1015}}
Jul 02 23:24:36.377082 np0000004334 devstack@neutron-api.service[90485]: DEBUG neutron.plugins.ml2.drivers.ovn.mech_driver.ovsdb.ovsdb_monitor [None req-965227ea-8f86-4889-aa01-480bba662242 None None] Hash Ring: Node 7cc51f4aeffd52e5be8b79871755284d (host: np0000004334) handling event "create" for row f19a8fe9-0ed7-4fb1-89a2-c1b870bc8a2e (table: ACL) {{(pid=90485) notify /opt/stack/neutron/neutron/plugins/ml2/drivers/ovn/mech_driver/ovsdb/ovsdb_monitor.py:1015}}
Jul 02 23:24:36.609336 np0000004334 devstack@neutron-api.service[90483]: INFO neutron.db.ovn_revision_numbers_db [None req-43f5fe0b-8117-48c5-bd53-7d2670b941bf admin admin] Successfully bumped revision number for resource fe0a4d2a-194e-4ae8-9e3f-bfb19bfdafe2 (type: security_groups) to 1
Jul 02 23:24:36.625061 np0000004334 devstack@neutron-api.service[90483]: INFO neutron.db.ovn_revision_numbers_db [None req-43f5fe0b-8117-48c5-bd53-7d2670b941bf admin admin] Successfully bumped revision number for resource 9c3c8d50-7f3f-4195-8929-c6e59c78afa1 (type: security_group_rules) to 0
Jul 02 23:24:36.637655 np0000004334 devstack@neutron-api.service[90483]: INFO neutron.db.ovn_revision_numbers_db [None req-43f5fe0b-8117-48c5-bd53-7d2670b941bf admin admin] Successfully bumped revision number for resource 9c612316-917c-4b8e-a533-7d437ce6219b (type: security_group_rules) to 0
Jul 02 23:24:36.646308 np0000004334 devstack@neutron-api.service[90483]: INFO neutron.db.ovn_revision_numbers_db [None req-43f5fe0b-8117-48c5-bd53-7d2670b941bf admin admin] Successfully bumped revision number for resource a6f10531-e945-4aaf-90cf-725bc3dc0354 (type: security_group_rules) to 0
Jul 02 23:24:36.654732 np0000004334 devstack@neutron-api.service[90483]: INFO neutron.db.ovn_revision_numbers_db [None req-43f5fe0b-8117-48c5-bd53-7d2670b941bf admin admin] Successfully bumped revision number for resource de5b5738-0cce-4dbd-aa21-60c113eb603a (type: security_group_rules) to 0
Jul 02 23:24:36.671847 np0000004334 devstack@neutron-api.service[90483]: DEBUG neutron.api.rpc.handlers.resources_rpc [None req-43f5fe0b-8117-48c5-bd53-7d2670b941bf admin admin] Pushing event updated for resources: {'SecurityGroup': ['ID=fe0a4d2a-194e-4ae8-9e3f-bfb19bfdafe2,revision_number=1']} {{(pid=90483) push /opt/stack/neutron/neutron/api/rpc/handlers/resources_rpc.py:237}}
Jul 02 23:24:36.676622 np0000004334 devstack@neutron-api.service[90483]: DEBUG neutron.api.rpc.callbacks.version_manager [None req-43f5fe0b-8117-48c5-bd53-7d2670b941bf admin admin] Tracked resource versions report:
Jul 02 23:24:36.676622 np0000004334 devstack@neutron-api.service[90483]: pushed versions:
Jul 02 23:24:36.676622 np0000004334 devstack@neutron-api.service[90483]: { 'AddressGroup': {'1.2'},
Jul 02 23:24:36.676622 np0000004334 devstack@neutron-api.service[90483]: 'Agent': {'1.1'},
Jul 02 23:24:36.676622 np0000004334 devstack@neutron-api.service[90483]: 'ConntrackHelper': {'1.0'},
Jul 02 23:24:36.676622 np0000004334 devstack@neutron-api.service[90483]: 'LocalIPAssociation': {'1.0'},
Jul 02 23:24:36.676622 np0000004334 devstack@neutron-api.service[90483]: 'Log': {'1.0'},
Jul 02 23:24:36.676622 np0000004334 devstack@neutron-api.service[90483]: 'NDPProxy': {'1.0'},
Jul 02 23:24:36.676622 np0000004334 devstack@neutron-api.service[90483]: 'Network': {'1.3'},
Jul 02 23:24:36.676622 np0000004334 devstack@neutron-api.service[90483]: 'Port': {'1.11'},
Jul 02 23:24:36.676622 np0000004334 devstack@neutron-api.service[90483]: 'PortForwarding': {'1.3'},
Jul 02 23:24:36.676622 np0000004334 devstack@neutron-api.service[90483]: 'QosPolicy': {'1.10'},
Jul 02 23:24:36.676622 np0000004334 devstack@neutron-api.service[90483]: 'SecurityGroup': {'1.6'},
Jul 02 23:24:36.676622 np0000004334 devstack@neutron-api.service[90483]: 'SecurityGroupRule': {'1.3'},
Jul 02 23:24:36.676622 np0000004334 devstack@neutron-api.service[90483]: 'SubPort': {'1.0'},
Jul 02 23:24:36.676622 np0000004334 devstack@neutron-api.service[90483]: 'Subnet': {'1.2'},
Jul 02 23:24:36.676622 np0000004334 devstack@neutron-api.service[90483]: 'Trunk': {'1.1'}}
Jul 02 23:24:36.676622 np0000004334 devstack@neutron-api.service[90483]: consumer versions:
Jul 02 23:24:36.676622 np0000004334 devstack@neutron-api.service[90483]: { OVN Controller Gateway agent@np0000004334: {},
Jul 02 23:24:36.676622 np0000004334 devstack@neutron-api.service[90483]: OVN Neutron agent@np0000004334: {}}
Jul 02 23:24:36.676622 np0000004334 devstack@neutron-api.service[90483]: {{(pid=90483) report /opt/stack/neutron/neutron/api/rpc/callbacks/version_manager.py:183}}
Jul 02 23:24:36.692406 np0000004334 devstack@neutron-api.service[90483]: [pid: 90483|app: 0|req: 12/42] 10.4.3.97 () {66 vars in 1382 bytes} [Thu Jul 2 23:24:36 2026] GET /networking/v2.0/security-groups?project_id=037c1d75e3ac40ca9959519a1fd682ea&name=default => generated 2921 bytes in 605 msecs (HTTP/1.1 200) 4 headers in 158 bytes (1 switches on core 0)
Jul 02 23:24:36.745839 np0000004334 devstack@neutron-api.service[90484]: DEBUG neutron_lib.callbacks.manager [None req-1a36ec31-1793-47a7-a79c-53fe3f628061 admin admin] Publish callbacks [] for security_group (fe0a4d2a-194e-4ae8-9e3f-bfb19bfdafe2), before_delete {{(pid=90484) _notify_loop /opt/stack/data/venv/lib/python3.12/site-packages/neutron_lib/callbacks/manager.py:184}}
Jul 02 23:24:36.763408 np0000004334 devstack@neutron-api.service[90484]: DEBUG neutron_lib.callbacks.manager [None req-1a36ec31-1793-47a7-a79c-53fe3f628061 admin admin] Publish callbacks ['neutron.plugins.ml2.drivers.ovn.mech_driver.mech_driver.OVNMechanismDriver._delete_security_group_precommit-354175'] for security_group (fe0a4d2a-194e-4ae8-9e3f-bfb19bfdafe2), precommit_delete {{(pid=90484) _notify_loop /opt/stack/data/venv/lib/python3.12/site-packages/neutron_lib/callbacks/manager.py:184}}
Jul 02 23:24:36.791144 np0000004334 devstack@neutron-api.service[90484]: DEBUG neutron.db.ovn_revision_numbers_db [None req-1a36ec31-1793-47a7-a79c-53fe3f628061 admin admin] delete_revision(9c612316-917c-4b8e-a533-7d437ce6219b) {{(pid=90484) delete_revision /opt/stack/neutron/neutron/db/ovn_revision_numbers_db.py:112}}
Jul 02 23:24:36.795064 np0000004334 devstack@neutron-api.service[90484]: DEBUG neutron.db.ovn_revision_numbers_db [None req-1a36ec31-1793-47a7-a79c-53fe3f628061 admin admin] delete_revision(de5b5738-0cce-4dbd-aa21-60c113eb603a) {{(pid=90484) delete_revision /opt/stack/neutron/neutron/db/ovn_revision_numbers_db.py:112}}
Jul 02 23:24:36.797085 np0000004334 devstack@neutron-api.service[90484]: DEBUG ovsdbapp.backend.ovs_idl.transaction [None req-c53ff695-1a23-423a-ba81-9c9768a65d8d None None] Running txn n=1 command(idx=0): PgAclDelCommand(_result=None, entity=pg_fe0a4d2a_194e_4ae8_9e3f_bfb19bfdafe2, if_exists=False, conditions=[('direction', '=', 'to-lport'), ('priority', '=', 1002), ('match', '=', 'outport == @pg_fe0a4d2a_194e_4ae8_9e3f_bfb19bfdafe2 && ip6 && ip6.src == $pg_fe0a4d2a_194e_4ae8_9e3f_bfb19bfdafe2_ip6')]) {{(pid=90484) do_commit /opt/stack/data/venv/lib/python3.12/site-packages/ovsdbapp/backend/ovs_idl/transaction.py:89}}
Jul 02 23:24:36.797398 np0000004334 devstack@neutron-api.service[90484]: DEBUG ovsdbapp.backend.ovs_idl.transaction [None req-c53ff695-1a23-423a-ba81-9c9768a65d8d None None] Running txn n=1 command(idx=1): PgAclDelCommand(_result=None, entity=pg_fe0a4d2a_194e_4ae8_9e3f_bfb19bfdafe2, if_exists=False, conditions=[('direction', '=', 'to-lport'), ('priority', '=', 1002), ('match', '=', 'outport == @pg_fe0a4d2a_194e_4ae8_9e3f_bfb19bfdafe2 && ip4 && ip4.src == $pg_fe0a4d2a_194e_4ae8_9e3f_bfb19bfdafe2_ip4')]) {{(pid=90484) do_commit /opt/stack/data/venv/lib/python3.12/site-packages/ovsdbapp/backend/ovs_idl/transaction.py:89}}
Jul 02 23:24:36.812071 np0000004334 devstack@neutron-api.service[90482]: DEBUG neutron.plugins.ml2.drivers.ovn.mech_driver.ovsdb.ovsdb_monitor [None req-c02e4dc4-3103-4cd2-b081-a0b9b8794610 None None] Touching Hash Ring node "c9faba2e448659969b39adb40eb4e3a4" from IDL notify handler {{(pid=90482) notify /opt/stack/neutron/neutron/plugins/ml2/drivers/ovn/mech_driver/ovsdb/ovsdb_monitor.py:1007}}
Jul 02 23:24:36.812266 np0000004334 devstack@neutron-api.service[90485]: DEBUG neutron.plugins.ml2.drivers.ovn.mech_driver.ovsdb.ovsdb_monitor [None req-965227ea-8f86-4889-aa01-480bba662242 None None] Touching Hash Ring node "7cc51f4aeffd52e5be8b79871755284d" from IDL notify handler {{(pid=90485) notify /opt/stack/neutron/neutron/plugins/ml2/drivers/ovn/mech_driver/ovsdb/ovsdb_monitor.py:1007}}
