Jul 08 08:59:39.473613 np0000004802 nova-conductor[99192]: DEBUG cotyledon.oslo_config_glue [-] oslo_messaging_rabbit.kombu_reconnect_delay = 1.0 {{(pid=99192) log_opt_values /opt/stack/data/venv/lib/python3.12/site-packages/oslo_config/cfg.py:3253}}
Jul 08 08:59:39.473613 np0000004802 nova-conductor[99192]: DEBUG cotyledon.oslo_config_glue [-] oslo_messaging_rabbit.kombu_reconnect_splay = 0.0 {{(pid=99192) log_opt_values /opt/stack/data/venv/lib/python3.12/site-packages/oslo_config/cfg.py:3253}}
Jul 08 08:59:39.473613 np0000004802 nova-conductor[99192]: DEBUG cotyledon.oslo_config_glue [-] oslo_messaging_rabbit.processname = nova-conductor {{(pid=99192) log_opt_values /opt/stack/data/venv/lib/python3.12/site-packages/oslo_config/cfg.py:3253}}
Jul 08 08:59:39.473613 np0000004802 nova-conductor[99192]: DEBUG cotyledon.oslo_config_glue [-] oslo_messaging_rabbit.rabbit_ha_queues = False {{(pid=99192) log_opt_values /opt/stack/data/venv/lib/python3.12/site-packages/oslo_config/cfg.py:3253}}
Jul 08 08:59:39.473613 np0000004802 nova-conductor[99192]: DEBUG cotyledon.oslo_config_glue [-] oslo_messaging_rabbit.rabbit_interval_max = 30 {{(pid=99192) log_opt_values /opt/stack/data/venv/lib/python3.12/site-packages/oslo_config/cfg.py:3253}}
Jul 08 08:59:39.473613 np0000004802 nova-conductor[99192]: DEBUG cotyledon.oslo_config_glue [-] oslo_messaging_rabbit.rabbit_login_method = AMQPLAIN {{(pid=99192) log_opt_values /opt/stack/data/venv/lib/python3.12/site-packages/oslo_config/cfg.py:3253}}
Jul 08 08:59:39.473613 np0000004802 nova-conductor[99192]: DEBUG cotyledon.oslo_config_glue [-] oslo_messaging_rabbit.rabbit_qos_prefetch_count = 0 {{(pid=99192) log_opt_values /opt/stack/data/venv/lib/python3.12/site-packages/oslo_config/cfg.py:3253}}
Jul 08 08:59:39.473613 np0000004802 nova-conductor[99192]: DEBUG cotyledon.oslo_config_glue [-] oslo_messaging_rabbit.rabbit_quorum_delivery_limit = 0 {{(pid=99192) log_opt_values /opt/stack/data/venv/lib/python3.12/site-packages/oslo_config/cfg.py:3253}}
Jul 08 08:59:39.473613 np0000004802 nova-conductor[99192]: DEBUG cotyledon.oslo_config_glue [-] oslo_messaging_rabbit.rabbit_quorum_max_memory_bytes = 0 {{(pid=99192) log_opt_values /opt/stack/data/venv/lib/python3.12/site-packages/oslo_config/cfg.py:3253}}
Jul 08 08:59:39.473883 np0000004802 nova-conductor[99192]: DEBUG cotyledon.oslo_config_glue [-] oslo_messaging_rabbit.rabbit_quorum_max_memory_length = 0 {{(pid=99192) log_opt_values /opt/stack/data/venv/lib/python3.12/site-packages/oslo_config/cfg.py:3253}}
Jul 08 08:59:39.473883 np0000004802 nova-conductor[99192]: DEBUG cotyledon.oslo_config_glue [-] oslo_messaging_rabbit.rabbit_quorum_queue = False {{(pid=99192) log_opt_values /opt/stack/data/venv/lib/python3.12/site-packages/oslo_config/cfg.py:3253}}
Jul 08 08:59:39.473883 np0000004802 nova-conductor[99192]: DEBUG cotyledon.oslo_config_glue [-] oslo_messaging_rabbit.rabbit_retry_backoff = 2 {{(pid=99192) log_opt_values /opt/stack/data/venv/lib/python3.12/site-packages/oslo_config/cfg.py:3253}}
Jul 08 08:59:39.473883 np0000004802 nova-conductor[99192]: DEBUG cotyledon.oslo_config_glue [-] oslo_messaging_rabbit.rabbit_retry_interval = 1 {{(pid=99192) log_opt_values /opt/stack/data/venv/lib/python3.12/site-packages/oslo_config/cfg.py:3253}}
Jul 08 08:59:39.473883 np0000004802 nova-conductor[99192]: DEBUG cotyledon.oslo_config_glue [-] oslo_messaging_rabbit.rabbit_stream_fanout = False {{(pid=99192) log_opt_values /opt/stack/data/venv/lib/python3.12/site-packages/oslo_config/cfg.py:3253}}
Jul 08 08:59:39.473883 np0000004802 nova-conductor[99192]: DEBUG cotyledon.oslo_config_glue [-] oslo_messaging_rabbit.rabbit_transient_queues_ttl = 1800 {{(pid=99192) log_opt_values /opt/stack/data/venv/lib/python3.12/site-packages/oslo_config/cfg.py:3253}}
Jul 08 08:59:39.473883 np0000004802 nova-conductor[99192]: DEBUG cotyledon.oslo_config_glue [-] oslo_messaging_rabbit.rabbit_transient_quorum_queue = False {{(pid=99192) log_opt_values /opt/stack/data/venv/lib/python3.12/site-packages/oslo_config/cfg.py:3253}}
Jul 08 08:59:39.473883 np0000004802 nova-conductor[99192]: DEBUG cotyledon.oslo_config_glue [-] oslo_messaging_rabbit.rpc_conn_pool_size = 30 {{(pid=99192) log_opt_values /opt/stack/data/venv/lib/python3.12/site-packages/oslo_config/cfg.py:3253}}
Jul 08 08:59:39.473883 np0000004802 nova-conductor[99192]: DEBUG cotyledon.oslo_config_glue [-] oslo_messaging_rabbit.ssl = False {{(pid=99192) log_opt_values /opt/stack/data/venv/lib/python3.12/site-packages/oslo_config/cfg.py:3253}}
Jul 08 08:59:39.474152 np0000004802 nova-conductor[99192]: DEBUG cotyledon.oslo_config_glue [-] oslo_messaging_rabbit.ssl_ca_file = {{(pid=99192) log_opt_values /opt/stack/data/venv/lib/python3.12/site-packages/oslo_config/cfg.py:3253}}
Jul 08 08:59:39.474152 np0000004802 nova-conductor[99192]: DEBUG cotyledon.oslo_config_glue [-] oslo_messaging_rabbit.ssl_cert_file = {{(pid=99192) log_opt_values /opt/stack/data/venv/lib/python3.12/site-packages/oslo_config/cfg.py:3253}}
Jul 08 08:59:39.474152 np0000004802 nova-conductor[99192]: DEBUG cotyledon.oslo_config_glue [-] oslo_messaging_rabbit.ssl_enforce_fips_mode = False {{(pid=99192) log_opt_values /opt/stack/data/venv/lib/python3.12/site-packages/oslo_config/cfg.py:3253}}
Jul 08 08:59:39.474152 np0000004802 nova-conductor[99192]: DEBUG cotyledon.oslo_config_glue [-] oslo_messaging_rabbit.ssl_enforce_hostname_verification = True {{(pid=99192) log_opt_values /opt/stack/data/venv/lib/python3.12/site-packages/oslo_config/cfg.py:3253}}
Jul 08 08:59:39.474152 np0000004802 nova-conductor[99192]: DEBUG cotyledon.oslo_config_glue [-] oslo_messaging_rabbit.ssl_key_file = {{(pid=99192) log_opt_values /opt/stack/data/venv/lib/python3.12/site-packages/oslo_config/cfg.py:3253}}
Jul 08 08:59:39.474152 np0000004802 nova-conductor[99192]: DEBUG cotyledon.oslo_config_glue [-] oslo_messaging_rabbit.ssl_version = {{(pid=99192) log_opt_values /opt/stack/data/venv/lib/python3.12/site-packages/oslo_config/cfg.py:3253}}
Jul 08 08:59:39.474152 np0000004802 nova-conductor[99192]: DEBUG cotyledon.oslo_config_glue [-] oslo_messaging_rabbit.use_queue_manager = False {{(pid=99192) log_opt_values /opt/stack/data/venv/lib/python3.12/site-packages/oslo_config/cfg.py:3253}}
Jul 08 08:59:39.474152 np0000004802 nova-conductor[99192]: DEBUG cotyledon.oslo_config_glue [-] oslo_messaging_notifications.driver = [] {{(pid=99192) log_opt_values /opt/stack/data/venv/lib/python3.12/site-packages/oslo_config/cfg.py:3253}}
Jul 08 08:59:39.474152 np0000004802 nova-conductor[99192]: DEBUG cotyledon.oslo_config_glue [-] oslo_messaging_notifications.retry = -1 {{(pid=99192) log_opt_values /opt/stack/data/venv/lib/python3.12/site-packages/oslo_config/cfg.py:3253}}
Jul 08 08:59:39.474401 np0000004802 nova-conductor[99192]: DEBUG cotyledon.oslo_config_glue [-] oslo_messaging_notifications.topics = ['notifications'] {{(pid=99192) log_opt_values /opt/stack/data/venv/lib/python3.12/site-packages/oslo_config/cfg.py:3253}}
Jul 08 08:59:39.474401 np0000004802 nova-conductor[99192]: DEBUG cotyledon.oslo_config_glue [-] oslo_messaging_notifications.transport_url = **** {{(pid=99192) log_opt_values /opt/stack/data/venv/lib/python3.12/site-packages/oslo_config/cfg.py:3253}}
Jul 08 08:59:39.474401 np0000004802 nova-conductor[99192]: DEBUG cotyledon.oslo_config_glue [-] oslo_limit.auth_section = None {{(pid=99192) log_opt_values /opt/stack/data/venv/lib/python3.12/site-packages/oslo_config/cfg.py:3253}}
Jul 08 08:59:39.474401 np0000004802 nova-conductor[99192]: DEBUG cotyledon.oslo_config_glue [-] oslo_limit.auth_type = None {{(pid=99192) log_opt_values /opt/stack/data/venv/lib/python3.12/site-packages/oslo_config/cfg.py:3253}}
Jul 08 08:59:39.474401 np0000004802 nova-conductor[99192]: DEBUG cotyledon.oslo_config_glue [-] oslo_limit.cafile = None {{(pid=99192) log_opt_values /opt/stack/data/venv/lib/python3.12/site-packages/oslo_config/cfg.py:3253}}
Jul 08 08:59:39.474401 np0000004802 nova-conductor[99192]: DEBUG cotyledon.oslo_config_glue [-] oslo_limit.certfile = None {{(pid=99192) log_opt_values /opt/stack/data/venv/lib/python3.12/site-packages/oslo_config/cfg.py:3253}}
Jul 08 08:59:39.474401 np0000004802 nova-conductor[99192]: DEBUG cotyledon.oslo_config_glue [-] oslo_limit.collect_timing = False {{(pid=99192) log_opt_values /opt/stack/data/venv/lib/python3.12/site-packages/oslo_config/cfg.py:3253}}
Jul 08 08:59:39.474401 np0000004802 nova-conductor[99192]: DEBUG cotyledon.oslo_config_glue [-] oslo_limit.connect_retries = None {{(pid=99192) log_opt_values /opt/stack/data/venv/lib/python3.12/site-packages/oslo_config/cfg.py:3253}}
Jul 08 08:59:39.474401 np0000004802 nova-conductor[99192]: DEBUG cotyledon.oslo_config_glue [-] oslo_limit.connect_retry_delay = None {{(pid=99192) log_opt_values /opt/stack/data/venv/lib/python3.12/site-packages/oslo_config/cfg.py:3253}}
Jul 08 08:59:39.474590 np0000004802 nova-conductor[99192]: DEBUG cotyledon.oslo_config_glue [-] oslo_limit.endpoint_id = None {{(pid=99192) log_opt_values /opt/stack/data/venv/lib/python3.12/site-packages/oslo_config/cfg.py:3253}}
Jul 08 08:59:39.474590 np0000004802 nova-conductor[99192]: DEBUG cotyledon.oslo_config_glue [-] oslo_limit.endpoint_interface = public {{(pid=99192) log_opt_values /opt/stack/data/venv/lib/python3.12/site-packages/oslo_config/cfg.py:3253}}
Jul 08 08:59:39.474590 np0000004802 nova-conductor[99192]: DEBUG cotyledon.oslo_config_glue [-] oslo_limit.endpoint_override = None {{(pid=99192) log_opt_values /opt/stack/data/venv/lib/python3.12/site-packages/oslo_config/cfg.py:3253}}
Jul 08 08:59:39.474590 np0000004802 nova-conductor[99192]: DEBUG cotyledon.oslo_config_glue [-] oslo_limit.endpoint_region_name = None {{(pid=99192) log_opt_values /opt/stack/data/venv/lib/python3.12/site-packages/oslo_config/cfg.py:3253}}
Jul 08 08:59:39.474590 np0000004802 nova-conductor[99192]: DEBUG cotyledon.oslo_config_glue [-] oslo_limit.endpoint_service_name = None {{(pid=99192) log_opt_values /opt/stack/data/venv/lib/python3.12/site-packages/oslo_config/cfg.py:3253}}
Jul 08 08:59:39.474590 np0000004802 nova-conductor[99192]: DEBUG cotyledon.oslo_config_glue [-] oslo_limit.endpoint_service_type = None {{(pid=99192) log_opt_values /opt/stack/data/venv/lib/python3.12/site-packages/oslo_config/cfg.py:3253}}
Jul 08 08:59:39.474590 np0000004802 nova-conductor[99192]: DEBUG cotyledon.oslo_config_glue [-] oslo_limit.insecure = False {{(pid=99192) log_opt_values /opt/stack/data/venv/lib/python3.12/site-packages/oslo_config/cfg.py:3253}}
Jul 08 08:59:39.474590 np0000004802 nova-conductor[99192]: DEBUG cotyledon.oslo_config_glue [-] oslo_limit.keyfile = None {{(pid=99192) log_opt_values /opt/stack/data/venv/lib/python3.12/site-packages/oslo_config/cfg.py:3253}}
Jul 08 08:59:39.474590 np0000004802 nova-conductor[99192]: DEBUG cotyledon.oslo_config_glue [-] oslo_limit.max_version = None {{(pid=99192) log_opt_values /opt/stack/data/venv/lib/python3.12/site-packages/oslo_config/cfg.py:3253}}
Jul 08 08:59:39.475067 np0000004802 nova-conductor[99192]: DEBUG cotyledon.oslo_config_glue [-] oslo_limit.min_version = None {{(pid=99192) log_opt_values /opt/stack/data/venv/lib/python3.12/site-packages/oslo_config/cfg.py:3253}}
Jul 08 08:59:39.475067 np0000004802 nova-conductor[99192]: DEBUG cotyledon.oslo_config_glue [-] oslo_limit.region_name = None {{(pid=99192) log_opt_values /opt/stack/data/venv/lib/python3.12/site-packages/oslo_config/cfg.py:3253}}
Jul 08 08:59:39.475067 np0000004802 nova-conductor[99192]: DEBUG cotyledon.oslo_config_glue [-] oslo_limit.retriable_status_codes = None {{(pid=99192) log_opt_values /opt/stack/data/venv/lib/python3.12/site-packages/oslo_config/cfg.py:3253}}
Jul 08 08:59:39.475067 np0000004802 nova-conductor[99192]: DEBUG cotyledon.oslo_config_glue [-] oslo_limit.service_name = None {{(pid=99192) log_opt_values /opt/stack/data/venv/lib/python3.12/site-packages/oslo_config/cfg.py:3253}}
Jul 08 08:59:39.475067 np0000004802 nova-conductor[99192]: DEBUG cotyledon.oslo_config_glue [-] oslo_limit.service_type = None {{(pid=99192) log_opt_values /opt/stack/data/venv/lib/python3.12/site-packages/oslo_config/cfg.py:3253}}
Jul 08 08:59:39.475067 np0000004802 nova-conductor[99192]: DEBUG cotyledon.oslo_config_glue [-] oslo_limit.split_loggers = False {{(pid=99192) log_opt_values /opt/stack/data/venv/lib/python3.12/site-packages/oslo_config/cfg.py:3253}}
Jul 08 08:59:39.475067 np0000004802 nova-conductor[99192]: DEBUG cotyledon.oslo_config_glue [-] oslo_limit.status_code_retries = None {{(pid=99192) log_opt_values /opt/stack/data/venv/lib/python3.12/site-packages/oslo_config/cfg.py:3253}}
Jul 08 08:59:39.475067 np0000004802 nova-conductor[99192]: DEBUG cotyledon.oslo_config_glue [-] oslo_limit.status_code_retry_delay = None {{(pid=99192) log_opt_values /opt/stack/data/venv/lib/python3.12/site-packages/oslo_config/cfg.py:3253}}
Jul 08 08:59:39.475067 np0000004802 nova-conductor[99192]: DEBUG cotyledon.oslo_config_glue [-] oslo_limit.timeout = None {{(pid=99192) log_opt_values /opt/stack/data/venv/lib/python3.12/site-packages/oslo_config/cfg.py:3253}}
Jul 08 08:59:39.475298 np0000004802 nova-conductor[99192]: DEBUG cotyledon.oslo_config_glue [-] oslo_limit.valid_interfaces = None {{(pid=99192) log_opt_values /opt/stack/data/venv/lib/python3.12/site-packages/oslo_config/cfg.py:3253}}
Jul 08 08:59:39.475298 np0000004802 nova-conductor[99192]: DEBUG cotyledon.oslo_config_glue [-] oslo_limit.version = None {{(pid=99192) log_opt_values /opt/stack/data/venv/lib/python3.12/site-packages/oslo_config/cfg.py:3253}}
Jul 08 08:59:39.475298 np0000004802 nova-conductor[99192]: DEBUG cotyledon.oslo_config_glue [-] oslo_reports.file_event_handler = None {{(pid=99192) log_opt_values /opt/stack/data/venv/lib/python3.12/site-packages/oslo_config/cfg.py:3253}}
Jul 08 08:59:39.475298 np0000004802 nova-conductor[99192]: DEBUG cotyledon.oslo_config_glue [-] oslo_reports.file_event_handler_interval = 1 {{(pid=99192) log_opt_values /opt/stack/data/venv/lib/python3.12/site-packages/oslo_config/cfg.py:3253}}
Jul 08 08:59:39.475298 np0000004802 nova-conductor[99192]: DEBUG cotyledon.oslo_config_glue [-] oslo_reports.log_dir = None {{(pid=99192) log_opt_values /opt/stack/data/venv/lib/python3.12/site-packages/oslo_config/cfg.py:3253}}
Jul 08 08:59:39.475298 np0000004802 nova-conductor[99192]: DEBUG cotyledon.oslo_config_glue [-] ******************************************************************************** {{(pid=99192) log_opt_values /opt/stack/data/venv/lib/python3.12/site-packages/oslo_config/cfg.py:3260}}
Jul 08 08:59:39.475298 np0000004802 nova-conductor[99192]: DEBUG cotyledon._service_worker [-] Run service ServiceWrapper(3) [99192] {{(pid=99192) wait_forever /opt/stack/data/venv/lib/python3.12/site-packages/cotyledon/_service_worker.py:218}}
Jul 08 08:59:39.475298 np0000004802 nova-conductor[99192]: INFO nova.service [-] Starting conductor node (version 33.1.0)
Jul 08 08:59:39.475477 np0000004802 nova-conductor[99188]: DEBUG dbcounter [-] [99188] Writer thread running {{(pid=99188) stat_writer /opt/stack/data/venv/lib/python3.12/site-packages/dbcounter.py:102}}
Jul 08 08:59:39.475506 np0000004802 nova-conductor[99186]: DEBUG dbcounter [-] [99186] Writer thread running {{(pid=99186) stat_writer /opt/stack/data/venv/lib/python3.12/site-packages/dbcounter.py:102}}
Jul 08 08:59:39.483645 np0000004802 nova-conductor[99186]: DEBUG nova.service [None req-f357fe4c-8c37-4c98-84f9-2d4807f6b826 None None] Creating RPC server for service: nova-conductor on topic: conductor {{(pid=99186) start /opt/stack/nova/nova/service.py:196}}
Jul 08 08:59:39.484612 np0000004802 nova-conductor[99190]: DEBUG dbcounter [-] [99190] Writer thread running {{(pid=99190) stat_writer /opt/stack/data/venv/lib/python3.12/site-packages/dbcounter.py:102}}
Jul 08 08:59:39.488240 np0000004802 nova-conductor[99188]: DEBUG nova.service [None req-212c9807-8098-4de0-ab8f-e69898118e41 None None] Creating RPC server for service: nova-conductor on topic: conductor {{(pid=99188) start /opt/stack/nova/nova/service.py:196}}
Jul 08 08:59:39.488909 np0000004802 nova-conductor[99190]: DEBUG nova.service [None req-fa0be907-b28a-416c-af63-3c2bd2cc7330 None None] Creating RPC server for service: nova-conductor on topic: conductor {{(pid=99190) start /opt/stack/nova/nova/service.py:196}}
Jul 08 08:59:39.496985 np0000004802 nova-conductor[99192]: DEBUG dbcounter [-] [99192] Writer thread running {{(pid=99192) stat_writer /opt/stack/data/venv/lib/python3.12/site-packages/dbcounter.py:102}}
Jul 08 08:59:39.505783 np0000004802 nova-conductor[99192]: DEBUG nova.service [None req-052361da-0c7d-4fbe-9118-d867e1013fab None None] Creating RPC server for service: nova-conductor on topic: conductor {{(pid=99192) start /opt/stack/nova/nova/service.py:196}}
Jul 08 08:59:39.512999 np0000004802 nova-conductor[99186]: DEBUG nova.service [None req-f357fe4c-8c37-4c98-84f9-2d4807f6b826 None None] Join ServiceGroup membership for this service conductor {{(pid=99186) start /opt/stack/nova/nova/service.py:222}}
Jul 08 08:59:39.513252 np0000004802 nova-conductor[99188]: DEBUG nova.service [None req-212c9807-8098-4de0-ab8f-e69898118e41 None None] Join ServiceGroup membership for this service conductor {{(pid=99188) start /opt/stack/nova/nova/service.py:222}}
Jul 08 08:59:39.513575 np0000004802 nova-conductor[99188]: DEBUG nova.servicegroup.drivers.db [None req-212c9807-8098-4de0-ab8f-e69898118e41 None None] DB_Driver: join new ServiceGroup member np0000004802 to the conductor group, service = {{(pid=99188) join /opt/stack/nova/nova/servicegroup/drivers/db.py:44}}
Jul 08 08:59:39.513634 np0000004802 nova-conductor[99186]: DEBUG nova.servicegroup.drivers.db [None req-f357fe4c-8c37-4c98-84f9-2d4807f6b826 None None] DB_Driver: join new ServiceGroup member np0000004802 to the conductor group, service = {{(pid=99186) join /opt/stack/nova/nova/servicegroup/drivers/db.py:44}}
Jul 08 08:59:39.521175 np0000004802 nova-conductor[99190]: DEBUG nova.service [None req-fa0be907-b28a-416c-af63-3c2bd2cc7330 None None] Join ServiceGroup membership for this service conductor {{(pid=99190) start /opt/stack/nova/nova/service.py:222}}
Jul 08 08:59:39.521743 np0000004802 nova-conductor[99190]: DEBUG nova.servicegroup.drivers.db [None req-fa0be907-b28a-416c-af63-3c2bd2cc7330 None None] DB_Driver: join new ServiceGroup member np0000004802 to the conductor group, service = {{(pid=99190) join /opt/stack/nova/nova/servicegroup/drivers/db.py:44}}
Jul 08 08:59:39.521826 np0000004802 nova-conductor[99192]: DEBUG nova.service [None req-052361da-0c7d-4fbe-9118-d867e1013fab None None] Join ServiceGroup membership for this service conductor {{(pid=99192) start /opt/stack/nova/nova/service.py:222}}
Jul 08 08:59:39.522091 np0000004802 nova-conductor[99192]: DEBUG nova.servicegroup.drivers.db [None req-052361da-0c7d-4fbe-9118-d867e1013fab None None] DB_Driver: join new ServiceGroup member np0000004802 to the conductor group, service = {{(pid=99192) join /opt/stack/nova/nova/servicegroup/drivers/db.py:44}}
Jul 08 08:59:41.515937 np0000004802 nova-conductor[99188]: DEBUG oslo.service.backend._threading.loopingcall [None req-3f350eb0-e7ef-46b7-9de9-0f4ea5acb9e1 None None] Dynamic interval looping call 'nova.service.Service.periodic_tasks' sleeping for 60.00 seconds {{(pid=99188) _run_loop /opt/stack/data/venv/lib/python3.12/site-packages/oslo_service/backend/_threading/loopingcall.py:125}}
Jul 08 08:59:41.523698 np0000004802 nova-conductor[99190]: DEBUG oslo.service.backend._threading.loopingcall [None req-03697138-7c66-4249-bd7c-76de68c87613 None None] Dynamic interval looping call 'nova.service.Service.periodic_tasks' sleeping for 60.00 seconds {{(pid=99190) _run_loop /opt/stack/data/venv/lib/python3.12/site-packages/oslo_service/backend/_threading/loopingcall.py:125}}
Jul 08 08:59:42.524098 np0000004802 nova-conductor[99192]: DEBUG oslo.service.backend._threading.loopingcall [None req-643be7a4-1159-4e3c-8094-ad117c462ea8 None None] Dynamic interval looping call 'nova.service.Service.periodic_tasks' sleeping for 60.00 seconds {{(pid=99192) _run_loop /opt/stack/data/venv/lib/python3.12/site-packages/oslo_service/backend/_threading/loopingcall.py:125}}
Jul 08 08:59:44.529548 np0000004802 nova-conductor[99186]: DEBUG oslo.service.backend._threading.loopingcall [-] Fixed interval looping call 'nova.servicegroup.drivers.db.DbDriver._report_state' sleeping for 9.99 seconds {{(pid=99186) _run_loop /opt/stack/data/venv/lib/python3.12/site-packages/oslo_service/backend/_threading/loopingcall.py:125}}
Jul 08 08:59:44.534154 np0000004802 nova-conductor[99188]: DEBUG oslo.service.backend._threading.loopingcall [-] Fixed interval looping call 'nova.servicegroup.drivers.db.DbDriver._report_state' sleeping for 9.98 seconds {{(pid=99188) _run_loop /opt/stack/data/venv/lib/python3.12/site-packages/oslo_service/backend/_threading/loopingcall.py:125}}
Jul 08 08:59:44.534852 np0000004802 nova-conductor[99192]: DEBUG oslo.service.backend._threading.loopingcall [-] Fixed interval looping call 'nova.servicegroup.drivers.db.DbDriver._report_state' sleeping for 9.99 seconds {{(pid=99192) _run_loop /opt/stack/data/venv/lib/python3.12/site-packages/oslo_service/backend/_threading/loopingcall.py:125}}
Jul 08 08:59:44.538956 np0000004802 nova-conductor[99190]: DEBUG oslo.service.backend._threading.loopingcall [-] Fixed interval looping call 'nova.servicegroup.drivers.db.DbDriver._report_state' sleeping for 9.98 seconds {{(pid=99190) _run_loop /opt/stack/data/venv/lib/python3.12/site-packages/oslo_service/backend/_threading/loopingcall.py:125}}
Jul 08 08:59:49.238023 np0000004802 nova-conductor[98115]: DEBUG dbcounter [-] [98115] Writing DB stats nova_cell1:SELECT=1 {{(pid=98115) stat_writer /opt/stack/data/venv/lib/python3.12/site-packages/dbcounter.py:115}}
Jul 08 08:59:54.539600 np0000004802 nova-conductor[99188]: DEBUG oslo.service.backend._threading.loopingcall [-] Fixed interval looping call 'nova.servicegroup.drivers.db.DbDriver._report_state' sleeping for 9.97 seconds {{(pid=99188) _run_loop /opt/stack/data/venv/lib/python3.12/site-packages/oslo_service/backend/_threading/loopingcall.py:125}}
Jul 08 08:59:54.540397 np0000004802 nova-conductor[99190]: DEBUG oslo.service.backend._threading.loopingcall [-] Fixed interval looping call 'nova.servicegroup.drivers.db.DbDriver._report_state' sleeping for 9.98 seconds {{(pid=99190) _run_loop /opt/stack/data/venv/lib/python3.12/site-packages/oslo_service/backend/_threading/loopingcall.py:125}}
Jul 08 08:59:54.541219 np0000004802 nova-conductor[99186]: DEBUG oslo.service.backend._threading.loopingcall [-] Fixed interval looping call 'nova.servicegroup.drivers.db.DbDriver._report_state' sleeping for 9.98 seconds {{(pid=99186) _run_loop /opt/stack/data/venv/lib/python3.12/site-packages/oslo_service/backend/_threading/loopingcall.py:125}}
Jul 08 08:59:54.541574 np0000004802 nova-conductor[99192]: DEBUG oslo.service.backend._threading.loopingcall [-] Fixed interval looping call 'nova.servicegroup.drivers.db.DbDriver._report_state' sleeping for 9.98 seconds {{(pid=99192) _run_loop /opt/stack/data/venv/lib/python3.12/site-packages/oslo_service/backend/_threading/loopingcall.py:125}}
Jul 08 09:00:04.523599 np0000004802 nova-conductor[99188]: DEBUG oslo.service.backend._threading.loopingcall [-] Fixed interval looping call 'nova.servicegroup.drivers.db.DbDriver._report_state' sleeping for 9.99 seconds {{(pid=99188) _run_loop /opt/stack/data/venv/lib/python3.12/site-packages/oslo_service/backend/_threading/loopingcall.py:125}}
Jul 08 09:00:04.524396 np0000004802 nova-conductor[99186]: DEBUG oslo.service.backend._threading.loopingcall [-] Fixed interval looping call 'nova.servicegroup.drivers.db.DbDriver._report_state' sleeping for 10.00 seconds {{(pid=99186) _run_loop /opt/stack/data/venv/lib/python3.12/site-packages/oslo_service/backend/_threading/loopingcall.py:125}}
Jul 08 09:00:04.524862 np0000004802 nova-conductor[99190]: DEBUG oslo.service.backend._threading.loopingcall [-] Fixed interval looping call 'nova.servicegroup.drivers.db.DbDriver._report_state' sleeping for 10.00 seconds {{(pid=99190) _run_loop /opt/stack/data/venv/lib/python3.12/site-packages/oslo_service/backend/_threading/loopingcall.py:125}}
Jul 08 09:00:04.526019 np0000004802 nova-conductor[99192]: DEBUG oslo.service.backend._threading.loopingcall [-] Fixed interval looping call 'nova.servicegroup.drivers.db.DbDriver._report_state' sleeping for 10.00 seconds {{(pid=99192) _run_loop /opt/stack/data/venv/lib/python3.12/site-packages/oslo_service/backend/_threading/loopingcall.py:125}}
Jul 08 09:00:14.523141 np0000004802 nova-conductor[99186]: DEBUG dbcounter [-] [99186] Writing DB stats nova_cell1:SELECT=10,nova_cell1:INSERT=2,nova_cell1:UPDATE=3 {{(pid=99186) stat_writer /opt/stack/data/venv/lib/python3.12/site-packages/dbcounter.py:115}}
Jul 08 09:00:14.524328 np0000004802 nova-conductor[99192]: DEBUG dbcounter [-] [99192] Writing DB stats nova_cell1:SELECT=8,nova_cell1:UPDATE=1,nova_cell1:INSERT=1 {{(pid=99192) stat_writer /opt/stack/data/venv/lib/python3.12/site-packages/dbcounter.py:115}}
Jul 08 09:00:14.526473 np0000004802 nova-conductor[99188]: DEBUG oslo.service.backend._threading.loopingcall [-] Fixed interval looping call 'nova.servicegroup.drivers.db.DbDriver._report_state' sleeping for 9.99 seconds {{(pid=99188) _run_loop /opt/stack/data/venv/lib/python3.12/site-packages/oslo_service/backend/_threading/loopingcall.py:125}}
Jul 08 09:00:14.527930 np0000004802 nova-conductor[99186]: DEBUG oslo.service.backend._threading.loopingcall [-] Fixed interval looping call 'nova.servicegroup.drivers.db.DbDriver._report_state' sleeping for 10.00 seconds {{(pid=99186) _run_loop /opt/stack/data/venv/lib/python3.12/site-packages/oslo_service/backend/_threading/loopingcall.py:125}}
Jul 08 09:00:14.531184 np0000004802 nova-conductor[99192]: DEBUG oslo.service.backend._threading.loopingcall [-] Fixed interval looping call 'nova.servicegroup.drivers.db.DbDriver._report_state' sleeping for 10.00 seconds {{(pid=99192) _run_loop /opt/stack/data/venv/lib/python3.12/site-packages/oslo_service/backend/_threading/loopingcall.py:125}}
Jul 08 09:00:14.532379 np0000004802 nova-conductor[99190]: DEBUG oslo.service.backend._threading.loopingcall [-] Fixed interval looping call 'nova.servicegroup.drivers.db.DbDriver._report_state' sleeping for 10.00 seconds {{(pid=99190) _run_loop /opt/stack/data/venv/lib/python3.12/site-packages/oslo_service/backend/_threading/loopingcall.py:125}}
Jul 08 09:00:24.517600 np0000004802 nova-conductor[99188]: DEBUG dbcounter [-] [99188] Writing DB stats nova_cell1:SELECT=14,nova_cell1:INSERT=1,nova_cell1:UPDATE=5 {{(pid=99188) stat_writer /opt/stack/data/venv/lib/python3.12/site-packages/dbcounter.py:115}}
Jul 08 09:00:24.529419 np0000004802 nova-conductor[99190]: DEBUG dbcounter [-] [99190] Writing DB stats nova_cell1:SELECT=11,nova_cell1:UPDATE=2 {{(pid=99190) stat_writer /opt/stack/data/venv/lib/python3.12/site-packages/dbcounter.py:115}}
Jul 08 09:00:24.564033 np0000004802 nova-conductor[99188]: DEBUG oslo.service.backend._threading.loopingcall [-] Fixed interval looping call 'nova.servicegroup.drivers.db.DbDriver._report_state' sleeping for 9.95 seconds {{(pid=99188) _run_loop /opt/stack/data/venv/lib/python3.12/site-packages/oslo_service/backend/_threading/loopingcall.py:125}}
Jul 08 09:00:24.564255 np0000004802 nova-conductor[99186]: DEBUG oslo.service.backend._threading.loopingcall [-] Fixed interval looping call 'nova.servicegroup.drivers.db.DbDriver._report_state' sleeping for 9.96 seconds {{(pid=99186) _run_loop /opt/stack/data/venv/lib/python3.12/site-packages/oslo_service/backend/_threading/loopingcall.py:125}}
Jul 08 09:00:24.564791 np0000004802 nova-conductor[99192]: DEBUG oslo.service.backend._threading.loopingcall [-] Fixed interval looping call 'nova.servicegroup.drivers.db.DbDriver._report_state' sleeping for 9.97 seconds {{(pid=99192) _run_loop /opt/stack/data/venv/lib/python3.12/site-packages/oslo_service/backend/_threading/loopingcall.py:125}}
Jul 08 09:00:24.574649 np0000004802 nova-conductor[99190]: DEBUG oslo.service.backend._threading.loopingcall [-] Fixed interval looping call 'nova.servicegroup.drivers.db.DbDriver._report_state' sleeping for 9.97 seconds {{(pid=99190) _run_loop /opt/stack/data/venv/lib/python3.12/site-packages/oslo_service/backend/_threading/loopingcall.py:125}}
Jul 08 09:00:33.515256 np0000004802 nova-conductor[99186]: DEBUG oslo.service.backend._threading.loopingcall [None req-5ba5a0d5-5385-4c83-bca8-edecdc4443bf None None] Dynamic interval looping call 'nova.service.Service.periodic_tasks' sleeping for 60.00 seconds {{(pid=99186) _run_loop /opt/stack/data/venv/lib/python3.12/site-packages/oslo_service/backend/_threading/loopingcall.py:125}}
Jul 08 09:00:34.524693 np0000004802 nova-conductor[99188]: DEBUG oslo.service.backend._threading.loopingcall [-] Fixed interval looping call 'nova.servicegroup.drivers.db.DbDriver._report_state' sleeping for 9.99 seconds {{(pid=99188) _run_loop /opt/stack/data/venv/lib/python3.12/site-packages/oslo_service/backend/_threading/loopingcall.py:125}}
Jul 08 09:00:34.527438 np0000004802 nova-conductor[99186]: DEBUG oslo.service.backend._threading.loopingcall [-] Fixed interval looping call 'nova.servicegroup.drivers.db.DbDriver._report_state' sleeping for 10.00 seconds {{(pid=99186) _run_loop /opt/stack/data/venv/lib/python3.12/site-packages/oslo_service/backend/_threading/loopingcall.py:125}}
Jul 08 09:00:34.534048 np0000004802 nova-conductor[99192]: DEBUG dbcounter [-] [99192] Writing DB stats nova_cell1:SELECT=2,nova_cell1:UPDATE=1 {{(pid=99192) stat_writer /opt/stack/data/venv/lib/python3.12/site-packages/dbcounter.py:115}}
Jul 08 09:00:34.538354 np0000004802 nova-conductor[99192]: DEBUG oslo.service.backend._threading.loopingcall [-] Fixed interval looping call 'nova.servicegroup.drivers.db.DbDriver._report_state' sleeping for 10.00 seconds {{(pid=99192) _run_loop /opt/stack/data/venv/lib/python3.12/site-packages/oslo_service/backend/_threading/loopingcall.py:125}}
Jul 08 09:00:34.539029 np0000004802 nova-conductor[99190]: DEBUG oslo.service.backend._threading.loopingcall [-] Fixed interval looping call 'nova.servicegroup.drivers.db.DbDriver._report_state' sleeping for 10.00 seconds {{(pid=99190) _run_loop /opt/stack/data/venv/lib/python3.12/site-packages/oslo_service/backend/_threading/loopingcall.py:125}}
Jul 08 09:00:41.516439 np0000004802 nova-conductor[99188]: DEBUG oslo.service.backend._threading.loopingcall [None req-3f350eb0-e7ef-46b7-9de9-0f4ea5acb9e1 None None] Dynamic interval looping call 'nova.service.Service.periodic_tasks' sleeping for 60.00 seconds {{(pid=99188) _run_loop /opt/stack/data/venv/lib/python3.12/site-packages/oslo_service/backend/_threading/loopingcall.py:125}}
Jul 08 09:00:41.524076 np0000004802 nova-conductor[99190]: DEBUG oslo.service.backend._threading.loopingcall [None req-03697138-7c66-4249-bd7c-76de68c87613 None None] Dynamic interval looping call 'nova.service.Service.periodic_tasks' sleeping for 60.00 seconds {{(pid=99190) _run_loop /opt/stack/data/venv/lib/python3.12/site-packages/oslo_service/backend/_threading/loopingcall.py:125}}
Jul 08 09:00:42.524578 np0000004802 nova-conductor[99192]: DEBUG oslo.service.backend._threading.loopingcall [None req-643be7a4-1159-4e3c-8094-ad117c462ea8 None None] Dynamic interval looping call 'nova.service.Service.periodic_tasks' sleeping for 60.00 seconds {{(pid=99192) _run_loop /opt/stack/data/venv/lib/python3.12/site-packages/oslo_service/backend/_threading/loopingcall.py:125}}
Jul 08 09:00:44.571137 np0000004802 nova-conductor[99188]: DEBUG oslo.service.backend._threading.loopingcall [-] Fixed interval looping call 'nova.servicegroup.drivers.db.DbDriver._report_state' sleeping for 9.94 seconds {{(pid=99188) _run_loop /opt/stack/data/venv/lib/python3.12/site-packages/oslo_service/backend/_threading/loopingcall.py:125}}
Jul 08 09:00:44.571522 np0000004802 nova-conductor[99186]: DEBUG oslo.service.backend._threading.loopingcall [-] Fixed interval looping call 'nova.servicegroup.drivers.db.DbDriver._report_state' sleeping for 9.96 seconds {{(pid=99186) _run_loop /opt/stack/data/venv/lib/python3.12/site-packages/oslo_service/backend/_threading/loopingcall.py:125}}
Jul 08 09:00:44.571968 np0000004802 nova-conductor[99192]: DEBUG oslo.service.backend._threading.loopingcall [-] Fixed interval looping call 'nova.servicegroup.drivers.db.DbDriver._report_state' sleeping for 9.97 seconds {{(pid=99192) _run_loop /opt/stack/data/venv/lib/python3.12/site-packages/oslo_service/backend/_threading/loopingcall.py:125}}
Jul 08 09:00:44.572512 np0000004802 nova-conductor[99190]: DEBUG oslo.service.backend._threading.loopingcall [-] Fixed interval looping call 'nova.servicegroup.drivers.db.DbDriver._report_state' sleeping for 9.97 seconds {{(pid=99190) _run_loop /opt/stack/data/venv/lib/python3.12/site-packages/oslo_service/backend/_threading/loopingcall.py:125}}
Jul 08 09:00:54.517691 np0000004802 nova-conductor[99188]: DEBUG oslo.service.backend._threading.loopingcall [-] Fixed interval looping call 'nova.servicegroup.drivers.db.DbDriver._report_state' sleeping for 9.99 seconds {{(pid=99188) _run_loop /opt/stack/data/venv/lib/python3.12/site-packages/oslo_service/backend/_threading/loopingcall.py:125}}
Jul 08 09:00:54.530420 np0000004802 nova-conductor[99186]: DEBUG dbcounter [-] [99186] Writing DB stats nova_cell1:SELECT=5,nova_cell1:UPDATE=2 {{(pid=99186) stat_writer /opt/stack/data/venv/lib/python3.12/site-packages/dbcounter.py:115}}
Jul 08 09:00:54.535100 np0000004802 nova-conductor[99186]: DEBUG oslo.service.backend._threading.loopingcall [-] Fixed interval looping call 'nova.servicegroup.drivers.db.DbDriver._report_state' sleeping for 10.00 seconds {{(pid=99186) _run_loop /opt/stack/data/venv/lib/python3.12/site-packages/oslo_service/backend/_threading/loopingcall.py:125}}
Jul 08 09:00:54.541291 np0000004802 nova-conductor[99192]: DEBUG dbcounter [-] [99192] Writing DB stats nova_cell1:SELECT=4,nova_cell1:UPDATE=2 {{(pid=99192) stat_writer /opt/stack/data/venv/lib/python3.12/site-packages/dbcounter.py:115}}
Jul 08 09:00:54.541613 np0000004802 nova-conductor[99190]: DEBUG dbcounter [-] [99190] Writing DB stats nova_cell1:SELECT=4,nova_cell1:UPDATE=2 {{(pid=99190) stat_writer /opt/stack/data/venv/lib/python3.12/site-packages/dbcounter.py:115}}
Jul 08 09:00:54.545524 np0000004802 nova-conductor[99192]: DEBUG oslo.service.backend._threading.loopingcall [-] Fixed interval looping call 'nova.servicegroup.drivers.db.DbDriver._report_state' sleeping for 10.00 seconds {{(pid=99192) _run_loop /opt/stack/data/venv/lib/python3.12/site-packages/oslo_service/backend/_threading/loopingcall.py:125}}
Jul 08 09:00:54.546009 np0000004802 nova-conductor[99190]: DEBUG oslo.service.backend._threading.loopingcall [-] Fixed interval looping call 'nova.servicegroup.drivers.db.DbDriver._report_state' sleeping for 10.00 seconds {{(pid=99190) _run_loop /opt/stack/data/venv/lib/python3.12/site-packages/oslo_service/backend/_threading/loopingcall.py:125}}
Jul 08 09:01:04.515643 np0000004802 nova-conductor[99188]: DEBUG oslo.service.backend._threading.loopingcall [-] Fixed interval looping call 'nova.servicegroup.drivers.db.DbDriver._report_state' sleeping for 9.99 seconds {{(pid=99188) _run_loop /opt/stack/data/venv/lib/python3.12/site-packages/oslo_service/backend/_threading/loopingcall.py:125}}
Jul 08 09:01:04.539514 np0000004802 nova-conductor[99186]: DEBUG oslo.service.backend._threading.loopingcall [-] Fixed interval looping call 'nova.servicegroup.drivers.db.DbDriver._report_state' sleeping for 10.00 seconds {{(pid=99186) _run_loop /opt/stack/data/venv/lib/python3.12/site-packages/oslo_service/backend/_threading/loopingcall.py:125}}
Jul 08 09:01:04.545922 np0000004802 nova-conductor[99192]: DEBUG dbcounter [-] [99192] Writing DB stats nova_cell1:SELECT=1 {{(pid=99192) stat_writer /opt/stack/data/venv/lib/python3.12/site-packages/dbcounter.py:115}}
Jul 08 09:01:04.547132 np0000004802 nova-conductor[99190]: DEBUG dbcounter [-] [99190] Writing DB stats nova_cell1:SELECT=1 {{(pid=99190) stat_writer /opt/stack/data/venv/lib/python3.12/site-packages/dbcounter.py:115}}
Jul 08 09:01:04.549950 np0000004802 nova-conductor[99192]: DEBUG oslo.service.backend._threading.loopingcall [-] Fixed interval looping call 'nova.servicegroup.drivers.db.DbDriver._report_state' sleeping for 10.00 seconds {{(pid=99192) _run_loop /opt/stack/data/venv/lib/python3.12/site-packages/oslo_service/backend/_threading/loopingcall.py:125}}
Jul 08 09:01:04.550081 np0000004802 nova-conductor[99190]: DEBUG oslo.service.backend._threading.loopingcall [-] Fixed interval looping call 'nova.servicegroup.drivers.db.DbDriver._report_state' sleeping for 10.00 seconds {{(pid=99190) _run_loop /opt/stack/data/venv/lib/python3.12/site-packages/oslo_service/backend/_threading/loopingcall.py:125}}
Jul 08 09:01:14.529378 np0000004802 nova-conductor[99188]: DEBUG oslo.service.backend._threading.loopingcall [-] Fixed interval looping call 'nova.servicegroup.drivers.db.DbDriver._report_state' sleeping for 9.98 seconds {{(pid=99188) _run_loop /opt/stack/data/venv/lib/python3.12/site-packages/oslo_service/backend/_threading/loopingcall.py:125}}
Jul 08 09:01:14.537488 np0000004802 nova-conductor[99186]: DEBUG dbcounter [-] [99186] Writing DB stats nova_cell1:SELECT=2 {{(pid=99186) stat_writer /opt/stack/data/venv/lib/python3.12/site-packages/dbcounter.py:115}}
Jul 08 09:01:14.544625 np0000004802 nova-conductor[99186]: DEBUG oslo.service.backend._threading.loopingcall [-] Fixed interval looping call 'nova.servicegroup.drivers.db.DbDriver._report_state' sleeping for 10.00 seconds {{(pid=99186) _run_loop /opt/stack/data/venv/lib/python3.12/site-packages/oslo_service/backend/_threading/loopingcall.py:125}}
Jul 08 09:01:14.553160 np0000004802 nova-conductor[99190]: DEBUG oslo.service.backend._threading.loopingcall [-] Fixed interval looping call 'nova.servicegroup.drivers.db.DbDriver._report_state' sleeping for 10.00 seconds {{(pid=99190) _run_loop /opt/stack/data/venv/lib/python3.12/site-packages/oslo_service/backend/_threading/loopingcall.py:125}}
Jul 08 09:01:14.553701 np0000004802 nova-conductor[99192]: DEBUG oslo.service.backend._threading.loopingcall [-] Fixed interval looping call 'nova.servicegroup.drivers.db.DbDriver._report_state' sleeping for 10.00 seconds {{(pid=99192) _run_loop /opt/stack/data/venv/lib/python3.12/site-packages/oslo_service/backend/_threading/loopingcall.py:125}}
Jul 08 09:01:24.509124 np0000004802 nova-conductor[99188]: DEBUG dbcounter [-] [99188] Writing DB stats nova_cell1:SELECT=7,nova_cell1:UPDATE=6 {{(pid=99188) stat_writer /opt/stack/data/venv/lib/python3.12/site-packages/dbcounter.py:115}}
Jul 08 09:01:24.520808 np0000004802 nova-conductor[99188]: DEBUG oslo.service.backend._threading.loopingcall [-] Fixed interval looping call 'nova.servicegroup.drivers.db.DbDriver._report_state' sleeping for 9.99 seconds {{(pid=99188) _run_loop /opt/stack/data/venv/lib/python3.12/site-packages/oslo_service/backend/_threading/loopingcall.py:125}}
Jul 08 09:01:24.548241 np0000004802 nova-conductor[99186]: DEBUG oslo.service.backend._threading.loopingcall [-] Fixed interval looping call 'nova.servicegroup.drivers.db.DbDriver._report_state' sleeping for 10.00 seconds {{(pid=99186) _run_loop /opt/stack/data/venv/lib/python3.12/site-packages/oslo_service/backend/_threading/loopingcall.py:125}}
Jul 08 09:01:24.551652 np0000004802 nova-conductor[99190]: DEBUG dbcounter [-] [99190] Writing DB stats nova_cell1:SELECT=2 {{(pid=99190) stat_writer /opt/stack/data/venv/lib/python3.12/site-packages/dbcounter.py:115}}
Jul 08 09:01:24.551903 np0000004802 nova-conductor[99192]: DEBUG dbcounter [-] [99192] Writing DB stats nova_cell1:SELECT=2 {{(pid=99192) stat_writer /opt/stack/data/venv/lib/python3.12/site-packages/dbcounter.py:115}}
Jul 08 09:01:24.556876 np0000004802 nova-conductor[99192]: DEBUG oslo.service.backend._threading.loopingcall [-] Fixed interval looping call 'nova.servicegroup.drivers.db.DbDriver._report_state' sleeping for 10.00 seconds {{(pid=99192) _run_loop /opt/stack/data/venv/lib/python3.12/site-packages/oslo_service/backend/_threading/loopingcall.py:125}}
Jul 08 09:01:24.557207 np0000004802 nova-conductor[99190]: DEBUG oslo.service.backend._threading.loopingcall [-] Fixed interval looping call 'nova.servicegroup.drivers.db.DbDriver._report_state' sleeping for 10.00 seconds {{(pid=99190) _run_loop /opt/stack/data/venv/lib/python3.12/site-packages/oslo_service/backend/_threading/loopingcall.py:125}}
Jul 08 09:01:33.515758 np0000004802 nova-conductor[99186]: DEBUG oslo.service.backend._threading.loopingcall [None req-5ba5a0d5-5385-4c83-bca8-edecdc4443bf None None] Dynamic interval looping call 'nova.service.Service.periodic_tasks' sleeping for 60.00 seconds {{(pid=99186) _run_loop /opt/stack/data/venv/lib/python3.12/site-packages/oslo_service/backend/_threading/loopingcall.py:125}}
Jul 08 09:01:34.518637 np0000004802 nova-conductor[99188]: DEBUG oslo.service.backend._threading.loopingcall [-] Fixed interval looping call 'nova.servicegroup.drivers.db.DbDriver._report_state' sleeping for 9.99 seconds {{(pid=99188) _run_loop /opt/stack/data/venv/lib/python3.12/site-packages/oslo_service/backend/_threading/loopingcall.py:125}}
Jul 08 09:01:34.546434 np0000004802 nova-conductor[99186]: DEBUG dbcounter [-] [99186] Writing DB stats nova_cell1:SELECT=2 {{(pid=99186) stat_writer /opt/stack/data/venv/lib/python3.12/site-packages/dbcounter.py:115}}
Jul 08 09:01:34.551715 np0000004802 nova-conductor[99186]: DEBUG oslo.service.backend._threading.loopingcall [-] Fixed interval looping call 'nova.servicegroup.drivers.db.DbDriver._report_state' sleeping for 10.00 seconds {{(pid=99186) _run_loop /opt/stack/data/venv/lib/python3.12/site-packages/oslo_service/backend/_threading/loopingcall.py:125}}
Jul 08 09:01:34.556670 np0000004802 nova-conductor[99190]: DEBUG dbcounter [-] [99190] Writing DB stats nova_cell1:SELECT=1 {{(pid=99190) stat_writer /opt/stack/data/venv/lib/python3.12/site-packages/dbcounter.py:115}}
Jul 08 09:01:34.560259 np0000004802 nova-conductor[99192]: DEBUG oslo.service.backend._threading.loopingcall [-] Fixed interval looping call 'nova.servicegroup.drivers.db.DbDriver._report_state' sleeping for 10.00 seconds {{(pid=99192) _run_loop /opt/stack/data/venv/lib/python3.12/site-packages/oslo_service/backend/_threading/loopingcall.py:125}}
Jul 08 09:01:34.560536 np0000004802 nova-conductor[99190]: DEBUG oslo.service.backend._threading.loopingcall [-] Fixed interval looping call 'nova.servicegroup.drivers.db.DbDriver._report_state' sleeping for 10.00 seconds {{(pid=99190) _run_loop /opt/stack/data/venv/lib/python3.12/site-packages/oslo_service/backend/_threading/loopingcall.py:125}}
Jul 08 09:01:41.516984 np0000004802 nova-conductor[99188]: DEBUG oslo.service.backend._threading.loopingcall [None req-3f350eb0-e7ef-46b7-9de9-0f4ea5acb9e1 None None] Dynamic interval looping call 'nova.service.Service.periodic_tasks' sleeping for 60.00 seconds {{(pid=99188) _run_loop /opt/stack/data/venv/lib/python3.12/site-packages/oslo_service/backend/_threading/loopingcall.py:125}}
Jul 08 09:01:41.524708 np0000004802 nova-conductor[99190]: DEBUG oslo.service.backend._threading.loopingcall [None req-03697138-7c66-4249-bd7c-76de68c87613 None None] Dynamic interval looping call 'nova.service.Service.periodic_tasks' sleeping for 60.00 seconds {{(pid=99190) _run_loop /opt/stack/data/venv/lib/python3.12/site-packages/oslo_service/backend/_threading/loopingcall.py:125}}
Jul 08 09:01:42.525108 np0000004802 nova-conductor[99192]: DEBUG oslo.service.backend._threading.loopingcall [None req-643be7a4-1159-4e3c-8094-ad117c462ea8 None None] Dynamic interval looping call 'nova.service.Service.periodic_tasks' sleeping for 60.00 seconds {{(pid=99192) _run_loop /opt/stack/data/venv/lib/python3.12/site-packages/oslo_service/backend/_threading/loopingcall.py:125}}
Jul 08 09:01:44.523828 np0000004802 nova-conductor[99188]: DEBUG oslo.service.backend._threading.loopingcall [-] Fixed interval looping call 'nova.servicegroup.drivers.db.DbDriver._report_state' sleeping for 9.99 seconds {{(pid=99188) _run_loop /opt/stack/data/venv/lib/python3.12/site-packages/oslo_service/backend/_threading/loopingcall.py:125}}
Jul 08 09:01:44.555380 np0000004802 nova-conductor[99186]: DEBUG oslo.service.backend._threading.loopingcall [-] Fixed interval looping call 'nova.servicegroup.drivers.db.DbDriver._report_state' sleeping for 10.00 seconds {{(pid=99186) _run_loop /opt/stack/data/venv/lib/python3.12/site-packages/oslo_service/backend/_threading/loopingcall.py:125}}
Jul 08 09:01:44.558709 np0000004802 nova-conductor[99192]: DEBUG dbcounter [-] [99192] Writing DB stats nova_cell1:SELECT=2 {{(pid=99192) stat_writer /opt/stack/data/venv/lib/python3.12/site-packages/dbcounter.py:115}}
Jul 08 09:01:44.559387 np0000004802 nova-conductor[99190]: DEBUG dbcounter [-] [99190] Writing DB stats nova_cell1:SELECT=1 {{(pid=99190) stat_writer /opt/stack/data/venv/lib/python3.12/site-packages/dbcounter.py:115}}
Jul 08 09:01:44.564076 np0000004802 nova-conductor[99192]: DEBUG oslo.service.backend._threading.loopingcall [-] Fixed interval looping call 'nova.servicegroup.drivers.db.DbDriver._report_state' sleeping for 10.00 seconds {{(pid=99192) _run_loop /opt/stack/data/venv/lib/python3.12/site-packages/oslo_service/backend/_threading/loopingcall.py:125}}
Jul 08 09:01:44.564165 np0000004802 nova-conductor[99190]: DEBUG oslo.service.backend._threading.loopingcall [-] Fixed interval looping call 'nova.servicegroup.drivers.db.DbDriver._report_state' sleeping for 10.00 seconds {{(pid=99190) _run_loop /opt/stack/data/venv/lib/python3.12/site-packages/oslo_service/backend/_threading/loopingcall.py:125}}
Jul 08 09:01:54.698183 np0000004802 nova-conductor[99188]: DEBUG oslo.service.backend._threading.loopingcall [-] Fixed interval looping call 'nova.servicegroup.drivers.db.DbDriver._report_state' sleeping for 9.82 seconds {{(pid=99188) _run_loop /opt/stack/data/venv/lib/python3.12/site-packages/oslo_service/backend/_threading/loopingcall.py:125}}
Jul 08 09:01:54.700039 np0000004802 nova-conductor[99192]: DEBUG oslo.service.backend._threading.loopingcall [-] Fixed interval looping call 'nova.servicegroup.drivers.db.DbDriver._report_state' sleeping for 9.86 seconds {{(pid=99192) _run_loop /opt/stack/data/venv/lib/python3.12/site-packages/oslo_service/backend/_threading/loopingcall.py:125}}
Jul 08 09:01:54.700528 np0000004802 nova-conductor[99186]: DEBUG oslo.service.backend._threading.loopingcall [-] Fixed interval looping call 'nova.servicegroup.drivers.db.DbDriver._report_state' sleeping for 9.86 seconds {{(pid=99186) _run_loop /opt/stack/data/venv/lib/python3.12/site-packages/oslo_service/backend/_threading/loopingcall.py:125}}
Jul 08 09:01:54.702502 np0000004802 nova-conductor[99190]: DEBUG oslo.service.backend._threading.loopingcall [-] Fixed interval looping call 'nova.servicegroup.drivers.db.DbDriver._report_state' sleeping for 9.86 seconds {{(pid=99190) _run_loop /opt/stack/data/venv/lib/python3.12/site-packages/oslo_service/backend/_threading/loopingcall.py:125}}
Jul 08 09:02:04.552400 np0000004802 nova-conductor[99188]: DEBUG oslo.service.backend._threading.loopingcall [-] Fixed interval looping call 'nova.servicegroup.drivers.db.DbDriver._report_state' sleeping for 9.97 seconds {{(pid=99188) _run_loop /opt/stack/data/venv/lib/python3.12/site-packages/oslo_service/backend/_threading/loopingcall.py:125}}
Jul 08 09:02:04.563420 np0000004802 nova-conductor[99192]: DEBUG oslo.service.backend._threading.loopingcall [-] Fixed interval looping call 'nova.servicegroup.drivers.db.DbDriver._report_state' sleeping for 10.00 seconds {{(pid=99192) _run_loop /opt/stack/data/venv/lib/python3.12/site-packages/oslo_service/backend/_threading/loopingcall.py:125}}
Jul 08 09:02:04.575504 np0000004802 nova-conductor[99190]: DEBUG oslo.service.backend._threading.loopingcall [-] Fixed interval looping call 'nova.servicegroup.drivers.db.DbDriver._report_state' sleeping for 10.00 seconds {{(pid=99190) _run_loop /opt/stack/data/venv/lib/python3.12/site-packages/oslo_service/backend/_threading/loopingcall.py:125}}
Jul 08 09:02:04.575802 np0000004802 nova-conductor[99186]: DEBUG oslo.service.backend._threading.loopingcall [-] Fixed interval looping call 'nova.servicegroup.drivers.db.DbDriver._report_state' sleeping for 9.99 seconds {{(pid=99186) _run_loop /opt/stack/data/venv/lib/python3.12/site-packages/oslo_service/backend/_threading/loopingcall.py:125}}
Jul 08 09:02:14.536231 np0000004802 nova-conductor[99188]: DEBUG oslo.service.backend._threading.loopingcall [-] Fixed interval looping call 'nova.servicegroup.drivers.db.DbDriver._report_state' sleeping for 9.99 seconds {{(pid=99188) _run_loop /opt/stack/data/venv/lib/python3.12/site-packages/oslo_service/backend/_threading/loopingcall.py:125}}
Jul 08 09:02:14.565391 np0000004802 nova-conductor[99186]: DEBUG oslo.service.backend._threading.loopingcall [-] Fixed interval looping call 'nova.servicegroup.drivers.db.DbDriver._report_state' sleeping for 9.99 seconds {{(pid=99186) _run_loop /opt/stack/data/venv/lib/python3.12/site-packages/oslo_service/backend/_threading/loopingcall.py:125}}
Jul 08 09:02:14.568177 np0000004802 nova-conductor[99192]: DEBUG oslo.service.backend._threading.loopingcall [-] Fixed interval looping call 'nova.servicegroup.drivers.db.DbDriver._report_state' sleeping for 10.00 seconds {{(pid=99192) _run_loop /opt/stack/data/venv/lib/python3.12/site-packages/oslo_service/backend/_threading/loopingcall.py:125}}
