Jul 08 08:59:33.842701 np0000004802 nova-scheduler[96639]: DEBUG cotyledon.oslo_config_glue [-] profiler.connection_string = messaging:// {{(pid=96639) log_opt_values /opt/stack/data/venv/lib/python3.12/site-packages/oslo_config/cfg.py:3253}}
Jul 08 08:59:33.842701 np0000004802 nova-scheduler[96639]: DEBUG cotyledon.oslo_config_glue [-] profiler.enabled = False {{(pid=96639) log_opt_values /opt/stack/data/venv/lib/python3.12/site-packages/oslo_config/cfg.py:3253}}
Jul 08 08:59:33.842701 np0000004802 nova-scheduler[96639]: DEBUG cotyledon.oslo_config_glue [-] profiler.es_doc_type = notification {{(pid=96639) log_opt_values /opt/stack/data/venv/lib/python3.12/site-packages/oslo_config/cfg.py:3253}}
Jul 08 08:59:33.842701 np0000004802 nova-scheduler[96639]: DEBUG cotyledon.oslo_config_glue [-] profiler.es_scroll_size = 10000 {{(pid=96639) log_opt_values /opt/stack/data/venv/lib/python3.12/site-packages/oslo_config/cfg.py:3253}}
Jul 08 08:59:33.842953 np0000004802 nova-scheduler[96639]: DEBUG cotyledon.oslo_config_glue [-] profiler.es_scroll_time = 2m {{(pid=96639) log_opt_values /opt/stack/data/venv/lib/python3.12/site-packages/oslo_config/cfg.py:3253}}
Jul 08 08:59:33.842953 np0000004802 nova-scheduler[96639]: DEBUG cotyledon.oslo_config_glue [-] profiler.filter_error_trace = False {{(pid=96639) log_opt_values /opt/stack/data/venv/lib/python3.12/site-packages/oslo_config/cfg.py:3253}}
Jul 08 08:59:33.842953 np0000004802 nova-scheduler[96639]: DEBUG cotyledon.oslo_config_glue [-] profiler.hmac_keys = **** {{(pid=96639) log_opt_values /opt/stack/data/venv/lib/python3.12/site-packages/oslo_config/cfg.py:3253}}
Jul 08 08:59:33.842953 np0000004802 nova-scheduler[96639]: DEBUG cotyledon.oslo_config_glue [-] profiler.sentinel_service_name = mymaster {{(pid=96639) log_opt_values /opt/stack/data/venv/lib/python3.12/site-packages/oslo_config/cfg.py:3253}}
Jul 08 08:59:33.842953 np0000004802 nova-scheduler[96639]: DEBUG cotyledon.oslo_config_glue [-] profiler.socket_timeout = 0.1 {{(pid=96639) log_opt_values /opt/stack/data/venv/lib/python3.12/site-packages/oslo_config/cfg.py:3253}}
Jul 08 08:59:33.842953 np0000004802 nova-scheduler[96639]: DEBUG cotyledon.oslo_config_glue [-] profiler.trace_requests = False {{(pid=96639) log_opt_values /opt/stack/data/venv/lib/python3.12/site-packages/oslo_config/cfg.py:3253}}
Jul 08 08:59:33.842953 np0000004802 nova-scheduler[96639]: DEBUG cotyledon.oslo_config_glue [-] profiler.trace_sqlalchemy = False {{(pid=96639) log_opt_values /opt/stack/data/venv/lib/python3.12/site-packages/oslo_config/cfg.py:3253}}
Jul 08 08:59:33.842953 np0000004802 nova-scheduler[96639]: DEBUG cotyledon.oslo_config_glue [-] profiler_jaeger.process_tags = {} {{(pid=96639) log_opt_values /opt/stack/data/venv/lib/python3.12/site-packages/oslo_config/cfg.py:3253}}
Jul 08 08:59:33.842953 np0000004802 nova-scheduler[96639]: DEBUG cotyledon.oslo_config_glue [-] profiler_jaeger.service_name_prefix = None {{(pid=96639) log_opt_values /opt/stack/data/venv/lib/python3.12/site-packages/oslo_config/cfg.py:3253}}
Jul 08 08:59:33.843221 np0000004802 nova-scheduler[96639]: DEBUG cotyledon.oslo_config_glue [-] profiler_otlp.service_name_prefix = None {{(pid=96639) log_opt_values /opt/stack/data/venv/lib/python3.12/site-packages/oslo_config/cfg.py:3253}}
Jul 08 08:59:33.843221 np0000004802 nova-scheduler[96639]: DEBUG cotyledon.oslo_config_glue [-] oslo_messaging_rabbit.amqp_auto_delete = False {{(pid=96639) log_opt_values /opt/stack/data/venv/lib/python3.12/site-packages/oslo_config/cfg.py:3253}}
Jul 08 08:59:33.843221 np0000004802 nova-scheduler[96639]: DEBUG cotyledon.oslo_config_glue [-] oslo_messaging_rabbit.amqp_durable_queues = False {{(pid=96639) log_opt_values /opt/stack/data/venv/lib/python3.12/site-packages/oslo_config/cfg.py:3253}}
Jul 08 08:59:33.843221 np0000004802 nova-scheduler[96639]: DEBUG cotyledon.oslo_config_glue [-] oslo_messaging_rabbit.conn_pool_min_size = 2 {{(pid=96639) log_opt_values /opt/stack/data/venv/lib/python3.12/site-packages/oslo_config/cfg.py:3253}}
Jul 08 08:59:33.843221 np0000004802 nova-scheduler[96639]: DEBUG cotyledon.oslo_config_glue [-] oslo_messaging_rabbit.conn_pool_ttl = 1200 {{(pid=96639) log_opt_values /opt/stack/data/venv/lib/python3.12/site-packages/oslo_config/cfg.py:3253}}
Jul 08 08:59:33.843221 np0000004802 nova-scheduler[96639]: DEBUG cotyledon.oslo_config_glue [-] oslo_messaging_rabbit.direct_mandatory_flag = True {{(pid=96639) log_opt_values /opt/stack/data/venv/lib/python3.12/site-packages/oslo_config/cfg.py:3253}}
Jul 08 08:59:33.843221 np0000004802 nova-scheduler[96639]: DEBUG cotyledon.oslo_config_glue [-] oslo_messaging_rabbit.enable_cancel_on_failover = False {{(pid=96639) log_opt_values /opt/stack/data/venv/lib/python3.12/site-packages/oslo_config/cfg.py:3253}}
Jul 08 08:59:33.843221 np0000004802 nova-scheduler[96639]: DEBUG cotyledon.oslo_config_glue [-] oslo_messaging_rabbit.heartbeat_rate = 3 {{(pid=96639) log_opt_values /opt/stack/data/venv/lib/python3.12/site-packages/oslo_config/cfg.py:3253}}
Jul 08 08:59:33.843221 np0000004802 nova-scheduler[96639]: DEBUG cotyledon.oslo_config_glue [-] oslo_messaging_rabbit.heartbeat_timeout_threshold = 60 {{(pid=96639) log_opt_values /opt/stack/data/venv/lib/python3.12/site-packages/oslo_config/cfg.py:3253}}
Jul 08 08:59:33.843508 np0000004802 nova-scheduler[96639]: DEBUG cotyledon.oslo_config_glue [-] oslo_messaging_rabbit.hostname = np0000004802 {{(pid=96639) log_opt_values /opt/stack/data/venv/lib/python3.12/site-packages/oslo_config/cfg.py:3253}}
Jul 08 08:59:33.843508 np0000004802 nova-scheduler[96639]: DEBUG cotyledon.oslo_config_glue [-] oslo_messaging_rabbit.kombu_compression = None {{(pid=96639) log_opt_values /opt/stack/data/venv/lib/python3.12/site-packages/oslo_config/cfg.py:3253}}
Jul 08 08:59:33.843508 np0000004802 nova-scheduler[96639]: DEBUG cotyledon.oslo_config_glue [-] oslo_messaging_rabbit.kombu_failover_strategy = round-robin {{(pid=96639) log_opt_values /opt/stack/data/venv/lib/python3.12/site-packages/oslo_config/cfg.py:3253}}
Jul 08 08:59:33.843508 np0000004802 nova-scheduler[96639]: DEBUG cotyledon.oslo_config_glue [-] oslo_messaging_rabbit.kombu_missing_consumer_retry_timeout = 60 {{(pid=96639) log_opt_values /opt/stack/data/venv/lib/python3.12/site-packages/oslo_config/cfg.py:3253}}
Jul 08 08:59:33.843508 np0000004802 nova-scheduler[96639]: DEBUG cotyledon.oslo_config_glue [-] oslo_messaging_rabbit.kombu_reconnect_delay = 1.0 {{(pid=96639) log_opt_values /opt/stack/data/venv/lib/python3.12/site-packages/oslo_config/cfg.py:3253}}
Jul 08 08:59:33.843508 np0000004802 nova-scheduler[96639]: DEBUG cotyledon.oslo_config_glue [-] oslo_messaging_rabbit.kombu_reconnect_splay = 0.0 {{(pid=96639) log_opt_values /opt/stack/data/venv/lib/python3.12/site-packages/oslo_config/cfg.py:3253}}
Jul 08 08:59:33.843508 np0000004802 nova-scheduler[96639]: DEBUG cotyledon.oslo_config_glue [-] oslo_messaging_rabbit.processname = nova-scheduler {{(pid=96639) log_opt_values /opt/stack/data/venv/lib/python3.12/site-packages/oslo_config/cfg.py:3253}}
Jul 08 08:59:33.843508 np0000004802 nova-scheduler[96639]: DEBUG cotyledon.oslo_config_glue [-] oslo_messaging_rabbit.rabbit_ha_queues = False {{(pid=96639) log_opt_values /opt/stack/data/venv/lib/python3.12/site-packages/oslo_config/cfg.py:3253}}
Jul 08 08:59:33.843508 np0000004802 nova-scheduler[96639]: DEBUG cotyledon.oslo_config_glue [-] oslo_messaging_rabbit.rabbit_interval_max = 30 {{(pid=96639) log_opt_values /opt/stack/data/venv/lib/python3.12/site-packages/oslo_config/cfg.py:3253}}
Jul 08 08:59:33.843848 np0000004802 nova-scheduler[96639]: DEBUG cotyledon.oslo_config_glue [-] oslo_messaging_rabbit.rabbit_login_method = AMQPLAIN {{(pid=96639) log_opt_values /opt/stack/data/venv/lib/python3.12/site-packages/oslo_config/cfg.py:3253}}
Jul 08 08:59:33.843848 np0000004802 nova-scheduler[96639]: DEBUG cotyledon.oslo_config_glue [-] oslo_messaging_rabbit.rabbit_qos_prefetch_count = 0 {{(pid=96639) log_opt_values /opt/stack/data/venv/lib/python3.12/site-packages/oslo_config/cfg.py:3253}}
Jul 08 08:59:33.843848 np0000004802 nova-scheduler[96639]: DEBUG cotyledon.oslo_config_glue [-] oslo_messaging_rabbit.rabbit_quorum_delivery_limit = 0 {{(pid=96639) log_opt_values /opt/stack/data/venv/lib/python3.12/site-packages/oslo_config/cfg.py:3253}}
Jul 08 08:59:33.843848 np0000004802 nova-scheduler[96639]: DEBUG cotyledon.oslo_config_glue [-] oslo_messaging_rabbit.rabbit_quorum_max_memory_bytes = 0 {{(pid=96639) log_opt_values /opt/stack/data/venv/lib/python3.12/site-packages/oslo_config/cfg.py:3253}}
Jul 08 08:59:33.843848 np0000004802 nova-scheduler[96639]: DEBUG cotyledon.oslo_config_glue [-] oslo_messaging_rabbit.rabbit_quorum_max_memory_length = 0 {{(pid=96639) log_opt_values /opt/stack/data/venv/lib/python3.12/site-packages/oslo_config/cfg.py:3253}}
Jul 08 08:59:33.843848 np0000004802 nova-scheduler[96639]: DEBUG cotyledon.oslo_config_glue [-] oslo_messaging_rabbit.rabbit_quorum_queue = False {{(pid=96639) log_opt_values /opt/stack/data/venv/lib/python3.12/site-packages/oslo_config/cfg.py:3253}}
Jul 08 08:59:33.843848 np0000004802 nova-scheduler[96639]: DEBUG cotyledon.oslo_config_glue [-] oslo_messaging_rabbit.rabbit_retry_backoff = 2 {{(pid=96639) log_opt_values /opt/stack/data/venv/lib/python3.12/site-packages/oslo_config/cfg.py:3253}}
Jul 08 08:59:33.843848 np0000004802 nova-scheduler[96639]: DEBUG cotyledon.oslo_config_glue [-] oslo_messaging_rabbit.rabbit_retry_interval = 1 {{(pid=96639) log_opt_values /opt/stack/data/venv/lib/python3.12/site-packages/oslo_config/cfg.py:3253}}
Jul 08 08:59:33.843848 np0000004802 nova-scheduler[96639]: DEBUG cotyledon.oslo_config_glue [-] oslo_messaging_rabbit.rabbit_stream_fanout = False {{(pid=96639) log_opt_values /opt/stack/data/venv/lib/python3.12/site-packages/oslo_config/cfg.py:3253}}
Jul 08 08:59:33.844142 np0000004802 nova-scheduler[96639]: DEBUG cotyledon.oslo_config_glue [-] oslo_messaging_rabbit.rabbit_transient_queues_ttl = 1800 {{(pid=96639) log_opt_values /opt/stack/data/venv/lib/python3.12/site-packages/oslo_config/cfg.py:3253}}
Jul 08 08:59:33.844142 np0000004802 nova-scheduler[96639]: DEBUG cotyledon.oslo_config_glue [-] oslo_messaging_rabbit.rabbit_transient_quorum_queue = False {{(pid=96639) log_opt_values /opt/stack/data/venv/lib/python3.12/site-packages/oslo_config/cfg.py:3253}}
Jul 08 08:59:33.844142 np0000004802 nova-scheduler[96639]: DEBUG cotyledon.oslo_config_glue [-] oslo_messaging_rabbit.rpc_conn_pool_size = 30 {{(pid=96639) log_opt_values /opt/stack/data/venv/lib/python3.12/site-packages/oslo_config/cfg.py:3253}}
Jul 08 08:59:33.844142 np0000004802 nova-scheduler[96639]: DEBUG cotyledon.oslo_config_glue [-] oslo_messaging_rabbit.ssl = False {{(pid=96639) log_opt_values /opt/stack/data/venv/lib/python3.12/site-packages/oslo_config/cfg.py:3253}}
Jul 08 08:59:33.844142 np0000004802 nova-scheduler[96639]: DEBUG cotyledon.oslo_config_glue [-] oslo_messaging_rabbit.ssl_ca_file = {{(pid=96639) log_opt_values /opt/stack/data/venv/lib/python3.12/site-packages/oslo_config/cfg.py:3253}}
Jul 08 08:59:33.844142 np0000004802 nova-scheduler[96639]: DEBUG cotyledon.oslo_config_glue [-] oslo_messaging_rabbit.ssl_cert_file = {{(pid=96639) log_opt_values /opt/stack/data/venv/lib/python3.12/site-packages/oslo_config/cfg.py:3253}}
Jul 08 08:59:33.844142 np0000004802 nova-scheduler[96639]: DEBUG cotyledon.oslo_config_glue [-] oslo_messaging_rabbit.ssl_enforce_fips_mode = False {{(pid=96639) log_opt_values /opt/stack/data/venv/lib/python3.12/site-packages/oslo_config/cfg.py:3253}}
Jul 08 08:59:33.844142 np0000004802 nova-scheduler[96639]: DEBUG cotyledon.oslo_config_glue [-] oslo_messaging_rabbit.ssl_enforce_hostname_verification = True {{(pid=96639) log_opt_values /opt/stack/data/venv/lib/python3.12/site-packages/oslo_config/cfg.py:3253}}
Jul 08 08:59:33.844142 np0000004802 nova-scheduler[96639]: DEBUG cotyledon.oslo_config_glue [-] oslo_messaging_rabbit.ssl_key_file = {{(pid=96639) log_opt_values /opt/stack/data/venv/lib/python3.12/site-packages/oslo_config/cfg.py:3253}}
Jul 08 08:59:33.844441 np0000004802 nova-scheduler[96639]: DEBUG cotyledon.oslo_config_glue [-] oslo_messaging_rabbit.ssl_version = {{(pid=96639) log_opt_values /opt/stack/data/venv/lib/python3.12/site-packages/oslo_config/cfg.py:3253}}
Jul 08 08:59:33.844441 np0000004802 nova-scheduler[96639]: DEBUG cotyledon.oslo_config_glue [-] oslo_messaging_rabbit.use_queue_manager = False {{(pid=96639) log_opt_values /opt/stack/data/venv/lib/python3.12/site-packages/oslo_config/cfg.py:3253}}
Jul 08 08:59:33.844441 np0000004802 nova-scheduler[96639]: DEBUG cotyledon.oslo_config_glue [-] oslo_messaging_notifications.driver = ['messagingv2'] {{(pid=96639) log_opt_values /opt/stack/data/venv/lib/python3.12/site-packages/oslo_config/cfg.py:3253}}
Jul 08 08:59:33.844441 np0000004802 nova-scheduler[96639]: DEBUG cotyledon.oslo_config_glue [-] oslo_messaging_notifications.retry = -1 {{(pid=96639) log_opt_values /opt/stack/data/venv/lib/python3.12/site-packages/oslo_config/cfg.py:3253}}
Jul 08 08:59:33.844441 np0000004802 nova-scheduler[96639]: DEBUG cotyledon.oslo_config_glue [-] oslo_messaging_notifications.topics = ['notifications'] {{(pid=96639) log_opt_values /opt/stack/data/venv/lib/python3.12/site-packages/oslo_config/cfg.py:3253}}
Jul 08 08:59:33.844441 np0000004802 nova-scheduler[96639]: DEBUG cotyledon.oslo_config_glue [-] oslo_messaging_notifications.transport_url = **** {{(pid=96639) log_opt_values /opt/stack/data/venv/lib/python3.12/site-packages/oslo_config/cfg.py:3253}}
Jul 08 08:59:33.844441 np0000004802 nova-scheduler[96639]: DEBUG cotyledon.oslo_config_glue [-] oslo_limit.auth_section = None {{(pid=96639) log_opt_values /opt/stack/data/venv/lib/python3.12/site-packages/oslo_config/cfg.py:3253}}
Jul 08 08:59:33.844441 np0000004802 nova-scheduler[96639]: DEBUG cotyledon.oslo_config_glue [-] oslo_limit.auth_type = None {{(pid=96639) log_opt_values /opt/stack/data/venv/lib/python3.12/site-packages/oslo_config/cfg.py:3253}}
Jul 08 08:59:33.844441 np0000004802 nova-scheduler[96639]: DEBUG cotyledon.oslo_config_glue [-] oslo_limit.cafile = None {{(pid=96639) log_opt_values /opt/stack/data/venv/lib/python3.12/site-packages/oslo_config/cfg.py:3253}}
Jul 08 08:59:33.844730 np0000004802 nova-scheduler[96639]: DEBUG cotyledon.oslo_config_glue [-] oslo_limit.certfile = None {{(pid=96639) log_opt_values /opt/stack/data/venv/lib/python3.12/site-packages/oslo_config/cfg.py:3253}}
Jul 08 08:59:33.844730 np0000004802 nova-scheduler[96639]: DEBUG cotyledon.oslo_config_glue [-] oslo_limit.collect_timing = False {{(pid=96639) log_opt_values /opt/stack/data/venv/lib/python3.12/site-packages/oslo_config/cfg.py:3253}}
Jul 08 08:59:33.844730 np0000004802 nova-scheduler[96639]: DEBUG cotyledon.oslo_config_glue [-] oslo_limit.connect_retries = None {{(pid=96639) log_opt_values /opt/stack/data/venv/lib/python3.12/site-packages/oslo_config/cfg.py:3253}}
Jul 08 08:59:33.844730 np0000004802 nova-scheduler[96639]: DEBUG cotyledon.oslo_config_glue [-] oslo_limit.connect_retry_delay = None {{(pid=96639) log_opt_values /opt/stack/data/venv/lib/python3.12/site-packages/oslo_config/cfg.py:3253}}
Jul 08 08:59:33.844730 np0000004802 nova-scheduler[96639]: DEBUG cotyledon.oslo_config_glue [-] oslo_limit.endpoint_id = None {{(pid=96639) log_opt_values /opt/stack/data/venv/lib/python3.12/site-packages/oslo_config/cfg.py:3253}}
Jul 08 08:59:33.844730 np0000004802 nova-scheduler[96639]: DEBUG cotyledon.oslo_config_glue [-] oslo_limit.endpoint_interface = public {{(pid=96639) log_opt_values /opt/stack/data/venv/lib/python3.12/site-packages/oslo_config/cfg.py:3253}}
Jul 08 08:59:33.844730 np0000004802 nova-scheduler[96639]: DEBUG cotyledon.oslo_config_glue [-] oslo_limit.endpoint_override = None {{(pid=96639) log_opt_values /opt/stack/data/venv/lib/python3.12/site-packages/oslo_config/cfg.py:3253}}
Jul 08 08:59:33.844730 np0000004802 nova-scheduler[96639]: DEBUG cotyledon.oslo_config_glue [-] oslo_limit.endpoint_region_name = None {{(pid=96639) log_opt_values /opt/stack/data/venv/lib/python3.12/site-packages/oslo_config/cfg.py:3253}}
Jul 08 08:59:33.844730 np0000004802 nova-scheduler[96639]: DEBUG cotyledon.oslo_config_glue [-] oslo_limit.endpoint_service_name = None {{(pid=96639) log_opt_values /opt/stack/data/venv/lib/python3.12/site-packages/oslo_config/cfg.py:3253}}
Jul 08 08:59:33.845029 np0000004802 nova-scheduler[96639]: DEBUG cotyledon.oslo_config_glue [-] oslo_limit.endpoint_service_type = None {{(pid=96639) log_opt_values /opt/stack/data/venv/lib/python3.12/site-packages/oslo_config/cfg.py:3253}}
Jul 08 08:59:33.845029 np0000004802 nova-scheduler[96639]: DEBUG cotyledon.oslo_config_glue [-] oslo_limit.insecure = False {{(pid=96639) log_opt_values /opt/stack/data/venv/lib/python3.12/site-packages/oslo_config/cfg.py:3253}}
Jul 08 08:59:33.845029 np0000004802 nova-scheduler[96639]: DEBUG cotyledon.oslo_config_glue [-] oslo_limit.keyfile = None {{(pid=96639) log_opt_values /opt/stack/data/venv/lib/python3.12/site-packages/oslo_config/cfg.py:3253}}
Jul 08 08:59:33.845029 np0000004802 nova-scheduler[96639]: DEBUG cotyledon.oslo_config_glue [-] oslo_limit.max_version = None {{(pid=96639) log_opt_values /opt/stack/data/venv/lib/python3.12/site-packages/oslo_config/cfg.py:3253}}
Jul 08 08:59:33.845029 np0000004802 nova-scheduler[96639]: DEBUG cotyledon.oslo_config_glue [-] oslo_limit.min_version = None {{(pid=96639) log_opt_values /opt/stack/data/venv/lib/python3.12/site-packages/oslo_config/cfg.py:3253}}
Jul 08 08:59:33.845029 np0000004802 nova-scheduler[96639]: DEBUG cotyledon.oslo_config_glue [-] oslo_limit.region_name = None {{(pid=96639) log_opt_values /opt/stack/data/venv/lib/python3.12/site-packages/oslo_config/cfg.py:3253}}
Jul 08 08:59:33.845029 np0000004802 nova-scheduler[96639]: DEBUG cotyledon.oslo_config_glue [-] oslo_limit.retriable_status_codes = None {{(pid=96639) log_opt_values /opt/stack/data/venv/lib/python3.12/site-packages/oslo_config/cfg.py:3253}}
Jul 08 08:59:33.845029 np0000004802 nova-scheduler[96639]: DEBUG cotyledon.oslo_config_glue [-] oslo_limit.service_name = None {{(pid=96639) log_opt_values /opt/stack/data/venv/lib/python3.12/site-packages/oslo_config/cfg.py:3253}}
Jul 08 08:59:33.845029 np0000004802 nova-scheduler[96639]: DEBUG cotyledon.oslo_config_glue [-] oslo_limit.service_type = None {{(pid=96639) log_opt_values /opt/stack/data/venv/lib/python3.12/site-packages/oslo_config/cfg.py:3253}}
Jul 08 08:59:33.845324 np0000004802 nova-scheduler[96639]: DEBUG cotyledon.oslo_config_glue [-] oslo_limit.split_loggers = False {{(pid=96639) log_opt_values /opt/stack/data/venv/lib/python3.12/site-packages/oslo_config/cfg.py:3253}}
Jul 08 08:59:33.845324 np0000004802 nova-scheduler[96639]: DEBUG cotyledon.oslo_config_glue [-] oslo_limit.status_code_retries = None {{(pid=96639) log_opt_values /opt/stack/data/venv/lib/python3.12/site-packages/oslo_config/cfg.py:3253}}
Jul 08 08:59:33.845324 np0000004802 nova-scheduler[96639]: DEBUG cotyledon.oslo_config_glue [-] oslo_limit.status_code_retry_delay = None {{(pid=96639) log_opt_values /opt/stack/data/venv/lib/python3.12/site-packages/oslo_config/cfg.py:3253}}
Jul 08 08:59:33.845324 np0000004802 nova-scheduler[96639]: DEBUG cotyledon.oslo_config_glue [-] oslo_limit.timeout = None {{(pid=96639) log_opt_values /opt/stack/data/venv/lib/python3.12/site-packages/oslo_config/cfg.py:3253}}
Jul 08 08:59:33.845324 np0000004802 nova-scheduler[96639]: DEBUG cotyledon.oslo_config_glue [-] oslo_limit.valid_interfaces = None {{(pid=96639) log_opt_values /opt/stack/data/venv/lib/python3.12/site-packages/oslo_config/cfg.py:3253}}
Jul 08 08:59:33.845324 np0000004802 nova-scheduler[96639]: DEBUG cotyledon.oslo_config_glue [-] oslo_limit.version = None {{(pid=96639) log_opt_values /opt/stack/data/venv/lib/python3.12/site-packages/oslo_config/cfg.py:3253}}
Jul 08 08:59:33.845324 np0000004802 nova-scheduler[96639]: DEBUG cotyledon.oslo_config_glue [-] oslo_reports.file_event_handler = None {{(pid=96639) log_opt_values /opt/stack/data/venv/lib/python3.12/site-packages/oslo_config/cfg.py:3253}}
Jul 08 08:59:33.845324 np0000004802 nova-scheduler[96639]: DEBUG cotyledon.oslo_config_glue [-] oslo_reports.file_event_handler_interval = 1 {{(pid=96639) log_opt_values /opt/stack/data/venv/lib/python3.12/site-packages/oslo_config/cfg.py:3253}}
Jul 08 08:59:33.845324 np0000004802 nova-scheduler[96639]: DEBUG cotyledon.oslo_config_glue [-] oslo_reports.log_dir = None {{(pid=96639) log_opt_values /opt/stack/data/venv/lib/python3.12/site-packages/oslo_config/cfg.py:3253}}
Jul 08 08:59:33.845611 np0000004802 nova-scheduler[96639]: DEBUG cotyledon.oslo_config_glue [-] ******************************************************************************** {{(pid=96639) log_opt_values /opt/stack/data/venv/lib/python3.12/site-packages/oslo_config/cfg.py:3260}}
Jul 08 08:59:33.845611 np0000004802 nova-scheduler[96639]: DEBUG cotyledon._service_worker [-] Run service ServiceWrapper(3) [96639] {{(pid=96639) wait_forever /opt/stack/data/venv/lib/python3.12/site-packages/cotyledon/_service_worker.py:218}}
Jul 08 08:59:33.845611 np0000004802 nova-scheduler[96639]: INFO nova.service [-] Starting scheduler node (version 33.1.0)
Jul 08 08:59:33.848560 np0000004802 nova-scheduler[96639]: INFO dbcounter [None req-8d44a0d6-607e-40bf-9ee6-e75c5561fbfc None None] Registered counter for database nova_cell0
Jul 08 08:59:33.861174 np0000004802 nova-scheduler[96628]: DEBUG oslo_db.sqlalchemy.engines [None req-b1ff4eeb-9957-461d-9189-62e60889df08 None None] MySQL server mode set to STRICT_TRANS_TABLES,STRICT_ALL_TABLES,NO_ZERO_IN_DATE,NO_ZERO_DATE,ERROR_FOR_DIVISION_BY_ZERO,TRADITIONAL,NO_ENGINE_SUBSTITUTION {{(pid=96628) _check_effective_sql_mode /opt/stack/data/venv/lib/python3.12/site-packages/oslo_db/sqlalchemy/engines.py:325}}
Jul 08 08:59:33.864574 np0000004802 nova-scheduler[96630]: DEBUG oslo_db.sqlalchemy.engines [None req-5e6edcfc-cfea-4abb-9c01-04bab7b05323 None None] MySQL server mode set to STRICT_TRANS_TABLES,STRICT_ALL_TABLES,NO_ZERO_IN_DATE,NO_ZERO_DATE,ERROR_FOR_DIVISION_BY_ZERO,TRADITIONAL,NO_ENGINE_SUBSTITUTION {{(pid=96630) _check_effective_sql_mode /opt/stack/data/venv/lib/python3.12/site-packages/oslo_db/sqlalchemy/engines.py:325}}
Jul 08 08:59:33.868076 np0000004802 nova-scheduler[96636]: DEBUG oslo_db.sqlalchemy.engines [None req-33581c3e-47cc-4d18-b1e4-2f6458f25963 None None] MySQL server mode set to STRICT_TRANS_TABLES,STRICT_ALL_TABLES,NO_ZERO_IN_DATE,NO_ZERO_DATE,ERROR_FOR_DIVISION_BY_ZERO,TRADITIONAL,NO_ENGINE_SUBSTITUTION {{(pid=96636) _check_effective_sql_mode /opt/stack/data/venv/lib/python3.12/site-packages/oslo_db/sqlalchemy/engines.py:325}}
Jul 08 08:59:33.872977 np0000004802 nova-scheduler[96628]: DEBUG dbcounter [-] [96628] Writer thread running {{(pid=96628) stat_writer /opt/stack/data/venv/lib/python3.12/site-packages/dbcounter.py:102}}
Jul 08 08:59:33.873802 np0000004802 nova-scheduler[96630]: DEBUG dbcounter [-] [96630] Writer thread running {{(pid=96630) stat_writer /opt/stack/data/venv/lib/python3.12/site-packages/dbcounter.py:102}}
Jul 08 08:59:33.878004 np0000004802 nova-scheduler[96636]: DEBUG dbcounter [-] [96636] Writer thread running {{(pid=96636) stat_writer /opt/stack/data/venv/lib/python3.12/site-packages/dbcounter.py:102}}
Jul 08 08:59:33.889098 np0000004802 nova-scheduler[96639]: DEBUG oslo_db.sqlalchemy.engines [None req-8d44a0d6-607e-40bf-9ee6-e75c5561fbfc None None] MySQL server mode set to STRICT_TRANS_TABLES,STRICT_ALL_TABLES,NO_ZERO_IN_DATE,NO_ZERO_DATE,ERROR_FOR_DIVISION_BY_ZERO,TRADITIONAL,NO_ENGINE_SUBSTITUTION {{(pid=96639) _check_effective_sql_mode /opt/stack/data/venv/lib/python3.12/site-packages/oslo_db/sqlalchemy/engines.py:325}}
Jul 08 08:59:33.898565 np0000004802 nova-scheduler[96639]: DEBUG dbcounter [-] [96639] Writer thread running {{(pid=96639) stat_writer /opt/stack/data/venv/lib/python3.12/site-packages/dbcounter.py:102}}
Jul 08 08:59:33.907600 np0000004802 nova-scheduler[96630]: DEBUG nova.service [None req-5e6edcfc-cfea-4abb-9c01-04bab7b05323 None None] Creating RPC server for service: nova-scheduler on topic: scheduler {{(pid=96630) start /opt/stack/nova/nova/service.py:196}}
Jul 08 08:59:33.918884 np0000004802 nova-scheduler[96636]: DEBUG nova.service [None req-33581c3e-47cc-4d18-b1e4-2f6458f25963 None None] Creating RPC server for service: nova-scheduler on topic: scheduler {{(pid=96636) start /opt/stack/nova/nova/service.py:196}}
Jul 08 08:59:33.919006 np0000004802 nova-scheduler[96628]: DEBUG nova.service [None req-b1ff4eeb-9957-461d-9189-62e60889df08 None None] Creating RPC server for service: nova-scheduler on topic: scheduler {{(pid=96628) start /opt/stack/nova/nova/service.py:196}}
Jul 08 08:59:33.919801 np0000004802 nova-scheduler[96639]: DEBUG nova.service [None req-8d44a0d6-607e-40bf-9ee6-e75c5561fbfc None None] Creating RPC server for service: nova-scheduler on topic: scheduler {{(pid=96639) start /opt/stack/nova/nova/service.py:196}}
Jul 08 08:59:33.933344 np0000004802 nova-scheduler[96630]: DEBUG nova.service [None req-5e6edcfc-cfea-4abb-9c01-04bab7b05323 None None] Join ServiceGroup membership for this service scheduler {{(pid=96630) start /opt/stack/nova/nova/service.py:222}}
Jul 08 08:59:33.933513 np0000004802 nova-scheduler[96630]: DEBUG nova.servicegroup.drivers.db [None req-5e6edcfc-cfea-4abb-9c01-04bab7b05323 None None] DB_Driver: join new ServiceGroup member np0000004802 to the scheduler group, service = {{(pid=96630) join /opt/stack/nova/nova/servicegroup/drivers/db.py:44}}
Jul 08 08:59:33.937343 np0000004802 nova-scheduler[96628]: DEBUG nova.service [None req-b1ff4eeb-9957-461d-9189-62e60889df08 None None] Join ServiceGroup membership for this service scheduler {{(pid=96628) start /opt/stack/nova/nova/service.py:222}}
Jul 08 08:59:33.937519 np0000004802 nova-scheduler[96628]: DEBUG nova.servicegroup.drivers.db [None req-b1ff4eeb-9957-461d-9189-62e60889df08 None None] DB_Driver: join new ServiceGroup member np0000004802 to the scheduler group, service = {{(pid=96628) join /opt/stack/nova/nova/servicegroup/drivers/db.py:44}}
Jul 08 08:59:33.937686 np0000004802 nova-scheduler[96636]: DEBUG nova.service [None req-33581c3e-47cc-4d18-b1e4-2f6458f25963 None None] Join ServiceGroup membership for this service scheduler {{(pid=96636) start /opt/stack/nova/nova/service.py:222}}
Jul 08 08:59:33.938014 np0000004802 nova-scheduler[96636]: DEBUG nova.servicegroup.drivers.db [None req-33581c3e-47cc-4d18-b1e4-2f6458f25963 None None] DB_Driver: join new ServiceGroup member np0000004802 to the scheduler group, service = {{(pid=96636) join /opt/stack/nova/nova/servicegroup/drivers/db.py:44}}
Jul 08 08:59:33.941202 np0000004802 nova-scheduler[96639]: DEBUG nova.service [None req-8d44a0d6-607e-40bf-9ee6-e75c5561fbfc None None] Join ServiceGroup membership for this service scheduler {{(pid=96639) start /opt/stack/nova/nova/service.py:222}}
Jul 08 08:59:33.941445 np0000004802 nova-scheduler[96639]: DEBUG nova.servicegroup.drivers.db [None req-8d44a0d6-607e-40bf-9ee6-e75c5561fbfc None None] DB_Driver: join new ServiceGroup member np0000004802 to the scheduler group, service = {{(pid=96639) join /opt/stack/nova/nova/servicegroup/drivers/db.py:44}}
Jul 08 08:59:38.949220 np0000004802 nova-scheduler[96630]: DEBUG oslo.service.backend._threading.loopingcall [-] Fixed interval looping call 'nova.servicegroup.drivers.db.DbDriver._report_state' sleeping for 119.99 seconds {{(pid=96630) _run_loop /opt/stack/data/venv/lib/python3.12/site-packages/oslo_service/backend/_threading/loopingcall.py:125}}
Jul 08 08:59:38.949872 np0000004802 nova-scheduler[96636]: DEBUG oslo.service.backend._threading.loopingcall [-] Fixed interval looping call 'nova.servicegroup.drivers.db.DbDriver._report_state' sleeping for 119.99 seconds {{(pid=96636) _run_loop /opt/stack/data/venv/lib/python3.12/site-packages/oslo_service/backend/_threading/loopingcall.py:125}}
Jul 08 08:59:38.951404 np0000004802 nova-scheduler[96628]: DEBUG oslo.service.backend._threading.loopingcall [-] Fixed interval looping call 'nova.servicegroup.drivers.db.DbDriver._report_state' sleeping for 119.99 seconds {{(pid=96628) _run_loop /opt/stack/data/venv/lib/python3.12/site-packages/oslo_service/backend/_threading/loopingcall.py:125}}
Jul 08 08:59:38.952077 np0000004802 nova-scheduler[96639]: DEBUG oslo.service.backend._threading.loopingcall [-] Fixed interval looping call 'nova.servicegroup.drivers.db.DbDriver._report_state' sleeping for 119.99 seconds {{(pid=96639) _run_loop /opt/stack/data/venv/lib/python3.12/site-packages/oslo_service/backend/_threading/loopingcall.py:125}}
Jul 08 08:59:42.481798 np0000004802 nova-scheduler[95438]: DEBUG dbcounter [-] [95438] Writing DB stats nova_api:SELECT=3 {{(pid=95438) stat_writer /opt/stack/data/venv/lib/python3.12/site-packages/dbcounter.py:115}}
Jul 08 08:59:42.613283 np0000004802 nova-scheduler[95438]: DEBUG dbcounter [-] [95438] Writing DB stats nova_cell0:SELECT=1 {{(pid=95438) stat_writer /opt/stack/data/venv/lib/python3.12/site-packages/dbcounter.py:115}}
Jul 08 08:59:42.617116 np0000004802 nova-scheduler[95438]: DEBUG dbcounter [-] [95438] Writing DB stats nova_cell1:SELECT=1 {{(pid=95438) stat_writer /opt/stack/data/venv/lib/python3.12/site-packages/dbcounter.py:115}}
Jul 08 08:59:48.942972 np0000004802 nova-scheduler[96630]: DEBUG dbcounter [-] [96630] Writing DB stats nova_cell0:SELECT=4,nova_cell0:INSERT=1,nova_cell0:UPDATE=1 {{(pid=96630) stat_writer /opt/stack/data/venv/lib/python3.12/site-packages/dbcounter.py:115}}
Jul 08 08:59:48.946995 np0000004802 nova-scheduler[96636]: DEBUG dbcounter [-] [96636] Writing DB stats nova_cell0:SELECT=5,nova_cell0:INSERT=1,nova_cell0:UPDATE=1 {{(pid=96636) stat_writer /opt/stack/data/venv/lib/python3.12/site-packages/dbcounter.py:115}}
Jul 08 08:59:48.947461 np0000004802 nova-scheduler[96628]: DEBUG dbcounter [-] [96628] Writing DB stats nova_cell0:SELECT=5,nova_cell0:INSERT=1,nova_cell0:UPDATE=1 {{(pid=96628) stat_writer /opt/stack/data/venv/lib/python3.12/site-packages/dbcounter.py:115}}
Jul 08 08:59:48.951878 np0000004802 nova-scheduler[96639]: DEBUG dbcounter [-] [96639] Writing DB stats nova_cell0:SELECT=5,nova_cell0:INSERT=1,nova_cell0:UPDATE=1 {{(pid=96639) stat_writer /opt/stack/data/venv/lib/python3.12/site-packages/dbcounter.py:115}}
Jul 08 08:59:49.945577 np0000004802 nova-scheduler[96639]: DEBUG oslo.service.backend._threading.loopingcall [None req-c027a0de-f28c-4396-9287-7ef3c7283289 None None] Dynamic interval looping call 'nova.service.Service.periodic_tasks' sleeping for 60.00 seconds {{(pid=96639) _run_loop /opt/stack/data/venv/lib/python3.12/site-packages/oslo_service/backend/_threading/loopingcall.py:125}}
Jul 08 08:59:50.939593 np0000004802 nova-scheduler[96628]: DEBUG oslo.service.backend._threading.loopingcall [None req-93edb682-8c1f-49ae-8faf-79a12a44efaa None None] Dynamic interval looping call 'nova.service.Service.periodic_tasks' sleeping for 60.00 seconds {{(pid=96628) _run_loop /opt/stack/data/venv/lib/python3.12/site-packages/oslo_service/backend/_threading/loopingcall.py:125}}
Jul 08 09:00:00.935376 np0000004802 nova-scheduler[96630]: DEBUG oslo.service.backend._threading.loopingcall [None req-db82370c-5d1f-4fc2-952f-dacf71e5b05a None None] Dynamic interval looping call 'nova.service.Service.periodic_tasks' sleeping for 60.00 seconds {{(pid=96630) _run_loop /opt/stack/data/venv/lib/python3.12/site-packages/oslo_service/backend/_threading/loopingcall.py:125}}
Jul 08 09:00:23.940050 np0000004802 nova-scheduler[96636]: DEBUG oslo.service.backend._threading.loopingcall [None req-b99fb1a3-4d41-4921-93aa-7761f720b682 None None] Dynamic interval looping call 'nova.service.Service.periodic_tasks' sleeping for 60.00 seconds {{(pid=96636) _run_loop /opt/stack/data/venv/lib/python3.12/site-packages/oslo_service/backend/_threading/loopingcall.py:125}}
Jul 08 09:00:49.946062 np0000004802 nova-scheduler[96639]: DEBUG oslo.service.backend._threading.loopingcall [None req-c027a0de-f28c-4396-9287-7ef3c7283289 None None] Dynamic interval looping call 'nova.service.Service.periodic_tasks' sleeping for 60.00 seconds {{(pid=96639) _run_loop /opt/stack/data/venv/lib/python3.12/site-packages/oslo_service/backend/_threading/loopingcall.py:125}}
Jul 08 09:00:50.940138 np0000004802 nova-scheduler[96628]: DEBUG oslo.service.backend._threading.loopingcall [None req-93edb682-8c1f-49ae-8faf-79a12a44efaa None None] Dynamic interval looping call 'nova.service.Service.periodic_tasks' sleeping for 60.00 seconds {{(pid=96628) _run_loop /opt/stack/data/venv/lib/python3.12/site-packages/oslo_service/backend/_threading/loopingcall.py:125}}
Jul 08 09:01:00.935853 np0000004802 nova-scheduler[96630]: DEBUG oslo.service.backend._threading.loopingcall [None req-db82370c-5d1f-4fc2-952f-dacf71e5b05a None None] Dynamic interval looping call 'nova.service.Service.periodic_tasks' sleeping for 60.00 seconds {{(pid=96630) _run_loop /opt/stack/data/venv/lib/python3.12/site-packages/oslo_service/backend/_threading/loopingcall.py:125}}
Jul 08 09:01:23.940492 np0000004802 nova-scheduler[96636]: DEBUG oslo.service.backend._threading.loopingcall [None req-b99fb1a3-4d41-4921-93aa-7761f720b682 None None] Dynamic interval looping call 'nova.service.Service.periodic_tasks' sleeping for 60.00 seconds {{(pid=96636) _run_loop /opt/stack/data/venv/lib/python3.12/site-packages/oslo_service/backend/_threading/loopingcall.py:125}}
Jul 08 09:01:38.952917 np0000004802 nova-scheduler[96636]: DEBUG oslo.service.backend._threading.loopingcall [-] Fixed interval looping call 'nova.servicegroup.drivers.db.DbDriver._report_state' sleeping for 119.99 seconds {{(pid=96636) _run_loop /opt/stack/data/venv/lib/python3.12/site-packages/oslo_service/backend/_threading/loopingcall.py:125}}
Jul 08 09:01:38.953974 np0000004802 nova-scheduler[96630]: DEBUG oslo.service.backend._threading.loopingcall [-] Fixed interval looping call 'nova.servicegroup.drivers.db.DbDriver._report_state' sleeping for 119.99 seconds {{(pid=96630) _run_loop /opt/stack/data/venv/lib/python3.12/site-packages/oslo_service/backend/_threading/loopingcall.py:125}}
Jul 08 09:01:38.961610 np0000004802 nova-scheduler[96639]: DEBUG oslo.service.backend._threading.loopingcall [-] Fixed interval looping call 'nova.servicegroup.drivers.db.DbDriver._report_state' sleeping for 119.99 seconds {{(pid=96639) _run_loop /opt/stack/data/venv/lib/python3.12/site-packages/oslo_service/backend/_threading/loopingcall.py:125}}
Jul 08 09:01:38.961955 np0000004802 nova-scheduler[96628]: DEBUG oslo.service.backend._threading.loopingcall [-] Fixed interval looping call 'nova.servicegroup.drivers.db.DbDriver._report_state' sleeping for 119.99 seconds {{(pid=96628) _run_loop /opt/stack/data/venv/lib/python3.12/site-packages/oslo_service/backend/_threading/loopingcall.py:125}}
Jul 08 09:01:48.943245 np0000004802 nova-scheduler[96636]: DEBUG dbcounter [-] [96636] Writing DB stats nova_cell0:SELECT=1,nova_cell0:UPDATE=1 {{(pid=96636) stat_writer /opt/stack/data/venv/lib/python3.12/site-packages/dbcounter.py:115}}
Jul 08 09:01:48.944613 np0000004802 nova-scheduler[96630]: DEBUG dbcounter [-] [96630] Writing DB stats nova_cell0:SELECT=1,nova_cell0:UPDATE=1 {{(pid=96630) stat_writer /opt/stack/data/venv/lib/python3.12/site-packages/dbcounter.py:115}}
Jul 08 09:01:48.945206 np0000004802 nova-scheduler[96639]: DEBUG dbcounter [-] [96639] Writing DB stats nova_cell0:SELECT=1,nova_cell0:UPDATE=1 {{(pid=96639) stat_writer /opt/stack/data/venv/lib/python3.12/site-packages/dbcounter.py:115}}
Jul 08 09:01:48.945500 np0000004802 nova-scheduler[96628]: DEBUG dbcounter [-] [96628] Writing DB stats nova_cell0:SELECT=1,nova_cell0:UPDATE=1 {{(pid=96628) stat_writer /opt/stack/data/venv/lib/python3.12/site-packages/dbcounter.py:115}}
Jul 08 09:01:49.946748 np0000004802 nova-scheduler[96639]: DEBUG oslo.service.backend._threading.loopingcall [None req-c027a0de-f28c-4396-9287-7ef3c7283289 None None] Dynamic interval looping call 'nova.service.Service.periodic_tasks' sleeping for 60.00 seconds {{(pid=96639) _run_loop /opt/stack/data/venv/lib/python3.12/site-packages/oslo_service/backend/_threading/loopingcall.py:125}}
Jul 08 09:01:50.940662 np0000004802 nova-scheduler[96628]: DEBUG oslo.service.backend._threading.loopingcall [None req-93edb682-8c1f-49ae-8faf-79a12a44efaa None None] Dynamic interval looping call 'nova.service.Service.periodic_tasks' sleeping for 60.00 seconds {{(pid=96628) _run_loop /opt/stack/data/venv/lib/python3.12/site-packages/oslo_service/backend/_threading/loopingcall.py:125}}
Jul 08 09:01:53.922720 np0000004802 nova-scheduler[96630]: DEBUG nova.scheduler.manager [None req-6abc55ba-cf5b-434d-8a14-ee9420d77081 tempest-ServerRescueNegativeTestJSON-413751430 tempest-ServerRescueNegativeTestJSON-413751430-project-member] Starting to schedule for instances: ['82d3b229-62c1-4d7d-8528-54afab30dc0c'] {{(pid=96630) select_destinations /opt/stack/nova/nova/scheduler/manager.py:209}}
Jul 08 09:01:53.923437 np0000004802 nova-scheduler[96630]: DEBUG nova.scheduler.request_filter [None req-6abc55ba-cf5b-434d-8a14-ee9420d77081 tempest-ServerRescueNegativeTestJSON-413751430 tempest-ServerRescueNegativeTestJSON-413751430-project-member] compute_status_filter request filter added forbidden trait COMPUTE_STATUS_DISABLED {{(pid=96630) compute_status_filter /opt/stack/nova/nova/scheduler/request_filter.py:253}}
Jul 08 09:01:53.923557 np0000004802 nova-scheduler[96630]: DEBUG nova.scheduler.request_filter [None req-6abc55ba-cf5b-434d-8a14-ee9420d77081 tempest-ServerRescueNegativeTestJSON-413751430 tempest-ServerRescueNegativeTestJSON-413751430-project-member] Request filter 'compute_status_filter' took 0.0 seconds {{(pid=96630) wrapper /opt/stack/nova/nova/scheduler/request_filter.py:46}}
Jul 08 09:01:53.923963 np0000004802 nova-scheduler[96630]: DEBUG nova.scheduler.request_filter [None req-6abc55ba-cf5b-434d-8a14-ee9420d77081 tempest-ServerRescueNegativeTestJSON-413751430 tempest-ServerRescueNegativeTestJSON-413751430-project-member] Request filter 'accelerators_filter' took 0.0 seconds {{(pid=96630) wrapper /opt/stack/nova/nova/scheduler/request_filter.py:46}}
Jul 08 09:01:53.923963 np0000004802 nova-scheduler[96630]: DEBUG nova.scheduler.request_filter [None req-6abc55ba-cf5b-434d-8a14-ee9420d77081 tempest-ServerRescueNegativeTestJSON-413751430 tempest-ServerRescueNegativeTestJSON-413751430-project-member] Request filter 'packed_virtqueue_filter' took 0.0 seconds {{(pid=96630) wrapper /opt/stack/nova/nova/scheduler/request_filter.py:46}}
Jul 08 09:01:53.924315 np0000004802 nova-scheduler[96630]: DEBUG nova.scheduler.request_filter [None req-6abc55ba-cf5b-434d-8a14-ee9420d77081 tempest-ServerRescueNegativeTestJSON-413751430 tempest-ServerRescueNegativeTestJSON-413751430-project-member] Request filter 'remote_managed_ports_filter' took 0.0 seconds {{(pid=96630) wrapper /opt/stack/nova/nova/scheduler/request_filter.py:46}}
Jul 08 09:01:53.924486 np0000004802 nova-scheduler[96630]: DEBUG nova.scheduler.request_filter [None req-6abc55ba-cf5b-434d-8a14-ee9420d77081 tempest-ServerRescueNegativeTestJSON-413751430 tempest-ServerRescueNegativeTestJSON-413751430-project-member] ephemeral_encryption_filter skipped {{(pid=96630) ephemeral_encryption_filter /opt/stack/nova/nova/scheduler/request_filter.py:426}}
Jul 08 09:01:53.924641 np0000004802 nova-scheduler[96630]: DEBUG nova.scheduler.request_filter [None req-6abc55ba-cf5b-434d-8a14-ee9420d77081 tempest-ServerRescueNegativeTestJSON-413751430 tempest-ServerRescueNegativeTestJSON-413751430-project-member] virtio_sound_filter skipped {{(pid=96630) virtio_sound_filter /opt/stack/nova/nova/scheduler/request_filter.py:460}}
Jul 08 09:01:53.924802 np0000004802 nova-scheduler[96630]: DEBUG nova.scheduler.request_filter [None req-6abc55ba-cf5b-434d-8a14-ee9420d77081 tempest-ServerRescueNegativeTestJSON-413751430 tempest-ServerRescueNegativeTestJSON-413751430-project-member] tpm_secret_security_filter skipped {{(pid=96630) tpm_secret_security_filter /opt/stack/nova/nova/scheduler/request_filter.py:477}}
Jul 08 09:01:54.576781 np0000004802 nova-scheduler[96628]: DEBUG nova.scheduler.manager [None req-5d9c9fc3-3bd1-4dac-b960-e7a295bef43e tempest-ServerBootFromVolumeStableRescueTest-929771430 tempest-ServerBootFromVolumeStableRescueTest-929771430-project-member] Starting to schedule for instances: ['8715f28e-618b-4115-b959-c2bc1da8388e'] {{(pid=96628) select_destinations /opt/stack/nova/nova/scheduler/manager.py:209}}
Jul 08 09:01:54.577477 np0000004802 nova-scheduler[96628]: DEBUG nova.scheduler.request_filter [None req-5d9c9fc3-3bd1-4dac-b960-e7a295bef43e tempest-ServerBootFromVolumeStableRescueTest-929771430 tempest-ServerBootFromVolumeStableRescueTest-929771430-project-member] compute_status_filter request filter added forbidden trait COMPUTE_STATUS_DISABLED {{(pid=96628) compute_status_filter /opt/stack/nova/nova/scheduler/request_filter.py:253}}
Jul 08 09:01:54.577608 np0000004802 nova-scheduler[96628]: DEBUG nova.scheduler.request_filter [None req-5d9c9fc3-3bd1-4dac-b960-e7a295bef43e tempest-ServerBootFromVolumeStableRescueTest-929771430 tempest-ServerBootFromVolumeStableRescueTest-929771430-project-member] Request filter 'compute_status_filter' took 0.0 seconds {{(pid=96628) wrapper /opt/stack/nova/nova/scheduler/request_filter.py:46}}
Jul 08 09:01:54.577858 np0000004802 nova-scheduler[96628]: DEBUG nova.scheduler.request_filter [None req-5d9c9fc3-3bd1-4dac-b960-e7a295bef43e tempest-ServerBootFromVolumeStableRescueTest-929771430 tempest-ServerBootFromVolumeStableRescueTest-929771430-project-member] Request filter 'accelerators_filter' took 0.0 seconds {{(pid=96628) wrapper /opt/stack/nova/nova/scheduler/request_filter.py:46}}
Jul 08 09:01:54.578081 np0000004802 nova-scheduler[96628]: DEBUG nova.scheduler.request_filter [None req-5d9c9fc3-3bd1-4dac-b960-e7a295bef43e tempest-ServerBootFromVolumeStableRescueTest-929771430 tempest-ServerBootFromVolumeStableRescueTest-929771430-project-member] Request filter 'packed_virtqueue_filter' took 0.0 seconds {{(pid=96628) wrapper /opt/stack/nova/nova/scheduler/request_filter.py:46}}
Jul 08 09:01:54.578386 np0000004802 nova-scheduler[96628]: DEBUG nova.scheduler.request_filter [None req-5d9c9fc3-3bd1-4dac-b960-e7a295bef43e tempest-ServerBootFromVolumeStableRescueTest-929771430 tempest-ServerBootFromVolumeStableRescueTest-929771430-project-member] Request filter 'remote_managed_ports_filter' took 0.0 seconds {{(pid=96628) wrapper /opt/stack/nova/nova/scheduler/request_filter.py:46}}
Jul 08 09:01:54.578536 np0000004802 nova-scheduler[96628]: DEBUG nova.scheduler.request_filter [None req-5d9c9fc3-3bd1-4dac-b960-e7a295bef43e tempest-ServerBootFromVolumeStableRescueTest-929771430 tempest-ServerBootFromVolumeStableRescueTest-929771430-project-member] ephemeral_encryption_filter skipped {{(pid=96628) ephemeral_encryption_filter /opt/stack/nova/nova/scheduler/request_filter.py:426}}
Jul 08 09:01:54.578700 np0000004802 nova-scheduler[96628]: DEBUG nova.scheduler.request_filter [None req-5d9c9fc3-3bd1-4dac-b960-e7a295bef43e tempest-ServerBootFromVolumeStableRescueTest-929771430 tempest-ServerBootFromVolumeStableRescueTest-929771430-project-member] virtio_sound_filter skipped {{(pid=96628) virtio_sound_filter /opt/stack/nova/nova/scheduler/request_filter.py:460}}
Jul 08 09:01:54.578864 np0000004802 nova-scheduler[96628]: DEBUG nova.scheduler.request_filter [None req-5d9c9fc3-3bd1-4dac-b960-e7a295bef43e tempest-ServerBootFromVolumeStableRescueTest-929771430 tempest-ServerBootFromVolumeStableRescueTest-929771430-project-member] tpm_secret_security_filter skipped {{(pid=96628) tpm_secret_security_filter /opt/stack/nova/nova/scheduler/request_filter.py:477}}
Jul 08 09:01:54.631763 np0000004802 nova-scheduler[96630]: INFO nova.utils [None req-6abc55ba-cf5b-434d-8a14-ee9420d77081 tempest-ServerRescueNegativeTestJSON-413751430 tempest-ServerRescueNegativeTestJSON-413751430-project-member] The cell worker thread pool ForkProcess-2.cell_worker is initialized
Jul 08 09:01:54.631763 np0000004802 nova-scheduler[96630]: DEBUG oslo_concurrency.lockutils [None req-6abc55ba-cf5b-434d-8a14-ee9420d77081 tempest-ServerRescueNegativeTestJSON-413751430 tempest-ServerRescueNegativeTestJSON-413751430-project-member] Acquiring lock "a1425451-18bf-429f-b47d-935829e7c122" by "nova.context.set_target_cell..get_or_set_cached_cell_and_set_connections" {{(pid=96630) inner /opt/stack/data/venv/lib/python3.12/site-packages/oslo_concurrency/lockutils.py:511}}
Jul 08 09:01:54.632253 np0000004802 nova-scheduler[96630]: DEBUG oslo_concurrency.lockutils [None req-6abc55ba-cf5b-434d-8a14-ee9420d77081 tempest-ServerRescueNegativeTestJSON-413751430 tempest-ServerRescueNegativeTestJSON-413751430-project-member] Lock "a1425451-18bf-429f-b47d-935829e7c122" acquired by "nova.context.set_target_cell..get_or_set_cached_cell_and_set_connections" :: waited 0.000s {{(pid=96630) inner /opt/stack/data/venv/lib/python3.12/site-packages/oslo_concurrency/lockutils.py:524}}
Jul 08 09:01:54.633192 np0000004802 nova-scheduler[96630]: DEBUG oslo_concurrency.lockutils [None req-6abc55ba-cf5b-434d-8a14-ee9420d77081 tempest-ServerRescueNegativeTestJSON-413751430 tempest-ServerRescueNegativeTestJSON-413751430-project-member] Lock "a1425451-18bf-429f-b47d-935829e7c122" "released" by "nova.context.set_target_cell..get_or_set_cached_cell_and_set_connections" :: held 0.001s {{(pid=96630) inner /opt/stack/data/venv/lib/python3.12/site-packages/oslo_concurrency/lockutils.py:543}}
Jul 08 09:01:54.635694 np0000004802 nova-scheduler[96630]: INFO dbcounter [None req-6abc55ba-cf5b-434d-8a14-ee9420d77081 tempest-ServerRescueNegativeTestJSON-413751430 tempest-ServerRescueNegativeTestJSON-413751430-project-member] Registered counter for database nova_cell1
Jul 08 09:01:54.682024 np0000004802 nova-scheduler[96630]: DEBUG oslo_db.sqlalchemy.engines [None req-6abc55ba-cf5b-434d-8a14-ee9420d77081 tempest-ServerRescueNegativeTestJSON-413751430 tempest-ServerRescueNegativeTestJSON-413751430-project-member] MySQL server mode set to STRICT_TRANS_TABLES,STRICT_ALL_TABLES,NO_ZERO_IN_DATE,NO_ZERO_DATE,ERROR_FOR_DIVISION_BY_ZERO,TRADITIONAL,NO_ENGINE_SUBSTITUTION {{(pid=96630) _check_effective_sql_mode /opt/stack/data/venv/lib/python3.12/site-packages/oslo_db/sqlalchemy/engines.py:325}}
Jul 08 09:01:54.688222 np0000004802 nova-scheduler[96630]: DEBUG dbcounter [-] [96630] Writer thread running {{(pid=96630) stat_writer /opt/stack/data/venv/lib/python3.12/site-packages/dbcounter.py:102}}
Jul 08 09:01:54.696657 np0000004802 nova-scheduler[96628]: INFO nova.utils [None req-5d9c9fc3-3bd1-4dac-b960-e7a295bef43e tempest-ServerBootFromVolumeStableRescueTest-929771430 tempest-ServerBootFromVolumeStableRescueTest-929771430-project-member] The cell worker thread pool ForkProcess-1.cell_worker is initialized
Jul 08 09:01:54.696657 np0000004802 nova-scheduler[96628]: DEBUG oslo_concurrency.lockutils [None req-5d9c9fc3-3bd1-4dac-b960-e7a295bef43e tempest-ServerBootFromVolumeStableRescueTest-929771430 tempest-ServerBootFromVolumeStableRescueTest-929771430-project-member] Acquiring lock "a1425451-18bf-429f-b47d-935829e7c122" by "nova.context.set_target_cell..get_or_set_cached_cell_and_set_connections" {{(pid=96628) inner /opt/stack/data/venv/lib/python3.12/site-packages/oslo_concurrency/lockutils.py:511}}
Jul 08 09:01:54.696657 np0000004802 nova-scheduler[96628]: DEBUG oslo_concurrency.lockutils [None req-5d9c9fc3-3bd1-4dac-b960-e7a295bef43e tempest-ServerBootFromVolumeStableRescueTest-929771430 tempest-ServerBootFromVolumeStableRescueTest-929771430-project-member] Lock "a1425451-18bf-429f-b47d-935829e7c122" acquired by "nova.context.set_target_cell..get_or_set_cached_cell_and_set_connections" :: waited 0.000s {{(pid=96628) inner /opt/stack/data/venv/lib/python3.12/site-packages/oslo_concurrency/lockutils.py:524}}
Jul 08 09:01:54.697346 np0000004802 nova-scheduler[96628]: DEBUG oslo_concurrency.lockutils [None req-5d9c9fc3-3bd1-4dac-b960-e7a295bef43e tempest-ServerBootFromVolumeStableRescueTest-929771430 tempest-ServerBootFromVolumeStableRescueTest-929771430-project-member] Lock "a1425451-18bf-429f-b47d-935829e7c122" "released" by "nova.context.set_target_cell..get_or_set_cached_cell_and_set_connections" :: held 0.001s {{(pid=96628) inner /opt/stack/data/venv/lib/python3.12/site-packages/oslo_concurrency/lockutils.py:543}}
Jul 08 09:01:54.699448 np0000004802 nova-scheduler[96628]: INFO dbcounter [None req-5d9c9fc3-3bd1-4dac-b960-e7a295bef43e tempest-ServerBootFromVolumeStableRescueTest-929771430 tempest-ServerBootFromVolumeStableRescueTest-929771430-project-member] Registered counter for database nova_cell1
Jul 08 09:01:54.713442 np0000004802 nova-scheduler[96630]: DEBUG oslo_db.sqlalchemy.engines [None req-6abc55ba-cf5b-434d-8a14-ee9420d77081 tempest-ServerRescueNegativeTestJSON-413751430 tempest-ServerRescueNegativeTestJSON-413751430-project-member] Parent process 95438 forked (96630) with an open database connection, which is being discarded and recreated. {{(pid=96630) checkout /opt/stack/data/venv/lib/python3.12/site-packages/oslo_db/sqlalchemy/engines.py:402}}
Jul 08 09:01:54.744025 np0000004802 nova-scheduler[96628]: DEBUG oslo_db.sqlalchemy.engines [None req-5d9c9fc3-3bd1-4dac-b960-e7a295bef43e tempest-ServerBootFromVolumeStableRescueTest-929771430 tempest-ServerBootFromVolumeStableRescueTest-929771430-project-member] MySQL server mode set to STRICT_TRANS_TABLES,STRICT_ALL_TABLES,NO_ZERO_IN_DATE,NO_ZERO_DATE,ERROR_FOR_DIVISION_BY_ZERO,TRADITIONAL,NO_ENGINE_SUBSTITUTION {{(pid=96628) _check_effective_sql_mode /opt/stack/data/venv/lib/python3.12/site-packages/oslo_db/sqlalchemy/engines.py:325}}
Jul 08 09:01:54.749057 np0000004802 nova-scheduler[96628]: DEBUG dbcounter [-] [96628] Writer thread running {{(pid=96628) stat_writer /opt/stack/data/venv/lib/python3.12/site-packages/dbcounter.py:102}}
