Jun 08 19:13:42.712436 np0000002345 devstack@c-api.service[96226]: WARNING castellan.key_manager [None req-8ee793e5-a9e1-490b-a96c-e8559dd93d0e None None] Deprecation Warning : cinder.keymgr.conf_key_mgr.ConfKeyManager is not a stevedore based driver, trying to load it as a class: stevedore.exception.NoMatches: No 'castellan.drivers' driver found, looking for 'cinder.keymgr.conf_key_mgr.ConfKeyManager'
Jun 08 19:13:42.713022 np0000002345 devstack@c-api.service[96226]: WARNING stevedore.named [None req-8ee793e5-a9e1-490b-a96c-e8559dd93d0e None None] Could not load cinder.keymgr.conf_key_mgr.ConfKeyManager
Jun 08 19:13:42.713058 np0000002345 devstack@c-api.service[96227]: DEBUG cinder.api.v3.router [None req-02fe5caf-becf-480a-b397-d26a4f3961d8 None None] Extended resource: encryption {{(pid=96227) _setup_ext_routes /opt/stack/cinder/cinder/api/v3/router.py:122}}
Jun 08 19:13:42.713131 np0000002345 devstack@c-api.service[96226]: WARNING castellan.key_manager [None req-8ee793e5-a9e1-490b-a96c-e8559dd93d0e None None] Deprecation Warning : cinder.keymgr.conf_key_mgr.ConfKeyManager is not a stevedore based driver, trying to load it as a class: stevedore.exception.NoMatches: No 'castellan.drivers' driver found, looking for 'cinder.keymgr.conf_key_mgr.ConfKeyManager'
Jun 08 19:13:42.713917 np0000002345 devstack@c-api.service[96226]: WARNING cinder.api.contrib.hosts [None req-8ee793e5-a9e1-490b-a96c-e8559dd93d0e None None] Deprecated: The Host API is deprecated and will be be removed in a future version.
Jun 08 19:13:42.714149 np0000002345 devstack@c-api.service[96226]: WARNING stevedore.named [None req-8ee793e5-a9e1-490b-a96c-e8559dd93d0e None None] Could not load cinder.keymgr.conf_key_mgr.ConfKeyManager
Jun 08 19:13:42.714219 np0000002345 devstack@c-api.service[96227]: DEBUG cinder.api.v3.router [None req-02fe5caf-becf-480a-b397-d26a4f3961d8 None None] Extended resource: encryption {{(pid=96227) _setup_ext_routes /opt/stack/cinder/cinder/api/v3/router.py:122}}
Jun 08 19:13:42.714253 np0000002345 devstack@c-api.service[96226]: WARNING castellan.key_manager [None req-8ee793e5-a9e1-490b-a96c-e8559dd93d0e None None] Deprecation Warning : cinder.keymgr.conf_key_mgr.ConfKeyManager is not a stevedore based driver, trying to load it as a class: stevedore.exception.NoMatches: No 'castellan.drivers' driver found, looking for 'cinder.keymgr.conf_key_mgr.ConfKeyManager'
Jun 08 19:13:42.714814 np0000002345 devstack@c-api.service[96226]: DEBUG cinder.api.v3.router [None req-8ee793e5-a9e1-490b-a96c-e8559dd93d0e None None] Extended resource: extensions {{(pid=96226) _setup_ext_routes /opt/stack/cinder/cinder/api/v3/router.py:122}}
Jun 08 19:13:42.715347 np0000002345 devstack@c-api.service[96227]: DEBUG cinder.api.v3.router [None req-02fe5caf-becf-480a-b397-d26a4f3961d8 None None] Extended resource: cgsnapshots {{(pid=96227) _setup_ext_routes /opt/stack/cinder/cinder/api/v3/router.py:122}}
Jun 08 19:13:42.715877 np0000002345 devstack@c-api.service[96226]: DEBUG cinder.api.v3.router [None req-8ee793e5-a9e1-490b-a96c-e8559dd93d0e None None] Extended resource: consistencygroups {{(pid=96226) _setup_ext_routes /opt/stack/cinder/cinder/api/v3/router.py:122}}
Jun 08 19:13:42.716451 np0000002345 devstack@c-api.service[96227]: DEBUG cinder.api.v3.router [None req-02fe5caf-becf-480a-b397-d26a4f3961d8 None None] Extended resource: scheduler-stats {{(pid=96227) _setup_ext_routes /opt/stack/cinder/cinder/api/v3/router.py:122}}
Jun 08 19:13:42.717506 np0000002345 devstack@c-api.service[96226]: DEBUG cinder.api.v3.router [None req-8ee793e5-a9e1-490b-a96c-e8559dd93d0e None None] Extended resource: extra_specs {{(pid=96226) _setup_ext_routes /opt/stack/cinder/cinder/api/v3/router.py:122}}
Jun 08 19:13:42.717615 np0000002345 devstack@c-api.service[96227]: DEBUG cinder.api.v3.router [None req-02fe5caf-becf-480a-b397-d26a4f3961d8 None None] Extended resource: os-volume-manage {{(pid=96227) _setup_ext_routes /opt/stack/cinder/cinder/api/v3/router.py:122}}
Jun 08 19:13:42.718676 np0000002345 devstack@c-api.service[96227]: DEBUG cinder.api.v3.router [None req-02fe5caf-becf-480a-b397-d26a4f3961d8 None None] Extended resource: os-snapshot-manage {{(pid=96227) _setup_ext_routes /opt/stack/cinder/cinder/api/v3/router.py:122}}
Jun 08 19:13:42.718825 np0000002345 devstack@c-api.service[96226]: DEBUG cinder.api.v3.router [None req-8ee793e5-a9e1-490b-a96c-e8559dd93d0e None None] Extended resource: capabilities {{(pid=96226) _setup_ext_routes /opt/stack/cinder/cinder/api/v3/router.py:122}}
Jun 08 19:13:42.719795 np0000002345 devstack@c-api.service[96227]: DEBUG cinder.api.v3.router [None req-02fe5caf-becf-480a-b397-d26a4f3961d8 None None] Extended resource: os-volume-transfer {{(pid=96227) _setup_ext_routes /opt/stack/cinder/cinder/api/v3/router.py:122}}
Jun 08 19:13:42.719878 np0000002345 devstack@c-api.service[96226]: DEBUG cinder.api.v3.router [None req-8ee793e5-a9e1-490b-a96c-e8559dd93d0e None None] Extended resource: backups {{(pid=96226) _setup_ext_routes /opt/stack/cinder/cinder/api/v3/router.py:122}}
Jun 08 19:13:42.721044 np0000002345 devstack@c-api.service[96227]: DEBUG cinder.api.v3.router [None req-02fe5caf-becf-480a-b397-d26a4f3961d8 None None] Extended resource: os-hosts {{(pid=96227) _setup_ext_routes /opt/stack/cinder/cinder/api/v3/router.py:122}}
Jun 08 19:13:42.722187 np0000002345 devstack@c-api.service[96227]: DEBUG cinder.api.v3.router [None req-02fe5caf-becf-480a-b397-d26a4f3961d8 None None] Extended resource: os-volume-type-access {{(pid=96227) _setup_ext_routes /opt/stack/cinder/cinder/api/v3/router.py:122}}
Jun 08 19:13:42.722342 np0000002345 devstack@c-api.service[96226]: DEBUG cinder.api.v3.router [None req-8ee793e5-a9e1-490b-a96c-e8559dd93d0e None None] Extended resource: os-quota-sets {{(pid=96226) _setup_ext_routes /opt/stack/cinder/cinder/api/v3/router.py:122}}
Jun 08 19:13:42.723793 np0000002345 devstack@c-api.service[96227]: DEBUG cinder.api.v3.router [None req-02fe5caf-becf-480a-b397-d26a4f3961d8 None None] Extended resource: os-availability-zone {{(pid=96227) _setup_ext_routes /opt/stack/cinder/cinder/api/v3/router.py:122}}
Jun 08 19:13:42.723860 np0000002345 devstack@c-api.service[96226]: DEBUG cinder.api.v3.router [None req-8ee793e5-a9e1-490b-a96c-e8559dd93d0e None None] Extended resource: qos-specs {{(pid=96226) _setup_ext_routes /opt/stack/cinder/cinder/api/v3/router.py:122}}
Jun 08 19:13:42.724471 np0000002345 devstack@c-api.service[96227]: DEBUG cinder.api.v3.router [None req-02fe5caf-becf-480a-b397-d26a4f3961d8 None None] Extended resource: os-quota-class-sets {{(pid=96227) _setup_ext_routes /opt/stack/cinder/cinder/api/v3/router.py:122}}
Jun 08 19:13:42.728604 np0000002345 devstack@c-api.service[96226]: DEBUG cinder.api.v3.router [None req-8ee793e5-a9e1-490b-a96c-e8559dd93d0e None None] Extended resource: encryption {{(pid=96226) _setup_ext_routes /opt/stack/cinder/cinder/api/v3/router.py:122}}
Jun 08 19:13:42.728653 np0000002345 devstack@c-api.service[96227]: WARNING stevedore.named [None req-02fe5caf-becf-480a-b397-d26a4f3961d8 None None] Could not load cinder.keymgr.conf_key_mgr.ConfKeyManager
Jun 08 19:13:42.728653 np0000002345 devstack@c-api.service[96227]: WARNING castellan.key_manager [None req-02fe5caf-becf-480a-b397-d26a4f3961d8 None None] Deprecation Warning : cinder.keymgr.conf_key_mgr.ConfKeyManager is not a stevedore based driver, trying to load it as a class: stevedore.exception.NoMatches: No 'castellan.drivers' driver found, looking for 'cinder.keymgr.conf_key_mgr.ConfKeyManager'
Jun 08 19:13:42.728653 np0000002345 devstack@c-api.service[96227]: WARNING stevedore.named [None req-02fe5caf-becf-480a-b397-d26a4f3961d8 None None] Could not load cinder.keymgr.conf_key_mgr.ConfKeyManager
Jun 08 19:13:42.728743 np0000002345 devstack@c-api.service[96226]: DEBUG cinder.api.v3.router [None req-8ee793e5-a9e1-490b-a96c-e8559dd93d0e None None] Extended resource: encryption {{(pid=96226) _setup_ext_routes /opt/stack/cinder/cinder/api/v3/router.py:122}}
Jun 08 19:13:42.728772 np0000002345 devstack@c-api.service[96227]: WARNING castellan.key_manager [None req-02fe5caf-becf-480a-b397-d26a4f3961d8 None None] Deprecation Warning : cinder.keymgr.conf_key_mgr.ConfKeyManager is not a stevedore based driver, trying to load it as a class: stevedore.exception.NoMatches: No 'castellan.drivers' driver found, looking for 'cinder.keymgr.conf_key_mgr.ConfKeyManager'
Jun 08 19:13:42.728772 np0000002345 devstack@c-api.service[96227]: WARNING stevedore.named [None req-02fe5caf-becf-480a-b397-d26a4f3961d8 None None] Could not load cinder.keymgr.conf_key_mgr.ConfKeyManager
Jun 08 19:13:42.728772 np0000002345 devstack@c-api.service[96227]: WARNING castellan.key_manager [None req-02fe5caf-becf-480a-b397-d26a4f3961d8 None None] Deprecation Warning : cinder.keymgr.conf_key_mgr.ConfKeyManager is not a stevedore based driver, trying to load it as a class: stevedore.exception.NoMatches: No 'castellan.drivers' driver found, looking for 'cinder.keymgr.conf_key_mgr.ConfKeyManager'
Jun 08 19:13:42.728834 np0000002345 devstack@c-api.service[96226]: DEBUG cinder.api.v3.router [None req-8ee793e5-a9e1-490b-a96c-e8559dd93d0e None None] Extended resource: cgsnapshots {{(pid=96226) _setup_ext_routes /opt/stack/cinder/cinder/api/v3/router.py:122}}
Jun 08 19:13:42.728859 np0000002345 devstack@c-api.service[96227]: DEBUG cinder.api.contrib.snapshot_actions [None req-02fe5caf-becf-480a-b397-d26a4f3961d8 None None] SnapshotActionsController initialized {{(pid=96227) __init__ /opt/stack/cinder/cinder/api/contrib/snapshot_actions.py:33}}
Jun 08 19:13:42.728859 np0000002345 devstack@c-api.service[96227]: WARNING stevedore.named [None req-02fe5caf-becf-480a-b397-d26a4f3961d8 None None] Could not load cinder.keymgr.conf_key_mgr.ConfKeyManager
Jun 08 19:13:42.728859 np0000002345 devstack@c-api.service[96227]: WARNING castellan.key_manager [None req-02fe5caf-becf-480a-b397-d26a4f3961d8 None None] Deprecation Warning : cinder.keymgr.conf_key_mgr.ConfKeyManager is not a stevedore based driver, trying to load it as a class: stevedore.exception.NoMatches: No 'castellan.drivers' driver found, looking for 'cinder.keymgr.conf_key_mgr.ConfKeyManager'
Jun 08 19:13:42.728920 np0000002345 devstack@c-api.service[96227]: WARNING stevedore.named [None req-02fe5caf-becf-480a-b397-d26a4f3961d8 None None] Could not load cinder.keymgr.conf_key_mgr.ConfKeyManager
Jun 08 19:13:42.729022 np0000002345 devstack@c-api.service[96226]: DEBUG cinder.api.v3.router [None req-8ee793e5-a9e1-490b-a96c-e8559dd93d0e None None] Extended resource: scheduler-stats {{(pid=96226) _setup_ext_routes /opt/stack/cinder/cinder/api/v3/router.py:122}}
Jun 08 19:13:42.729061 np0000002345 devstack@c-api.service[96227]: WARNING castellan.key_manager [None req-02fe5caf-becf-480a-b397-d26a4f3961d8 None None] Deprecation Warning : cinder.keymgr.conf_key_mgr.ConfKeyManager is not a stevedore based driver, trying to load it as a class: stevedore.exception.NoMatches: No 'castellan.drivers' driver found, looking for 'cinder.keymgr.conf_key_mgr.ConfKeyManager'
Jun 08 19:13:42.729645 np0000002345 devstack@c-api.service[96227]: WARNING stevedore.named [None req-02fe5caf-becf-480a-b397-d26a4f3961d8 None None] Could not load cinder.keymgr.conf_key_mgr.ConfKeyManager
Jun 08 19:13:42.729756 np0000002345 devstack@c-api.service[96227]: WARNING castellan.key_manager [None req-02fe5caf-becf-480a-b397-d26a4f3961d8 None None] Deprecation Warning : cinder.keymgr.conf_key_mgr.ConfKeyManager is not a stevedore based driver, trying to load it as a class: stevedore.exception.NoMatches: No 'castellan.drivers' driver found, looking for 'cinder.keymgr.conf_key_mgr.ConfKeyManager'
Jun 08 19:13:42.730168 np0000002345 devstack@c-api.service[96226]: DEBUG cinder.api.v3.router [None req-8ee793e5-a9e1-490b-a96c-e8559dd93d0e None None] Extended resource: os-volume-manage {{(pid=96226) _setup_ext_routes /opt/stack/cinder/cinder/api/v3/router.py:122}}
Jun 08 19:13:42.730421 np0000002345 devstack@c-api.service[96227]: WARNING stevedore.named [None req-02fe5caf-becf-480a-b397-d26a4f3961d8 None None] Could not load cinder.keymgr.conf_key_mgr.ConfKeyManager
Jun 08 19:13:42.730532 np0000002345 devstack@c-api.service[96227]: WARNING castellan.key_manager [None req-02fe5caf-becf-480a-b397-d26a4f3961d8 None None] Deprecation Warning : cinder.keymgr.conf_key_mgr.ConfKeyManager is not a stevedore based driver, trying to load it as a class: stevedore.exception.NoMatches: No 'castellan.drivers' driver found, looking for 'cinder.keymgr.conf_key_mgr.ConfKeyManager'
Jun 08 19:13:42.731094 np0000002345 devstack@c-api.service[96227]: DEBUG cinder.api.v3.router [None req-02fe5caf-becf-480a-b397-d26a4f3961d8 None None] Extension VolumeImageMetadata extending resource: volumes {{(pid=96227) _setup_extensions /opt/stack/cinder/cinder/api/v3/router.py:155}}
Jun 08 19:13:42.731221 np0000002345 devstack@c-api.service[96227]: DEBUG cinder.api.v3.router [None req-02fe5caf-becf-480a-b397-d26a4f3961d8 None None] Extension SnapshotUnmanage extending resource: snapshots {{(pid=96227) _setup_extensions /opt/stack/cinder/cinder/api/v3/router.py:155}}
Jun 08 19:13:42.731317 np0000002345 devstack@c-api.service[96227]: DEBUG cinder.api.v3.router [None req-02fe5caf-becf-480a-b397-d26a4f3961d8 None None] Extension ExtendedSnapshotAttributes extending resource: snapshots {{(pid=96227) _setup_extensions /opt/stack/cinder/cinder/api/v3/router.py:155}}
Jun 08 19:13:42.731353 np0000002345 devstack@c-api.service[96226]: DEBUG cinder.api.v3.router [None req-8ee793e5-a9e1-490b-a96c-e8559dd93d0e None None] Extended resource: os-snapshot-manage {{(pid=96226) _setup_ext_routes /opt/stack/cinder/cinder/api/v3/router.py:122}}
Jun 08 19:13:42.731425 np0000002345 devstack@c-api.service[96227]: DEBUG cinder.api.v3.router [None req-02fe5caf-becf-480a-b397-d26a4f3961d8 None None] Extension VolumeHostAttribute extending resource: volumes {{(pid=96227) _setup_extensions /opt/stack/cinder/cinder/api/v3/router.py:155}}
Jun 08 19:13:42.731518 np0000002345 devstack@c-api.service[96227]: DEBUG cinder.api.v3.router [None req-02fe5caf-becf-480a-b397-d26a4f3961d8 None None] Extension VolumeTypeEncryption extending resource: types {{(pid=96227) _setup_extensions /opt/stack/cinder/cinder/api/v3/router.py:155}}
Jun 08 19:13:42.731634 np0000002345 devstack@c-api.service[96227]: DEBUG cinder.api.v3.router [None req-02fe5caf-becf-480a-b397-d26a4f3961d8 None None] Extension VolumeUnmanage extending resource: volumes {{(pid=96227) _setup_extensions /opt/stack/cinder/cinder/api/v3/router.py:155}}
Jun 08 19:13:42.733602 np0000002345 devstack@c-api.service[96227]: DEBUG cinder.api.v3.router [None req-02fe5caf-becf-480a-b397-d26a4f3961d8 None None] Extension UsedLimits extending resource: limits {{(pid=96227) _setup_extensions /opt/stack/cinder/cinder/api/v3/router.py:155}}
Jun 08 19:13:42.733602 np0000002345 devstack@c-api.service[96227]: DEBUG cinder.api.v3.router [None req-02fe5caf-becf-480a-b397-d26a4f3961d8 None None] Extension SnapshotActions extending resource: snapshots {{(pid=96227) _setup_extensions /opt/stack/cinder/cinder/api/v3/router.py:155}}
Jun 08 19:13:42.733602 np0000002345 devstack@c-api.service[96227]: DEBUG cinder.api.v3.router [None req-02fe5caf-becf-480a-b397-d26a4f3961d8 None None] Extension VolumeMigStatusAttribute extending resource: volumes {{(pid=96227) _setup_extensions /opt/stack/cinder/cinder/api/v3/router.py:155}}
Jun 08 19:13:42.733602 np0000002345 devstack@c-api.service[96227]: DEBUG cinder.api.v3.router [None req-02fe5caf-becf-480a-b397-d26a4f3961d8 None None] Extension VolumeTypeAccess extending resource: types {{(pid=96227) _setup_extensions /opt/stack/cinder/cinder/api/v3/router.py:155}}
Jun 08 19:13:42.733602 np0000002345 devstack@c-api.service[96227]: DEBUG cinder.api.v3.router [None req-02fe5caf-becf-480a-b397-d26a4f3961d8 None None] Extension AdminActions extending resource: volumes {{(pid=96227) _setup_extensions /opt/stack/cinder/cinder/api/v3/router.py:155}}
Jun 08 19:13:42.733602 np0000002345 devstack@c-api.service[96227]: DEBUG cinder.api.v3.router [None req-02fe5caf-becf-480a-b397-d26a4f3961d8 None None] Extension AdminActions extending resource: snapshots {{(pid=96227) _setup_extensions /opt/stack/cinder/cinder/api/v3/router.py:155}}
Jun 08 19:13:42.733602 np0000002345 devstack@c-api.service[96227]: DEBUG cinder.api.v3.router [None req-02fe5caf-becf-480a-b397-d26a4f3961d8 None None] Extension AdminActions extending resource: backups {{(pid=96227) _setup_extensions /opt/stack/cinder/cinder/api/v3/router.py:155}}
Jun 08 19:13:42.733788 np0000002345 devstack@c-api.service[96227]: DEBUG cinder.api.v3.router [None req-02fe5caf-becf-480a-b397-d26a4f3961d8 None None] Extension VolumeActions extending resource: volumes {{(pid=96227) _setup_extensions /opt/stack/cinder/cinder/api/v3/router.py:155}}
Jun 08 19:13:42.733788 np0000002345 devstack@c-api.service[96227]: DEBUG cinder.api.v3.router [None req-02fe5caf-becf-480a-b397-d26a4f3961d8 None None] Extension VolumeTenantAttribute extending resource: volumes {{(pid=96227) _setup_extensions /opt/stack/cinder/cinder/api/v3/router.py:155}}
Jun 08 19:13:42.733837 np0000002345 devstack@c-api.service[96226]: DEBUG cinder.api.v3.router [None req-8ee793e5-a9e1-490b-a96c-e8559dd93d0e None None] Extended resource: os-volume-transfer {{(pid=96226) _setup_ext_routes /opt/stack/cinder/cinder/api/v3/router.py:122}}
Jun 08 19:13:42.733864 np0000002345 devstack@c-api.service[96227]: DEBUG cinder.api.v3.router [None req-02fe5caf-becf-480a-b397-d26a4f3961d8 None None] Extension TypesManage extending resource: types {{(pid=96227) _setup_extensions /opt/stack/cinder/cinder/api/v3/router.py:155}}
Jun 08 19:13:42.733889 np0000002345 devstack@c-api.service[96226]: DEBUG cinder.api.v3.router [None req-8ee793e5-a9e1-490b-a96c-e8559dd93d0e None None] Extended resource: os-hosts {{(pid=96226) _setup_ext_routes /opt/stack/cinder/cinder/api/v3/router.py:122}}
Jun 08 19:13:42.734901 np0000002345 devstack@c-api.service[96226]: DEBUG cinder.api.v3.router [None req-8ee793e5-a9e1-490b-a96c-e8559dd93d0e None None] Extended resource: os-volume-type-access {{(pid=96226) _setup_ext_routes /opt/stack/cinder/cinder/api/v3/router.py:122}}
Jun 08 19:13:42.736143 np0000002345 devstack@c-api.service[96226]: DEBUG cinder.api.v3.router [None req-8ee793e5-a9e1-490b-a96c-e8559dd93d0e None None] Extended resource: os-availability-zone {{(pid=96226) _setup_ext_routes /opt/stack/cinder/cinder/api/v3/router.py:122}}
Jun 08 19:13:42.737199 np0000002345 devstack@c-api.service[96226]: DEBUG cinder.api.v3.router [None req-8ee793e5-a9e1-490b-a96c-e8559dd93d0e None None] Extended resource: os-quota-class-sets {{(pid=96226) _setup_ext_routes /opt/stack/cinder/cinder/api/v3/router.py:122}}
Jun 08 19:13:42.738518 np0000002345 devstack@c-api.service[96226]: WARNING stevedore.named [None req-8ee793e5-a9e1-490b-a96c-e8559dd93d0e None None] Could not load cinder.keymgr.conf_key_mgr.ConfKeyManager
Jun 08 19:13:42.738688 np0000002345 devstack@c-api.service[96226]: WARNING castellan.key_manager [None req-8ee793e5-a9e1-490b-a96c-e8559dd93d0e None None] Deprecation Warning : cinder.keymgr.conf_key_mgr.ConfKeyManager is not a stevedore based driver, trying to load it as a class: stevedore.exception.NoMatches: No 'castellan.drivers' driver found, looking for 'cinder.keymgr.conf_key_mgr.ConfKeyManager'
Jun 08 19:13:42.740705 np0000002345 devstack@c-api.service[96226]: WARNING stevedore.named [None req-8ee793e5-a9e1-490b-a96c-e8559dd93d0e None None] Could not load cinder.keymgr.conf_key_mgr.ConfKeyManager
Jun 08 19:13:42.740766 np0000002345 devstack@c-api.service[96227]: WSGI app 0 (mountpoint='') ready in 2 seconds on interpreter 0x7ce3800a3668 pid: 96227 (default app)
Jun 08 19:13:42.740835 np0000002345 devstack@c-api.service[96226]: WARNING castellan.key_manager [None req-8ee793e5-a9e1-490b-a96c-e8559dd93d0e None None] Deprecation Warning : cinder.keymgr.conf_key_mgr.ConfKeyManager is not a stevedore based driver, trying to load it as a class: stevedore.exception.NoMatches: No 'castellan.drivers' driver found, looking for 'cinder.keymgr.conf_key_mgr.ConfKeyManager'
Jun 08 19:13:42.740835 np0000002345 devstack@c-api.service[96226]: WARNING stevedore.named [None req-8ee793e5-a9e1-490b-a96c-e8559dd93d0e None None] Could not load cinder.keymgr.conf_key_mgr.ConfKeyManager
Jun 08 19:13:42.740835 np0000002345 devstack@c-api.service[96226]: WARNING castellan.key_manager [None req-8ee793e5-a9e1-490b-a96c-e8559dd93d0e None None] Deprecation Warning : cinder.keymgr.conf_key_mgr.ConfKeyManager is not a stevedore based driver, trying to load it as a class: stevedore.exception.NoMatches: No 'castellan.drivers' driver found, looking for 'cinder.keymgr.conf_key_mgr.ConfKeyManager'
Jun 08 19:13:42.740835 np0000002345 devstack@c-api.service[96226]: DEBUG cinder.api.contrib.snapshot_actions [None req-8ee793e5-a9e1-490b-a96c-e8559dd93d0e None None] SnapshotActionsController initialized {{(pid=96226) __init__ /opt/stack/cinder/cinder/api/contrib/snapshot_actions.py:33}}
Jun 08 19:13:42.741189 np0000002345 devstack@c-api.service[96226]: WARNING stevedore.named [None req-8ee793e5-a9e1-490b-a96c-e8559dd93d0e None None] Could not load cinder.keymgr.conf_key_mgr.ConfKeyManager
Jun 08 19:13:42.741326 np0000002345 devstack@c-api.service[96226]: WARNING castellan.key_manager [None req-8ee793e5-a9e1-490b-a96c-e8559dd93d0e None None] Deprecation Warning : cinder.keymgr.conf_key_mgr.ConfKeyManager is not a stevedore based driver, trying to load it as a class: stevedore.exception.NoMatches: No 'castellan.drivers' driver found, looking for 'cinder.keymgr.conf_key_mgr.ConfKeyManager'
Jun 08 19:13:42.741913 np0000002345 devstack@c-api.service[96226]: WARNING stevedore.named [None req-8ee793e5-a9e1-490b-a96c-e8559dd93d0e None None] Could not load cinder.keymgr.conf_key_mgr.ConfKeyManager
Jun 08 19:13:42.742030 np0000002345 devstack@c-api.service[96226]: WARNING castellan.key_manager [None req-8ee793e5-a9e1-490b-a96c-e8559dd93d0e None None] Deprecation Warning : cinder.keymgr.conf_key_mgr.ConfKeyManager is not a stevedore based driver, trying to load it as a class: stevedore.exception.NoMatches: No 'castellan.drivers' driver found, looking for 'cinder.keymgr.conf_key_mgr.ConfKeyManager'
Jun 08 19:13:42.742651 np0000002345 devstack@c-api.service[96226]: WARNING stevedore.named [None req-8ee793e5-a9e1-490b-a96c-e8559dd93d0e None None] Could not load cinder.keymgr.conf_key_mgr.ConfKeyManager
Jun 08 19:13:42.742763 np0000002345 devstack@c-api.service[96226]: WARNING castellan.key_manager [None req-8ee793e5-a9e1-490b-a96c-e8559dd93d0e None None] Deprecation Warning : cinder.keymgr.conf_key_mgr.ConfKeyManager is not a stevedore based driver, trying to load it as a class: stevedore.exception.NoMatches: No 'castellan.drivers' driver found, looking for 'cinder.keymgr.conf_key_mgr.ConfKeyManager'
Jun 08 19:13:42.743383 np0000002345 devstack@c-api.service[96226]: WARNING stevedore.named [None req-8ee793e5-a9e1-490b-a96c-e8559dd93d0e None None] Could not load cinder.keymgr.conf_key_mgr.ConfKeyManager
Jun 08 19:13:42.743490 np0000002345 devstack@c-api.service[96226]: WARNING castellan.key_manager [None req-8ee793e5-a9e1-490b-a96c-e8559dd93d0e None None] Deprecation Warning : cinder.keymgr.conf_key_mgr.ConfKeyManager is not a stevedore based driver, trying to load it as a class: stevedore.exception.NoMatches: No 'castellan.drivers' driver found, looking for 'cinder.keymgr.conf_key_mgr.ConfKeyManager'
Jun 08 19:13:42.743984 np0000002345 devstack@c-api.service[96226]: DEBUG cinder.api.v3.router [None req-8ee793e5-a9e1-490b-a96c-e8559dd93d0e None None] Extension VolumeImageMetadata extending resource: volumes {{(pid=96226) _setup_extensions /opt/stack/cinder/cinder/api/v3/router.py:155}}
Jun 08 19:13:42.744106 np0000002345 devstack@c-api.service[96226]: DEBUG cinder.api.v3.router [None req-8ee793e5-a9e1-490b-a96c-e8559dd93d0e None None] Extension SnapshotUnmanage extending resource: snapshots {{(pid=96226) _setup_extensions /opt/stack/cinder/cinder/api/v3/router.py:155}}
Jun 08 19:13:42.744202 np0000002345 devstack@c-api.service[96226]: DEBUG cinder.api.v3.router [None req-8ee793e5-a9e1-490b-a96c-e8559dd93d0e None None] Extension ExtendedSnapshotAttributes extending resource: snapshots {{(pid=96226) _setup_extensions /opt/stack/cinder/cinder/api/v3/router.py:155}}
Jun 08 19:13:42.744309 np0000002345 devstack@c-api.service[96226]: DEBUG cinder.api.v3.router [None req-8ee793e5-a9e1-490b-a96c-e8559dd93d0e None None] Extension VolumeHostAttribute extending resource: volumes {{(pid=96226) _setup_extensions /opt/stack/cinder/cinder/api/v3/router.py:155}}
Jun 08 19:13:42.744410 np0000002345 devstack@c-api.service[96226]: DEBUG cinder.api.v3.router [None req-8ee793e5-a9e1-490b-a96c-e8559dd93d0e None None] Extension VolumeTypeEncryption extending resource: types {{(pid=96226) _setup_extensions /opt/stack/cinder/cinder/api/v3/router.py:155}}
Jun 08 19:13:42.744510 np0000002345 devstack@c-api.service[96226]: DEBUG cinder.api.v3.router [None req-8ee793e5-a9e1-490b-a96c-e8559dd93d0e None None] Extension VolumeUnmanage extending resource: volumes {{(pid=96226) _setup_extensions /opt/stack/cinder/cinder/api/v3/router.py:155}}
Jun 08 19:13:42.744632 np0000002345 devstack@c-api.service[96226]: DEBUG cinder.api.v3.router [None req-8ee793e5-a9e1-490b-a96c-e8559dd93d0e None None] Extension UsedLimits extending resource: limits {{(pid=96226) _setup_extensions /opt/stack/cinder/cinder/api/v3/router.py:155}}
Jun 08 19:13:42.744743 np0000002345 devstack@c-api.service[96226]: DEBUG cinder.api.v3.router [None req-8ee793e5-a9e1-490b-a96c-e8559dd93d0e None None] Extension SnapshotActions extending resource: snapshots {{(pid=96226) _setup_extensions /opt/stack/cinder/cinder/api/v3/router.py:155}}
Jun 08 19:13:42.744835 np0000002345 devstack@c-api.service[96226]: DEBUG cinder.api.v3.router [None req-8ee793e5-a9e1-490b-a96c-e8559dd93d0e None None] Extension VolumeMigStatusAttribute extending resource: volumes {{(pid=96226) _setup_extensions /opt/stack/cinder/cinder/api/v3/router.py:155}}
Jun 08 19:13:42.744929 np0000002345 devstack@c-api.service[96226]: DEBUG cinder.api.v3.router [None req-8ee793e5-a9e1-490b-a96c-e8559dd93d0e None None] Extension VolumeTypeAccess extending resource: types {{(pid=96226) _setup_extensions /opt/stack/cinder/cinder/api/v3/router.py:155}}
Jun 08 19:13:42.745037 np0000002345 devstack@c-api.service[96226]: DEBUG cinder.api.v3.router [None req-8ee793e5-a9e1-490b-a96c-e8559dd93d0e None None] Extension AdminActions extending resource: volumes {{(pid=96226) _setup_extensions /opt/stack/cinder/cinder/api/v3/router.py:155}}
Jun 08 19:13:42.745141 np0000002345 devstack@c-api.service[96226]: DEBUG cinder.api.v3.router [None req-8ee793e5-a9e1-490b-a96c-e8559dd93d0e None None] Extension AdminActions extending resource: snapshots {{(pid=96226) _setup_extensions /opt/stack/cinder/cinder/api/v3/router.py:155}}
Jun 08 19:13:42.748605 np0000002345 devstack@c-api.service[96226]: DEBUG cinder.api.v3.router [None req-8ee793e5-a9e1-490b-a96c-e8559dd93d0e None None] Extension AdminActions extending resource: backups {{(pid=96226) _setup_extensions /opt/stack/cinder/cinder/api/v3/router.py:155}}
Jun 08 19:13:42.748605 np0000002345 devstack@c-api.service[96226]: DEBUG cinder.api.v3.router [None req-8ee793e5-a9e1-490b-a96c-e8559dd93d0e None None] Extension VolumeActions extending resource: volumes {{(pid=96226) _setup_extensions /opt/stack/cinder/cinder/api/v3/router.py:155}}
Jun 08 19:13:42.748605 np0000002345 devstack@c-api.service[96226]: DEBUG cinder.api.v3.router [None req-8ee793e5-a9e1-490b-a96c-e8559dd93d0e None None] Extension VolumeTenantAttribute extending resource: volumes {{(pid=96226) _setup_extensions /opt/stack/cinder/cinder/api/v3/router.py:155}}
Jun 08 19:13:42.748605 np0000002345 devstack@c-api.service[96226]: DEBUG cinder.api.v3.router [None req-8ee793e5-a9e1-490b-a96c-e8559dd93d0e None None] Extension TypesManage extending resource: types {{(pid=96226) _setup_extensions /opt/stack/cinder/cinder/api/v3/router.py:155}}
Jun 08 19:13:42.748729 np0000002345 devstack@c-api.service[96227]: /opt/stack/data/venv/lib/python3.12/site-packages/oslo_policy/policy.py:806: UserWarning: Policy "volume:attachment_create":"" was deprecated in X in favor of "volume:attachment_create":"rule:xena_system_admin_or_project_member". Reason: Default policies now support the three Keystone default roles, namely 'admin', 'member', and 'reader' to implement three Cinder "personas". See "Policy Personas and Permissions" in the "Cinder Service Configuration" documentation (Xena release) for details.. Either ensure your deployment is ready for the new default or copy/paste the deprecated policy into your policy file and maintain it manually.
Jun 08 19:13:42.748729 np0000002345 devstack@c-api.service[96227]: warnings.warn(deprecated_msg)
Jun 08 19:13:42.748729 np0000002345 devstack@c-api.service[96227]: /opt/stack/data/venv/lib/python3.12/site-packages/oslo_policy/policy.py:806: UserWarning: Policy "volume:attachment_update":"rule:admin_or_owner" was deprecated in X in favor of "volume:attachment_update":"rule:xena_system_admin_or_project_member". Reason: Default policies now support the three Keystone default roles, namely 'admin', 'member', and 'reader' to implement three Cinder "personas". See "Policy Personas and Permissions" in the "Cinder Service Configuration" documentation (Xena release) for details.. Either ensure your deployment is ready for the new default or copy/paste the deprecated policy into your policy file and maintain it manually.
Jun 08 19:13:42.748729 np0000002345 devstack@c-api.service[96227]: warnings.warn(deprecated_msg)
Jun 08 19:13:42.748729 np0000002345 devstack@c-api.service[96227]: /opt/stack/data/venv/lib/python3.12/site-packages/oslo_policy/policy.py:806: UserWarning: Policy "volume:attachment_delete":"rule:admin_or_owner" was deprecated in X in favor of "volume:attachment_delete":"rule:xena_system_admin_or_project_member". Reason: Default policies now support the three Keystone default roles, namely 'admin', 'member', and 'reader' to implement three Cinder "personas". See "Policy Personas and Permissions" in the "Cinder Service Configuration" documentation (Xena release) for details.. Either ensure your deployment is ready for the new default or copy/paste the deprecated policy into your policy file and maintain it manually.
Jun 08 19:13:42.748901 np0000002345 devstack@c-api.service[96227]: warnings.warn(deprecated_msg)
Jun 08 19:13:42.748901 np0000002345 devstack@c-api.service[96227]: /opt/stack/data/venv/lib/python3.12/site-packages/oslo_policy/policy.py:806: UserWarning: Policy "volume:attachment_complete":"rule:admin_or_owner" was deprecated in X in favor of "volume:attachment_complete":"rule:xena_system_admin_or_project_member". Reason: Default policies now support the three Keystone default roles, namely 'admin', 'member', and 'reader' to implement three Cinder "personas". See "Policy Personas and Permissions" in the "Cinder Service Configuration" documentation (Xena release) for details.. Either ensure your deployment is ready for the new default or copy/paste the deprecated policy into your policy file and maintain it manually.
Jun 08 19:13:42.748901 np0000002345 devstack@c-api.service[96227]: warnings.warn(deprecated_msg)
Jun 08 19:13:42.748901 np0000002345 devstack@c-api.service[96227]: /opt/stack/data/venv/lib/python3.12/site-packages/oslo_policy/policy.py:806: UserWarning: Policy "volume:multiattach_bootable_volume":"rule:admin_or_owner" was deprecated in X in favor of "volume:multiattach_bootable_volume":"rule:xena_system_admin_or_project_member". Reason: Default policies now support the three Keystone default roles, namely 'admin', 'member', and 'reader' to implement three Cinder "personas". See "Policy Personas and Permissions" in the "Cinder Service Configuration" documentation (Xena release) for details.. Either ensure your deployment is ready for the new default or copy/paste the deprecated policy into your policy file and maintain it manually.
Jun 08 19:13:42.748901 np0000002345 devstack@c-api.service[96227]: warnings.warn(deprecated_msg)
Jun 08 19:13:42.749032 np0000002345 devstack@c-api.service[96227]: /opt/stack/data/venv/lib/python3.12/site-packages/oslo_policy/policy.py:806: UserWarning: Policy "message:get_all":"rule:admin_or_owner" was deprecated in X in favor of "message:get_all":"rule:xena_system_admin_or_project_reader". Reason: Default policies now support the three Keystone default roles, namely 'admin', 'member', and 'reader' to implement three Cinder "personas". See "Policy Personas and Permissions" in the "Cinder Service Configuration" documentation (Xena release) for details.. Either ensure your deployment is ready for the new default or copy/paste the deprecated policy into your policy file and maintain it manually.
Jun 08 19:13:42.749032 np0000002345 devstack@c-api.service[96227]: warnings.warn(deprecated_msg)
Jun 08 19:13:42.749032 np0000002345 devstack@c-api.service[96227]: /opt/stack/data/venv/lib/python3.12/site-packages/oslo_policy/policy.py:806: UserWarning: Policy "message:get":"rule:admin_or_owner" was deprecated in X in favor of "message:get":"rule:xena_system_admin_or_project_reader". Reason: Default policies now support the three Keystone default roles, namely 'admin', 'member', and 'reader' to implement three Cinder "personas". See "Policy Personas and Permissions" in the "Cinder Service Configuration" documentation (Xena release) for details.. Either ensure your deployment is ready for the new default or copy/paste the deprecated policy into your policy file and maintain it manually.
Jun 08 19:13:42.749032 np0000002345 devstack@c-api.service[96227]: warnings.warn(deprecated_msg)
Jun 08 19:13:42.749032 np0000002345 devstack@c-api.service[96227]: /opt/stack/data/venv/lib/python3.12/site-packages/oslo_policy/policy.py:806: UserWarning: Policy "message:delete":"rule:admin_or_owner" was deprecated in X in favor of "message:delete":"rule:xena_system_admin_or_project_member". Reason: Default policies now support the three Keystone default roles, namely 'admin', 'member', and 'reader' to implement three Cinder "personas". See "Policy Personas and Permissions" in the "Cinder Service Configuration" documentation (Xena release) for details.. Either ensure your deployment is ready for the new default or copy/paste the deprecated policy into your policy file and maintain it manually.
Jun 08 19:13:42.749032 np0000002345 devstack@c-api.service[96227]: warnings.warn(deprecated_msg)
Jun 08 19:13:42.749187 np0000002345 devstack@c-api.service[96227]: /opt/stack/data/venv/lib/python3.12/site-packages/oslo_policy/policy.py:806: UserWarning: Policy "volume:get_snapshot_metadata":"rule:admin_or_owner" was deprecated in X in favor of "volume:get_snapshot_metadata":"rule:xena_system_admin_or_project_reader". Reason: Default policies now support the three Keystone default roles, namely 'admin', 'member', and 'reader' to implement three Cinder "personas". See "Policy Personas and Permissions" in the "Cinder Service Configuration" documentation (Xena release) for details.. Either ensure your deployment is ready for the new default or copy/paste the deprecated policy into your policy file and maintain it manually.
Jun 08 19:13:42.749187 np0000002345 devstack@c-api.service[96227]: warnings.warn(deprecated_msg)
Jun 08 19:13:42.749187 np0000002345 devstack@c-api.service[96227]: /opt/stack/data/venv/lib/python3.12/site-packages/oslo_policy/policy.py:806: UserWarning: Policy "volume:update_snapshot_metadata":"rule:admin_or_owner" was deprecated in X in favor of "volume:update_snapshot_metadata":"rule:xena_system_admin_or_project_member". Reason: Default policies now support the three Keystone default roles, namely 'admin', 'member', and 'reader' to implement three Cinder "personas". See "Policy Personas and Permissions" in the "Cinder Service Configuration" documentation (Xena release) for details.. Either ensure your deployment is ready for the new default or copy/paste the deprecated policy into your policy file and maintain it manually.
Jun 08 19:13:42.749187 np0000002345 devstack@c-api.service[96227]: warnings.warn(deprecated_msg)
Jun 08 19:13:42.749309 np0000002345 devstack@c-api.service[96227]: /opt/stack/data/venv/lib/python3.12/site-packages/oslo_policy/policy.py:806: UserWarning: Policy "volume:delete_snapshot_metadata":"rule:admin_or_owner" was deprecated in X in favor of "volume:delete_snapshot_metadata":"rule:xena_system_admin_or_project_member". Reason: Default policies now support the three Keystone default roles, namely 'admin', 'member', and 'reader' to implement three Cinder "personas". See "Policy Personas and Permissions" in the "Cinder Service Configuration" documentation (Xena release) for details.. Either ensure your deployment is ready for the new default or copy/paste the deprecated policy into your policy file and maintain it manually.
Jun 08 19:13:42.749309 np0000002345 devstack@c-api.service[96227]: warnings.warn(deprecated_msg)
Jun 08 19:13:42.749309 np0000002345 devstack@c-api.service[96227]: /opt/stack/data/venv/lib/python3.12/site-packages/oslo_policy/policy.py:806: UserWarning: Policy "volume:get_all_snapshots":"rule:admin_or_owner" was deprecated in X in favor of "volume:get_all_snapshots":"rule:xena_system_admin_or_project_reader". Reason: Default policies now support the three Keystone default roles, namely 'admin', 'member', and 'reader' to implement three Cinder "personas". See "Policy Personas and Permissions" in the "Cinder Service Configuration" documentation (Xena release) for details.. Either ensure your deployment is ready for the new default or copy/paste the deprecated policy into your policy file and maintain it manually.
Jun 08 19:13:42.749309 np0000002345 devstack@c-api.service[96227]: warnings.warn(deprecated_msg)
Jun 08 19:13:42.749416 np0000002345 devstack@c-api.service[96227]: /opt/stack/data/venv/lib/python3.12/site-packages/oslo_policy/policy.py:806: UserWarning: Policy "volume_extension:extended_snapshot_attributes":"rule:admin_or_owner" was deprecated in X in favor of "volume_extension:extended_snapshot_attributes":"rule:xena_system_admin_or_project_reader". Reason: Default policies now support the three Keystone default roles, namely 'admin', 'member', and 'reader' to implement three Cinder "personas". See "Policy Personas and Permissions" in the "Cinder Service Configuration" documentation (Xena release) for details.. Either ensure your deployment is ready for the new default or copy/paste the deprecated policy into your policy file and maintain it manually.
Jun 08 19:13:42.749416 np0000002345 devstack@c-api.service[96227]: warnings.warn(deprecated_msg)
Jun 08 19:13:42.749416 np0000002345 devstack@c-api.service[96227]: /opt/stack/data/venv/lib/python3.12/site-packages/oslo_policy/policy.py:806: UserWarning: Policy "volume:create_snapshot":"rule:admin_or_owner" was deprecated in X in favor of "volume:create_snapshot":"rule:xena_system_admin_or_project_member". Reason: Default policies now support the three Keystone default roles, namely 'admin', 'member', and 'reader' to implement three Cinder "personas". See "Policy Personas and Permissions" in the "Cinder Service Configuration" documentation (Xena release) for details.. Either ensure your deployment is ready for the new default or copy/paste the deprecated policy into your policy file and maintain it manually.
Jun 08 19:13:42.749416 np0000002345 devstack@c-api.service[96227]: warnings.warn(deprecated_msg)
Jun 08 19:13:42.749524 np0000002345 devstack@c-api.service[96227]: /opt/stack/data/venv/lib/python3.12/site-packages/oslo_policy/policy.py:806: UserWarning: Policy "volume:get_snapshot":"rule:admin_or_owner" was deprecated in X in favor of "volume:get_snapshot":"rule:xena_system_admin_or_project_reader". Reason: Default policies now support the three Keystone default roles, namely 'admin', 'member', and 'reader' to implement three Cinder "personas". See "Policy Personas and Permissions" in the "Cinder Service Configuration" documentation (Xena release) for details.. Either ensure your deployment is ready for the new default or copy/paste the deprecated policy into your policy file and maintain it manually.
Jun 08 19:13:42.749524 np0000002345 devstack@c-api.service[96227]: warnings.warn(deprecated_msg)
Jun 08 19:13:42.749524 np0000002345 devstack@c-api.service[96227]: /opt/stack/data/venv/lib/python3.12/site-packages/oslo_policy/policy.py:806: UserWarning: Policy "volume:update_snapshot":"rule:admin_or_owner" was deprecated in X in favor of "volume:update_snapshot":"rule:xena_system_admin_or_project_member". Reason: Default policies now support the three Keystone default roles, namely 'admin', 'member', and 'reader' to implement three Cinder "personas". See "Policy Personas and Permissions" in the "Cinder Service Configuration" documentation (Xena release) for details.. Either ensure your deployment is ready for the new default or copy/paste the deprecated policy into your policy file and maintain it manually.
Jun 08 19:13:42.749524 np0000002345 devstack@c-api.service[96227]: warnings.warn(deprecated_msg)
Jun 08 19:13:42.749524 np0000002345 devstack@c-api.service[96227]: /opt/stack/data/venv/lib/python3.12/site-packages/oslo_policy/policy.py:806: UserWarning: Policy "volume:delete_snapshot":"rule:admin_or_owner" was deprecated in X in favor of "volume:delete_snapshot":"rule:xena_system_admin_or_project_member". Reason: Default policies now support the three Keystone default roles, namely 'admin', 'member', and 'reader' to implement three Cinder "personas". See "Policy Personas and Permissions" in the "Cinder Service Configuration" documentation (Xena release) for details.. Either ensure your deployment is ready for the new default or copy/paste the deprecated policy into your policy file and maintain it manually.
Jun 08 19:13:42.749688 np0000002345 devstack@c-api.service[96227]: warnings.warn(deprecated_msg)
Jun 08 19:13:42.749688 np0000002345 devstack@c-api.service[96227]: /opt/stack/data/venv/lib/python3.12/site-packages/oslo_policy/policy.py:806: UserWarning: Policy "snapshot_extension:snapshot_actions:update_snapshot_status":"" was deprecated in X in favor of "snapshot_extension:snapshot_actions:update_snapshot_status":"rule:xena_system_admin_or_project_member". Reason: Default policies now support the three Keystone default roles, namely 'admin', 'member', and 'reader' to implement three Cinder "personas". See "Policy Personas and Permissions" in the "Cinder Service Configuration" documentation (Xena release) for details.. Either ensure your deployment is ready for the new default or copy/paste the deprecated policy into your policy file and maintain it manually.
Jun 08 19:13:42.749688 np0000002345 devstack@c-api.service[96227]: warnings.warn(deprecated_msg)
Jun 08 19:13:42.749688 np0000002345 devstack@c-api.service[96227]: /opt/stack/data/venv/lib/python3.12/site-packages/oslo_policy/policy.py:806: UserWarning: Policy "backup:get_all":"rule:admin_or_owner" was deprecated in X in favor of "backup:get_all":"rule:xena_system_admin_or_project_reader". Reason: Default policies now support the three Keystone default roles, namely 'admin', 'member', and 'reader' to implement three Cinder "personas". See "Policy Personas and Permissions" in the "Cinder Service Configuration" documentation (Xena release) for details.. Either ensure your deployment is ready for the new default or copy/paste the deprecated policy into your policy file and maintain it manually.
Jun 08 19:13:42.749688 np0000002345 devstack@c-api.service[96227]: warnings.warn(deprecated_msg)
Jun 08 19:13:42.749811 np0000002345 devstack@c-api.service[96227]: /opt/stack/data/venv/lib/python3.12/site-packages/oslo_policy/policy.py:806: UserWarning: Policy "backup:create":"" was deprecated in X in favor of "backup:create":"rule:xena_system_admin_or_project_member". Reason: Default policies now support the three Keystone default roles, namely 'admin', 'member', and 'reader' to implement three Cinder "personas". See "Policy Personas and Permissions" in the "Cinder Service Configuration" documentation (Xena release) for details.. Either ensure your deployment is ready for the new default or copy/paste the deprecated policy into your policy file and maintain it manually.
Jun 08 19:13:42.749811 np0000002345 devstack@c-api.service[96227]: warnings.warn(deprecated_msg)
Jun 08 19:13:42.749811 np0000002345 devstack@c-api.service[96227]: /opt/stack/data/venv/lib/python3.12/site-packages/oslo_policy/policy.py:806: UserWarning: Policy "backup:get":"rule:admin_or_owner" was deprecated in X in favor of "backup:get":"rule:xena_system_admin_or_project_reader". Reason: Default policies now support the three Keystone default roles, namely 'admin', 'member', and 'reader' to implement three Cinder "personas". See "Policy Personas and Permissions" in the "Cinder Service Configuration" documentation (Xena release) for details.. Either ensure your deployment is ready for the new default or copy/paste the deprecated policy into your policy file and maintain it manually.
Jun 08 19:13:42.749811 np0000002345 devstack@c-api.service[96227]: warnings.warn(deprecated_msg)
Jun 08 19:13:42.749811 np0000002345 devstack@c-api.service[96227]: /opt/stack/data/venv/lib/python3.12/site-packages/oslo_policy/policy.py:806: UserWarning: Policy "backup:update":"rule:admin_or_owner" was deprecated in X in favor of "backup:update":"rule:xena_system_admin_or_project_member". Reason: Default policies now support the three Keystone default roles, namely 'admin', 'member', and 'reader' to implement three Cinder "personas". See "Policy Personas and Permissions" in the "Cinder Service Configuration" documentation (Xena release) for details.. Either ensure your deployment is ready for the new default or copy/paste the deprecated policy into your policy file and maintain it manually.
Jun 08 19:13:42.749811 np0000002345 devstack@c-api.service[96227]: warnings.warn(deprecated_msg)
Jun 08 19:13:42.749968 np0000002345 devstack@c-api.service[96227]: /opt/stack/data/venv/lib/python3.12/site-packages/oslo_policy/policy.py:806: UserWarning: Policy "backup:delete":"rule:admin_or_owner" was deprecated in X in favor of "backup:delete":"rule:xena_system_admin_or_project_member". Reason: Default policies now support the three Keystone default roles, namely 'admin', 'member', and 'reader' to implement three Cinder "personas". See "Policy Personas and Permissions" in the "Cinder Service Configuration" documentation (Xena release) for details.. Either ensure your deployment is ready for the new default or copy/paste the deprecated policy into your policy file and maintain it manually.
Jun 08 19:13:42.749968 np0000002345 devstack@c-api.service[96227]: warnings.warn(deprecated_msg)
Jun 08 19:13:42.749968 np0000002345 devstack@c-api.service[96227]: /opt/stack/data/venv/lib/python3.12/site-packages/oslo_policy/policy.py:806: UserWarning: Policy "backup:restore":"rule:admin_or_owner" was deprecated in X in favor of "backup:restore":"rule:xena_system_admin_or_project_member". Reason: Default policies now support the three Keystone default roles, namely 'admin', 'member', and 'reader' to implement three Cinder "personas". See "Policy Personas and Permissions" in the "Cinder Service Configuration" documentation (Xena release) for details.. Either ensure your deployment is ready for the new default or copy/paste the deprecated policy into your policy file and maintain it manually.
Jun 08 19:13:42.749968 np0000002345 devstack@c-api.service[96227]: warnings.warn(deprecated_msg)
Jun 08 19:13:42.749968 np0000002345 devstack@c-api.service[96227]: /opt/stack/data/venv/lib/python3.12/site-packages/oslo_policy/policy.py:806: UserWarning: Policy "group:get_all":"rule:admin_or_owner" was deprecated in X in favor of "group:get_all":"rule:xena_system_admin_or_project_reader". Reason: Default policies now support the three Keystone default roles, namely 'admin', 'member', and 'reader' to implement three Cinder "personas". See "Policy Personas and Permissions" in the "Cinder Service Configuration" documentation (Xena release) for details.. Either ensure your deployment is ready for the new default or copy/paste the deprecated policy into your policy file and maintain it manually.
Jun 08 19:13:42.749968 np0000002345 devstack@c-api.service[96227]: warnings.warn(deprecated_msg)
Jun 08 19:13:42.750114 np0000002345 devstack@c-api.service[96227]: /opt/stack/data/venv/lib/python3.12/site-packages/oslo_policy/policy.py:806: UserWarning: Policy "group:create":"" was deprecated in X in favor of "group:create":"rule:xena_system_admin_or_project_member". Reason: Default policies now support the three Keystone default roles, namely 'admin', 'member', and 'reader' to implement three Cinder "personas". See "Policy Personas and Permissions" in the "Cinder Service Configuration" documentation (Xena release) for details.. Either ensure your deployment is ready for the new default or copy/paste the deprecated policy into your policy file and maintain it manually.
Jun 08 19:13:42.750114 np0000002345 devstack@c-api.service[96227]: warnings.warn(deprecated_msg)
