Jun 08 19:13:30.167151 np0000002345 devstack@neutron-api.service[87010]: DEBUG neutron.plugins.ml2.drivers.ovn.mech_driver.ovsdb.ovsdb_monitor [None req-4788d6b7-ffe5-4c98-93b4-cff2982deecd None None] Hash Ring: Node 09af69af88fc5fc3baca72cf6d27851b (host: np0000002345) handling event "update" for row 8462dd8e-b630-4a8d-987c-f911a130f7fc (table: NB_Global) {{(pid=87010) notify /opt/stack/neutron/neutron/plugins/ml2/drivers/ovn/mech_driver/ovsdb/ovsdb_monitor.py:1015}}
Jun 08 19:13:30.174855 np0000002345 devstack@neutron-api.service[87010]: DEBUG neutron.plugins.ml2.drivers.ovn.mech_driver.ovsdb.ovsdb_monitor [None req-4788d6b7-ffe5-4c98-93b4-cff2982deecd None None] Touching Hash Ring node "09af69af88fc5fc3baca72cf6d27851b" from IDL notify handler {{(pid=87010) notify /opt/stack/neutron/neutron/plugins/ml2/drivers/ovn/mech_driver/ovsdb/ovsdb_monitor.py:1007}}
Jun 08 19:13:30.177196 np0000002345 devstack@neutron-api.service[87010]: DEBUG neutron.plugins.ml2.drivers.ovn.mech_driver.ovsdb.ovsdb_monitor [None req-4788d6b7-ffe5-4c98-93b4-cff2982deecd None None] Hash Ring: Node 09af69af88fc5fc3baca72cf6d27851b (host: np0000002345) handling event "update" for row 8462dd8e-b630-4a8d-987c-f911a130f7fc (table: NB_Global) {{(pid=87010) notify /opt/stack/neutron/neutron/plugins/ml2/drivers/ovn/mech_driver/ovsdb/ovsdb_monitor.py:1015}}
Jun 08 19:13:30.187255 np0000002345 devstack@neutron-api.service[87010]: DEBUG neutron.plugins.ml2.drivers.ovn.mech_driver.ovsdb.ovsdb_monitor [None req-4788d6b7-ffe5-4c98-93b4-cff2982deecd None None] Touching Hash Ring node "09af69af88fc5fc3baca72cf6d27851b" from IDL notify handler {{(pid=87010) notify /opt/stack/neutron/neutron/plugins/ml2/drivers/ovn/mech_driver/ovsdb/ovsdb_monitor.py:1007}}
Jun 08 19:13:30.189640 np0000002345 devstack@neutron-api.service[87010]: DEBUG neutron.plugins.ml2.drivers.ovn.mech_driver.ovsdb.ovsdb_monitor [None req-4788d6b7-ffe5-4c98-93b4-cff2982deecd None None] Hash Ring: Node 09af69af88fc5fc3baca72cf6d27851b (host: np0000002345) handling event "update" for row 8462dd8e-b630-4a8d-987c-f911a130f7fc (table: NB_Global) {{(pid=87010) notify /opt/stack/neutron/neutron/plugins/ml2/drivers/ovn/mech_driver/ovsdb/ovsdb_monitor.py:1015}}
Jun 08 19:13:31.780979 np0000002345 devstack@neutron-api.service[87010]: WARNING neutron.plugins.ml2.drivers.ovn.mech_driver.ovsdb.ovn_client [None req-ca625c6b-fda7-4770-9fcc-868f51ccb944 None None] No hosting information found for port 8b095c2b-03a4-489c-8d11-fe08057dcb0d: RuntimeError: No hosting information found for port 8b095c2b-03a4-489c-8d11-fe08057dcb0d
Jun 08 19:13:31.806855 np0000002345 devstack@neutron-api.service[87010]: INFO neutron.common.ovn.utils [None req-ca625c6b-fda7-4770-9fcc-868f51ccb944 None None] HA Chassis Group neutron-59329a54-9fe1-4557-8773-5f9edc8e87c8 synchronized; highest priority chassis 670c0866-a95b-4bc6-96ea-6dabe31ba72c
Jun 08 19:13:31.807476 np0000002345 devstack@neutron-api.service[87010]: DEBUG ovsdbapp.backend.ovs_idl.transaction [None req-4788d6b7-ffe5-4c98-93b4-cff2982deecd None None] Running txn n=1 command(idx=0): DbSetCommand(_result=None, table=HA_Chassis_Group, record=neutron-59329a54-9fe1-4557-8773-5f9edc8e87c8, col_values=(('external_ids', {'neutron:availability_zone_hints': '', 'neutron:network_id': '59329a54-9fe1-4557-8773-5f9edc8e87c8', 'neutron:router_id': 'a546e4db-85d8-4218-8848-bbe7ad877f51'}),), if_exists=True) {{(pid=87010) do_commit /opt/stack/data/venv/lib/python3.12/site-packages/ovsdbapp/backend/ovs_idl/transaction.py:89}}
Jun 08 19:13:31.807865 np0000002345 devstack@neutron-api.service[87010]: DEBUG ovsdbapp.backend.ovs_idl.transaction [None req-4788d6b7-ffe5-4c98-93b4-cff2982deecd None None] Running txn n=1 command(idx=1): HAChassisGroupAddChassisCommand(_result=None, hcg=neutron-59329a54-9fe1-4557-8773-5f9edc8e87c8, chassis=670c0866-a95b-4bc6-96ea-6dabe31ba72c, priority=1, columns={}) {{(pid=87010) do_commit /opt/stack/data/venv/lib/python3.12/site-packages/ovsdbapp/backend/ovs_idl/transaction.py:89}}
Jun 08 19:13:31.808193 np0000002345 devstack@neutron-api.service[87010]: DEBUG ovsdbapp.backend.ovs_idl.transaction [None req-4788d6b7-ffe5-4c98-93b4-cff2982deecd None None] Transaction caused no change {{(pid=87010) do_commit /opt/stack/data/venv/lib/python3.12/site-packages/ovsdbapp/backend/ovs_idl/transaction.py:129}}
Jun 08 19:13:31.860438 np0000002345 devstack@neutron-api.service[87010]: DEBUG ovsdbapp.backend.ovs_idl.transaction [None req-4788d6b7-ffe5-4c98-93b4-cff2982deecd None None] Running txn n=1 command(idx=0): CheckRevisionNumberCommand(_result=None, name=lrp-8b095c2b-03a4-489c-8d11-fe08057dcb0d, resource={'id': '8b095c2b-03a4-489c-8d11-fe08057dcb0d', 'name': '', 'network_id': '59329a54-9fe1-4557-8773-5f9edc8e87c8', 'project_id': '68b505d6bbe84fc18a439c650a12bd29', 'mac_address': 'fa:16:3e:b2:00:7d', 'admin_state_up': True, 'status': 'ACTIVE', 'device_id': 'a546e4db-85d8-4218-8848-bbe7ad877f51', 'device_owner': 'network:router_interface', 'standard_attr_id': 24, 'fixed_ips': [{'subnet_id': 'fb23bafa-37b0-491e-8479-02cabeaf23bc', 'ip_address': 'fd07:eeb1:b025::1'}], 'allowed_address_pairs': [], 'extra_dhcp_opts': [], 'security_groups': [], 'description': '', 'binding:vnic_type': 'normal', 'binding:profile': {}, 'binding:host_id': '', 'binding:vif_type': 'unbound', 'binding:vif_details': {}, 'port_security_enabled': False, 'tags': [], 'created_at': '2026-06-08T19:13:22Z', 'updated_at': '2026-06-08T19:13:26Z', 'revision_number': 2, 'tenant_id': '68b505d6bbe84fc18a439c650a12bd29'}, resource_type=router_ports, if_exists=True) {{(pid=87010) do_commit /opt/stack/data/venv/lib/python3.12/site-packages/ovsdbapp/backend/ovs_idl/transaction.py:89}}
Jun 08 19:13:31.860799 np0000002345 devstack@neutron-api.service[87010]: DEBUG ovsdbapp.backend.ovs_idl.transaction [None req-4788d6b7-ffe5-4c98-93b4-cff2982deecd None None] Running txn n=1 command(idx=1): UpdateLRouterPortCommand(_result=None, name=lrp-8b095c2b-03a4-489c-8d11-fe08057dcb0d, columns={'external_ids': {'neutron:revision_number': '2', 'neutron:subnet_ids': 'fb23bafa-37b0-491e-8479-02cabeaf23bc', 'neutron:network_name': 'neutron-59329a54-9fe1-4557-8773-5f9edc8e87c8', 'neutron:is_ext_gw': 'False', 'neutron:router_name': 'neutron-a546e4db-85d8-4218-8848-bbe7ad877f51'}, 'options': {}, 'networks': ['fd07:eeb1:b025::1/64'], 'ipv6_ra_configs': {'address_mode': 'slaac', 'send_periodic': 'true', 'mtu': '1372'}}, if_exists=False) {{(pid=87010) do_commit /opt/stack/data/venv/lib/python3.12/site-packages/ovsdbapp/backend/ovs_idl/transaction.py:89}}
Jun 08 19:13:31.861128 np0000002345 devstack@neutron-api.service[87010]: DEBUG ovsdbapp.backend.ovs_idl.transaction [None req-4788d6b7-ffe5-4c98-93b4-cff2982deecd None None] Running txn n=1 command(idx=2): SetLRouterPortInLSwitchPortCommand(_result=None, lswitch_port=8b095c2b-03a4-489c-8d11-fe08057dcb0d, lrouter_port=lrp-8b095c2b-03a4-489c-8d11-fe08057dcb0d, is_gw_port=False, if_exists=True, lsp_address=router) {{(pid=87010) do_commit /opt/stack/data/venv/lib/python3.12/site-packages/ovsdbapp/backend/ovs_idl/transaction.py:89}}
Jun 08 19:13:31.878994 np0000002345 devstack@neutron-api.service[87010]: DEBUG neutron.plugins.ml2.drivers.ovn.mech_driver.ovsdb.ovsdb_monitor [None req-4788d6b7-ffe5-4c98-93b4-cff2982deecd None None] Touching Hash Ring node "09af69af88fc5fc3baca72cf6d27851b" from IDL notify handler {{(pid=87010) notify /opt/stack/neutron/neutron/plugins/ml2/drivers/ovn/mech_driver/ovsdb/ovsdb_monitor.py:1007}}
Jun 08 19:13:31.882063 np0000002345 devstack@neutron-api.service[87010]: DEBUG neutron.plugins.ml2.drivers.ovn.mech_driver.ovsdb.ovsdb_monitor [None req-8ee868b7-cf08-4118-880d-8e572afc7425 None None] Touching Hash Ring node "09af69af88fc5fc3baca72cf6d27851b" from IDL notify handler {{(pid=87010) notify /opt/stack/neutron/neutron/plugins/ml2/drivers/ovn/mech_driver/ovsdb/ovsdb_monitor.py:1007}}
Jun 08 19:13:31.882353 np0000002345 devstack@neutron-api.service[87009]: DEBUG neutron.plugins.ml2.drivers.ovn.mech_driver.ovsdb.ovsdb_monitor [None req-c10ca07c-1a5c-45b1-8380-aaac0304b344 None None] Touching Hash Ring node "715f2f78787a500caf6853ae1c57adcd" from IDL notify handler {{(pid=87009) notify /opt/stack/neutron/neutron/plugins/ml2/drivers/ovn/mech_driver/ovsdb/ovsdb_monitor.py:1007}}
Jun 08 19:13:31.884248 np0000002345 devstack@neutron-api.service[87009]: DEBUG neutron.plugins.ml2.drivers.ovn.mech_driver.ovsdb.ovsdb_monitor [None req-f81d2082-b2da-4aec-9479-78621301c3ca None None] Touching Hash Ring node "715f2f78787a500caf6853ae1c57adcd" from IDL notify handler {{(pid=87009) notify /opt/stack/neutron/neutron/plugins/ml2/drivers/ovn/mech_driver/ovsdb/ovsdb_monitor.py:1007}}
Jun 08 19:13:31.885526 np0000002345 devstack@neutron-api.service[87010]: DEBUG neutron.plugins.ml2.drivers.ovn.mech_driver.ovsdb.ovsdb_monitor [None req-4788d6b7-ffe5-4c98-93b4-cff2982deecd None None] Hash Ring: Node 09af69af88fc5fc3baca72cf6d27851b (host: np0000002345) handling event "update" for row 9af27822-166b-48b4-bca4-8017d1c01e59 (table: Logical_Router_Port) {{(pid=87010) notify /opt/stack/neutron/neutron/plugins/ml2/drivers/ovn/mech_driver/ovsdb/ovsdb_monitor.py:1015}}
Jun 08 19:13:31.886070 np0000002345 devstack@neutron-api.service[87010]: DEBUG neutron.plugins.ml2.drivers.ovn.mech_driver.ovsdb.ovsdb_monitor [None req-8ee868b7-cf08-4118-880d-8e572afc7425 None None] Hash Ring: Node 09af69af88fc5fc3baca72cf6d27851b (host: np0000002345) handling event "update" for row 82374435-3976-4225-bb44-00ed101dff6f (table: Port_Binding) {{(pid=87010) notify /opt/stack/neutron/neutron/plugins/ml2/drivers/ovn/mech_driver/ovsdb/ovsdb_monitor.py:1015}}
Jun 08 19:13:31.890365 np0000002345 devstack@neutron-api.service[87009]: DEBUG neutron.plugins.ml2.drivers.ovn.mech_driver.ovsdb.ovsdb_monitor [None req-c10ca07c-1a5c-45b1-8380-aaac0304b344 None None] Hash Ring: Node 715f2f78787a500caf6853ae1c57adcd (host: np0000002345) handling event "update" for row 82374435-3976-4225-bb44-00ed101dff6f (table: Port_Binding) {{(pid=87009) notify /opt/stack/neutron/neutron/plugins/ml2/drivers/ovn/mech_driver/ovsdb/ovsdb_monitor.py:1015}}
Jun 08 19:13:31.891712 np0000002345 devstack@neutron-api.service[87009]: DEBUG neutron.plugins.ml2.drivers.ovn.mech_driver.ovsdb.ovsdb_monitor [None req-f81d2082-b2da-4aec-9479-78621301c3ca None None] Hash Ring: Node 715f2f78787a500caf6853ae1c57adcd (host: np0000002345) handling event "update" for row 9af27822-166b-48b4-bca4-8017d1c01e59 (table: Logical_Router_Port) {{(pid=87009) notify /opt/stack/neutron/neutron/plugins/ml2/drivers/ovn/mech_driver/ovsdb/ovsdb_monitor.py:1015}}
Jun 08 19:13:31.904435 np0000002345 devstack@neutron-api.service[87010]: INFO neutron.db.ovn_revision_numbers_db [None req-ca625c6b-fda7-4770-9fcc-868f51ccb944 None None] Successfully bumped revision number for resource 8b095c2b-03a4-489c-8d11-fe08057dcb0d (type: router_ports) to 2
Jun 08 19:13:31.929844 np0000002345 devstack@neutron-api.service[87010]: INFO neutron.common.ovn.utils [None req-ca625c6b-fda7-4770-9fcc-868f51ccb944 None None] HA Chassis Group neutron-59329a54-9fe1-4557-8773-5f9edc8e87c8 synchronized; highest priority chassis 670c0866-a95b-4bc6-96ea-6dabe31ba72c
Jun 08 19:13:31.930286 np0000002345 devstack@neutron-api.service[87010]: DEBUG ovsdbapp.backend.ovs_idl.transaction [None req-4788d6b7-ffe5-4c98-93b4-cff2982deecd None None] Running txn n=1 command(idx=0): DbSetCommand(_result=None, table=HA_Chassis_Group, record=neutron-59329a54-9fe1-4557-8773-5f9edc8e87c8, col_values=(('external_ids', {'neutron:availability_zone_hints': '', 'neutron:network_id': '59329a54-9fe1-4557-8773-5f9edc8e87c8', 'neutron:router_id': 'a546e4db-85d8-4218-8848-bbe7ad877f51'}),), if_exists=True) {{(pid=87010) do_commit /opt/stack/data/venv/lib/python3.12/site-packages/ovsdbapp/backend/ovs_idl/transaction.py:89}}
Jun 08 19:13:31.930512 np0000002345 devstack@neutron-api.service[87010]: DEBUG ovsdbapp.backend.ovs_idl.transaction [None req-4788d6b7-ffe5-4c98-93b4-cff2982deecd None None] Running txn n=1 command(idx=1): HAChassisGroupAddChassisCommand(_result=None, hcg=neutron-59329a54-9fe1-4557-8773-5f9edc8e87c8, chassis=670c0866-a95b-4bc6-96ea-6dabe31ba72c, priority=1, columns={}) {{(pid=87010) do_commit /opt/stack/data/venv/lib/python3.12/site-packages/ovsdbapp/backend/ovs_idl/transaction.py:89}}
Jun 08 19:13:31.930773 np0000002345 devstack@neutron-api.service[87010]: DEBUG ovsdbapp.backend.ovs_idl.transaction [None req-4788d6b7-ffe5-4c98-93b4-cff2982deecd None None] Transaction caused no change {{(pid=87010) do_commit /opt/stack/data/venv/lib/python3.12/site-packages/ovsdbapp/backend/ovs_idl/transaction.py:129}}
Jun 08 19:13:31.956236 np0000002345 devstack@neutron-api.service[87010]: INFO neutron.common.ovn.utils [None req-ca625c6b-fda7-4770-9fcc-868f51ccb944 None None] HA Chassis Group neutron-59329a54-9fe1-4557-8773-5f9edc8e87c8 synchronized; highest priority chassis 670c0866-a95b-4bc6-96ea-6dabe31ba72c
Jun 08 19:13:31.956807 np0000002345 devstack@neutron-api.service[87010]: DEBUG ovsdbapp.backend.ovs_idl.transaction [None req-4788d6b7-ffe5-4c98-93b4-cff2982deecd None None] Running txn n=1 command(idx=0): DbSetCommand(_result=None, table=HA_Chassis_Group, record=neutron-59329a54-9fe1-4557-8773-5f9edc8e87c8, col_values=(('external_ids', {'neutron:availability_zone_hints': '', 'neutron:network_id': '59329a54-9fe1-4557-8773-5f9edc8e87c8', 'neutron:router_id': 'a546e4db-85d8-4218-8848-bbe7ad877f51'}),), if_exists=True) {{(pid=87010) do_commit /opt/stack/data/venv/lib/python3.12/site-packages/ovsdbapp/backend/ovs_idl/transaction.py:89}}
Jun 08 19:13:31.957109 np0000002345 devstack@neutron-api.service[87010]: DEBUG ovsdbapp.backend.ovs_idl.transaction [None req-4788d6b7-ffe5-4c98-93b4-cff2982deecd None None] Running txn n=1 command(idx=1): HAChassisGroupAddChassisCommand(_result=None, hcg=neutron-59329a54-9fe1-4557-8773-5f9edc8e87c8, chassis=670c0866-a95b-4bc6-96ea-6dabe31ba72c, priority=1, columns={}) {{(pid=87010) do_commit /opt/stack/data/venv/lib/python3.12/site-packages/ovsdbapp/backend/ovs_idl/transaction.py:89}}
Jun 08 19:13:31.957407 np0000002345 devstack@neutron-api.service[87010]: DEBUG ovsdbapp.backend.ovs_idl.transaction [None req-4788d6b7-ffe5-4c98-93b4-cff2982deecd None None] Transaction caused no change {{(pid=87010) do_commit /opt/stack/data/venv/lib/python3.12/site-packages/ovsdbapp/backend/ovs_idl/transaction.py:129}}
Jun 08 19:13:32.013798 np0000002345 devstack@neutron-api.service[87010]: DEBUG ovsdbapp.backend.ovs_idl.transaction [None req-4788d6b7-ffe5-4c98-93b4-cff2982deecd None None] Running txn n=1 command(idx=0): CheckRevisionNumberCommand(_result=None, name=lrp-8b095c2b-03a4-489c-8d11-fe08057dcb0d, resource={'id': '8b095c2b-03a4-489c-8d11-fe08057dcb0d', 'name': '', 'network_id': '59329a54-9fe1-4557-8773-5f9edc8e87c8', 'project_id': '68b505d6bbe84fc18a439c650a12bd29', 'mac_address': 'fa:16:3e:b2:00:7d', 'admin_state_up': True, 'status': 'ACTIVE', 'device_id': 'a546e4db-85d8-4218-8848-bbe7ad877f51', 'device_owner': 'network:router_interface', 'standard_attr_id': 24, 'fixed_ips': [{'subnet_id': 'fb23bafa-37b0-491e-8479-02cabeaf23bc', 'ip_address': 'fd07:eeb1:b025::1'}], 'allowed_address_pairs': [], 'extra_dhcp_opts': [], 'security_groups': [], 'description': '', 'binding:vnic_type': 'normal', 'binding:profile': {}, 'binding:host_id': '', 'binding:vif_type': 'unbound', 'binding:vif_details': {}, 'port_security_enabled': False, 'tags': [], 'created_at': '2026-06-08T19:13:22Z', 'updated_at': '2026-06-08T19:13:26Z', 'revision_number': 2, 'tenant_id': '68b505d6bbe84fc18a439c650a12bd29'}, resource_type=router_ports, if_exists=True) {{(pid=87010) do_commit /opt/stack/data/venv/lib/python3.12/site-packages/ovsdbapp/backend/ovs_idl/transaction.py:89}}
Jun 08 19:13:32.013992 np0000002345 devstack@neutron-api.service[87010]: DEBUG ovsdbapp.backend.ovs_idl.transaction [None req-4788d6b7-ffe5-4c98-93b4-cff2982deecd None None] Running txn n=1 command(idx=1): UpdateLRouterPortCommand(_result=None, name=lrp-8b095c2b-03a4-489c-8d11-fe08057dcb0d, columns={'external_ids': {'neutron:revision_number': '2', 'neutron:subnet_ids': 'fb23bafa-37b0-491e-8479-02cabeaf23bc', 'neutron:network_name': 'neutron-59329a54-9fe1-4557-8773-5f9edc8e87c8', 'neutron:is_ext_gw': 'False', 'neutron:router_name': 'neutron-a546e4db-85d8-4218-8848-bbe7ad877f51'}, 'options': {}, 'networks': ['fd07:eeb1:b025::1/64'], 'ipv6_ra_configs': {'address_mode': 'slaac', 'send_periodic': 'true', 'mtu': '1372'}}, if_exists=False) {{(pid=87010) do_commit /opt/stack/data/venv/lib/python3.12/site-packages/ovsdbapp/backend/ovs_idl/transaction.py:89}}
Jun 08 19:13:32.014263 np0000002345 devstack@neutron-api.service[87010]: DEBUG ovsdbapp.backend.ovs_idl.transaction [None req-4788d6b7-ffe5-4c98-93b4-cff2982deecd None None] Running txn n=1 command(idx=2): SetLRouterPortInLSwitchPortCommand(_result=None, lswitch_port=8b095c2b-03a4-489c-8d11-fe08057dcb0d, lrouter_port=lrp-8b095c2b-03a4-489c-8d11-fe08057dcb0d, is_gw_port=False, if_exists=True, lsp_address=router) {{(pid=87010) do_commit /opt/stack/data/venv/lib/python3.12/site-packages/ovsdbapp/backend/ovs_idl/transaction.py:89}}
Jun 08 19:13:32.014532 np0000002345 devstack@neutron-api.service[87010]: DEBUG ovsdbapp.backend.ovs_idl.transaction [None req-4788d6b7-ffe5-4c98-93b4-cff2982deecd None None] Transaction caused no change {{(pid=87010) do_commit /opt/stack/data/venv/lib/python3.12/site-packages/ovsdbapp/backend/ovs_idl/transaction.py:129}}
Jun 08 19:13:37.094380 np0000002345 devstack@neutron-api.service[87010]: DEBUG futurist.periodics [-] Submitting periodic callback 'neutron.plugins.ml2.drivers.ovn.mech_driver.ovsdb.maintenance.HashRingHealthCheckPeriodics.touch_hash_ring_node' {{(pid=87010) _process_scheduled /opt/stack/data/venv/lib/python3.12/site-packages/futurist/periodics.py:784}}
Jun 08 19:13:37.094971 np0000002345 devstack@neutron-api.service[87010]: DEBUG neutron.plugins.ml2.drivers.ovn.mech_driver.ovsdb.maintenance [-] Touching Hash Ring node "09af69af88fc5fc3baca72cf6d27851b" from periodic health check thread {{(pid=87010) touch_hash_ring_node /opt/stack/neutron/neutron/plugins/ml2/drivers/ovn/mech_driver/ovsdb/maintenance.py:1421}}
Jun 08 19:13:37.943671 np0000002345 devstack@neutron-api.service[87009]: DEBUG futurist.periodics [-] Submitting periodic callback 'neutron.plugins.ml2.drivers.ovn.mech_driver.ovsdb.maintenance.HashRingHealthCheckPeriodics.touch_hash_ring_node' {{(pid=87009) _process_scheduled /opt/stack/data/venv/lib/python3.12/site-packages/futurist/periodics.py:784}}
Jun 08 19:13:37.944100 np0000002345 devstack@neutron-api.service[87009]: DEBUG neutron.plugins.ml2.drivers.ovn.mech_driver.ovsdb.maintenance [-] Touching Hash Ring node "715f2f78787a500caf6853ae1c57adcd" from periodic health check thread {{(pid=87009) touch_hash_ring_node /opt/stack/neutron/neutron/plugins/ml2/drivers/ovn/mech_driver/ovsdb/maintenance.py:1421}}
Jun 08 19:13:47.101547 np0000002345 devstack@neutron-api.service[87010]: DEBUG dbcounter [-] [87010] Writing DB stats neutron:SELECT=2241,neutron:INSERT=703,neutron:DELETE=12,neutron:UPDATE=92 {{(pid=87010) stat_writer /opt/stack/data/venv/lib/python3.12/site-packages/dbcounter.py:115}}
Jun 08 19:13:47.953623 np0000002345 devstack@neutron-api.service[87009]: DEBUG dbcounter [-] [87009] Writing DB stats neutron:SELECT=3612,neutron:INSERT=97,neutron:DELETE=14,neutron:UPDATE=79 {{(pid=87009) stat_writer /opt/stack/data/venv/lib/python3.12/site-packages/dbcounter.py:115}}
Jun 08 19:13:52.094875 np0000002345 devstack@neutron-api.service[87010]: DEBUG futurist.periodics [-] Submitting periodic callback 'neutron.plugins.ml2.drivers.ovn.mech_driver.ovsdb.maintenance.HashRingHealthCheckPeriodics.touch_hash_ring_node' {{(pid=87010) _process_scheduled /opt/stack/data/venv/lib/python3.12/site-packages/futurist/periodics.py:784}}
Jun 08 19:13:52.095284 np0000002345 devstack@neutron-api.service[87010]: DEBUG neutron.plugins.ml2.drivers.ovn.mech_driver.ovsdb.maintenance [-] Touching Hash Ring node "09af69af88fc5fc3baca72cf6d27851b" from periodic health check thread {{(pid=87010) touch_hash_ring_node /opt/stack/neutron/neutron/plugins/ml2/drivers/ovn/mech_driver/ovsdb/maintenance.py:1421}}
Jun 08 19:13:52.944228 np0000002345 devstack@neutron-api.service[87009]: DEBUG futurist.periodics [-] Submitting periodic callback 'neutron.plugins.ml2.drivers.ovn.mech_driver.ovsdb.maintenance.HashRingHealthCheckPeriodics.touch_hash_ring_node' {{(pid=87009) _process_scheduled /opt/stack/data/venv/lib/python3.12/site-packages/futurist/periodics.py:784}}
Jun 08 19:13:52.944635 np0000002345 devstack@neutron-api.service[87009]: DEBUG neutron.plugins.ml2.drivers.ovn.mech_driver.ovsdb.maintenance [-] Touching Hash Ring node "715f2f78787a500caf6853ae1c57adcd" from periodic health check thread {{(pid=87009) touch_hash_ring_node /opt/stack/neutron/neutron/plugins/ml2/drivers/ovn/mech_driver/ovsdb/maintenance.py:1421}}
Jun 08 19:14:02.104585 np0000002345 devstack@neutron-api.service[87010]: DEBUG dbcounter [-] [87010] Writing DB stats neutron:UPDATE=1,neutron:SELECT=1 {{(pid=87010) stat_writer /opt/stack/data/venv/lib/python3.12/site-packages/dbcounter.py:115}}
Jun 08 19:14:02.950426 np0000002345 devstack@neutron-api.service[87009]: DEBUG dbcounter [-] [87009] Writing DB stats neutron:UPDATE=1,neutron:SELECT=1 {{(pid=87009) stat_writer /opt/stack/data/venv/lib/python3.12/site-packages/dbcounter.py:115}}
Jun 08 19:14:07.095418 np0000002345 devstack@neutron-api.service[87010]: DEBUG futurist.periodics [-] Submitting periodic callback 'neutron.plugins.ml2.drivers.ovn.mech_driver.ovsdb.maintenance.HashRingHealthCheckPeriodics.touch_hash_ring_node' {{(pid=87010) _process_scheduled /opt/stack/data/venv/lib/python3.12/site-packages/futurist/periodics.py:784}}
Jun 08 19:14:07.096064 np0000002345 devstack@neutron-api.service[87010]: DEBUG neutron.plugins.ml2.drivers.ovn.mech_driver.ovsdb.maintenance [-] Touching Hash Ring node "09af69af88fc5fc3baca72cf6d27851b" from periodic health check thread {{(pid=87010) touch_hash_ring_node /opt/stack/neutron/neutron/plugins/ml2/drivers/ovn/mech_driver/ovsdb/maintenance.py:1421}}
Jun 08 19:14:07.944622 np0000002345 devstack@neutron-api.service[87009]: DEBUG futurist.periodics [-] Submitting periodic callback 'neutron.plugins.ml2.drivers.ovn.mech_driver.ovsdb.maintenance.HashRingHealthCheckPeriodics.touch_hash_ring_node' {{(pid=87009) _process_scheduled /opt/stack/data/venv/lib/python3.12/site-packages/futurist/periodics.py:784}}
Jun 08 19:14:07.945045 np0000002345 devstack@neutron-api.service[87009]: DEBUG neutron.plugins.ml2.drivers.ovn.mech_driver.ovsdb.maintenance [-] Touching Hash Ring node "715f2f78787a500caf6853ae1c57adcd" from periodic health check thread {{(pid=87009) touch_hash_ring_node /opt/stack/neutron/neutron/plugins/ml2/drivers/ovn/mech_driver/ovsdb/maintenance.py:1421}}
Jun 08 19:14:17.102678 np0000002345 devstack@neutron-api.service[87010]: DEBUG dbcounter [-] [87010] Writing DB stats neutron:UPDATE=1,neutron:SELECT=1 {{(pid=87010) stat_writer /opt/stack/data/venv/lib/python3.12/site-packages/dbcounter.py:115}}
Jun 08 19:14:17.950715 np0000002345 devstack@neutron-api.service[87009]: DEBUG dbcounter [-] [87009] Writing DB stats neutron:UPDATE=1,neutron:SELECT=1 {{(pid=87009) stat_writer /opt/stack/data/venv/lib/python3.12/site-packages/dbcounter.py:115}}
Jun 08 19:14:21.495651 np0000002345 devstack@neutron-api.service[87010]: DEBUG neutron.api.wsgi [None req-062bab09-c3db-4901-a2aa-c6e54bcfacfb admin admin] Missing Content-Type {{(pid=87010) get_content_type /opt/stack/neutron/neutron/api/wsgi.py:80}}
Jun 08 19:14:21.495651 np0000002345 devstack@neutron-api.service[87010]: DEBUG neutron.api.wsgi [None req-062bab09-c3db-4901-a2aa-c6e54bcfacfb admin admin] https://10.4.3.203/networking/v2.0/extensions returned with HTTP 200 {{(pid=87010) __call__ /opt/stack/neutron/neutron/api/wsgi.py:540}}
Jun 08 19:14:21.496102 np0000002345 devstack@neutron-api.service[87010]: [pid: 87010|app: 0|req: 18/34] 10.4.3.203 () {64 vars in 1292 bytes} [Mon Jun 8 19:14:21 2026] GET /networking/v2.0/extensions => generated 15873 bytes in 4 msecs (HTTP/1.1 200) 4 headers in 159 bytes (1 switches on core 0)
Jun 08 19:14:21.740272 np0000002345 devstack@neutron-api.service[87009]: INFO neutron.pecan_wsgi.hooks.translation [None req-6409c585-b04a-4634-8c32-f575330e366f admin admin] GET failed (client error): The resource could not be found.
Jun 08 19:14:21.740883 np0000002345 devstack@neutron-api.service[87009]: [pid: 87009|app: 0|req: 17/35] 10.4.3.203 () {64 vars in 1294 bytes} [Mon Jun 8 19:14:21 2026] GET /networking/v2.0/networks/public => generated 108 bytes in 8 msecs (HTTP/1.1 404) 4 headers in 164 bytes (1 switches on core 0)
Jun 08 19:14:21.787088 np0000002345 devstack@neutron-api.service[87010]: DEBUG neutron.pecan_wsgi.hooks.policy_enforcement [None req-5e9b7ffd-ef8f-4fdf-8d18-d639b6aad427 admin admin] Attributes excluded by policy engine: ['standard_attr_id'] {{(pid=87010) _exclude_attributes_by_policy /opt/stack/neutron/neutron/pecan_wsgi/hooks/policy_enforcement.py:256}}
Jun 08 19:14:21.787947 np0000002345 devstack@neutron-api.service[87010]: [pid: 87010|app: 0|req: 19/36] 10.4.3.203 () {64 vars in 1309 bytes} [Mon Jun 8 19:14:21 2026] GET /networking/v2.0/networks?name=public => generated 759 bytes in 40 msecs (HTTP/1.1 200) 4 headers in 157 bytes (1 switches on core 0)
Jun 08 19:14:21.968035 np0000002345 devstack@neutron-api.service[87009]: DEBUG neutron.api.v2.base [None req-86417d50-c71f-42fa-ab1b-ef6f7dd7a5ec admin admin] Request body: {'network': {'admin_state_up': True, 'shared': True, 'name': 'shared'}} {{(pid=87009) prepare_request_body /opt/stack/neutron/neutron/api/v2/base.py:727}}
Jun 08 19:14:21.980143 np0000002345 devstack@neutron-api.service[87009]: DEBUG neutron.pecan_wsgi.hooks.quota_enforcement [None req-86417d50-c71f-42fa-ab1b-ef6f7dd7a5ec admin admin] Made reservation on behalf of 68b505d6bbe84fc18a439c650a12bd29 for: {'network': 1} {{(pid=87009) before /opt/stack/neutron/neutron/pecan_wsgi/hooks/quota_enforcement.py:66}}
Jun 08 19:14:21.982680 np0000002345 devstack@neutron-api.service[87009]: DEBUG neutron_lib.callbacks.manager [None req-86417d50-c71f-42fa-ab1b-ef6f7dd7a5ec admin admin] Publish callbacks ['neutron.plugins.ml2.plugin.SecurityGroupDbMixin._ensure_default_security_group_handler-15989'] for network (None), before_create {{(pid=87009) _notify_loop /opt/stack/data/venv/lib/python3.12/site-packages/neutron_lib/callbacks/manager.py:184}}
Jun 08 19:14:22.006637 np0000002345 devstack@neutron-api.service[87009]: WARNING neutron.services.revisions.revision_plugin [None req-86417d50-c71f-42fa-ab1b-ef6f7dd7a5ec admin admin] Could not find related network for resource to bump revision.
Jun 08 19:14:22.030727 np0000002345 devstack@neutron-api.service[87009]: DEBUG neutron.plugins.ml2.drivers.helpers [None req-86417d50-c71f-42fa-ab1b-ef6f7dd7a5ec admin admin] geneve segment allocate from pool success with {'geneve_vni': 56212} {{(pid=87009) allocate_partially_specified_segment /opt/stack/neutron/neutron/plugins/ml2/drivers/helpers.py:142}}
Jun 08 19:14:22.036705 np0000002345 devstack@neutron-api.service[87009]: DEBUG neutron_lib.callbacks.manager [None req-86417d50-c71f-42fa-ab1b-ef6f7dd7a5ec admin admin] Publish callbacks ['neutron.services.segments.db._add_segment_host_mapping_for_segment-7884371651454', 'neutron.plugins.ml2.plugin.Ml2Plugin._handle_segment_change-672239'] for segment (ba708d63-512f-48e6-b07c-8d4c925dda18), precommit_create {{(pid=87009) _notify_loop /opt/stack/data/venv/lib/python3.12/site-packages/neutron_lib/callbacks/manager.py:184}}
Jun 08 19:14:22.036866 np0000002345 devstack@neutron-api.service[87009]: INFO neutron.db.segments_db [None req-86417d50-c71f-42fa-ab1b-ef6f7dd7a5ec admin admin] Added segment ba708d63-512f-48e6-b07c-8d4c925dda18 of type geneve for network c739be5f-524b-43ef-8395-6917229dfe05
Jun 08 19:14:22.048272 np0000002345 devstack@neutron-api.service[87009]: DEBUG neutron_lib.callbacks.manager [None req-86417d50-c71f-42fa-ab1b-ef6f7dd7a5ec admin admin] Publish callbacks ['neutron.services.auto_allocate.db._ensure_external_network_default_value_callback-7884370296492'] for network (c739be5f-524b-43ef-8395-6917229dfe05), precommit_create {{(pid=87009) _notify_loop /opt/stack/data/venv/lib/python3.12/site-packages/neutron_lib/callbacks/manager.py:184}}
Jun 08 19:14:22.057816 np0000002345 devstack@neutron-api.service[87009]: DEBUG neutron.plugins.ml2.drivers.ovn.mech_driver.mech_driver [None req-86417d50-c71f-42fa-ab1b-ef6f7dd7a5ec admin admin] Validating network segment with type geneve, segmentation ID 56212, physical network None {{(pid=87009) _validate_network_segments /opt/stack/neutron/neutron/plugins/ml2/drivers/ovn/mech_driver/mech_driver.py:643}}
Jun 08 19:14:22.057945 np0000002345 devstack@neutron-api.service[87009]: DEBUG neutron.db.ovn_revision_numbers_db [None req-86417d50-c71f-42fa-ab1b-ef6f7dd7a5ec admin admin] create_initial_revision uuid=c739be5f-524b-43ef-8395-6917229dfe05, type=networks, rev=-1 {{(pid=87009) create_initial_revision /opt/stack/neutron/neutron/db/ovn_revision_numbers_db.py:98}}
Jun 08 19:14:22.063995 np0000002345 devstack@neutron-api.service[87009]: DEBUG neutron_lib.callbacks.manager [None req-86417d50-c71f-42fa-ab1b-ef6f7dd7a5ec admin admin] Publish callbacks ['neutron.plugins.ml2.ovo_rpc._ObjectChangeHandler.handle_event-3835379'] for network (c739be5f-524b-43ef-8395-6917229dfe05), after_create {{(pid=87009) _notify_loop /opt/stack/data/venv/lib/python3.12/site-packages/neutron_lib/callbacks/manager.py:184}}
Jun 08 19:14:22.077950 np0000002345 devstack@neutron-api.service[87009]: DEBUG neutron.api.rpc.handlers.resources_rpc [None req-86417d50-c71f-42fa-ab1b-ef6f7dd7a5ec admin admin] Pushing event updated for resources: {'Network': ['ID=c739be5f-524b-43ef-8395-6917229dfe05,revision_number=1']} {{(pid=87009) push /opt/stack/neutron/neutron/api/rpc/handlers/resources_rpc.py:237}}
Jun 08 19:14:22.081686 np0000002345 devstack@neutron-api.service[87009]: DEBUG ovsdbapp.backend.ovs_idl.transaction [None req-f81d2082-b2da-4aec-9479-78621301c3ca None None] Running txn n=1 command(idx=0): CheckLivenessCommand(_result=None) {{(pid=87009) do_commit /opt/stack/data/venv/lib/python3.12/site-packages/ovsdbapp/backend/ovs_idl/transaction.py:89}}
Jun 08 19:14:22.102732 np0000002345 devstack@neutron-api.service[87010]: DEBUG futurist.periodics [-] Submitting periodic callback 'neutron.plugins.ml2.drivers.ovn.mech_driver.ovsdb.maintenance.HashRingHealthCheckPeriodics.touch_hash_ring_node' {{(pid=87010) _process_scheduled /opt/stack/data/venv/lib/python3.12/site-packages/futurist/periodics.py:784}}
Jun 08 19:14:22.102732 np0000002345 devstack@neutron-api.service[87010]: DEBUG neutron.plugins.ml2.drivers.ovn.mech_driver.ovsdb.maintenance [-] Touching Hash Ring node "09af69af88fc5fc3baca72cf6d27851b" from periodic health check thread {{(pid=87010) touch_hash_ring_node /opt/stack/neutron/neutron/plugins/ml2/drivers/ovn/mech_driver/ovsdb/maintenance.py:1421}}
Jun 08 19:14:22.109011 np0000002345 devstack@neutron-api.service[87009]: DEBUG neutron.plugins.ml2.drivers.ovn.mech_driver.ovsdb.ovsdb_monitor [None req-c10ca07c-1a5c-45b1-8380-aaac0304b344 None None] ChassisAgentWriteEvent : Matched Chassis_Private, update, None None {{(pid=87009) matches /opt/stack/neutron/neutron/plugins/ml2/drivers/ovn/mech_driver/ovsdb/ovsdb_monitor.py:64}}
Jun 08 19:14:22.109164 np0000002345 devstack@neutron-api.service[87010]: DEBUG neutron.plugins.ml2.drivers.ovn.mech_driver.ovsdb.ovsdb_monitor [None req-8ee868b7-cf08-4118-880d-8e572afc7425 None None] ChassisAgentWriteEvent : Matched Chassis_Private, update, None None {{(pid=87010) matches /opt/stack/neutron/neutron/plugins/ml2/drivers/ovn/mech_driver/ovsdb/ovsdb_monitor.py:64}}
Jun 08 19:14:22.113996 np0000002345 devstack@neutron-api.service[87010]: DEBUG neutron.common.ovn.hash_ring_manager [None req-4788d6b7-ffe5-4c98-93b4-cff2982deecd None None] Hash Ring loaded. 2 active nodes. 0 offline nodes {{(pid=87010) _load_hash_ring /opt/stack/neutron/neutron/common/ovn/hash_ring_manager.py:102}}
Jun 08 19:14:22.114086 np0000002345 devstack@neutron-api.service[87009]: DEBUG neutron.common.ovn.hash_ring_manager [None req-f81d2082-b2da-4aec-9479-78621301c3ca None None] Hash Ring loaded. 2 active nodes. 0 offline nodes {{(pid=87009) _load_hash_ring /opt/stack/neutron/neutron/common/ovn/hash_ring_manager.py:102}}
Jun 08 19:14:22.114376 np0000002345 devstack@neutron-api.service[87010]: DEBUG neutron.plugins.ml2.drivers.ovn.mech_driver.ovsdb.ovsdb_monitor [None req-4788d6b7-ffe5-4c98-93b4-cff2982deecd None None] Touching Hash Ring node "09af69af88fc5fc3baca72cf6d27851b" from IDL notify handler {{(pid=87010) notify /opt/stack/neutron/neutron/plugins/ml2/drivers/ovn/mech_driver/ovsdb/ovsdb_monitor.py:1007}}
Jun 08 19:14:22.118873 np0000002345 devstack@neutron-api.service[87009]: DEBUG neutron.api.rpc.callbacks.version_manager [None req-86417d50-c71f-42fa-ab1b-ef6f7dd7a5ec admin admin] Tracked resource versions report:
Jun 08 19:14:22.118873 np0000002345 devstack@neutron-api.service[87009]: pushed versions:
Jun 08 19:14:22.118873 np0000002345 devstack@neutron-api.service[87009]: { 'AddressGroup': {'1.2'},
Jun 08 19:14:22.118873 np0000002345 devstack@neutron-api.service[87009]: 'Agent': {'1.1'},
Jun 08 19:14:22.118873 np0000002345 devstack@neutron-api.service[87009]: 'ConntrackHelper': {'1.0'},
Jun 08 19:14:22.118873 np0000002345 devstack@neutron-api.service[87009]: 'LocalIPAssociation': {'1.0'},
Jun 08 19:14:22.118873 np0000002345 devstack@neutron-api.service[87009]: 'Log': {'1.0'},
Jun 08 19:14:22.118873 np0000002345 devstack@neutron-api.service[87009]: 'NDPProxy': {'1.0'},
Jun 08 19:14:22.118873 np0000002345 devstack@neutron-api.service[87009]: 'Network': {'1.3'},
Jun 08 19:14:22.118873 np0000002345 devstack@neutron-api.service[87009]: 'Port': {'1.11'},
Jun 08 19:14:22.118873 np0000002345 devstack@neutron-api.service[87009]: 'PortForwarding': {'1.3'},
Jun 08 19:14:22.118873 np0000002345 devstack@neutron-api.service[87009]: 'QosPolicy': {'1.10'},
Jun 08 19:14:22.118873 np0000002345 devstack@neutron-api.service[87009]: 'SecurityGroup': {'1.6'},
Jun 08 19:14:22.118873 np0000002345 devstack@neutron-api.service[87009]: 'SecurityGroupRule': {'1.3'},
Jun 08 19:14:22.118873 np0000002345 devstack@neutron-api.service[87009]: 'SubPort': {'1.0'},
Jun 08 19:14:22.118873 np0000002345 devstack@neutron-api.service[87009]: 'Subnet': {'1.2'},
Jun 08 19:14:22.118873 np0000002345 devstack@neutron-api.service[87009]: 'Trunk': {'1.1'}}
Jun 08 19:14:22.118873 np0000002345 devstack@neutron-api.service[87009]: consumer versions:
Jun 08 19:14:22.118873 np0000002345 devstack@neutron-api.service[87009]: { OVN Neutron agent@np0000002345: {},
Jun 08 19:14:22.118873 np0000002345 devstack@neutron-api.service[87009]: OVN Controller Gateway agent@np0000002345: {}}
Jun 08 19:14:22.118873 np0000002345 devstack@neutron-api.service[87009]: {{(pid=87009) report /opt/stack/neutron/neutron/api/rpc/callbacks/version_manager.py:183}}
Jun 08 19:14:22.120506 np0000002345 devstack@neutron-api.service[87010]: DEBUG neutron.common.ovn.hash_ring_manager [None req-8ee868b7-cf08-4118-880d-8e572afc7425 None None] Hash Ring loaded. 2 active nodes. 0 offline nodes {{(pid=87010) _load_hash_ring /opt/stack/neutron/neutron/common/ovn/hash_ring_manager.py:102}}
Jun 08 19:14:22.121162 np0000002345 devstack@neutron-api.service[87010]: DEBUG neutron.plugins.ml2.drivers.ovn.mech_driver.ovsdb.ovsdb_monitor [None req-4788d6b7-ffe5-4c98-93b4-cff2982deecd None None] Hash Ring: Node 09af69af88fc5fc3baca72cf6d27851b (host: np0000002345) handling event "update" for row 8462dd8e-b630-4a8d-987c-f911a130f7fc (table: NB_Global) {{(pid=87010) notify /opt/stack/neutron/neutron/plugins/ml2/drivers/ovn/mech_driver/ovsdb/ovsdb_monitor.py:1015}}
Jun 08 19:14:22.121571 np0000002345 devstack@neutron-api.service[87009]: DEBUG neutron.common.ovn.hash_ring_manager [None req-c10ca07c-1a5c-45b1-8380-aaac0304b344 None None] Hash Ring loaded. 2 active nodes. 0 offline nodes {{(pid=87009) _load_hash_ring /opt/stack/neutron/neutron/common/ovn/hash_ring_manager.py:102}}
Jun 08 19:14:22.122462 np0000002345 devstack@neutron-api.service[87010]: DEBUG neutron.plugins.ml2.drivers.ovn.mech_driver.ovsdb.ovsdb_monitor [None req-8ee868b7-cf08-4118-880d-8e572afc7425 None None] Touching Hash Ring node "09af69af88fc5fc3baca72cf6d27851b" from IDL notify handler {{(pid=87010) notify /opt/stack/neutron/neutron/plugins/ml2/drivers/ovn/mech_driver/ovsdb/ovsdb_monitor.py:1007}}
Jun 08 19:14:22.125298 np0000002345 devstack@neutron-api.service[87010]: DEBUG neutron.plugins.ml2.drivers.ovn.mech_driver.ovsdb.ovsdb_monitor [None req-4788d6b7-ffe5-4c98-93b4-cff2982deecd None None] Touching Hash Ring node "09af69af88fc5fc3baca72cf6d27851b" from IDL notify handler {{(pid=87010) notify /opt/stack/neutron/neutron/plugins/ml2/drivers/ovn/mech_driver/ovsdb/ovsdb_monitor.py:1007}}
Jun 08 19:14:22.125977 np0000002345 devstack@neutron-api.service[87009]: DEBUG ovsdbapp.backend.ovs_idl.transaction [None req-f81d2082-b2da-4aec-9479-78621301c3ca None None] Running txn n=1 command(idx=0): AddNetworkCommand(_result=None, network_uuid=c739be5f-524b-43ef-8395-6917229dfe05, may_exist=True, columns={'external_ids': {'neutron:network_name': 'shared', 'neutron:mtu': '1372', 'neutron:revision_number': '1', 'neutron:availability_zone_hints': '', 'neutron:provnet-network-type': 'geneve'}, 'other_config': {'mcast_snoop': 'false', 'mcast_flood_unregistered': 'false', 'vlan-passthru': 'false'}}) {{(pid=87009) do_commit /opt/stack/data/venv/lib/python3.12/site-packages/ovsdbapp/backend/ovs_idl/transaction.py:89}}
Jun 08 19:14:22.126277 np0000002345 devstack@neutron-api.service[87010]: DEBUG neutron.plugins.ml2.drivers.ovn.mech_driver.ovsdb.ovsdb_monitor [None req-8ee868b7-cf08-4118-880d-8e572afc7425 None None] Hash Ring: Node 09af69af88fc5fc3baca72cf6d27851b (host: np0000002345) handling event "update" for row d94c4419-3f38-4cde-9fed-87fa9c714d09 (table: Chassis_Private) {{(pid=87010) notify /opt/stack/neutron/neutron/plugins/ml2/drivers/ovn/mech_driver/ovsdb/ovsdb_monitor.py:1015}}
Jun 08 19:14:22.127998 np0000002345 devstack@neutron-api.service[87010]: DEBUG neutron.plugins.ml2.drivers.ovn.mech_driver.ovsdb.ovsdb_monitor [None req-4788d6b7-ffe5-4c98-93b4-cff2982deecd None None] Hash Ring: Node 09af69af88fc5fc3baca72cf6d27851b (host: np0000002345) handling event "update" for row 8462dd8e-b630-4a8d-987c-f911a130f7fc (table: NB_Global) {{(pid=87010) notify /opt/stack/neutron/neutron/plugins/ml2/drivers/ovn/mech_driver/ovsdb/ovsdb_monitor.py:1015}}
Jun 08 19:14:22.129112 np0000002345 devstack@neutron-api.service[87010]: DEBUG neutron.plugins.ml2.drivers.ovn.mech_driver.ovsdb.ovsdb_monitor [None req-4788d6b7-ffe5-4c98-93b4-cff2982deecd None None] Touching Hash Ring node "09af69af88fc5fc3baca72cf6d27851b" from IDL notify handler {{(pid=87010) notify /opt/stack/neutron/neutron/plugins/ml2/drivers/ovn/mech_driver/ovsdb/ovsdb_monitor.py:1007}}
Jun 08 19:14:22.132107 np0000002345 devstack@neutron-api.service[87010]: DEBUG neutron.plugins.ml2.drivers.ovn.mech_driver.ovsdb.ovsdb_monitor [None req-4788d6b7-ffe5-4c98-93b4-cff2982deecd None None] Hash Ring: Node 09af69af88fc5fc3baca72cf6d27851b (host: np0000002345) handling event "update" for row 8462dd8e-b630-4a8d-987c-f911a130f7fc (table: NB_Global) {{(pid=87010) notify /opt/stack/neutron/neutron/plugins/ml2/drivers/ovn/mech_driver/ovsdb/ovsdb_monitor.py:1015}}
Jun 08 19:14:22.133421 np0000002345 devstack@neutron-api.service[87010]: DEBUG neutron.plugins.ml2.drivers.ovn.mech_driver.ovsdb.ovsdb_monitor [None req-4788d6b7-ffe5-4c98-93b4-cff2982deecd None None] Touching Hash Ring node "09af69af88fc5fc3baca72cf6d27851b" from IDL notify handler {{(pid=87010) notify /opt/stack/neutron/neutron/plugins/ml2/drivers/ovn/mech_driver/ovsdb/ovsdb_monitor.py:1007}}
Jun 08 19:14:22.134065 np0000002345 devstack@neutron-api.service[87009]: DEBUG neutron.plugins.ml2.drivers.ovn.mech_driver.ovsdb.ovsdb_monitor [None req-c10ca07c-1a5c-45b1-8380-aaac0304b344 None None] Hash Ring: Node 715f2f78787a500caf6853ae1c57adcd (host: np0000002345) handling event "create" for row 0c2eb76d-2483-4b4b-ae00-40f12633f971 (table: Datapath_Binding) {{(pid=87009) notify /opt/stack/neutron/neutron/plugins/ml2/drivers/ovn/mech_driver/ovsdb/ovsdb_monitor.py:1015}}
Jun 08 19:14:22.135191 np0000002345 devstack@neutron-api.service[87010]: DEBUG neutron.plugins.ml2.drivers.ovn.mech_driver.ovsdb.ovsdb_monitor [None req-4788d6b7-ffe5-4c98-93b4-cff2982deecd None None] Hash Ring: Node 09af69af88fc5fc3baca72cf6d27851b (host: np0000002345) handling event "update" for row 8462dd8e-b630-4a8d-987c-f911a130f7fc (table: NB_Global) {{(pid=87010) notify /opt/stack/neutron/neutron/plugins/ml2/drivers/ovn/mech_driver/ovsdb/ovsdb_monitor.py:1015}}
Jun 08 19:14:22.136427 np0000002345 devstack@neutron-api.service[87010]: DEBUG neutron.plugins.ml2.drivers.ovn.mech_driver.ovsdb.ovsdb_monitor [None req-4788d6b7-ffe5-4c98-93b4-cff2982deecd None None] Touching Hash Ring node "09af69af88fc5fc3baca72cf6d27851b" from IDL notify handler {{(pid=87010) notify /opt/stack/neutron/neutron/plugins/ml2/drivers/ovn/mech_driver/ovsdb/ovsdb_monitor.py:1007}}
Jun 08 19:14:22.138432 np0000002345 devstack@neutron-api.service[87010]: DEBUG neutron.plugins.ml2.drivers.ovn.mech_driver.ovsdb.ovsdb_monitor [None req-4788d6b7-ffe5-4c98-93b4-cff2982deecd None None] Hash Ring: Node 09af69af88fc5fc3baca72cf6d27851b (host: np0000002345) handling event "create" for row c739be5f-524b-43ef-8395-6917229dfe05 (table: Logical_Switch) {{(pid=87010) notify /opt/stack/neutron/neutron/plugins/ml2/drivers/ovn/mech_driver/ovsdb/ovsdb_monitor.py:1015}}
Jun 08 19:14:22.149237 np0000002345 devstack@neutron-api.service[87009]: INFO neutron.db.ovn_revision_numbers_db [None req-86417d50-c71f-42fa-ab1b-ef6f7dd7a5ec admin admin] Successfully bumped revision number for resource c739be5f-524b-43ef-8395-6917229dfe05 (type: networks) to 1
Jun 08 19:14:22.159487 np0000002345 devstack@neutron-api.service[87009]: DEBUG neutron_lib.callbacks.manager [None req-86417d50-c71f-42fa-ab1b-ef6f7dd7a5ec admin admin] Publish callbacks ['neutron.plugins.ml2.plugin.SecurityGroupDbMixin._ensure_default_security_group_handler-15989'] for port (None), before_create {{(pid=87009) _notify_loop /opt/stack/data/venv/lib/python3.12/site-packages/neutron_lib/callbacks/manager.py:184}}
Jun 08 19:14:22.214024 np0000002345 devstack@neutron-api.service[87009]: DEBUG neutron_lib.callbacks.manager [None req-86417d50-c71f-42fa-ab1b-ef6f7dd7a5ec admin admin] Publish callbacks ['neutron.plugins.ml2.drivers.ovn.mech_driver.mech_driver.OVNMechanismDriver._validate_allowed_address_pairs-820057'] for allowed_address_pair (8bb62e1a-8ae9-4e09-8597-30f55435ede4), before_create {{(pid=87009) _notify_loop /opt/stack/data/venv/lib/python3.12/site-packages/neutron_lib/callbacks/manager.py:184}}
Jun 08 19:14:22.214437 np0000002345 devstack@neutron-api.service[87009]: DEBUG neutron_lib.callbacks.manager [None req-86417d50-c71f-42fa-ab1b-ef6f7dd7a5ec admin admin] Publish callbacks [] for port (8bb62e1a-8ae9-4e09-8597-30f55435ede4), precommit_create {{(pid=87009) _notify_loop /opt/stack/data/venv/lib/python3.12/site-packages/neutron_lib/callbacks/manager.py:184}}
Jun 08 19:14:22.214574 np0000002345 devstack@neutron-api.service[87009]: DEBUG neutron.plugins.ml2.drivers.ovn.mech_driver.mech_driver [None req-86417d50-c71f-42fa-ab1b-ef6f7dd7a5ec admin admin] No provisioning block for port 8bb62e1a-8ae9-4e09-8597-30f55435ede4 since it does not have a host {{(pid=87009) _is_port_provisioning_required /opt/stack/neutron/neutron/plugins/ml2/drivers/ovn/mech_driver/mech_driver.py:896}}
Jun 08 19:14:22.214719 np0000002345 devstack@neutron-api.service[87009]: DEBUG neutron.db.ovn_revision_numbers_db [None req-86417d50-c71f-42fa-ab1b-ef6f7dd7a5ec admin admin] create_initial_revision uuid=8bb62e1a-8ae9-4e09-8597-30f55435ede4, type=ports, rev=-1 {{(pid=87009) create_initial_revision /opt/stack/neutron/neutron/db/ovn_revision_numbers_db.py:98}}
Jun 08 19:14:22.238739 np0000002345 devstack@neutron-api.service[87009]: DEBUG neutron_lib.callbacks.manager [None req-86417d50-c71f-42fa-ab1b-ef6f7dd7a5ec admin admin] Publish callbacks ['neutron.plugins.ml2.ovo_rpc._ObjectChangeHandler.handle_event-3835368'] for port (8bb62e1a-8ae9-4e09-8597-30f55435ede4), after_create {{(pid=87009) _notify_loop /opt/stack/data/venv/lib/python3.12/site-packages/neutron_lib/callbacks/manager.py:184}}
Jun 08 19:14:22.263194 np0000002345 devstack@neutron-api.service[87009]: DEBUG neutron.api.rpc.handlers.resources_rpc [None req-86417d50-c71f-42fa-ab1b-ef6f7dd7a5ec admin admin] Pushing event updated for resources: {'Port': ['ID=8bb62e1a-8ae9-4e09-8597-30f55435ede4,revision_number=1']} {{(pid=87009) push /opt/stack/neutron/neutron/api/rpc/handlers/resources_rpc.py:237}}
Jun 08 19:14:22.268284 np0000002345 devstack@neutron-api.service[87009]: DEBUG ovsdbapp.backend.ovs_idl.transaction [None req-f81d2082-b2da-4aec-9479-78621301c3ca None None] Running txn n=1 command(idx=0): AddLSwitchPortCommand(_result=None, lport=8bb62e1a-8ae9-4e09-8597-30f55435ede4, lswitch=neutron-c739be5f-524b-43ef-8395-6917229dfe05, may_exist=True, network_uuid=c739be5f-524b-43ef-8395-6917229dfe05, columns={'addresses': ['fa:16:3e:96:3a:ec'], 'external_ids': {'neutron:port_name': '', 'neutron:device_id': 'ovnmeta-c739be5f-524b-43ef-8395-6917229dfe05', 'neutron:project_id': '68b505d6bbe84fc18a439c650a12bd29', 'neutron:cidrs': '', 'neutron:device_owner': 'network:distributed', 'neutron:subnet_pool_addr_scope4': '', 'neutron:subnet_pool_addr_scope6': '', 'neutron:network_name': 'neutron-c739be5f-524b-43ef-8395-6917229dfe05', 'neutron:security_group_ids': '', 'neutron:revision_number': '1', 'neutron:vnic_type': 'normal', 'neutron:port_capabilities': '', 'neutron:mtu': '1372'}, 'parent_name': [], 'tag': [], 'enabled': True, 'options': {}, 'type': 'localport', 'port_security': [], 'dhcpv4_options': [], 'dhcpv6_options': []}) {{(pid=87009) do_commit /opt/stack/data/venv/lib/python3.12/site-packages/ovsdbapp/backend/ovs_idl/transaction.py:89}}
Jun 08 19:14:22.268797 np0000002345 devstack@neutron-api.service[87009]: DEBUG ovsdbapp.backend.ovs_idl.transaction [None req-f81d2082-b2da-4aec-9479-78621301c3ca None None] Running txn n=1 command(idx=1): QoSDelCommand(_result=None, switch=neutron-c739be5f-524b-43ef-8395-6917229dfe05, conditions=[('direction', '=', 'to-lport'), ('priority', '=', 2002), ('match', '=', 'outport == "8bb62e1a-8ae9-4e09-8597-30f55435ede4"')], if_exists=True) {{(pid=87009) do_commit /opt/stack/data/venv/lib/python3.12/site-packages/ovsdbapp/backend/ovs_idl/transaction.py:89}}
Jun 08 19:14:22.268994 np0000002345 devstack@neutron-api.service[87009]: DEBUG ovsdbapp.backend.ovs_idl.transaction [None req-f81d2082-b2da-4aec-9479-78621301c3ca None None] Running txn n=1 command(idx=2): QoSDelCommand(_result=None, switch=neutron-c739be5f-524b-43ef-8395-6917229dfe05, conditions=[('direction', '=', 'from-lport'), ('priority', '=', 2002), ('match', '=', 'inport == "8bb62e1a-8ae9-4e09-8597-30f55435ede4"')], if_exists=True) {{(pid=87009) do_commit /opt/stack/data/venv/lib/python3.12/site-packages/ovsdbapp/backend/ovs_idl/transaction.py:89}}
Jun 08 19:14:22.271158 np0000002345 devstack@neutron-api.service[87009]: DEBUG neutron.plugins.ml2.drivers.ovn.mech_driver.ovsdb.ovsdb_monitor [None req-f81d2082-b2da-4aec-9479-78621301c3ca None None] Hash Ring: Node 715f2f78787a500caf6853ae1c57adcd (host: np0000002345) handling event "create" for row b297450b-3eb1-4ed6-bf02-a1a938d28d5d (table: Logical_Switch_Port) {{(pid=87009) notify /opt/stack/neutron/neutron/plugins/ml2/drivers/ovn/mech_driver/ovsdb/ovsdb_monitor.py:1015}}
Jun 08 19:14:22.272998 np0000002345 devstack@neutron-api.service[87009]: DEBUG ovsdbapp.backend.ovs_idl.event [None req-f81d2082-b2da-4aec-9479-78621301c3ca None None] Matched CREATE: LogicalSwitchPortCreateEvent(events=('create',), table='Logical_Switch_Port', conditions=[], old_conditions=None), priority=20 to row=Logical_Switch_Port(uuid=b297450b-3eb1-4ed6-bf02-a1a938d28d5d, addresses=['fa:16:3e:96:3a:ec'], dhcpv4_options=[], dhcpv6_options=[], dynamic_addresses=[], enabled=True, external_ids={'neutron:cidrs': '', 'neutron:device_id': 'ovnmeta-c739be5f-524b-43ef-8395-6917229dfe05', 'neutron:device_owner': 'network:distributed', 'neutron:mtu': '1372', 'neutron:network_name': 'neutron-c739be5f-524b-43ef-8395-6917229dfe05', 'neutron:port_capabilities': '', 'neutron:port_name': '', 'neutron:project_id': '68b505d6bbe84fc18a439c650a12bd29', 'neutron:revision_number': '1', 'neutron:security_group_ids': '', 'neutron:subnet_pool_addr_scope4': '', 'neutron:subnet_pool_addr_scope6': '', 'neutron:vnic_type': 'normal'}, ha_chassis_group=[], mirror_rules=[], name='8bb62e1a-8ae9-4e09-8597-30f55435ede4', options={}, parent_name=[], port_security=[], tag=[], tag_request=[], type='localport', up=[]) old= {{(pid=87009) matches /opt/stack/data/venv/lib/python3.12/site-packages/ovsdbapp/backend/ovs_idl/event.py:55}}
Jun 08 19:14:22.273213 np0000002345 devstack@neutron-api.service[87010]: DEBUG neutron.plugins.ml2.drivers.ovn.mech_driver.ovsdb.ovsdb_monitor [None req-4788d6b7-ffe5-4c98-93b4-cff2982deecd None None] Touching Hash Ring node "09af69af88fc5fc3baca72cf6d27851b" from IDL notify handler {{(pid=87010) notify /opt/stack/neutron/neutron/plugins/ml2/drivers/ovn/mech_driver/ovsdb/ovsdb_monitor.py:1007}}
Jun 08 19:14:22.273358 np0000002345 devstack@neutron-api.service[87009]: INFO neutron.plugins.ml2.drivers.ovn.mech_driver.mech_driver [None req-8a3a7a48-f325-4111-9128-82e04a2ae64e None None] OVN reports status down for port: 8bb62e1a-8ae9-4e09-8597-30f55435ede4
