Jun 11 13:22:03.515754 np0000002627 devstack@g-api.service[102034]: DEBUG glance_store.backend [-] Attempting to import store swift {{(pid=102034) _load_store /opt/stack/data/venv/lib/python3.12/site-packages/glance_store/backend.py:215}}
Jun 11 13:22:03.515779 np0000002627 devstack@g-api.service[102035]: DEBUG glance_store.driver [-] Late loading location class glance_store._drivers.swift.store.StoreLocation {{(pid=102035) get_store_location_class /opt/stack/data/venv/lib/python3.12/site-packages/glance_store/driver.py:134}}
Jun 11 13:22:03.515836 np0000002627 devstack@g-api.service[102035]: DEBUG glance_store.location [-] Registering scheme swift+https with {'store': , 'location_class': , 'store_entry': 'swift'} {{(pid=102035) register_scheme_map /opt/stack/data/venv/lib/python3.12/site-packages/glance_store/location.py:146}}
Jun 11 13:22:03.515889 np0000002627 devstack@g-api.service[102035]: DEBUG glance_store.location [-] Registering scheme swift+https with {'store': , 'location_class': , 'store_entry': 'swift'} {{(pid=102035) register_scheme_map /opt/stack/data/venv/lib/python3.12/site-packages/glance_store/location.py:146}}
Jun 11 13:22:03.515936 np0000002627 devstack@g-api.service[102035]: DEBUG glance_store.location [-] Registering scheme swift with {'store': , 'location_class': , 'store_entry': 'swift'} {{(pid=102035) register_scheme_map /opt/stack/data/venv/lib/python3.12/site-packages/glance_store/location.py:146}}
Jun 11 13:22:03.515984 np0000002627 devstack@g-api.service[102035]: DEBUG glance_store.location [-] Registering scheme swift+https with {'store': , 'location_class': , 'store_entry': 'swift'} {{(pid=102035) register_scheme_map /opt/stack/data/venv/lib/python3.12/site-packages/glance_store/location.py:146}}
Jun 11 13:22:03.516029 np0000002627 devstack@g-api.service[102035]: DEBUG glance_store.location [-] Registering scheme swift with {'store': , 'location_class': , 'store_entry': 'swift'} {{(pid=102035) register_scheme_map /opt/stack/data/venv/lib/python3.12/site-packages/glance_store/location.py:146}}
Jun 11 13:22:03.516081 np0000002627 devstack@g-api.service[102035]: DEBUG glance_store.location [-] Registering scheme swift+http with {'store': , 'location_class': , 'store_entry': 'swift'} {{(pid=102035) register_scheme_map /opt/stack/data/venv/lib/python3.12/site-packages/glance_store/location.py:146}}
Jun 11 13:22:03.516171 np0000002627 devstack@g-api.service[102035]: DEBUG glance_store.location [-] Registering scheme swift+https with {'store': , 'location_class': , 'store_entry': 'swift'} {{(pid=102035) register_scheme_map /opt/stack/data/venv/lib/python3.12/site-packages/glance_store/location.py:146}}
Jun 11 13:22:03.516212 np0000002627 devstack@g-api.service[102035]: DEBUG glance_store.location [-] Registering scheme swift with {'store': , 'location_class': , 'store_entry': 'swift'} {{(pid=102035) register_scheme_map /opt/stack/data/venv/lib/python3.12/site-packages/glance_store/location.py:146}}
Jun 11 13:22:03.516237 np0000002627 devstack@g-api.service[102035]: DEBUG glance_store.location [-] Registering scheme swift+http with {'store': , 'location_class': , 'store_entry': 'swift'} {{(pid=102035) register_scheme_map /opt/stack/data/venv/lib/python3.12/site-packages/glance_store/location.py:146}}
Jun 11 13:22:03.516286 np0000002627 devstack@g-api.service[102035]: DEBUG glance_store.location [-] Registering scheme swift+config with {'store': , 'location_class': , 'store_entry': 'swift'} {{(pid=102035) register_scheme_map /opt/stack/data/venv/lib/python3.12/site-packages/glance_store/location.py:146}}
Jun 11 13:22:03.516502 np0000002627 devstack@g-api.service[102035]: DEBUG glance.sqlite_migration [-] SQLite caching database not located, skipping migration {{(pid=102035) get_db_path /opt/stack/glance/glance/sqlite_migration.py:68}}
Jun 11 13:22:03.516733 np0000002627 devstack@g-api.service[102034]: DEBUG glance_store.capabilities [-] Store glance_store._drivers.swift.store.SingleTenantStore doesn't support updating dynamic storage capabilities. Please overwrite 'update_capabilities' method of the store to implement updating logics if needed. {{(pid=102034) update_capabilities /opt/stack/data/venv/lib/python3.12/site-packages/glance_store/capabilities.py:91}}
Jun 11 13:22:03.516765 np0000002627 devstack@g-api.service[102035]: WARNING glance.common.wsgi_app [-] Import methods are enabled but staging directory /tmp/staging/ does not exist; Imports will fail!
Jun 11 13:22:03.516791 np0000002627 devstack@g-api.service[102034]: DEBUG glance_store.driver [-] Late loading location class glance_store._drivers.swift.store.StoreLocation {{(pid=102034) get_store_location_class /opt/stack/data/venv/lib/python3.12/site-packages/glance_store/driver.py:134}}
Jun 11 13:22:03.516847 np0000002627 devstack@g-api.service[102034]: DEBUG glance_store.location [-] Registering scheme swift+https with {'store': , 'location_class': , 'store_entry': 'swift'} {{(pid=102034) register_scheme_map /opt/stack/data/venv/lib/python3.12/site-packages/glance_store/location.py:146}}
Jun 11 13:22:03.516898 np0000002627 devstack@g-api.service[102034]: DEBUG glance_store.location [-] Registering scheme swift+https with {'store': , 'location_class': , 'store_entry': 'swift'} {{(pid=102034) register_scheme_map /opt/stack/data/venv/lib/python3.12/site-packages/glance_store/location.py:146}}
Jun 11 13:22:03.516945 np0000002627 devstack@g-api.service[102034]: DEBUG glance_store.location [-] Registering scheme swift with {'store': , 'location_class': , 'store_entry': 'swift'} {{(pid=102034) register_scheme_map /opt/stack/data/venv/lib/python3.12/site-packages/glance_store/location.py:146}}
Jun 11 13:22:03.516993 np0000002627 devstack@g-api.service[102034]: DEBUG glance_store.location [-] Registering scheme swift+https with {'store': , 'location_class': , 'store_entry': 'swift'} {{(pid=102034) register_scheme_map /opt/stack/data/venv/lib/python3.12/site-packages/glance_store/location.py:146}}
Jun 11 13:22:03.517052 np0000002627 devstack@g-api.service[102034]: DEBUG glance_store.location [-] Registering scheme swift with {'store': , 'location_class': , 'store_entry': 'swift'} {{(pid=102034) register_scheme_map /opt/stack/data/venv/lib/python3.12/site-packages/glance_store/location.py:146}}
Jun 11 13:22:03.517109 np0000002627 devstack@g-api.service[102034]: DEBUG glance_store.location [-] Registering scheme swift+http with {'store': , 'location_class': , 'store_entry': 'swift'} {{(pid=102034) register_scheme_map /opt/stack/data/venv/lib/python3.12/site-packages/glance_store/location.py:146}}
Jun 11 13:22:03.517158 np0000002627 devstack@g-api.service[102034]: DEBUG glance_store.location [-] Registering scheme swift+https with {'store': , 'location_class': , 'store_entry': 'swift'} {{(pid=102034) register_scheme_map /opt/stack/data/venv/lib/python3.12/site-packages/glance_store/location.py:146}}
Jun 11 13:22:03.517187 np0000002627 devstack@g-api.service[102034]: DEBUG glance_store.location [-] Registering scheme swift with {'store': , 'location_class': , 'store_entry': 'swift'} {{(pid=102034) register_scheme_map /opt/stack/data/venv/lib/python3.12/site-packages/glance_store/location.py:146}}
Jun 11 13:22:03.517240 np0000002627 devstack@g-api.service[102034]: DEBUG glance_store.location [-] Registering scheme swift+http with {'store': , 'location_class': , 'store_entry': 'swift'} {{(pid=102034) register_scheme_map /opt/stack/data/venv/lib/python3.12/site-packages/glance_store/location.py:146}}
Jun 11 13:22:03.517291 np0000002627 devstack@g-api.service[102034]: DEBUG glance_store.location [-] Registering scheme swift+config with {'store': , 'location_class': , 'store_entry': 'swift'} {{(pid=102034) register_scheme_map /opt/stack/data/venv/lib/python3.12/site-packages/glance_store/location.py:146}}
Jun 11 13:22:03.517529 np0000002627 devstack@g-api.service[102034]: DEBUG glance.sqlite_migration [-] SQLite caching database not located, skipping migration {{(pid=102034) get_db_path /opt/stack/glance/glance/sqlite_migration.py:68}}
Jun 11 13:22:03.517717 np0000002627 devstack@g-api.service[102034]: WARNING glance.common.wsgi_app [-] Import methods are enabled but staging directory /tmp/staging/ does not exist; Imports will fail!
Jun 11 13:22:03.766940 np0000002627 devstack@g-api.service[102035]: DEBUG glance.common.config [None req-0e92c166-227e-4eb3-bf19-263f8bf9dd5b None None] Loading glance-api-keystone+cachemanagement from /etc/glance/glance-api-paste.ini {{(pid=102035) load_paste_app /opt/stack/glance/glance/common/config.py:758}}
Jun 11 13:22:03.768110 np0000002627 devstack@g-api.service[102033]: DEBUG glance.common.config [None req-f1108515-0355-438b-ae32-d8a0b313dcf1 None None] Loading glance-api-keystone+cachemanagement from /etc/glance/glance-api-paste.ini {{(pid=102033) load_paste_app /opt/stack/glance/glance/common/config.py:758}}
Jun 11 13:22:03.778384 np0000002627 devstack@g-api.service[102034]: DEBUG glance.common.config [None req-cc1ac108-36bf-4264-9eae-d92a83585023 None None] Loading glance-api-keystone+cachemanagement from /etc/glance/glance-api-paste.ini {{(pid=102034) load_paste_app /opt/stack/glance/glance/common/config.py:758}}
Jun 11 13:22:04.337264 np0000002627 devstack@g-api.service[102034]: INFO glance.image_cache [None req-cc1ac108-36bf-4264-9eae-d92a83585023 None None] Image cache loaded driver 'centralized_db'.
Jun 11 13:22:04.339783 np0000002627 devstack@g-api.service[102033]: INFO glance.image_cache [None req-f1108515-0355-438b-ae32-d8a0b313dcf1 None None] Image cache loaded driver 'centralized_db'.
Jun 11 13:22:04.341493 np0000002627 devstack@g-api.service[102035]: INFO glance.image_cache [None req-0e92c166-227e-4eb3-bf19-263f8bf9dd5b None None] Image cache loaded driver 'centralized_db'.
Jun 11 13:22:04.382976 np0000002627 devstack@g-api.service[102033]: INFO dbcounter [None req-f1108515-0355-438b-ae32-d8a0b313dcf1 None None] Registered counter for database glance
Jun 11 13:22:04.384346 np0000002627 devstack@g-api.service[102034]: INFO dbcounter [None req-cc1ac108-36bf-4264-9eae-d92a83585023 None None] Registered counter for database glance
Jun 11 13:22:04.385114 np0000002627 devstack@g-api.service[102035]: INFO dbcounter [None req-0e92c166-227e-4eb3-bf19-263f8bf9dd5b None None] Registered counter for database glance
Jun 11 13:22:04.426937 np0000002627 devstack@g-api.service[102034]: DEBUG oslo_db.sqlalchemy.engines [None req-cc1ac108-36bf-4264-9eae-d92a83585023 None None] MySQL server mode set to STRICT_TRANS_TABLES,STRICT_ALL_TABLES,NO_ZERO_IN_DATE,NO_ZERO_DATE,ERROR_FOR_DIVISION_BY_ZERO,TRADITIONAL,NO_ENGINE_SUBSTITUTION {{(pid=102034) _check_effective_sql_mode /opt/stack/data/venv/lib/python3.12/site-packages/oslo_db/sqlalchemy/engines.py:325}}
Jun 11 13:22:04.433042 np0000002627 devstack@g-api.service[102035]: DEBUG oslo_db.sqlalchemy.engines [None req-0e92c166-227e-4eb3-bf19-263f8bf9dd5b None None] MySQL server mode set to STRICT_TRANS_TABLES,STRICT_ALL_TABLES,NO_ZERO_IN_DATE,NO_ZERO_DATE,ERROR_FOR_DIVISION_BY_ZERO,TRADITIONAL,NO_ENGINE_SUBSTITUTION {{(pid=102035) _check_effective_sql_mode /opt/stack/data/venv/lib/python3.12/site-packages/oslo_db/sqlalchemy/engines.py:325}}
Jun 11 13:22:04.436879 np0000002627 devstack@g-api.service[102033]: DEBUG oslo_db.sqlalchemy.engines [None req-f1108515-0355-438b-ae32-d8a0b313dcf1 None None] MySQL server mode set to STRICT_TRANS_TABLES,STRICT_ALL_TABLES,NO_ZERO_IN_DATE,NO_ZERO_DATE,ERROR_FOR_DIVISION_BY_ZERO,TRADITIONAL,NO_ENGINE_SUBSTITUTION {{(pid=102033) _check_effective_sql_mode /opt/stack/data/venv/lib/python3.12/site-packages/oslo_db/sqlalchemy/engines.py:325}}
Jun 11 13:22:04.447621 np0000002627 devstack@g-api.service[102034]: DEBUG dbcounter [-] [102034] Writer thread running {{(pid=102034) stat_writer /opt/stack/data/venv/lib/python3.12/site-packages/dbcounter.py:102}}
Jun 11 13:22:04.461495 np0000002627 devstack@g-api.service[102034]: INFO glance.image_cache [None req-cc1ac108-36bf-4264-9eae-d92a83585023 None None] Image cache loaded driver 'centralized_db'.
Jun 11 13:22:04.462514 np0000002627 devstack@g-api.service[102033]: DEBUG dbcounter [-] [102033] Writer thread running {{(pid=102033) stat_writer /opt/stack/data/venv/lib/python3.12/site-packages/dbcounter.py:102}}
Jun 11 13:22:04.469031 np0000002627 devstack@g-api.service[102035]: DEBUG dbcounter [-] [102035] Writer thread running {{(pid=102035) stat_writer /opt/stack/data/venv/lib/python3.12/site-packages/dbcounter.py:102}}
Jun 11 13:22:04.471535 np0000002627 devstack@g-api.service[102033]: DEBUG glance.image_cache.drivers.centralized_db [None req-f1108515-0355-438b-ae32-d8a0b313dcf1 None None] Node reference is already recorded, ignoring it {{(pid=102033) configure /opt/stack/glance/glance/image_cache/drivers/centralized_db.py:71}}
Jun 11 13:22:04.476801 np0000002627 devstack@g-api.service[102033]: INFO glance.image_cache [None req-f1108515-0355-438b-ae32-d8a0b313dcf1 None None] Image cache loaded driver 'centralized_db'.
Jun 11 13:22:04.479505 np0000002627 devstack@g-api.service[102035]: DEBUG glance.image_cache.drivers.centralized_db [None req-0e92c166-227e-4eb3-bf19-263f8bf9dd5b None None] Node reference is already recorded, ignoring it {{(pid=102035) configure /opt/stack/glance/glance/image_cache/drivers/centralized_db.py:71}}
Jun 11 13:22:04.479634 np0000002627 devstack@g-api.service[102034]: DEBUG glance.image_cache.drivers.centralized_db [None req-cc1ac108-36bf-4264-9eae-d92a83585023 None None] Node reference is already recorded, ignoring it {{(pid=102034) configure /opt/stack/glance/glance/image_cache/drivers/centralized_db.py:71}}
Jun 11 13:22:04.484293 np0000002627 devstack@g-api.service[102034]: DEBUG glance.api.v2.cached_images [None req-cc1ac108-36bf-4264-9eae-d92a83585023 None None] Started cache worker thread {{(pid=102034) __init__ /opt/stack/glance/glance/api/v2/cached_images.py:69}}
Jun 11 13:22:04.484591 np0000002627 devstack@g-api.service[102035]: INFO glance.image_cache [None req-0e92c166-227e-4eb3-bf19-263f8bf9dd5b None None] Image cache loaded driver 'centralized_db'.
Jun 11 13:22:04.484635 np0000002627 devstack@g-api.service[102033]: DEBUG glance.image_cache.drivers.centralized_db [None req-f1108515-0355-438b-ae32-d8a0b313dcf1 None None] Node reference is already recorded, ignoring it {{(pid=102033) configure /opt/stack/glance/glance/image_cache/drivers/centralized_db.py:71}}
Jun 11 13:22:04.484946 np0000002627 devstack@g-api.service[102034]: INFO glance.image_cache [None req-cc1ac108-36bf-4264-9eae-d92a83585023 None None] Image cache loaded driver 'centralized_db'.
Jun 11 13:22:04.489206 np0000002627 devstack@g-api.service[102033]: DEBUG glance.api.v2.cached_images [None req-f1108515-0355-438b-ae32-d8a0b313dcf1 None None] Started cache worker thread {{(pid=102033) __init__ /opt/stack/glance/glance/api/v2/cached_images.py:69}}
Jun 11 13:22:04.489716 np0000002627 devstack@g-api.service[102033]: INFO glance.image_cache [None req-f1108515-0355-438b-ae32-d8a0b313dcf1 None None] Image cache loaded driver 'centralized_db'.
Jun 11 13:22:04.491272 np0000002627 devstack@g-api.service[102034]: DEBUG glance.image_cache.drivers.centralized_db [None req-cc1ac108-36bf-4264-9eae-d92a83585023 None None] Node reference is already recorded, ignoring it {{(pid=102034) configure /opt/stack/glance/glance/image_cache/drivers/centralized_db.py:71}}
Jun 11 13:22:04.491337 np0000002627 devstack@g-api.service[102035]: DEBUG glance.image_cache.drivers.centralized_db [None req-0e92c166-227e-4eb3-bf19-263f8bf9dd5b None None] Node reference is already recorded, ignoring it {{(pid=102035) configure /opt/stack/glance/glance/image_cache/drivers/centralized_db.py:71}}
Jun 11 13:22:04.495705 np0000002627 devstack@g-api.service[102034]: INFO glance.api.middleware.cache_manage [None req-cc1ac108-36bf-4264-9eae-d92a83585023 None None] Initialized image cache management middleware
Jun 11 13:22:04.495812 np0000002627 devstack@g-api.service[102035]: DEBUG glance.api.v2.cached_images [None req-0e92c166-227e-4eb3-bf19-263f8bf9dd5b None None] Started cache worker thread {{(pid=102035) __init__ /opt/stack/glance/glance/api/v2/cached_images.py:69}}
Jun 11 13:22:04.495864 np0000002627 devstack@g-api.service[102034]: INFO glance.image_cache [None req-cc1ac108-36bf-4264-9eae-d92a83585023 None None] Image cache loaded driver 'centralized_db'.
Jun 11 13:22:04.496452 np0000002627 devstack@g-api.service[102035]: INFO glance.image_cache [None req-0e92c166-227e-4eb3-bf19-263f8bf9dd5b None None] Image cache loaded driver 'centralized_db'.
Jun 11 13:22:04.497282 np0000002627 devstack@g-api.service[102033]: DEBUG glance.image_cache.drivers.centralized_db [None req-f1108515-0355-438b-ae32-d8a0b313dcf1 None None] Node reference is already recorded, ignoring it {{(pid=102033) configure /opt/stack/glance/glance/image_cache/drivers/centralized_db.py:71}}
Jun 11 13:22:04.501700 np0000002627 devstack@g-api.service[102033]: INFO glance.api.middleware.cache_manage [None req-f1108515-0355-438b-ae32-d8a0b313dcf1 None None] Initialized image cache management middleware
Jun 11 13:22:04.502673 np0000002627 devstack@g-api.service[102033]: INFO glance.image_cache [None req-f1108515-0355-438b-ae32-d8a0b313dcf1 None None] Image cache loaded driver 'centralized_db'.
Jun 11 13:22:04.503887 np0000002627 devstack@g-api.service[102034]: DEBUG glance.image_cache.drivers.centralized_db [None req-cc1ac108-36bf-4264-9eae-d92a83585023 None None] Node reference is already recorded, ignoring it {{(pid=102034) configure /opt/stack/glance/glance/image_cache/drivers/centralized_db.py:71}}
Jun 11 13:22:04.504880 np0000002627 devstack@g-api.service[102035]: DEBUG glance.image_cache.drivers.centralized_db [None req-0e92c166-227e-4eb3-bf19-263f8bf9dd5b None None] Node reference is already recorded, ignoring it {{(pid=102035) configure /opt/stack/glance/glance/image_cache/drivers/centralized_db.py:71}}
Jun 11 13:22:04.507097 np0000002627 devstack@g-api.service[102034]: INFO glance.api.middleware.cache [None req-cc1ac108-36bf-4264-9eae-d92a83585023 None None] Initialized image cache middleware
Jun 11 13:22:04.509409 np0000002627 devstack@g-api.service[102035]: INFO glance.api.middleware.cache_manage [None req-0e92c166-227e-4eb3-bf19-263f8bf9dd5b None None] Initialized image cache management middleware
Jun 11 13:22:04.509555 np0000002627 devstack@g-api.service[102035]: INFO glance.image_cache [None req-0e92c166-227e-4eb3-bf19-263f8bf9dd5b None None] Image cache loaded driver 'centralized_db'.
Jun 11 13:22:04.510458 np0000002627 devstack@g-api.service[102033]: DEBUG glance.image_cache.drivers.centralized_db [None req-f1108515-0355-438b-ae32-d8a0b313dcf1 None None] Node reference is already recorded, ignoring it {{(pid=102033) configure /opt/stack/glance/glance/image_cache/drivers/centralized_db.py:71}}
Jun 11 13:22:04.513817 np0000002627 devstack@g-api.service[102033]: INFO glance.api.middleware.cache [None req-f1108515-0355-438b-ae32-d8a0b313dcf1 None None] Initialized image cache middleware
Jun 11 13:22:04.517061 np0000002627 devstack@g-api.service[102035]: DEBUG glance.image_cache.drivers.centralized_db [None req-0e92c166-227e-4eb3-bf19-263f8bf9dd5b None None] Node reference is already recorded, ignoring it {{(pid=102035) configure /opt/stack/glance/glance/image_cache/drivers/centralized_db.py:71}}
Jun 11 13:22:04.518262 np0000002627 devstack@g-api.service[102034]: DEBUG glance.common.config [None req-cc1ac108-36bf-4264-9eae-d92a83585023 None None] ******************************************************************************** {{(pid=102034) log_opt_values /opt/stack/data/venv/lib/python3.12/site-packages/oslo_config/cfg.py:3229}}
Jun 11 13:22:04.518362 np0000002627 devstack@g-api.service[102034]: DEBUG glance.common.config [None req-cc1ac108-36bf-4264-9eae-d92a83585023 None None] Configuration options gathered from: {{(pid=102034) log_opt_values /opt/stack/data/venv/lib/python3.12/site-packages/oslo_config/cfg.py:3230}}
Jun 11 13:22:04.518630 np0000002627 devstack@g-api.service[102034]: DEBUG glance.common.config [None req-cc1ac108-36bf-4264-9eae-d92a83585023 None None] command line args: [] {{(pid=102034) log_opt_values /opt/stack/data/venv/lib/python3.12/site-packages/oslo_config/cfg.py:3231}}
Jun 11 13:22:04.518750 np0000002627 devstack@g-api.service[102034]: DEBUG glance.common.config [None req-cc1ac108-36bf-4264-9eae-d92a83585023 None None] config files: ['/etc/glance/glance-image-import.conf', '/etc/glance/glance-api.conf'] {{(pid=102034) log_opt_values /opt/stack/data/venv/lib/python3.12/site-packages/oslo_config/cfg.py:3232}}
Jun 11 13:22:04.518815 np0000002627 devstack@g-api.service[102034]: DEBUG glance.common.config [None req-cc1ac108-36bf-4264-9eae-d92a83585023 None None] ================================================================================ {{(pid=102034) log_opt_values /opt/stack/data/venv/lib/python3.12/site-packages/oslo_config/cfg.py:3237}}
Jun 11 13:22:04.518938 np0000002627 devstack@g-api.service[102034]: DEBUG glance.common.config [None req-cc1ac108-36bf-4264-9eae-d92a83585023 None None] allow_anonymous_access = False {{(pid=102034) log_opt_values /opt/stack/data/venv/lib/python3.12/site-packages/oslo_config/cfg.py:3245}}
Jun 11 13:22:04.519062 np0000002627 devstack@g-api.service[102034]: DEBUG glance.common.config [None req-cc1ac108-36bf-4264-9eae-d92a83585023 None None] api_limit_max = 1000 {{(pid=102034) log_opt_values /opt/stack/data/venv/lib/python3.12/site-packages/oslo_config/cfg.py:3245}}
Jun 11 13:22:04.519158 np0000002627 devstack@g-api.service[102034]: DEBUG glance.common.config [None req-cc1ac108-36bf-4264-9eae-d92a83585023 None None] backlog = 4096 {{(pid=102034) log_opt_values /opt/stack/data/venv/lib/python3.12/site-packages/oslo_config/cfg.py:3245}}
Jun 11 13:22:04.519273 np0000002627 devstack@g-api.service[102034]: DEBUG glance.common.config [None req-cc1ac108-36bf-4264-9eae-d92a83585023 None None] bind_host = 0.0.0.0 {{(pid=102034) log_opt_values /opt/stack/data/venv/lib/python3.12/site-packages/oslo_config/cfg.py:3245}}
Jun 11 13:22:04.519415 np0000002627 devstack@g-api.service[102034]: DEBUG glance.common.config [None req-cc1ac108-36bf-4264-9eae-d92a83585023 None None] bind_port = 19292 {{(pid=102034) log_opt_values /opt/stack/data/venv/lib/python3.12/site-packages/oslo_config/cfg.py:3245}}
Jun 11 13:22:04.519549 np0000002627 devstack@g-api.service[102034]: DEBUG glance.common.config [None req-cc1ac108-36bf-4264-9eae-d92a83585023 None None] client_socket_timeout = 900 {{(pid=102034) log_opt_values /opt/stack/data/venv/lib/python3.12/site-packages/oslo_config/cfg.py:3245}}
Jun 11 13:22:04.519651 np0000002627 devstack@g-api.service[102034]: DEBUG glance.common.config [None req-cc1ac108-36bf-4264-9eae-d92a83585023 None None] config_dir = [] {{(pid=102034) log_opt_values /opt/stack/data/venv/lib/python3.12/site-packages/oslo_config/cfg.py:3245}}
Jun 11 13:22:04.519728 np0000002627 devstack@g-api.service[102034]: DEBUG glance.common.config [None req-cc1ac108-36bf-4264-9eae-d92a83585023 None None] config_file = ['/etc/glance/glance-image-import.conf', '/etc/glance/glance-api.conf'] {{(pid=102034) log_opt_values /opt/stack/data/venv/lib/python3.12/site-packages/oslo_config/cfg.py:3245}}
Jun 11 13:22:04.519837 np0000002627 devstack@g-api.service[102034]: DEBUG glance.common.config [None req-cc1ac108-36bf-4264-9eae-d92a83585023 None None] config_source = [] {{(pid=102034) log_opt_values /opt/stack/data/venv/lib/python3.12/site-packages/oslo_config/cfg.py:3245}}
Jun 11 13:22:04.519946 np0000002627 devstack@g-api.service[102034]: DEBUG glance.common.config [None req-cc1ac108-36bf-4264-9eae-d92a83585023 None None] control_exchange = glance {{(pid=102034) log_opt_values /opt/stack/data/venv/lib/python3.12/site-packages/oslo_config/cfg.py:3245}}
Jun 11 13:22:04.520013 np0000002627 devstack@g-api.service[102034]: DEBUG glance.common.config [None req-cc1ac108-36bf-4264-9eae-d92a83585023 None None] debug = True {{(pid=102034) log_opt_values /opt/stack/data/venv/lib/python3.12/site-packages/oslo_config/cfg.py:3245}}
Jun 11 13:22:04.520211 np0000002627 devstack@g-api.service[102034]: DEBUG glance.common.config [None req-cc1ac108-36bf-4264-9eae-d92a83585023 None None] default_log_levels = ['amqp=WARN', 'boto=WARN', 'sqlalchemy=WARN', 'suds=INFO', 'oslo.messaging=INFO', 'oslo_messaging=INFO', 'iso8601=WARN', 'requests.packages.urllib3.connectionpool=WARN', 'urllib3.connectionpool=WARN', 'websocket=WARN', 'requests.packages.urllib3.util.retry=WARN', 'urllib3.util.retry=WARN', 'keystonemiddleware=WARN', 'routes.middleware=WARN', 'stevedore=WARN', 'taskflow=WARN', 'keystoneauth=WARN', 'oslo.cache=INFO', 'oslo_policy=INFO', 'dogpile.core.dogpile=INFO'] {{(pid=102034) log_opt_values /opt/stack/data/venv/lib/python3.12/site-packages/oslo_config/cfg.py:3245}}
Jun 11 13:22:04.520297 np0000002627 devstack@g-api.service[102034]: DEBUG glance.common.config [None req-cc1ac108-36bf-4264-9eae-d92a83585023 None None] default_publisher_id = image.localhost {{(pid=102034) log_opt_values /opt/stack/data/venv/lib/python3.12/site-packages/oslo_config/cfg.py:3245}}
Jun 11 13:22:04.520388 np0000002627 devstack@g-api.service[102034]: DEBUG glance.common.config [None req-cc1ac108-36bf-4264-9eae-d92a83585023 None None] delayed_delete = False {{(pid=102034) log_opt_values /opt/stack/data/venv/lib/python3.12/site-packages/oslo_config/cfg.py:3245}}
Jun 11 13:22:04.520494 np0000002627 devstack@g-api.service[102034]: DEBUG glance.common.config [None req-cc1ac108-36bf-4264-9eae-d92a83585023 None None] digest_algorithm = sha256 {{(pid=102034) log_opt_values /opt/stack/data/venv/lib/python3.12/site-packages/oslo_config/cfg.py:3245}}
Jun 11 13:22:04.520593 np0000002627 devstack@g-api.service[102034]: DEBUG glance.common.config [None req-cc1ac108-36bf-4264-9eae-d92a83585023 None None] disabled_notifications = [] {{(pid=102034) log_opt_values /opt/stack/data/venv/lib/python3.12/site-packages/oslo_config/cfg.py:3245}}
Jun 11 13:22:04.520713 np0000002627 devstack@g-api.service[102034]: DEBUG glance.common.config [None req-cc1ac108-36bf-4264-9eae-d92a83585023 None None] do_secure_hash = True {{(pid=102034) log_opt_values /opt/stack/data/venv/lib/python3.12/site-packages/oslo_config/cfg.py:3245}}
Jun 11 13:22:04.520803 np0000002627 devstack@g-api.service[102034]: DEBUG glance.common.config [None req-cc1ac108-36bf-4264-9eae-d92a83585023 None None] enabled_backends = None {{(pid=102034) log_opt_values /opt/stack/data/venv/lib/python3.12/site-packages/oslo_config/cfg.py:3245}}
Jun 11 13:22:04.520904 np0000002627 devstack@g-api.service[102034]: DEBUG glance.common.config [None req-cc1ac108-36bf-4264-9eae-d92a83585023 None None] enabled_import_methods = ['glance-direct', 'web-download', 'copy-image'] {{(pid=102034) log_opt_values /opt/stack/data/venv/lib/python3.12/site-packages/oslo_config/cfg.py:3245}}
Jun 11 13:22:04.520990 np0000002627 devstack@g-api.service[102034]: DEBUG glance.common.config [None req-cc1ac108-36bf-4264-9eae-d92a83585023 None None] fatal_deprecations = False {{(pid=102034) log_opt_values /opt/stack/data/venv/lib/python3.12/site-packages/oslo_config/cfg.py:3245}}
Jun 11 13:22:04.521094 np0000002627 devstack@g-api.service[102034]: DEBUG glance.common.config [None req-cc1ac108-36bf-4264-9eae-d92a83585023 None None] hashing_algorithm = sha512 {{(pid=102034) log_opt_values /opt/stack/data/venv/lib/python3.12/site-packages/oslo_config/cfg.py:3245}}
Jun 11 13:22:04.521182 np0000002627 devstack@g-api.service[102034]: DEBUG glance.common.config [None req-cc1ac108-36bf-4264-9eae-d92a83585023 None None] http_keepalive = True {{(pid=102034) log_opt_values /opt/stack/data/venv/lib/python3.12/site-packages/oslo_config/cfg.py:3245}}
Jun 11 13:22:04.521264 np0000002627 devstack@g-api.service[102034]: DEBUG glance.common.config [None req-cc1ac108-36bf-4264-9eae-d92a83585023 None None] http_retries = 3 {{(pid=102034) log_opt_values /opt/stack/data/venv/lib/python3.12/site-packages/oslo_config/cfg.py:3245}}
Jun 11 13:22:04.521354 np0000002627 devstack@g-api.service[102034]: DEBUG glance.common.config [None req-cc1ac108-36bf-4264-9eae-d92a83585023 None None] image_cache_dir = /opt/stack/data/glance/cache/ {{(pid=102034) log_opt_values /opt/stack/data/venv/lib/python3.12/site-packages/oslo_config/cfg.py:3245}}
Jun 11 13:22:04.521444 np0000002627 devstack@g-api.service[102034]: DEBUG glance.common.config [None req-cc1ac108-36bf-4264-9eae-d92a83585023 None None] image_cache_driver = centralized_db {{(pid=102034) log_opt_values /opt/stack/data/venv/lib/python3.12/site-packages/oslo_config/cfg.py:3245}}
Jun 11 13:22:04.521529 np0000002627 devstack@g-api.service[102034]: DEBUG glance.common.config [None req-cc1ac108-36bf-4264-9eae-d92a83585023 None None] image_cache_max_size = 10737418240 {{(pid=102034) log_opt_values /opt/stack/data/venv/lib/python3.12/site-packages/oslo_config/cfg.py:3245}}
Jun 11 13:22:04.521618 np0000002627 devstack@g-api.service[102034]: DEBUG glance.common.config [None req-cc1ac108-36bf-4264-9eae-d92a83585023 None None] image_cache_sqlite_db = cache.db {{(pid=102034) log_opt_values /opt/stack/data/venv/lib/python3.12/site-packages/oslo_config/cfg.py:3245}}
Jun 11 13:22:04.521728 np0000002627 devstack@g-api.service[102034]: DEBUG glance.common.config [None req-cc1ac108-36bf-4264-9eae-d92a83585023 None None] image_cache_stall_time = 86400 {{(pid=102034) log_opt_values /opt/stack/data/venv/lib/python3.12/site-packages/oslo_config/cfg.py:3245}}
Jun 11 13:22:04.521824 np0000002627 devstack@g-api.service[102034]: DEBUG glance.common.config [None req-cc1ac108-36bf-4264-9eae-d92a83585023 None None] image_location_quota = 10 {{(pid=102034) log_opt_values /opt/stack/data/venv/lib/python3.12/site-packages/oslo_config/cfg.py:3245}}
Jun 11 13:22:04.521929 np0000002627 devstack@g-api.service[102034]: DEBUG glance.common.config [None req-cc1ac108-36bf-4264-9eae-d92a83585023 None None] image_member_quota = 128 {{(pid=102034) log_opt_values /opt/stack/data/venv/lib/python3.12/site-packages/oslo_config/cfg.py:3245}}
Jun 11 13:22:04.522018 np0000002627 devstack@g-api.service[102034]: DEBUG glance.common.config [None req-cc1ac108-36bf-4264-9eae-d92a83585023 None None] image_property_quota = 128 {{(pid=102034) log_opt_values /opt/stack/data/venv/lib/python3.12/site-packages/oslo_config/cfg.py:3245}}
Jun 11 13:22:04.522115 np0000002627 devstack@g-api.service[102034]: DEBUG glance.common.config [None req-cc1ac108-36bf-4264-9eae-d92a83585023 None None] image_size_cap = 1099511627776 {{(pid=102034) log_opt_values /opt/stack/data/venv/lib/python3.12/site-packages/oslo_config/cfg.py:3245}}
Jun 11 13:22:04.522199 np0000002627 devstack@g-api.service[102034]: DEBUG glance.common.config [None req-cc1ac108-36bf-4264-9eae-d92a83585023 None None] image_tag_quota = 128 {{(pid=102034) log_opt_values /opt/stack/data/venv/lib/python3.12/site-packages/oslo_config/cfg.py:3245}}
Jun 11 13:22:04.522291 np0000002627 devstack@g-api.service[102034]: DEBUG glance.common.config [None req-cc1ac108-36bf-4264-9eae-d92a83585023 None None] instance_format = [instance: %(uuid)s] {{(pid=102034) log_opt_values /opt/stack/data/venv/lib/python3.12/site-packages/oslo_config/cfg.py:3245}}
Jun 11 13:22:04.522383 np0000002627 devstack@g-api.service[102034]: DEBUG glance.common.config [None req-cc1ac108-36bf-4264-9eae-d92a83585023 None None] instance_uuid_format = [instance: %(uuid)s] {{(pid=102034) log_opt_values /opt/stack/data/venv/lib/python3.12/site-packages/oslo_config/cfg.py:3245}}
Jun 11 13:22:04.522494 np0000002627 devstack@g-api.service[102034]: DEBUG glance.common.config [None req-cc1ac108-36bf-4264-9eae-d92a83585023 None None] limit_param_default = 25 {{(pid=102034) log_opt_values /opt/stack/data/venv/lib/python3.12/site-packages/oslo_config/cfg.py:3245}}
Jun 11 13:22:04.522650 np0000002627 devstack@g-api.service[102034]: DEBUG glance.common.config [None req-cc1ac108-36bf-4264-9eae-d92a83585023 None None] log_color = False {{(pid=102034) log_opt_values /opt/stack/data/venv/lib/python3.12/site-packages/oslo_config/cfg.py:3245}}
Jun 11 13:22:04.522690 np0000002627 devstack@g-api.service[102035]: INFO glance.api.middleware.cache [None req-0e92c166-227e-4eb3-bf19-263f8bf9dd5b None None] Initialized image cache middleware
Jun 11 13:22:04.522801 np0000002627 devstack@g-api.service[102034]: DEBUG glance.common.config [None req-cc1ac108-36bf-4264-9eae-d92a83585023 None None] log_config_append = None {{(pid=102034) log_opt_values /opt/stack/data/venv/lib/python3.12/site-packages/oslo_config/cfg.py:3245}}
Jun 11 13:22:04.522941 np0000002627 devstack@g-api.service[102034]: DEBUG glance.common.config [None req-cc1ac108-36bf-4264-9eae-d92a83585023 None None] log_date_format = %Y-%m-%d %H:%M:%S {{(pid=102034) log_opt_values /opt/stack/data/venv/lib/python3.12/site-packages/oslo_config/cfg.py:3245}}
Jun 11 13:22:04.523090 np0000002627 devstack@g-api.service[102034]: DEBUG glance.common.config [None req-cc1ac108-36bf-4264-9eae-d92a83585023 None None] log_dir = None {{(pid=102034) log_opt_values /opt/stack/data/venv/lib/python3.12/site-packages/oslo_config/cfg.py:3245}}
Jun 11 13:22:04.523235 np0000002627 devstack@g-api.service[102034]: DEBUG glance.common.config [None req-cc1ac108-36bf-4264-9eae-d92a83585023 None None] log_file = None {{(pid=102034) log_opt_values /opt/stack/data/venv/lib/python3.12/site-packages/oslo_config/cfg.py:3245}}
Jun 11 13:22:04.523331 np0000002627 devstack@g-api.service[102034]: DEBUG glance.common.config [None req-cc1ac108-36bf-4264-9eae-d92a83585023 None None] log_rotate_interval = 1 {{(pid=102034) log_opt_values /opt/stack/data/venv/lib/python3.12/site-packages/oslo_config/cfg.py:3245}}
Jun 11 13:22:04.523450 np0000002627 devstack@g-api.service[102034]: DEBUG glance.common.config [None req-cc1ac108-36bf-4264-9eae-d92a83585023 None None] log_rotate_interval_type = days {{(pid=102034) log_opt_values /opt/stack/data/venv/lib/python3.12/site-packages/oslo_config/cfg.py:3245}}
Jun 11 13:22:04.523591 np0000002627 devstack@g-api.service[102034]: DEBUG glance.common.config [None req-cc1ac108-36bf-4264-9eae-d92a83585023 None None] log_rotation_type = none {{(pid=102034) log_opt_values /opt/stack/data/venv/lib/python3.12/site-packages/oslo_config/cfg.py:3245}}
Jun 11 13:22:04.523720 np0000002627 devstack@g-api.service[102034]: DEBUG glance.common.config [None req-cc1ac108-36bf-4264-9eae-d92a83585023 None None] logging_context_format_string = %(color)s%(levelname)s %(name)s [%(global_request_id)s %(request_id)s %(project_name)s %(user_name)s%(color)s] %(instance)s%(color)s%(message)s {{(pid=102034) log_opt_values /opt/stack/data/venv/lib/python3.12/site-packages/oslo_config/cfg.py:3245}}
Jun 11 13:22:04.523820 np0000002627 devstack@g-api.service[102034]: DEBUG glance.common.config [None req-cc1ac108-36bf-4264-9eae-d92a83585023 None None] logging_debug_format_suffix = {{(pid=%(process)d) %(funcName)s %(pathname)s:%(lineno)d}} {{(pid=102034) log_opt_values /opt/stack/data/venv/lib/python3.12/site-packages/oslo_config/cfg.py:3245}}
Jun 11 13:22:04.523974 np0000002627 devstack@g-api.service[102034]: DEBUG glance.common.config [None req-cc1ac108-36bf-4264-9eae-d92a83585023 None None] logging_default_format_string = %(color)s%(levelname)s %(name)s [-%(color)s] %(instance)s%(color)s%(message)s {{(pid=102034) log_opt_values /opt/stack/data/venv/lib/python3.12/site-packages/oslo_config/cfg.py:3245}}
Jun 11 13:22:04.524140 np0000002627 devstack@g-api.service[102034]: DEBUG glance.common.config [None req-cc1ac108-36bf-4264-9eae-d92a83585023 None None] logging_exception_prefix = ERROR %(name)s %(instance)s {{(pid=102034) log_opt_values /opt/stack/data/venv/lib/python3.12/site-packages/oslo_config/cfg.py:3245}}
Jun 11 13:22:04.524252 np0000002627 devstack@g-api.service[102034]: DEBUG glance.common.config [None req-cc1ac108-36bf-4264-9eae-d92a83585023 None None] logging_user_identity_format = %(user)s %(project)s %(domain)s %(system_scope)s %(user_domain)s %(project_domain)s {{(pid=102034) log_opt_values /opt/stack/data/venv/lib/python3.12/site-packages/oslo_config/cfg.py:3245}}
Jun 11 13:22:04.524413 np0000002627 devstack@g-api.service[102034]: DEBUG glance.common.config [None req-cc1ac108-36bf-4264-9eae-d92a83585023 None None] max_header_line = 16384 {{(pid=102034) log_opt_values /opt/stack/data/venv/lib/python3.12/site-packages/oslo_config/cfg.py:3245}}
Jun 11 13:22:04.524570 np0000002627 devstack@g-api.service[102034]: DEBUG glance.common.config [None req-cc1ac108-36bf-4264-9eae-d92a83585023 None None] max_logfile_count = 30 {{(pid=102034) log_opt_values /opt/stack/data/venv/lib/python3.12/site-packages/oslo_config/cfg.py:3245}}
Jun 11 13:22:04.524742 np0000002627 devstack@g-api.service[102034]: DEBUG glance.common.config [None req-cc1ac108-36bf-4264-9eae-d92a83585023 None None] max_logfile_size_mb = 200 {{(pid=102034) log_opt_values /opt/stack/data/venv/lib/python3.12/site-packages/oslo_config/cfg.py:3245}}
Jun 11 13:22:04.524834 np0000002627 devstack@g-api.service[102034]: DEBUG glance.common.config [None req-cc1ac108-36bf-4264-9eae-d92a83585023 None None] max_request_id_length = 64 {{(pid=102034) log_opt_values /opt/stack/data/venv/lib/python3.12/site-packages/oslo_config/cfg.py:3245}}
Jun 11 13:22:04.524925 np0000002627 devstack@g-api.service[102034]: DEBUG glance.common.config [None req-cc1ac108-36bf-4264-9eae-d92a83585023 None None] metadata_encryption_key = **** {{(pid=102034) log_opt_values /opt/stack/data/venv/lib/python3.12/site-packages/oslo_config/cfg.py:3245}}
Jun 11 13:22:04.525016 np0000002627 devstack@g-api.service[102034]: DEBUG glance.common.config [None req-cc1ac108-36bf-4264-9eae-d92a83585023 None None] node_staging_uri = file:///tmp/staging/ {{(pid=102034) log_opt_values /opt/stack/data/venv/lib/python3.12/site-packages/oslo_config/cfg.py:3245}}
Jun 11 13:22:04.525122 np0000002627 devstack@g-api.service[102034]: DEBUG glance.common.config [None req-cc1ac108-36bf-4264-9eae-d92a83585023 None None] property_protection_file = None {{(pid=102034) log_opt_values /opt/stack/data/venv/lib/python3.12/site-packages/oslo_config/cfg.py:3245}}
Jun 11 13:22:04.525210 np0000002627 devstack@g-api.service[102034]: DEBUG glance.common.config [None req-cc1ac108-36bf-4264-9eae-d92a83585023 None None] property_protection_rule_format = roles {{(pid=102034) log_opt_values /opt/stack/data/venv/lib/python3.12/site-packages/oslo_config/cfg.py:3245}}
Jun 11 13:22:04.525302 np0000002627 devstack@g-api.service[102034]: DEBUG glance.common.config [None req-cc1ac108-36bf-4264-9eae-d92a83585023 None None] public_endpoint = https://10.4.3.62/image {{(pid=102034) log_opt_values /opt/stack/data/venv/lib/python3.12/site-packages/oslo_config/cfg.py:3245}}
Jun 11 13:22:04.525388 np0000002627 devstack@g-api.service[102034]: DEBUG glance.common.config [None req-cc1ac108-36bf-4264-9eae-d92a83585023 None None] publish_errors = False {{(pid=102034) log_opt_values /opt/stack/data/venv/lib/python3.12/site-packages/oslo_config/cfg.py:3245}}
Jun 11 13:22:04.525472 np0000002627 devstack@g-api.service[102034]: DEBUG glance.common.config [None req-cc1ac108-36bf-4264-9eae-d92a83585023 None None] pydev_worker_debug_host = None {{(pid=102034) log_opt_values /opt/stack/data/venv/lib/python3.12/site-packages/oslo_config/cfg.py:3245}}
Jun 11 13:22:04.525581 np0000002627 devstack@g-api.service[102034]: DEBUG glance.common.config [None req-cc1ac108-36bf-4264-9eae-d92a83585023 None None] pydev_worker_debug_port = 5678 {{(pid=102034) log_opt_values /opt/stack/data/venv/lib/python3.12/site-packages/oslo_config/cfg.py:3245}}
Jun 11 13:22:04.525683 np0000002627 devstack@g-api.service[102034]: DEBUG glance.common.config [None req-cc1ac108-36bf-4264-9eae-d92a83585023 None None] rate_limit_burst = 0 {{(pid=102034) log_opt_values /opt/stack/data/venv/lib/python3.12/site-packages/oslo_config/cfg.py:3245}}
Jun 11 13:22:04.525779 np0000002627 devstack@g-api.service[102034]: DEBUG glance.common.config [None req-cc1ac108-36bf-4264-9eae-d92a83585023 None None] rate_limit_except_level = CRITICAL {{(pid=102034) log_opt_values /opt/stack/data/venv/lib/python3.12/site-packages/oslo_config/cfg.py:3245}}
Jun 11 13:22:04.525864 np0000002627 devstack@g-api.service[102034]: DEBUG glance.common.config [None req-cc1ac108-36bf-4264-9eae-d92a83585023 None None] rate_limit_interval = 0 {{(pid=102034) log_opt_values /opt/stack/data/venv/lib/python3.12/site-packages/oslo_config/cfg.py:3245}}
Jun 11 13:22:04.525945 np0000002627 devstack@g-api.service[102034]: DEBUG glance.common.config [None req-cc1ac108-36bf-4264-9eae-d92a83585023 None None] scrub_pool_size = 1 {{(pid=102034) log_opt_values /opt/stack/data/venv/lib/python3.12/site-packages/oslo_config/cfg.py:3245}}
Jun 11 13:22:04.526033 np0000002627 devstack@g-api.service[102034]: DEBUG glance.common.config [None req-cc1ac108-36bf-4264-9eae-d92a83585023 None None] scrub_time = 0 {{(pid=102034) log_opt_values /opt/stack/data/venv/lib/python3.12/site-packages/oslo_config/cfg.py:3245}}
Jun 11 13:22:04.526118 np0000002627 devstack@g-api.service[102034]: DEBUG glance.common.config [None req-cc1ac108-36bf-4264-9eae-d92a83585023 None None] shell_completion = None {{(pid=102034) log_opt_values /opt/stack/data/venv/lib/python3.12/site-packages/oslo_config/cfg.py:3245}}
Jun 11 13:22:04.526208 np0000002627 devstack@g-api.service[102034]: DEBUG glance.common.config [None req-cc1ac108-36bf-4264-9eae-d92a83585023 None None] show_image_direct_url = False {{(pid=102034) log_opt_values /opt/stack/data/venv/lib/python3.12/site-packages/oslo_config/cfg.py:3245}}
Jun 11 13:22:04.526465 np0000002627 devstack@g-api.service[102034]: WARNING oslo_config.cfg [None req-cc1ac108-36bf-4264-9eae-d92a83585023 None None] Deprecated: Option "show_multiple_locations" from group "DEFAULT" is deprecated for removal (Use of this option, deprecated since Newton, is a security risk and will be removed once we figure out a way to satisfy those use cases that currently require it. An earlier announcement that the same functionality can be achieved with greater granularity by using policies is incorrect. You cannot work around this option via policy configuration at the present time, though that is the direction we believe the fix will take. Please keep an eye on the Glance release notes to stay up to date on progress in addressing this issue.). Its value may be silently ignored in the future.
Jun 11 13:22:04.526604 np0000002627 devstack@g-api.service[102034]: DEBUG glance.common.config [None req-cc1ac108-36bf-4264-9eae-d92a83585023 None None] show_multiple_locations = False {{(pid=102034) log_opt_values /opt/stack/data/venv/lib/python3.12/site-packages/oslo_config/cfg.py:3245}}
Jun 11 13:22:04.526764 np0000002627 devstack@g-api.service[102034]: DEBUG glance.common.config [None req-cc1ac108-36bf-4264-9eae-d92a83585023 None None] syslog_log_facility = LOG_USER {{(pid=102034) log_opt_values /opt/stack/data/venv/lib/python3.12/site-packages/oslo_config/cfg.py:3245}}
Jun 11 13:22:04.526897 np0000002627 devstack@g-api.service[102034]: DEBUG glance.common.config [None req-cc1ac108-36bf-4264-9eae-d92a83585023 None None] tcp_keepidle = 600 {{(pid=102034) log_opt_values /opt/stack/data/venv/lib/python3.12/site-packages/oslo_config/cfg.py:3245}}
Jun 11 13:22:04.527007 np0000002627 devstack@g-api.service[102034]: DEBUG glance.common.config [None req-cc1ac108-36bf-4264-9eae-d92a83585023 None None] transport_url = **** {{(pid=102034) log_opt_values /opt/stack/data/venv/lib/python3.12/site-packages/oslo_config/cfg.py:3245}}
Jun 11 13:22:04.527103 np0000002627 devstack@g-api.service[102034]: DEBUG glance.common.config [None req-cc1ac108-36bf-4264-9eae-d92a83585023 None None] use_journal = False {{(pid=102034) log_opt_values /opt/stack/data/venv/lib/python3.12/site-packages/oslo_config/cfg.py:3245}}
Jun 11 13:22:04.527189 np0000002627 devstack@g-api.service[102034]: DEBUG glance.common.config [None req-cc1ac108-36bf-4264-9eae-d92a83585023 None None] use_json = False {{(pid=102034) log_opt_values /opt/stack/data/venv/lib/python3.12/site-packages/oslo_config/cfg.py:3245}}
Jun 11 13:22:04.527279 np0000002627 devstack@g-api.service[102034]: DEBUG glance.common.config [None req-cc1ac108-36bf-4264-9eae-d92a83585023 None None] use_keystone_limits = True {{(pid=102034) log_opt_values /opt/stack/data/venv/lib/python3.12/site-packages/oslo_config/cfg.py:3245}}
Jun 11 13:22:04.527365 np0000002627 devstack@g-api.service[102034]: DEBUG glance.common.config [None req-cc1ac108-36bf-4264-9eae-d92a83585023 None None] use_stderr = False {{(pid=102034) log_opt_values /opt/stack/data/venv/lib/python3.12/site-packages/oslo_config/cfg.py:3245}}
Jun 11 13:22:04.527453 np0000002627 devstack@g-api.service[102034]: DEBUG glance.common.config [None req-cc1ac108-36bf-4264-9eae-d92a83585023 None None] use_syslog = False {{(pid=102034) log_opt_values /opt/stack/data/venv/lib/python3.12/site-packages/oslo_config/cfg.py:3245}}
Jun 11 13:22:04.527540 np0000002627 devstack@g-api.service[102034]: DEBUG glance.common.config [None req-cc1ac108-36bf-4264-9eae-d92a83585023 None None] user_storage_quota = 0 {{(pid=102034) log_opt_values /opt/stack/data/venv/lib/python3.12/site-packages/oslo_config/cfg.py:3245}}
Jun 11 13:22:04.527626 np0000002627 devstack@g-api.service[102034]: DEBUG glance.common.config [None req-cc1ac108-36bf-4264-9eae-d92a83585023 None None] worker_self_reference_url = http://127.0.0.1:60999 {{(pid=102034) log_opt_values /opt/stack/data/venv/lib/python3.12/site-packages/oslo_config/cfg.py:3245}}
Jun 11 13:22:04.527731 np0000002627 devstack@g-api.service[102034]: DEBUG glance.common.config [None req-cc1ac108-36bf-4264-9eae-d92a83585023 None None] workers = None {{(pid=102034) log_opt_values /opt/stack/data/venv/lib/python3.12/site-packages/oslo_config/cfg.py:3245}}
Jun 11 13:22:04.527836 np0000002627 devstack@g-api.service[102034]: DEBUG glance.common.config [None req-cc1ac108-36bf-4264-9eae-d92a83585023 None None] oslo_concurrency.disable_process_locking = False {{(pid=102034) log_opt_values /opt/stack/data/venv/lib/python3.12/site-packages/oslo_config/cfg.py:3256}}
Jun 11 13:22:04.527936 np0000002627 devstack@g-api.service[102034]: DEBUG glance.common.config [None req-cc1ac108-36bf-4264-9eae-d92a83585023 None None] oslo_concurrency.lock_path = /opt/stack/data/glance/locks {{(pid=102034) log_opt_values /opt/stack/data/venv/lib/python3.12/site-packages/oslo_config/cfg.py:3256}}
Jun 11 13:22:04.528039 np0000002627 devstack@g-api.service[102034]: DEBUG glance.common.config [None req-cc1ac108-36bf-4264-9eae-d92a83585023 None None] oslo_middleware.enable_proxy_headers_parsing = False {{(pid=102034) log_opt_values /opt/stack/data/venv/lib/python3.12/site-packages/oslo_config/cfg.py:3256}}
Jun 11 13:22:04.528131 np0000002627 devstack@g-api.service[102034]: DEBUG glance.common.config [None req-cc1ac108-36bf-4264-9eae-d92a83585023 None None] oslo_middleware.http_basic_auth_user_file = /etc/htpasswd {{(pid=102034) log_opt_values /opt/stack/data/venv/lib/python3.12/site-packages/oslo_config/cfg.py:3256}}
Jun 11 13:22:04.528219 np0000002627 devstack@g-api.service[102034]: DEBUG glance.common.config [None req-cc1ac108-36bf-4264-9eae-d92a83585023 None None] paste_deploy.config_file = None {{(pid=102034) log_opt_values /opt/stack/data/venv/lib/python3.12/site-packages/oslo_config/cfg.py:3256}}
Jun 11 13:22:04.528312 np0000002627 devstack@g-api.service[102034]: DEBUG glance.common.config [None req-cc1ac108-36bf-4264-9eae-d92a83585023 None None] paste_deploy.flavor = keystone+cachemanagement {{(pid=102034) log_opt_values /opt/stack/data/venv/lib/python3.12/site-packages/oslo_config/cfg.py:3256}}
Jun 11 13:22:04.528440 np0000002627 devstack@g-api.service[102034]: DEBUG glance.common.config [None req-cc1ac108-36bf-4264-9eae-d92a83585023 None None] image_format.container_formats = ['ami', 'ari', 'aki', 'bare', 'ovf', 'ova', 'docker', 'compressed'] {{(pid=102034) log_opt_values /opt/stack/data/venv/lib/python3.12/site-packages/oslo_config/cfg.py:3256}}
Jun 11 13:22:04.528574 np0000002627 devstack@g-api.service[102034]: DEBUG glance.common.config [None req-cc1ac108-36bf-4264-9eae-d92a83585023 None None] image_format.disk_formats = ['ami', 'ari', 'aki', 'vhd', 'vhdx', 'vmdk', 'raw', 'qcow2', 'vdi', 'iso', 'ploop'] {{(pid=102034) log_opt_values /opt/stack/data/venv/lib/python3.12/site-packages/oslo_config/cfg.py:3256}}
Jun 11 13:22:04.528679 np0000002627 devstack@g-api.service[102034]: DEBUG glance.common.config [None req-cc1ac108-36bf-4264-9eae-d92a83585023 None None] image_format.gpt_safety_checks_nonfatal = [] {{(pid=102034) log_opt_values /opt/stack/data/venv/lib/python3.12/site-packages/oslo_config/cfg.py:3256}}
Jun 11 13:22:04.528798 np0000002627 devstack@g-api.service[102034]: DEBUG glance.common.config [None req-cc1ac108-36bf-4264-9eae-d92a83585023 None None] image_format.require_image_format_match = True {{(pid=102034) log_opt_values /opt/stack/data/venv/lib/python3.12/site-packages/oslo_config/cfg.py:3256}}
Jun 11 13:22:04.528899 np0000002627 devstack@g-api.service[102034]: DEBUG glance.common.config [None req-cc1ac108-36bf-4264-9eae-d92a83585023 None None] image_format.vmdk_allowed_types = ['streamOptimized', 'monolithicSparse'] {{(pid=102034) log_opt_values /opt/stack/data/venv/lib/python3.12/site-packages/oslo_config/cfg.py:3256}}
Jun 11 13:22:04.528996 np0000002627 devstack@g-api.service[102034]: DEBUG glance.common.config [None req-cc1ac108-36bf-4264-9eae-d92a83585023 None None] task.task_executor = taskflow {{(pid=102034) log_opt_values /opt/stack/data/venv/lib/python3.12/site-packages/oslo_config/cfg.py:3256}}
Jun 11 13:22:04.529128 np0000002627 devstack@g-api.service[102034]: DEBUG glance.common.config [None req-cc1ac108-36bf-4264-9eae-d92a83585023 None None] task.task_time_to_live = 48 {{(pid=102034) log_opt_values /opt/stack/data/venv/lib/python3.12/site-packages/oslo_config/cfg.py:3256}}
