Jul 08 23:06:22.962689 np0000004850 devstack@g-api.service[102628]: [pid: 102628|app: 0|req: 68/264] 127.0.0.1 () {44 vars in 1115 bytes} [Wed Jul 8 23:06:22 2026] GET /v2/images/685b7f09-84c2-4ee4-8e88-2ad1654e1ffd => generated 1044 bytes in 11 msecs (HTTP/1.1 200) 4 headers in 158 bytes (1 switches on core 0)
Jul 08 23:06:22.971618 np0000004850 devstack@g-api.service[102627]: DEBUG glance.api.middleware.version_negotiation [None req-40193dd2-43c0-4937-b5c0-60dccd897070 tempest-ServerActionsV293TestJSON-1035677701 tempest-ServerActionsV293TestJSON-1035677701-project-member] Determining version of request: GET /v2/images/685b7f09-84c2-4ee4-8e88-2ad1654e1ffd/file Accept: */* {{(pid=102627) process_request /opt/stack/glance/glance/api/middleware/version_negotiation.py:44}}
Jul 08 23:06:22.971741 np0000004850 devstack@g-api.service[102627]: DEBUG glance.api.middleware.version_negotiation [None req-40193dd2-43c0-4937-b5c0-60dccd897070 tempest-ServerActionsV293TestJSON-1035677701 tempest-ServerActionsV293TestJSON-1035677701-project-member] Using url versioning {{(pid=102627) process_request /opt/stack/glance/glance/api/middleware/version_negotiation.py:57}}
Jul 08 23:06:22.971927 np0000004850 devstack@g-api.service[102627]: DEBUG glance.api.middleware.version_negotiation [None req-40193dd2-43c0-4937-b5c0-60dccd897070 tempest-ServerActionsV293TestJSON-1035677701 tempest-ServerActionsV293TestJSON-1035677701-project-member] Matched version: v2 {{(pid=102627) process_request /opt/stack/glance/glance/api/middleware/version_negotiation.py:69}}
Jul 08 23:06:22.972018 np0000004850 devstack@g-api.service[102627]: DEBUG glance.api.middleware.version_negotiation [None req-40193dd2-43c0-4937-b5c0-60dccd897070 tempest-ServerActionsV293TestJSON-1035677701 tempest-ServerActionsV293TestJSON-1035677701-project-member] new path /v2/images/685b7f09-84c2-4ee4-8e88-2ad1654e1ffd/file {{(pid=102627) process_request /opt/stack/glance/glance/api/middleware/version_negotiation.py:70}}
Jul 08 23:06:22.990221 np0000004850 devstack@g-api.service[102627]: DEBUG glance_store.backend [None req-40193dd2-43c0-4937-b5c0-60dccd897070 tempest-ServerActionsV293TestJSON-1035677701 tempest-ServerActionsV293TestJSON-1035677701-project-member] Attempting to import store swift {{(pid=102627) _load_store /opt/stack/data/venv/lib/python3.12/site-packages/glance_store/backend.py:215}}
Jul 08 23:06:22.992719 np0000004850 devstack@g-api.service[102627]: DEBUG glance_store.capabilities [None req-40193dd2-43c0-4937-b5c0-60dccd897070 tempest-ServerActionsV293TestJSON-1035677701 tempest-ServerActionsV293TestJSON-1035677701-project-member] Store glance_store._drivers.swift.store.SingleTenantStore doesn't support updating dynamic storage capabilities. Please overwrite 'update_capabilities' method of the store to implement updating logics if needed. {{(pid=102627) update_capabilities /opt/stack/data/venv/lib/python3.12/site-packages/glance_store/capabilities.py:91}}
Jul 08 23:06:22.992929 np0000004850 devstack@g-api.service[102627]: DEBUG glance_store.driver [None req-40193dd2-43c0-4937-b5c0-60dccd897070 tempest-ServerActionsV293TestJSON-1035677701 tempest-ServerActionsV293TestJSON-1035677701-project-member] Late loading location class glance_store._drivers.swift.store.StoreLocation {{(pid=102627) get_store_location_class /opt/stack/data/venv/lib/python3.12/site-packages/glance_store/driver.py:134}}
Jul 08 23:06:22.992989 np0000004850 devstack@g-api.service[102627]: DEBUG glance_store.location [None req-40193dd2-43c0-4937-b5c0-60dccd897070 tempest-ServerActionsV293TestJSON-1035677701 tempest-ServerActionsV293TestJSON-1035677701-project-member] Registering scheme swift+https with {'store': , 'location_class': , 'store_entry': 'swift'} {{(pid=102627) register_scheme_map /opt/stack/data/venv/lib/python3.12/site-packages/glance_store/location.py:146}}
Jul 08 23:06:22.994210 np0000004850 devstack@g-api.service[102627]: DEBUG glance_store.location [None req-40193dd2-43c0-4937-b5c0-60dccd897070 tempest-ServerActionsV293TestJSON-1035677701 tempest-ServerActionsV293TestJSON-1035677701-project-member] Registering scheme swift+https with {'store': , 'location_class': , 'store_entry': 'swift'} {{(pid=102627) register_scheme_map /opt/stack/data/venv/lib/python3.12/site-packages/glance_store/location.py:146}}
Jul 08 23:06:22.994354 np0000004850 devstack@g-api.service[102627]: DEBUG glance_store.location [None req-40193dd2-43c0-4937-b5c0-60dccd897070 tempest-ServerActionsV293TestJSON-1035677701 tempest-ServerActionsV293TestJSON-1035677701-project-member] Registering scheme swift with {'store': , 'location_class': , 'store_entry': 'swift'} {{(pid=102627) register_scheme_map /opt/stack/data/venv/lib/python3.12/site-packages/glance_store/location.py:146}}
Jul 08 23:06:22.995605 np0000004850 devstack@g-api.service[102627]: DEBUG glance_store.location [None req-40193dd2-43c0-4937-b5c0-60dccd897070 tempest-ServerActionsV293TestJSON-1035677701 tempest-ServerActionsV293TestJSON-1035677701-project-member] Registering scheme swift+https with {'store': , 'location_class': , 'store_entry': 'swift'} {{(pid=102627) register_scheme_map /opt/stack/data/venv/lib/python3.12/site-packages/glance_store/location.py:146}}
Jul 08 23:06:22.996151 np0000004850 devstack@g-api.service[102627]: DEBUG glance_store.location [None req-40193dd2-43c0-4937-b5c0-60dccd897070 tempest-ServerActionsV293TestJSON-1035677701 tempest-ServerActionsV293TestJSON-1035677701-project-member] Registering scheme swift with {'store': , 'location_class': , 'store_entry': 'swift'} {{(pid=102627) register_scheme_map /opt/stack/data/venv/lib/python3.12/site-packages/glance_store/location.py:146}}
Jul 08 23:06:22.996293 np0000004850 devstack@g-api.service[102627]: DEBUG glance_store.location [None req-40193dd2-43c0-4937-b5c0-60dccd897070 tempest-ServerActionsV293TestJSON-1035677701 tempest-ServerActionsV293TestJSON-1035677701-project-member] Registering scheme swift+http with {'store': , 'location_class': , 'store_entry': 'swift'} {{(pid=102627) register_scheme_map /opt/stack/data/venv/lib/python3.12/site-packages/glance_store/location.py:146}}
Jul 08 23:06:22.996426 np0000004850 devstack@g-api.service[102627]: DEBUG glance_store.location [None req-40193dd2-43c0-4937-b5c0-60dccd897070 tempest-ServerActionsV293TestJSON-1035677701 tempest-ServerActionsV293TestJSON-1035677701-project-member] Registering scheme swift+https with {'store': , 'location_class': , 'store_entry': 'swift'} {{(pid=102627) register_scheme_map /opt/stack/data/venv/lib/python3.12/site-packages/glance_store/location.py:146}}
Jul 08 23:06:22.996552 np0000004850 devstack@g-api.service[102627]: DEBUG glance_store.location [None req-40193dd2-43c0-4937-b5c0-60dccd897070 tempest-ServerActionsV293TestJSON-1035677701 tempest-ServerActionsV293TestJSON-1035677701-project-member] Registering scheme swift with {'store': , 'location_class': , 'store_entry': 'swift'} {{(pid=102627) register_scheme_map /opt/stack/data/venv/lib/python3.12/site-packages/glance_store/location.py:146}}
Jul 08 23:06:22.996673 np0000004850 devstack@g-api.service[102627]: DEBUG glance_store.location [None req-40193dd2-43c0-4937-b5c0-60dccd897070 tempest-ServerActionsV293TestJSON-1035677701 tempest-ServerActionsV293TestJSON-1035677701-project-member] Registering scheme swift+http with {'store': , 'location_class': , 'store_entry': 'swift'} {{(pid=102627) register_scheme_map /opt/stack/data/venv/lib/python3.12/site-packages/glance_store/location.py:146}}
Jul 08 23:06:22.996787 np0000004850 devstack@g-api.service[102627]: DEBUG glance_store.location [None req-40193dd2-43c0-4937-b5c0-60dccd897070 tempest-ServerActionsV293TestJSON-1035677701 tempest-ServerActionsV293TestJSON-1035677701-project-member] Registering scheme swift+config with {'store': , 'location_class': , 'store_entry': 'swift'} {{(pid=102627) register_scheme_map /opt/stack/data/venv/lib/python3.12/site-packages/glance_store/location.py:146}}
Jul 08 23:06:23.350773 np0000004850 devstack@g-api.service[102627]: DEBUG swiftclient [None req-40193dd2-43c0-4937-b5c0-60dccd897070 tempest-ServerActionsV293TestJSON-1035677701 tempest-ServerActionsV293TestJSON-1035677701-project-member] REQ: curl -i https://10.4.3.176:8080/v1/AUTH_5eefc608ca6f42969dffb8925ac209c7/glance/685b7f09-84c2-4ee4-8e88-2ad1654e1ffd -X GET -H "X-Auth-Token: gAAAAABqTtfvbYIK..." {{(pid=102627) http_log /opt/stack/data/venv/lib/python3.12/site-packages/swiftclient/client.py:160}}
Jul 08 23:06:23.352016 np0000004850 devstack@g-api.service[102627]: DEBUG swiftclient [None req-40193dd2-43c0-4937-b5c0-60dccd897070 tempest-ServerActionsV293TestJSON-1035677701 tempest-ServerActionsV293TestJSON-1035677701-project-member] RESP STATUS: 200 OK {{(pid=102627) http_log /opt/stack/data/venv/lib/python3.12/site-packages/swiftclient/client.py:161}}
Jul 08 23:06:23.352016 np0000004850 devstack@g-api.service[102627]: DEBUG swiftclient [None req-40193dd2-43c0-4937-b5c0-60dccd897070 tempest-ServerActionsV293TestJSON-1035677701 tempest-ServerActionsV293TestJSON-1035677701-project-member] RESP HEADERS: {'Date': 'Wed, 08 Jul 2026 23:06:23 GMT', 'Server': 'Apache/2.4.58 (Ubuntu)', 'Content-Type': 'application/octet-stream', 'Etag': '0c839612eb3f2469420f2ccae990827f', 'Last-Modified': 'Wed, 08 Jul 2026 23:00:05 GMT', 'X-Timestamp': '1783551604.93791', 'Accept-Ranges': 'bytes', 'Content-Length': '21233664', 'X-Trans-Id': 'txf4757da707e841e6bfe02-006a4ed7ef', 'X-Openstack-Request-Id': 'txf4757da707e841e6bfe02-006a4ed7ef', 'Connection': 'close'} {{(pid=102627) http_log /opt/stack/data/venv/lib/python3.12/site-packages/swiftclient/client.py:162}}
Jul 08 23:06:23.362311 np0000004850 devstack@g-api.service[102627]: DEBUG glance.image_cache [None req-40193dd2-43c0-4937-b5c0-60dccd897070 tempest-ServerActionsV293TestJSON-1035677701 tempest-ServerActionsV293TestJSON-1035677701-project-member] Tee'ing image '685b7f09-84c2-4ee4-8e88-2ad1654e1ffd' into cache {{(pid=102627) get_caching_iter /opt/stack/glance/glance/image_cache/__init__.py:356}}
Jul 08 23:06:23.549420 np0000004850 devstack@g-api.service[102627]: DEBUG glance.image_cache.drivers.centralized_db [None req-40193dd2-43c0-4937-b5c0-60dccd897070 tempest-ServerActionsV293TestJSON-1035677701 tempest-ServerActionsV293TestJSON-1035677701-project-member] Fetch finished, moving '/opt/stack/data/glance/cache/incomplete/685b7f09-84c2-4ee4-8e88-2ad1654e1ffd' to '/opt/stack/data/glance/cache/685b7f09-84c2-4ee4-8e88-2ad1654e1ffd' {{(pid=102627) commit /opt/stack/glance/glance/image_cache/drivers/centralized_db.py:243}}
Jul 08 23:06:23.557546 np0000004850 devstack@g-api.service[102627]: DEBUG glance.image_cache.drivers.centralized_db [None req-40193dd2-43c0-4937-b5c0-60dccd897070 tempest-ServerActionsV293TestJSON-1035677701 tempest-ServerActionsV293TestJSON-1035677701-project-member] Image cached successfully. {{(pid=102627) commit /opt/stack/glance/glance/image_cache/drivers/centralized_db.py:258}}
Jul 08 23:06:23.557677 np0000004850 devstack@g-api.service[102627]: [pid: 102627|app: 0|req: 66/265] 127.0.0.1 () {44 vars in 1125 bytes} [Wed Jul 8 23:06:22 2026] GET /v2/images/685b7f09-84c2-4ee4-8e88-2ad1654e1ffd/file => generated 21233664 bytes in 586 msecs (HTTP/1.1 200) 4 headers in 191 bytes (326 switches on core 0)
Jul 08 23:06:24.264856 np0000004850 devstack@g-api.service[102626]: DEBUG glance.api.middleware.version_negotiation [None req-a08f9557-87f4-47d8-9546-1c0c91b55e87 tempest-TaggedBootDevicesTest_v242-119161273 tempest-TaggedBootDevicesTest_v242-119161273-project-member] Determining version of request: GET /v2/schemas/image Accept: */* {{(pid=102626) process_request /opt/stack/glance/glance/api/middleware/version_negotiation.py:44}}
Jul 08 23:06:24.264856 np0000004850 devstack@g-api.service[102626]: DEBUG glance.api.middleware.version_negotiation [None req-a08f9557-87f4-47d8-9546-1c0c91b55e87 tempest-TaggedBootDevicesTest_v242-119161273 tempest-TaggedBootDevicesTest_v242-119161273-project-member] Using url versioning {{(pid=102626) process_request /opt/stack/glance/glance/api/middleware/version_negotiation.py:57}}
Jul 08 23:06:24.265356 np0000004850 devstack@g-api.service[102626]: DEBUG glance.api.middleware.version_negotiation [None req-a08f9557-87f4-47d8-9546-1c0c91b55e87 tempest-TaggedBootDevicesTest_v242-119161273 tempest-TaggedBootDevicesTest_v242-119161273-project-member] Matched version: v2 {{(pid=102626) process_request /opt/stack/glance/glance/api/middleware/version_negotiation.py:69}}
Jul 08 23:06:24.266064 np0000004850 devstack@g-api.service[102626]: DEBUG glance.api.middleware.version_negotiation [None req-a08f9557-87f4-47d8-9546-1c0c91b55e87 tempest-TaggedBootDevicesTest_v242-119161273 tempest-TaggedBootDevicesTest_v242-119161273-project-member] new path /v2/schemas/image {{(pid=102626) process_request /opt/stack/glance/glance/api/middleware/version_negotiation.py:70}}
Jul 08 23:06:24.268995 np0000004850 devstack@g-api.service[102626]: [pid: 102626|app: 0|req: 66/266] 127.0.0.1 () {44 vars in 1055 bytes} [Wed Jul 8 23:06:24 2026] GET /v2/schemas/image => generated 6083 bytes in 6 msecs (HTTP/1.1 200) 4 headers in 158 bytes (1 switches on core 0)
Jul 08 23:06:24.282533 np0000004850 devstack@g-api.service[102625]: DEBUG glance.api.middleware.version_negotiation [None req-a08f9557-87f4-47d8-9546-1c0c91b55e87 tempest-TaggedBootDevicesTest_v242-119161273 tempest-TaggedBootDevicesTest_v242-119161273-project-member] Determining version of request: POST /v2/images Accept: */* {{(pid=102625) process_request /opt/stack/glance/glance/api/middleware/version_negotiation.py:44}}
Jul 08 23:06:24.282533 np0000004850 devstack@g-api.service[102625]: DEBUG glance.api.middleware.version_negotiation [None req-a08f9557-87f4-47d8-9546-1c0c91b55e87 tempest-TaggedBootDevicesTest_v242-119161273 tempest-TaggedBootDevicesTest_v242-119161273-project-member] Using url versioning {{(pid=102625) process_request /opt/stack/glance/glance/api/middleware/version_negotiation.py:57}}
Jul 08 23:06:24.282533 np0000004850 devstack@g-api.service[102625]: DEBUG glance.api.middleware.version_negotiation [None req-a08f9557-87f4-47d8-9546-1c0c91b55e87 tempest-TaggedBootDevicesTest_v242-119161273 tempest-TaggedBootDevicesTest_v242-119161273-project-member] Matched version: v2 {{(pid=102625) process_request /opt/stack/glance/glance/api/middleware/version_negotiation.py:69}}
Jul 08 23:06:24.282533 np0000004850 devstack@g-api.service[102625]: DEBUG glance.api.middleware.version_negotiation [None req-a08f9557-87f4-47d8-9546-1c0c91b55e87 tempest-TaggedBootDevicesTest_v242-119161273 tempest-TaggedBootDevicesTest_v242-119161273-project-member] new path /v2/images {{(pid=102625) process_request /opt/stack/glance/glance/api/middleware/version_negotiation.py:70}}
Jul 08 23:06:25.024063 np0000004850 devstack@g-api.service[102625]: [pid: 102625|app: 0|req: 67/267] 127.0.0.1 () {46 vars in 1055 bytes} [Wed Jul 8 23:06:24 2026] POST /v2/images => generated 649 bytes in 742 msecs (HTTP/1.1 201) 6 headers in 315 bytes (1 switches on core 0)
Jul 08 23:06:25.043683 np0000004850 devstack@g-api.service[102628]: DEBUG glance.api.middleware.version_negotiation [None req-40193dd2-43c0-4937-b5c0-60dccd897070 tempest-ServerActionsV293TestJSON-1035677701 tempest-ServerActionsV293TestJSON-1035677701-project-member] Determining version of request: GET /v2/schemas/image Accept: */* {{(pid=102628) process_request /opt/stack/glance/glance/api/middleware/version_negotiation.py:44}}
Jul 08 23:06:25.044165 np0000004850 devstack@g-api.service[102628]: DEBUG glance.api.middleware.version_negotiation [None req-40193dd2-43c0-4937-b5c0-60dccd897070 tempest-ServerActionsV293TestJSON-1035677701 tempest-ServerActionsV293TestJSON-1035677701-project-member] Using url versioning {{(pid=102628) process_request /opt/stack/glance/glance/api/middleware/version_negotiation.py:57}}
Jul 08 23:06:25.044165 np0000004850 devstack@g-api.service[102628]: DEBUG glance.api.middleware.version_negotiation [None req-40193dd2-43c0-4937-b5c0-60dccd897070 tempest-ServerActionsV293TestJSON-1035677701 tempest-ServerActionsV293TestJSON-1035677701-project-member] Matched version: v2 {{(pid=102628) process_request /opt/stack/glance/glance/api/middleware/version_negotiation.py:69}}
Jul 08 23:06:25.044165 np0000004850 devstack@g-api.service[102628]: DEBUG glance.api.middleware.version_negotiation [None req-40193dd2-43c0-4937-b5c0-60dccd897070 tempest-ServerActionsV293TestJSON-1035677701 tempest-ServerActionsV293TestJSON-1035677701-project-member] new path /v2/schemas/image {{(pid=102628) process_request /opt/stack/glance/glance/api/middleware/version_negotiation.py:70}}
Jul 08 23:06:25.047649 np0000004850 devstack@g-api.service[102628]: [pid: 102628|app: 0|req: 69/268] 127.0.0.1 () {44 vars in 1055 bytes} [Wed Jul 8 23:06:25 2026] GET /v2/schemas/image => generated 6083 bytes in 4 msecs (HTTP/1.1 200) 4 headers in 158 bytes (1 switches on core 0)
Jul 08 23:06:25.070211 np0000004850 devstack@g-api.service[102627]: DEBUG glance.api.middleware.version_negotiation [None req-40193dd2-43c0-4937-b5c0-60dccd897070 tempest-ServerActionsV293TestJSON-1035677701 tempest-ServerActionsV293TestJSON-1035677701-project-member] Determining version of request: GET /v2/images/f14c648a-2de0-4be4-9b42-baec2718a8a8 Accept: application/json {{(pid=102627) process_request /opt/stack/glance/glance/api/middleware/version_negotiation.py:44}}
Jul 08 23:06:25.070211 np0000004850 devstack@g-api.service[102627]: DEBUG glance.api.middleware.version_negotiation [None req-40193dd2-43c0-4937-b5c0-60dccd897070 tempest-ServerActionsV293TestJSON-1035677701 tempest-ServerActionsV293TestJSON-1035677701-project-member] Using url versioning {{(pid=102627) process_request /opt/stack/glance/glance/api/middleware/version_negotiation.py:57}}
Jul 08 23:06:25.070729 np0000004850 devstack@g-api.service[102627]: DEBUG glance.api.middleware.version_negotiation [None req-40193dd2-43c0-4937-b5c0-60dccd897070 tempest-ServerActionsV293TestJSON-1035677701 tempest-ServerActionsV293TestJSON-1035677701-project-member] Matched version: v2 {{(pid=102627) process_request /opt/stack/glance/glance/api/middleware/version_negotiation.py:69}}
Jul 08 23:06:25.070729 np0000004850 devstack@g-api.service[102627]: DEBUG glance.api.middleware.version_negotiation [None req-40193dd2-43c0-4937-b5c0-60dccd897070 tempest-ServerActionsV293TestJSON-1035677701 tempest-ServerActionsV293TestJSON-1035677701-project-member] new path /v2/images/f14c648a-2de0-4be4-9b42-baec2718a8a8 {{(pid=102627) process_request /opt/stack/glance/glance/api/middleware/version_negotiation.py:70}}
Jul 08 23:06:25.085237 np0000004850 devstack@g-api.service[102627]: [pid: 102627|app: 0|req: 67/269] 127.0.0.1 () {40 vars in 838 bytes} [Wed Jul 8 23:06:25 2026] GET /v2/images/f14c648a-2de0-4be4-9b42-baec2718a8a8 => generated 649 bytes in 15 msecs (HTTP/1.1 200) 4 headers in 157 bytes (1 switches on core 0)
Jul 08 23:06:26.097016 np0000004850 devstack@g-api.service[102626]: DEBUG glance.api.middleware.version_negotiation [None req-ab3fdad5-3f11-4d93-b5d0-df213edae47b tempest-VolumesActionsTest-6573195 tempest-VolumesActionsTest-6573195-project-member] Determining version of request: GET /v2/images/f14c648a-2de0-4be4-9b42-baec2718a8a8 Accept: application/json {{(pid=102626) process_request /opt/stack/glance/glance/api/middleware/version_negotiation.py:44}}
Jul 08 23:06:26.097016 np0000004850 devstack@g-api.service[102626]: DEBUG glance.api.middleware.version_negotiation [None req-ab3fdad5-3f11-4d93-b5d0-df213edae47b tempest-VolumesActionsTest-6573195 tempest-VolumesActionsTest-6573195-project-member] Using url versioning {{(pid=102626) process_request /opt/stack/glance/glance/api/middleware/version_negotiation.py:57}}
Jul 08 23:06:26.097016 np0000004850 devstack@g-api.service[102626]: DEBUG glance.api.middleware.version_negotiation [None req-ab3fdad5-3f11-4d93-b5d0-df213edae47b tempest-VolumesActionsTest-6573195 tempest-VolumesActionsTest-6573195-project-member] Matched version: v2 {{(pid=102626) process_request /opt/stack/glance/glance/api/middleware/version_negotiation.py:69}}
Jul 08 23:06:26.097016 np0000004850 devstack@g-api.service[102626]: DEBUG glance.api.middleware.version_negotiation [None req-ab3fdad5-3f11-4d93-b5d0-df213edae47b tempest-VolumesActionsTest-6573195 tempest-VolumesActionsTest-6573195-project-member] new path /v2/images/f14c648a-2de0-4be4-9b42-baec2718a8a8 {{(pid=102626) process_request /opt/stack/glance/glance/api/middleware/version_negotiation.py:70}}
Jul 08 23:06:26.105173 np0000004850 devstack@g-api.service[102626]: [pid: 102626|app: 0|req: 67/270] 127.0.0.1 () {40 vars in 838 bytes} [Wed Jul 8 23:06:26 2026] GET /v2/images/f14c648a-2de0-4be4-9b42-baec2718a8a8 => generated 649 bytes in 9 msecs (HTTP/1.1 200) 4 headers in 157 bytes (1 switches on core 0)
Jul 08 23:06:27.118116 np0000004850 devstack@g-api.service[102625]: DEBUG glance.api.middleware.version_negotiation [None req-ab3fdad5-3f11-4d93-b5d0-df213edae47b tempest-VolumesActionsTest-6573195 tempest-VolumesActionsTest-6573195-project-member] Determining version of request: GET /v2/images/f14c648a-2de0-4be4-9b42-baec2718a8a8 Accept: application/json {{(pid=102625) process_request /opt/stack/glance/glance/api/middleware/version_negotiation.py:44}}
Jul 08 23:06:27.118116 np0000004850 devstack@g-api.service[102625]: DEBUG glance.api.middleware.version_negotiation [None req-ab3fdad5-3f11-4d93-b5d0-df213edae47b tempest-VolumesActionsTest-6573195 tempest-VolumesActionsTest-6573195-project-member] Using url versioning {{(pid=102625) process_request /opt/stack/glance/glance/api/middleware/version_negotiation.py:57}}
Jul 08 23:06:27.118116 np0000004850 devstack@g-api.service[102625]: DEBUG glance.api.middleware.version_negotiation [None req-ab3fdad5-3f11-4d93-b5d0-df213edae47b tempest-VolumesActionsTest-6573195 tempest-VolumesActionsTest-6573195-project-member] Matched version: v2 {{(pid=102625) process_request /opt/stack/glance/glance/api/middleware/version_negotiation.py:69}}
Jul 08 23:06:27.118116 np0000004850 devstack@g-api.service[102625]: DEBUG glance.api.middleware.version_negotiation [None req-ab3fdad5-3f11-4d93-b5d0-df213edae47b tempest-VolumesActionsTest-6573195 tempest-VolumesActionsTest-6573195-project-member] new path /v2/images/f14c648a-2de0-4be4-9b42-baec2718a8a8 {{(pid=102625) process_request /opt/stack/glance/glance/api/middleware/version_negotiation.py:70}}
Jul 08 23:06:27.128017 np0000004850 devstack@g-api.service[102625]: [pid: 102625|app: 0|req: 68/271] 127.0.0.1 () {40 vars in 838 bytes} [Wed Jul 8 23:06:27 2026] GET /v2/images/f14c648a-2de0-4be4-9b42-baec2718a8a8 => generated 649 bytes in 11 msecs (HTTP/1.1 200) 4 headers in 157 bytes (1 switches on core 0)
Jul 08 23:06:28.136238 np0000004850 devstack@g-api.service[102628]: DEBUG glance.api.middleware.version_negotiation [None req-ab3fdad5-3f11-4d93-b5d0-df213edae47b tempest-VolumesActionsTest-6573195 tempest-VolumesActionsTest-6573195-project-member] Determining version of request: GET /v2/images/f14c648a-2de0-4be4-9b42-baec2718a8a8 Accept: application/json {{(pid=102628) process_request /opt/stack/glance/glance/api/middleware/version_negotiation.py:44}}
Jul 08 23:06:28.136620 np0000004850 devstack@g-api.service[102628]: DEBUG glance.api.middleware.version_negotiation [None req-ab3fdad5-3f11-4d93-b5d0-df213edae47b tempest-VolumesActionsTest-6573195 tempest-VolumesActionsTest-6573195-project-member] Using url versioning {{(pid=102628) process_request /opt/stack/glance/glance/api/middleware/version_negotiation.py:57}}
Jul 08 23:06:28.136620 np0000004850 devstack@g-api.service[102628]: DEBUG glance.api.middleware.version_negotiation [None req-ab3fdad5-3f11-4d93-b5d0-df213edae47b tempest-VolumesActionsTest-6573195 tempest-VolumesActionsTest-6573195-project-member] Matched version: v2 {{(pid=102628) process_request /opt/stack/glance/glance/api/middleware/version_negotiation.py:69}}
Jul 08 23:06:28.136725 np0000004850 devstack@g-api.service[102628]: DEBUG glance.api.middleware.version_negotiation [None req-ab3fdad5-3f11-4d93-b5d0-df213edae47b tempest-VolumesActionsTest-6573195 tempest-VolumesActionsTest-6573195-project-member] new path /v2/images/f14c648a-2de0-4be4-9b42-baec2718a8a8 {{(pid=102628) process_request /opt/stack/glance/glance/api/middleware/version_negotiation.py:70}}
Jul 08 23:06:28.145693 np0000004850 devstack@g-api.service[102628]: [pid: 102628|app: 0|req: 70/272] 127.0.0.1 () {40 vars in 838 bytes} [Wed Jul 8 23:06:28 2026] GET /v2/images/f14c648a-2de0-4be4-9b42-baec2718a8a8 => generated 649 bytes in 9 msecs (HTTP/1.1 200) 4 headers in 157 bytes (1 switches on core 0)
Jul 08 23:06:28.729301 np0000004850 devstack@g-api.service[102627]: DEBUG glance.api.middleware.version_negotiation [None req-34877202-30fb-4b13-8213-49ba767dc423 tempest-VolumesActionsTest-6573195 tempest-VolumesActionsTest-6573195-project-member] Determining version of request: PUT /v2/images/f14c648a-2de0-4be4-9b42-baec2718a8a8/file Accept: */* {{(pid=102627) process_request /opt/stack/glance/glance/api/middleware/version_negotiation.py:44}}
Jul 08 23:06:28.729822 np0000004850 devstack@g-api.service[102627]: DEBUG glance.api.middleware.version_negotiation [None req-34877202-30fb-4b13-8213-49ba767dc423 tempest-VolumesActionsTest-6573195 tempest-VolumesActionsTest-6573195-project-member] Using url versioning {{(pid=102627) process_request /opt/stack/glance/glance/api/middleware/version_negotiation.py:57}}
Jul 08 23:06:28.729822 np0000004850 devstack@g-api.service[102627]: DEBUG glance.api.middleware.version_negotiation [None req-34877202-30fb-4b13-8213-49ba767dc423 tempest-VolumesActionsTest-6573195 tempest-VolumesActionsTest-6573195-project-member] Matched version: v2 {{(pid=102627) process_request /opt/stack/glance/glance/api/middleware/version_negotiation.py:69}}
Jul 08 23:06:28.729822 np0000004850 devstack@g-api.service[102627]: DEBUG glance.api.middleware.version_negotiation [None req-34877202-30fb-4b13-8213-49ba767dc423 tempest-VolumesActionsTest-6573195 tempest-VolumesActionsTest-6573195-project-member] new path /v2/images/f14c648a-2de0-4be4-9b42-baec2718a8a8/file {{(pid=102627) process_request /opt/stack/glance/glance/api/middleware/version_negotiation.py:70}}
Jul 08 23:06:29.160172 np0000004850 devstack@g-api.service[102626]: DEBUG glance.api.middleware.version_negotiation [None req-e950ffab-5c6d-4225-9758-1264952c5f86 tempest-VolumesActionsTest-6573195 tempest-VolumesActionsTest-6573195-project-member] Determining version of request: GET /v2/images/f14c648a-2de0-4be4-9b42-baec2718a8a8 Accept: application/json {{(pid=102626) process_request /opt/stack/glance/glance/api/middleware/version_negotiation.py:44}}
Jul 08 23:06:29.160624 np0000004850 devstack@g-api.service[102626]: DEBUG glance.api.middleware.version_negotiation [None req-e950ffab-5c6d-4225-9758-1264952c5f86 tempest-VolumesActionsTest-6573195 tempest-VolumesActionsTest-6573195-project-member] Using url versioning {{(pid=102626) process_request /opt/stack/glance/glance/api/middleware/version_negotiation.py:57}}
Jul 08 23:06:29.160624 np0000004850 devstack@g-api.service[102626]: DEBUG glance.api.middleware.version_negotiation [None req-e950ffab-5c6d-4225-9758-1264952c5f86 tempest-VolumesActionsTest-6573195 tempest-VolumesActionsTest-6573195-project-member] Matched version: v2 {{(pid=102626) process_request /opt/stack/glance/glance/api/middleware/version_negotiation.py:69}}
Jul 08 23:06:29.160712 np0000004850 devstack@g-api.service[102626]: DEBUG glance.api.middleware.version_negotiation [None req-e950ffab-5c6d-4225-9758-1264952c5f86 tempest-VolumesActionsTest-6573195 tempest-VolumesActionsTest-6573195-project-member] new path /v2/images/f14c648a-2de0-4be4-9b42-baec2718a8a8 {{(pid=102626) process_request /opt/stack/glance/glance/api/middleware/version_negotiation.py:70}}
Jul 08 23:06:29.182240 np0000004850 devstack@g-api.service[102626]: [pid: 102626|app: 0|req: 68/273] 127.0.0.1 () {40 vars in 838 bytes} [Wed Jul 8 23:06:29 2026] GET /v2/images/f14c648a-2de0-4be4-9b42-baec2718a8a8 => generated 649 bytes in 22 msecs (HTTP/1.1 200) 4 headers in 157 bytes (1 switches on core 0)
Jul 08 23:06:29.519205 np0000004850 devstack@g-api.service[102627]: INFO glance.api.v2.image_data [None req-ab3fdad5-3f11-4d93-b5d0-df213edae47b tempest-VolumesActionsTest-6573195 tempest-VolumesActionsTest-6573195-project-member] Unable to create trust: no such option collect_timing in group [keystone_authtoken] Use the existing user token.
Jul 08 23:06:30.190142 np0000004850 devstack@g-api.service[102627]: DEBUG glance.location [None req-ab3fdad5-3f11-4d93-b5d0-df213edae47b tempest-VolumesActionsTest-6573195 tempest-VolumesActionsTest-6573195-project-member] Enabling in-flight format inspection for raw {{(pid=102627) set_data /opt/stack/glance/glance/location.py:596}}
Jul 08 23:06:30.190658 np0000004850 devstack@g-api.service[102627]: DEBUG glance_store.backend [None req-ab3fdad5-3f11-4d93-b5d0-df213edae47b tempest-VolumesActionsTest-6573195 tempest-VolumesActionsTest-6573195-project-member] Attempting to import store swift {{(pid=102627) _load_store /opt/stack/data/venv/lib/python3.12/site-packages/glance_store/backend.py:215}}
Jul 08 23:06:30.192095 np0000004850 devstack@g-api.service[102625]: DEBUG glance.api.middleware.version_negotiation [None req-17ff1ddd-8c2e-4c51-b3d3-6e403ce88105 tempest-VolumesActionsTest-6573195 tempest-VolumesActionsTest-6573195-project-member] Determining version of request: GET /v2/images/f14c648a-2de0-4be4-9b42-baec2718a8a8 Accept: application/json {{(pid=102625) process_request /opt/stack/glance/glance/api/middleware/version_negotiation.py:44}}
Jul 08 23:06:30.192566 np0000004850 devstack@g-api.service[102627]: DEBUG glance_store.capabilities [None req-ab3fdad5-3f11-4d93-b5d0-df213edae47b tempest-VolumesActionsTest-6573195 tempest-VolumesActionsTest-6573195-project-member] Store glance_store._drivers.swift.store.SingleTenantStore doesn't support updating dynamic storage capabilities. Please overwrite 'update_capabilities' method of the store to implement updating logics if needed. {{(pid=102627) update_capabilities /opt/stack/data/venv/lib/python3.12/site-packages/glance_store/capabilities.py:91}}
Jul 08 23:06:30.192566 np0000004850 devstack@g-api.service[102627]: DEBUG glance_store.driver [None req-ab3fdad5-3f11-4d93-b5d0-df213edae47b tempest-VolumesActionsTest-6573195 tempest-VolumesActionsTest-6573195-project-member] Late loading location class glance_store._drivers.swift.store.StoreLocation {{(pid=102627) get_store_location_class /opt/stack/data/venv/lib/python3.12/site-packages/glance_store/driver.py:134}}
Jul 08 23:06:30.192692 np0000004850 devstack@g-api.service[102625]: DEBUG glance.api.middleware.version_negotiation [None req-17ff1ddd-8c2e-4c51-b3d3-6e403ce88105 tempest-VolumesActionsTest-6573195 tempest-VolumesActionsTest-6573195-project-member] Using url versioning {{(pid=102625) process_request /opt/stack/glance/glance/api/middleware/version_negotiation.py:57}}
Jul 08 23:06:30.193106 np0000004850 devstack@g-api.service[102627]: DEBUG glance_store.location [None req-ab3fdad5-3f11-4d93-b5d0-df213edae47b tempest-VolumesActionsTest-6573195 tempest-VolumesActionsTest-6573195-project-member] Registering scheme swift+https with {'store': , 'location_class': , 'store_entry': 'swift'} {{(pid=102627) register_scheme_map /opt/stack/data/venv/lib/python3.12/site-packages/glance_store/location.py:146}}
Jul 08 23:06:30.193106 np0000004850 devstack@g-api.service[102627]: DEBUG glance_store.location [None req-ab3fdad5-3f11-4d93-b5d0-df213edae47b tempest-VolumesActionsTest-6573195 tempest-VolumesActionsTest-6573195-project-member] Registering scheme swift+https with {'store': , 'location_class': , 'store_entry': 'swift'} {{(pid=102627) register_scheme_map /opt/stack/data/venv/lib/python3.12/site-packages/glance_store/location.py:146}}
Jul 08 23:06:30.193214 np0000004850 devstack@g-api.service[102625]: DEBUG glance.api.middleware.version_negotiation [None req-17ff1ddd-8c2e-4c51-b3d3-6e403ce88105 tempest-VolumesActionsTest-6573195 tempest-VolumesActionsTest-6573195-project-member] Matched version: v2 {{(pid=102625) process_request /opt/stack/glance/glance/api/middleware/version_negotiation.py:69}}
Jul 08 23:06:30.193251 np0000004850 devstack@g-api.service[102627]: DEBUG glance_store.location [None req-ab3fdad5-3f11-4d93-b5d0-df213edae47b tempest-VolumesActionsTest-6573195 tempest-VolumesActionsTest-6573195-project-member] Registering scheme swift with {'store': , 'location_class': , 'store_entry': 'swift'} {{(pid=102627) register_scheme_map /opt/stack/data/venv/lib/python3.12/site-packages/glance_store/location.py:146}}
Jul 08 23:06:30.193302 np0000004850 devstack@g-api.service[102625]: DEBUG glance.api.middleware.version_negotiation [None req-17ff1ddd-8c2e-4c51-b3d3-6e403ce88105 tempest-VolumesActionsTest-6573195 tempest-VolumesActionsTest-6573195-project-member] new path /v2/images/f14c648a-2de0-4be4-9b42-baec2718a8a8 {{(pid=102625) process_request /opt/stack/glance/glance/api/middleware/version_negotiation.py:70}}
Jul 08 23:06:30.193349 np0000004850 devstack@g-api.service[102627]: DEBUG glance_store.location [None req-ab3fdad5-3f11-4d93-b5d0-df213edae47b tempest-VolumesActionsTest-6573195 tempest-VolumesActionsTest-6573195-project-member] Registering scheme swift+https with {'store': , 'location_class': , 'store_entry': 'swift'} {{(pid=102627) register_scheme_map /opt/stack/data/venv/lib/python3.12/site-packages/glance_store/location.py:146}}
Jul 08 23:06:30.193349 np0000004850 devstack@g-api.service[102627]: DEBUG glance_store.location [None req-ab3fdad5-3f11-4d93-b5d0-df213edae47b tempest-VolumesActionsTest-6573195 tempest-VolumesActionsTest-6573195-project-member] Registering scheme swift with {'store': , 'location_class': , 'store_entry': 'swift'} {{(pid=102627) register_scheme_map /opt/stack/data/venv/lib/python3.12/site-packages/glance_store/location.py:146}}
Jul 08 23:06:30.193349 np0000004850 devstack@g-api.service[102627]: DEBUG glance_store.location [None req-ab3fdad5-3f11-4d93-b5d0-df213edae47b tempest-VolumesActionsTest-6573195 tempest-VolumesActionsTest-6573195-project-member] Registering scheme swift+http with {'store': , 'location_class': , 'store_entry': 'swift'} {{(pid=102627) register_scheme_map /opt/stack/data/venv/lib/python3.12/site-packages/glance_store/location.py:146}}
Jul 08 23:06:30.193349 np0000004850 devstack@g-api.service[102627]: DEBUG glance_store.location [None req-ab3fdad5-3f11-4d93-b5d0-df213edae47b tempest-VolumesActionsTest-6573195 tempest-VolumesActionsTest-6573195-project-member] Registering scheme swift+https with {'store': , 'location_class': , 'store_entry': 'swift'} {{(pid=102627) register_scheme_map /opt/stack/data/venv/lib/python3.12/site-packages/glance_store/location.py:146}}
Jul 08 23:06:30.193349 np0000004850 devstack@g-api.service[102627]: DEBUG glance_store.location [None req-ab3fdad5-3f11-4d93-b5d0-df213edae47b tempest-VolumesActionsTest-6573195 tempest-VolumesActionsTest-6573195-project-member] Registering scheme swift with {'store': , 'location_class': , 'store_entry': 'swift'} {{(pid=102627) register_scheme_map /opt/stack/data/venv/lib/python3.12/site-packages/glance_store/location.py:146}}
Jul 08 23:06:30.193349 np0000004850 devstack@g-api.service[102627]: DEBUG glance_store.location [None req-ab3fdad5-3f11-4d93-b5d0-df213edae47b tempest-VolumesActionsTest-6573195 tempest-VolumesActionsTest-6573195-project-member] Registering scheme swift+http with {'store': , 'location_class': , 'store_entry': 'swift'} {{(pid=102627) register_scheme_map /opt/stack/data/venv/lib/python3.12/site-packages/glance_store/location.py:146}}
Jul 08 23:06:30.193349 np0000004850 devstack@g-api.service[102627]: DEBUG glance_store.location [None req-ab3fdad5-3f11-4d93-b5d0-df213edae47b tempest-VolumesActionsTest-6573195 tempest-VolumesActionsTest-6573195-project-member] Registering scheme swift+config with {'store': , 'location_class': , 'store_entry': 'swift'} {{(pid=102627) register_scheme_map /opt/stack/data/venv/lib/python3.12/site-packages/glance_store/location.py:146}}
Jul 08 23:06:30.202595 np0000004850 devstack@g-api.service[102625]: [pid: 102625|app: 0|req: 69/274] 127.0.0.1 () {40 vars in 838 bytes} [Wed Jul 8 23:06:30 2026] GET /v2/images/f14c648a-2de0-4be4-9b42-baec2718a8a8 => generated 649 bytes in 11 msecs (HTTP/1.1 200) 4 headers in 157 bytes (1 switches on core 0)
Jul 08 23:06:30.423177 np0000004850 devstack@g-api.service[102627]: DEBUG swiftclient [None req-ab3fdad5-3f11-4d93-b5d0-df213edae47b tempest-VolumesActionsTest-6573195 tempest-VolumesActionsTest-6573195-project-member] REQ: curl -i https://10.4.3.176:8080/v1/AUTH_5eefc608ca6f42969dffb8925ac209c7/glance -I -H "X-Auth-Token: gAAAAABqTtf2LD2q..." {{(pid=102627) http_log /opt/stack/data/venv/lib/python3.12/site-packages/swiftclient/client.py:160}}
Jul 08 23:06:30.423292 np0000004850 devstack@g-api.service[102627]: DEBUG swiftclient [None req-ab3fdad5-3f11-4d93-b5d0-df213edae47b tempest-VolumesActionsTest-6573195 tempest-VolumesActionsTest-6573195-project-member] RESP STATUS: 204 No Content {{(pid=102627) http_log /opt/stack/data/venv/lib/python3.12/site-packages/swiftclient/client.py:161}}
Jul 08 23:06:30.423454 np0000004850 devstack@g-api.service[102627]: DEBUG swiftclient [None req-ab3fdad5-3f11-4d93-b5d0-df213edae47b tempest-VolumesActionsTest-6573195 tempest-VolumesActionsTest-6573195-project-member] RESP HEADERS: {'Date': 'Wed, 08 Jul 2026 23:06:30 GMT', 'Server': 'Apache/2.4.58 (Ubuntu)', 'Content-Type': 'text/plain; charset=utf-8', 'X-Container-Object-Count': '3', 'X-Container-Bytes-Used': '64356352', 'X-Timestamp': '1783551601.37760', 'Last-Modified': 'Wed, 08 Jul 2026 23:00:02 GMT', 'Accept-Ranges': 'bytes', 'X-Storage-Policy': 'Policy-0', 'X-Container-Sharding': 'False', 'Vary': 'Accept', 'X-Trans-Id': 'txb227b5a204614f58b2b27-006a4ed7f6', 'X-Openstack-Request-Id': 'txb227b5a204614f58b2b27-006a4ed7f6', 'Connection': 'close'} {{(pid=102627) http_log /opt/stack/data/venv/lib/python3.12/site-packages/swiftclient/client.py:162}}
Jul 08 23:06:30.423680 np0000004850 devstack@g-api.service[102627]: DEBUG glance_store._drivers.swift.store [None req-ab3fdad5-3f11-4d93-b5d0-df213edae47b tempest-VolumesActionsTest-6573195 tempest-VolumesActionsTest-6573195-project-member] Adding image object 'f14c648a-2de0-4be4-9b42-baec2718a8a8' to Swift {{(pid=102627) add /opt/stack/data/venv/lib/python3.12/site-packages/glance_store/_drivers/swift/store.py:970}}
Jul 08 23:06:30.423815 np0000004850 devstack@g-api.service[102627]: DEBUG glance_store._drivers.swift.store [None req-ab3fdad5-3f11-4d93-b5d0-df213edae47b tempest-VolumesActionsTest-6573195 tempest-VolumesActionsTest-6573195-project-member] Cannot determine image size because it is either not provided in the request or chunked-transfer encoding is used. Adding image as a segmented object to Swift. {{(pid=102627) add /opt/stack/data/venv/lib/python3.12/site-packages/glance_store/_drivers/swift/store.py:994}}
Jul 08 23:06:30.430305 np0000004850 devstack@g-api.service[102627]: DEBUG oslo_utils.imageutils.format_inspector [None req-ab3fdad5-3f11-4d93-b5d0-df213edae47b tempest-VolumesActionsTest-6573195 tempest-VolumesActionsTest-6573195-project-member] Format inspector for vmdk does not match, excluding from consideration (Signature KDMV not found: b'\x00\x00\x00\x00') {{(pid=102627) _process_chunk /opt/stack/data/venv/lib/python3.12/site-packages/oslo_utils/imageutils/format_inspector.py:1758}}
Jul 08 23:06:30.433123 np0000004850 devstack@g-api.service[102627]: DEBUG oslo_utils.imageutils.format_inspector [None req-ab3fdad5-3f11-4d93-b5d0-df213edae47b tempest-VolumesActionsTest-6573195 tempest-VolumesActionsTest-6573195-project-member] Format inspector for vhdx does not match, excluding from consideration (Region signature not found at 30000) {{(pid=102627) _process_chunk /opt/stack/data/venv/lib/python3.12/site-packages/oslo_utils/imageutils/format_inspector.py:1758}}
Jul 08 23:06:31.216579 np0000004850 devstack@g-api.service[102628]: DEBUG glance.api.middleware.version_negotiation [None req-400d555a-1222-4dac-88d3-f83a6ad259f8 tempest-VolumesActionsTest-6573195 tempest-VolumesActionsTest-6573195-project-member] Determining version of request: GET /v2/images/f14c648a-2de0-4be4-9b42-baec2718a8a8 Accept: application/json {{(pid=102628) process_request /opt/stack/glance/glance/api/middleware/version_negotiation.py:44}}
Jul 08 23:06:31.217135 np0000004850 devstack@g-api.service[102628]: DEBUG glance.api.middleware.version_negotiation [None req-400d555a-1222-4dac-88d3-f83a6ad259f8 tempest-VolumesActionsTest-6573195 tempest-VolumesActionsTest-6573195-project-member] Using url versioning {{(pid=102628) process_request /opt/stack/glance/glance/api/middleware/version_negotiation.py:57}}
Jul 08 23:06:31.217135 np0000004850 devstack@g-api.service[102628]: DEBUG glance.api.middleware.version_negotiation [None req-400d555a-1222-4dac-88d3-f83a6ad259f8 tempest-VolumesActionsTest-6573195 tempest-VolumesActionsTest-6573195-project-member] Matched version: v2 {{(pid=102628) process_request /opt/stack/glance/glance/api/middleware/version_negotiation.py:69}}
Jul 08 23:06:31.217135 np0000004850 devstack@g-api.service[102628]: DEBUG glance.api.middleware.version_negotiation [None req-400d555a-1222-4dac-88d3-f83a6ad259f8 tempest-VolumesActionsTest-6573195 tempest-VolumesActionsTest-6573195-project-member] new path /v2/images/f14c648a-2de0-4be4-9b42-baec2718a8a8 {{(pid=102628) process_request /opt/stack/glance/glance/api/middleware/version_negotiation.py:70}}
Jul 08 23:06:31.238791 np0000004850 devstack@g-api.service[102628]: [pid: 102628|app: 0|req: 71/275] 127.0.0.1 () {40 vars in 838 bytes} [Wed Jul 8 23:06:31 2026] GET /v2/images/f14c648a-2de0-4be4-9b42-baec2718a8a8 => generated 649 bytes in 22 msecs (HTTP/1.1 200) 4 headers in 157 bytes (1 switches on core 0)
Jul 08 23:06:32.249947 np0000004850 devstack@g-api.service[102626]: DEBUG glance.api.middleware.version_negotiation [None req-26c26c32-839f-4024-afdd-f5d48b43e96d tempest-VolumesActionsTest-6573195 tempest-VolumesActionsTest-6573195-project-member] Determining version of request: GET /v2/images/f14c648a-2de0-4be4-9b42-baec2718a8a8 Accept: application/json {{(pid=102626) process_request /opt/stack/glance/glance/api/middleware/version_negotiation.py:44}}
Jul 08 23:06:32.249947 np0000004850 devstack@g-api.service[102626]: DEBUG glance.api.middleware.version_negotiation [None req-26c26c32-839f-4024-afdd-f5d48b43e96d tempest-VolumesActionsTest-6573195 tempest-VolumesActionsTest-6573195-project-member] Using url versioning {{(pid=102626) process_request /opt/stack/glance/glance/api/middleware/version_negotiation.py:57}}
Jul 08 23:06:32.251021 np0000004850 devstack@g-api.service[102626]: DEBUG glance.api.middleware.version_negotiation [None req-26c26c32-839f-4024-afdd-f5d48b43e96d tempest-VolumesActionsTest-6573195 tempest-VolumesActionsTest-6573195-project-member] Matched version: v2 {{(pid=102626) process_request /opt/stack/glance/glance/api/middleware/version_negotiation.py:69}}
Jul 08 23:06:32.251224 np0000004850 devstack@g-api.service[102626]: DEBUG glance.api.middleware.version_negotiation [None req-26c26c32-839f-4024-afdd-f5d48b43e96d tempest-VolumesActionsTest-6573195 tempest-VolumesActionsTest-6573195-project-member] new path /v2/images/f14c648a-2de0-4be4-9b42-baec2718a8a8 {{(pid=102626) process_request /opt/stack/glance/glance/api/middleware/version_negotiation.py:70}}
Jul 08 23:06:32.270360 np0000004850 devstack@g-api.service[102626]: [pid: 102626|app: 0|req: 69/276] 127.0.0.1 () {40 vars in 838 bytes} [Wed Jul 8 23:06:32 2026] GET /v2/images/f14c648a-2de0-4be4-9b42-baec2718a8a8 => generated 649 bytes in 21 msecs (HTTP/1.1 200) 4 headers in 157 bytes (1 switches on core 0)
Jul 08 23:06:32.547861 np0000004850 devstack@g-api.service[102625]: DEBUG glance.api.middleware.version_negotiation [None req-5e6448e6-e3d8-428b-9503-6649b78c238a tempest-VolumesActionsTest-6573195 tempest-VolumesActionsTest-6573195-project-member] Determining version of request: GET /v2/images/35842783-10b1-4ea0-8a95-a9d6f14c8aae Accept: */* {{(pid=102625) process_request /opt/stack/glance/glance/api/middleware/version_negotiation.py:44}}
Jul 08 23:06:32.547861 np0000004850 devstack@g-api.service[102625]: DEBUG glance.api.middleware.version_negotiation [None req-5e6448e6-e3d8-428b-9503-6649b78c238a tempest-VolumesActionsTest-6573195 tempest-VolumesActionsTest-6573195-project-member] Using url versioning {{(pid=102625) process_request /opt/stack/glance/glance/api/middleware/version_negotiation.py:57}}
Jul 08 23:06:32.548487 np0000004850 devstack@g-api.service[102625]: DEBUG glance.api.middleware.version_negotiation [None req-5e6448e6-e3d8-428b-9503-6649b78c238a tempest-VolumesActionsTest-6573195 tempest-VolumesActionsTest-6573195-project-member] Matched version: v2 {{(pid=102625) process_request /opt/stack/glance/glance/api/middleware/version_negotiation.py:69}}
Jul 08 23:06:32.548487 np0000004850 devstack@g-api.service[102625]: DEBUG glance.api.middleware.version_negotiation [None req-5e6448e6-e3d8-428b-9503-6649b78c238a tempest-VolumesActionsTest-6573195 tempest-VolumesActionsTest-6573195-project-member] new path /v2/images/35842783-10b1-4ea0-8a95-a9d6f14c8aae {{(pid=102625) process_request /opt/stack/glance/glance/api/middleware/version_negotiation.py:70}}
Jul 08 23:06:32.568758 np0000004850 devstack@g-api.service[102625]: [pid: 102625|app: 0|req: 70/277] 127.0.0.1 () {44 vars in 1115 bytes} [Wed Jul 8 23:06:32 2026] GET /v2/images/35842783-10b1-4ea0-8a95-a9d6f14c8aae => generated 1044 bytes in 21 msecs (HTTP/1.1 200) 4 headers in 158 bytes (1 switches on core 0)
Jul 08 23:06:32.614168 np0000004850 devstack@g-api.service[102628]: DEBUG glance.api.middleware.version_negotiation [None req-cf45e82d-5d6e-4a9c-bd2e-7764dfabef53 tempest-VolumesActionsTest-6573195 tempest-VolumesActionsTest-6573195-project-member] Determining version of request: GET /v2/schemas/image Accept: */* {{(pid=102628) process_request /opt/stack/glance/glance/api/middleware/version_negotiation.py:44}}
Jul 08 23:06:32.614598 np0000004850 devstack@g-api.service[102628]: DEBUG glance.api.middleware.version_negotiation [None req-cf45e82d-5d6e-4a9c-bd2e-7764dfabef53 tempest-VolumesActionsTest-6573195 tempest-VolumesActionsTest-6573195-project-member] Using url versioning {{(pid=102628) process_request /opt/stack/glance/glance/api/middleware/version_negotiation.py:57}}
Jul 08 23:06:32.614879 np0000004850 devstack@g-api.service[102628]: DEBUG glance.api.middleware.version_negotiation [None req-cf45e82d-5d6e-4a9c-bd2e-7764dfabef53 tempest-VolumesActionsTest-6573195 tempest-VolumesActionsTest-6573195-project-member] Matched version: v2 {{(pid=102628) process_request /opt/stack/glance/glance/api/middleware/version_negotiation.py:69}}
Jul 08 23:06:32.615054 np0000004850 devstack@g-api.service[102628]: DEBUG glance.api.middleware.version_negotiation [None req-cf45e82d-5d6e-4a9c-bd2e-7764dfabef53 tempest-VolumesActionsTest-6573195 tempest-VolumesActionsTest-6573195-project-member] new path /v2/schemas/image {{(pid=102628) process_request /opt/stack/glance/glance/api/middleware/version_negotiation.py:70}}
Jul 08 23:06:32.618650 np0000004850 devstack@g-api.service[102628]: [pid: 102628|app: 0|req: 72/278] 127.0.0.1 () {44 vars in 1055 bytes} [Wed Jul 8 23:06:32 2026] GET /v2/schemas/image => generated 6083 bytes in 5 msecs (HTTP/1.1 200) 4 headers in 158 bytes (1 switches on core 0)
Jul 08 23:06:32.911265 np0000004850 devstack@g-api.service[102627]: DEBUG swiftclient [None req-ab3fdad5-3f11-4d93-b5d0-df213edae47b tempest-VolumesActionsTest-6573195 tempest-VolumesActionsTest-6573195-project-member] REQ: curl -i https://10.4.3.176:8080/v1/AUTH_5eefc608ca6f42969dffb8925ac209c7/glance/f14c648a-2de0-4be4-9b42-baec2718a8a8-00001 -X PUT -H "X-Auth-Token: gAAAAABqTtf2LD2q..." {{(pid=102627) http_log /opt/stack/data/venv/lib/python3.12/site-packages/swiftclient/client.py:160}}
Jul 08 23:06:32.911718 np0000004850 devstack@g-api.service[102627]: DEBUG swiftclient [None req-ab3fdad5-3f11-4d93-b5d0-df213edae47b tempest-VolumesActionsTest-6573195 tempest-VolumesActionsTest-6573195-project-member] RESP STATUS: 201 Created {{(pid=102627) http_log /opt/stack/data/venv/lib/python3.12/site-packages/swiftclient/client.py:161}}
Jul 08 23:06:32.911718 np0000004850 devstack@g-api.service[102627]: DEBUG swiftclient [None req-ab3fdad5-3f11-4d93-b5d0-df213edae47b tempest-VolumesActionsTest-6573195 tempest-VolumesActionsTest-6573195-project-member] RESP HEADERS: {'Date': 'Wed, 08 Jul 2026 23:06:32 GMT', 'Server': 'Apache/2.4.58 (Ubuntu)', 'Content-Type': 'text/html; charset=UTF-8', 'Content-Length': '0', 'Etag': 'eda9a9889837ac4bc81d6387d92c1bec', 'Last-Modified': 'Wed, 08 Jul 2026 23:06:31 GMT', 'X-Trans-Id': 'tx35ff5a6579c04e489a90b-006a4ed7f6', 'X-Openstack-Request-Id': 'tx35ff5a6579c04e489a90b-006a4ed7f6', 'Connection': 'close'} {{(pid=102627) http_log /opt/stack/data/venv/lib/python3.12/site-packages/swiftclient/client.py:162}}
Jul 08 23:06:32.911718 np0000004850 devstack@g-api.service[102627]: DEBUG glance_store._drivers.swift.store [None req-ab3fdad5-3f11-4d93-b5d0-df213edae47b tempest-VolumesActionsTest-6573195 tempest-VolumesActionsTest-6573195-project-member] Wrote chunk f14c648a-2de0-4be4-9b42-baec2718a8a8-00001 (1/?) of length 204800000 to Swift returning MD5 of content: eda9a9889837ac4bc81d6387d92c1bec {{(pid=102627) add /opt/stack/data/venv/lib/python3.12/site-packages/glance_store/_drivers/swift/store.py:1059}}
