Jul 08 22:59:30.583424 np0000004850 systemd[1]: Starting devstack@n-api-meta.service - Devstack devstack@n-api-meta.service...
Jul 08 22:59:30.589367 np0000004850 devstack@n-api-meta.service[95682]: [uWSGI] getting INI configuration from /etc/nova/nova-metadata-uwsgi.ini
Jul 08 22:59:30.591712 np0000004850 devstack@n-api-meta.service[95682]: *** Starting uWSGI 2.0.24-debian (64bit) on [Wed Jul 8 22:59:30 2026] ***
Jul 08 22:59:30.591712 np0000004850 devstack@n-api-meta.service[95682]: compiled with version: 13.2.0 on 17 April 2024 16:23:48
Jul 08 22:59:30.591712 np0000004850 devstack@n-api-meta.service[95682]: os: Linux-6.8.0-100-generic #100-Ubuntu SMP PREEMPT_DYNAMIC Tue Jan 13 16:40:06 UTC 2026
Jul 08 22:59:30.591712 np0000004850 devstack@n-api-meta.service[95682]: nodename: np0000004850
Jul 08 22:59:30.591712 np0000004850 devstack@n-api-meta.service[95682]: machine: x86_64
Jul 08 22:59:30.591712 np0000004850 devstack@n-api-meta.service[95682]: clock source: unix
Jul 08 22:59:30.591712 np0000004850 devstack@n-api-meta.service[95682]: pcre jit disabled
Jul 08 22:59:30.591712 np0000004850 devstack@n-api-meta.service[95682]: detected number of CPU cores: 16
Jul 08 22:59:30.591712 np0000004850 devstack@n-api-meta.service[95682]: current working directory: /
Jul 08 22:59:30.591712 np0000004850 devstack@n-api-meta.service[95682]: detected binary path: /usr/bin/uwsgi-core
Jul 08 22:59:30.591712 np0000004850 devstack@n-api-meta.service[95682]: your processes number limit is 257052
Jul 08 22:59:30.591712 np0000004850 devstack@n-api-meta.service[95682]: your memory page size is 4096 bytes
Jul 08 22:59:30.591712 np0000004850 devstack@n-api-meta.service[95682]: detected max file descriptor number: 2048
Jul 08 22:59:30.591712 np0000004850 devstack@n-api-meta.service[95682]: lock engine: pthread robust mutexes
Jul 08 22:59:30.592181 np0000004850 devstack@n-api-meta.service[95682]: thunder lock: enabled
Jul 08 22:59:30.592181 np0000004850 devstack@n-api-meta.service[95682]: uWSGI http bound on 0.0.0.0:8775 fd 5
Jul 08 22:59:30.592264 np0000004850 devstack@n-api-meta.service[95682]: uwsgi socket 0 bound to TCP address 127.0.0.1:39625 (port auto-assigned) fd 4
Jul 08 22:59:30.592264 np0000004850 devstack@n-api-meta.service[95682]: Python version: 3.12.3 (main, Jun 19 2026, 12:46:00) [GCC 13.3.0]
Jul 08 22:59:30.592264 np0000004850 devstack@n-api-meta.service[95682]: PEP 405 virtualenv detected: /opt/stack/data/venv
Jul 08 22:59:30.592264 np0000004850 devstack@n-api-meta.service[95682]: Set PythonHome to /opt/stack/data/venv
Jul 08 22:59:30.626748 np0000004850 devstack@n-api-meta.service[95682]: Python main interpreter initialized at 0x7247940a4668
Jul 08 22:59:30.626748 np0000004850 devstack@n-api-meta.service[95682]: python threads support enabled
Jul 08 22:59:30.626748 np0000004850 devstack@n-api-meta.service[95682]: your server socket listen backlog is limited to 100 connections
Jul 08 22:59:30.626748 np0000004850 devstack@n-api-meta.service[95682]: your mercy for graceful operations on workers is 80 seconds
Jul 08 22:59:30.627332 np0000004850 devstack@n-api-meta.service[95682]: mapped 671795 bytes (656 KB) for 4 cores
Jul 08 22:59:30.627505 np0000004850 devstack@n-api-meta.service[95682]: *** Operational MODE: preforking ***
Jul 08 22:59:30.627702 np0000004850 devstack@n-api-meta.service[95682]: *** uWSGI is running in multiple interpreter mode ***
Jul 08 22:59:30.627702 np0000004850 devstack@n-api-meta.service[95682]: spawned uWSGI master process (pid: 95682)
Jul 08 22:59:30.627891 np0000004850 systemd[1]: Started devstack@n-api-meta.service - Devstack devstack@n-api-meta.service.
Jul 08 22:59:30.628265 np0000004850 devstack@n-api-meta.service[95682]: spawned uWSGI worker 1 (pid: 95683, cores: 1)
Jul 08 22:59:30.628708 np0000004850 devstack@n-api-meta.service[95682]: spawned uWSGI worker 2 (pid: 95684, cores: 1)
Jul 08 22:59:30.629272 np0000004850 devstack@n-api-meta.service[95682]: spawned uWSGI worker 3 (pid: 95685, cores: 1)
Jul 08 22:59:30.629906 np0000004850 devstack@n-api-meta.service[95682]: spawned uWSGI worker 4 (pid: 95686, cores: 1)
Jul 08 22:59:30.630398 np0000004850 devstack@n-api-meta.service[95682]: spawned uWSGI http 1 (pid: 95687)
Jul 08 22:59:30.630398 np0000004850 devstack@n-api-meta.service[95682]: running "unix_signal:15 gracefully_kill_them_all" (master-start)...
Jul 08 22:59:32.322847 np0000004850 devstack@n-api-meta.service[95685]: INFO dbcounter [None req-32919680-ad22-45fd-a5b6-af0f674d4ef8 None None] Registered counter for database nova_api
Jul 08 22:59:32.332610 np0000004850 devstack@n-api-meta.service[95683]: INFO dbcounter [None req-473d48a9-f5fd-417e-9cd0-432bbc055169 None None] Registered counter for database nova_api
Jul 08 22:59:32.350729 np0000004850 devstack@n-api-meta.service[95686]: INFO dbcounter [None req-2f49b5ae-6343-403b-8a41-839d86aac5d1 None None] Registered counter for database nova_api
Jul 08 22:59:32.375003 np0000004850 devstack@n-api-meta.service[95684]: INFO dbcounter [None req-4439310e-a316-4e2b-ae50-1fd50c406087 None None] Registered counter for database nova_api
Jul 08 22:59:32.375680 np0000004850 devstack@n-api-meta.service[95683]: DEBUG oslo_db.sqlalchemy.engines [None req-473d48a9-f5fd-417e-9cd0-432bbc055169 None None] MySQL server mode set to STRICT_TRANS_TABLES,STRICT_ALL_TABLES,NO_ZERO_IN_DATE,NO_ZERO_DATE,ERROR_FOR_DIVISION_BY_ZERO,TRADITIONAL,NO_ENGINE_SUBSTITUTION {{(pid=95683) _check_effective_sql_mode /opt/stack/data/venv/lib/python3.12/site-packages/oslo_db/sqlalchemy/engines.py:325}}
Jul 08 22:59:32.392124 np0000004850 devstack@n-api-meta.service[95685]: DEBUG oslo_db.sqlalchemy.engines [None req-32919680-ad22-45fd-a5b6-af0f674d4ef8 None None] MySQL server mode set to STRICT_TRANS_TABLES,STRICT_ALL_TABLES,NO_ZERO_IN_DATE,NO_ZERO_DATE,ERROR_FOR_DIVISION_BY_ZERO,TRADITIONAL,NO_ENGINE_SUBSTITUTION {{(pid=95685) _check_effective_sql_mode /opt/stack/data/venv/lib/python3.12/site-packages/oslo_db/sqlalchemy/engines.py:325}}
Jul 08 22:59:32.395318 np0000004850 devstack@n-api-meta.service[95686]: DEBUG oslo_db.sqlalchemy.engines [None req-2f49b5ae-6343-403b-8a41-839d86aac5d1 None None] MySQL server mode set to STRICT_TRANS_TABLES,STRICT_ALL_TABLES,NO_ZERO_IN_DATE,NO_ZERO_DATE,ERROR_FOR_DIVISION_BY_ZERO,TRADITIONAL,NO_ENGINE_SUBSTITUTION {{(pid=95686) _check_effective_sql_mode /opt/stack/data/venv/lib/python3.12/site-packages/oslo_db/sqlalchemy/engines.py:325}}
Jul 08 22:59:32.412000 np0000004850 devstack@n-api-meta.service[95683]: DEBUG dbcounter [-] [95683] Writer thread running {{(pid=95683) stat_writer /opt/stack/data/venv/lib/python3.12/site-packages/dbcounter.py:102}}
Jul 08 22:59:32.414797 np0000004850 devstack@n-api-meta.service[95683]: DEBUG nova.context [None req-473d48a9-f5fd-417e-9cd0-432bbc055169 None None] Found 2 cells: 00000000-0000-0000-0000-000000000000(cell0),880bd953-64df-4a42-8bff-f2dbbb0a40c2(cell1) {{(pid=95683) load_cells /opt/stack/nova/nova/context.py:509}}
Jul 08 22:59:32.415100 np0000004850 devstack@n-api-meta.service[95683]: INFO nova.utils [None req-473d48a9-f5fd-417e-9cd0-432bbc055169 None None] The cell worker thread pool MainProcess.cell_worker is initialized
Jul 08 22:59:32.417574 np0000004850 devstack@n-api-meta.service[95683]: DEBUG oslo_concurrency.lockutils [None req-473d48a9-f5fd-417e-9cd0-432bbc055169 None None] Acquiring lock "00000000-0000-0000-0000-000000000000" by "nova.context.set_target_cell..get_or_set_cached_cell_and_set_connections" {{(pid=95683) inner /opt/stack/data/venv/lib/python3.12/site-packages/oslo_concurrency/lockutils.py:511}}
Jul 08 22:59:32.417704 np0000004850 devstack@n-api-meta.service[95684]: DEBUG oslo_db.sqlalchemy.engines [None req-4439310e-a316-4e2b-ae50-1fd50c406087 None None] MySQL server mode set to STRICT_TRANS_TABLES,STRICT_ALL_TABLES,NO_ZERO_IN_DATE,NO_ZERO_DATE,ERROR_FOR_DIVISION_BY_ZERO,TRADITIONAL,NO_ENGINE_SUBSTITUTION {{(pid=95684) _check_effective_sql_mode /opt/stack/data/venv/lib/python3.12/site-packages/oslo_db/sqlalchemy/engines.py:325}}
Jul 08 22:59:32.417800 np0000004850 devstack@n-api-meta.service[95683]: DEBUG oslo_concurrency.lockutils [None req-473d48a9-f5fd-417e-9cd0-432bbc055169 None None] Lock "00000000-0000-0000-0000-000000000000" acquired by "nova.context.set_target_cell..get_or_set_cached_cell_and_set_connections" :: waited 0.000s {{(pid=95683) inner /opt/stack/data/venv/lib/python3.12/site-packages/oslo_concurrency/lockutils.py:524}}
Jul 08 22:59:32.418286 np0000004850 devstack@n-api-meta.service[95683]: DEBUG oslo_concurrency.lockutils [None req-473d48a9-f5fd-417e-9cd0-432bbc055169 None None] Lock "00000000-0000-0000-0000-000000000000" "released" by "nova.context.set_target_cell..get_or_set_cached_cell_and_set_connections" :: held 0.000s {{(pid=95683) inner /opt/stack/data/venv/lib/python3.12/site-packages/oslo_concurrency/lockutils.py:543}}
Jul 08 22:59:32.419020 np0000004850 devstack@n-api-meta.service[95683]: DEBUG oslo_concurrency.lockutils [None req-473d48a9-f5fd-417e-9cd0-432bbc055169 None None] Acquiring lock "880bd953-64df-4a42-8bff-f2dbbb0a40c2" by "nova.context.set_target_cell..get_or_set_cached_cell_and_set_connections" {{(pid=95683) inner /opt/stack/data/venv/lib/python3.12/site-packages/oslo_concurrency/lockutils.py:511}}
Jul 08 22:59:32.419250 np0000004850 devstack@n-api-meta.service[95683]: DEBUG oslo_concurrency.lockutils [None req-473d48a9-f5fd-417e-9cd0-432bbc055169 None None] Lock "880bd953-64df-4a42-8bff-f2dbbb0a40c2" acquired by "nova.context.set_target_cell..get_or_set_cached_cell_and_set_connections" :: waited 0.000s {{(pid=95683) inner /opt/stack/data/venv/lib/python3.12/site-packages/oslo_concurrency/lockutils.py:524}}
Jul 08 22:59:32.420470 np0000004850 devstack@n-api-meta.service[95683]: DEBUG oslo_concurrency.lockutils [None req-473d48a9-f5fd-417e-9cd0-432bbc055169 None None] Lock "880bd953-64df-4a42-8bff-f2dbbb0a40c2" "released" by "nova.context.set_target_cell..get_or_set_cached_cell_and_set_connections" :: held 0.001s {{(pid=95683) inner /opt/stack/data/venv/lib/python3.12/site-packages/oslo_concurrency/lockutils.py:543}}
Jul 08 22:59:32.421881 np0000004850 devstack@n-api-meta.service[95683]: INFO dbcounter [None req-473d48a9-f5fd-417e-9cd0-432bbc055169 None None] Registered counter for database nova_cell0
Jul 08 22:59:32.423802 np0000004850 devstack@n-api-meta.service[95685]: DEBUG dbcounter [-] [95685] Writer thread running {{(pid=95685) stat_writer /opt/stack/data/venv/lib/python3.12/site-packages/dbcounter.py:102}}
Jul 08 22:59:32.424663 np0000004850 devstack@n-api-meta.service[95683]: INFO dbcounter [None req-473d48a9-f5fd-417e-9cd0-432bbc055169 None None] Registered counter for database nova_cell1
Jul 08 22:59:32.429327 np0000004850 devstack@n-api-meta.service[95685]: DEBUG nova.context [None req-32919680-ad22-45fd-a5b6-af0f674d4ef8 None None] Found 2 cells: 00000000-0000-0000-0000-000000000000(cell0),880bd953-64df-4a42-8bff-f2dbbb0a40c2(cell1) {{(pid=95685) load_cells /opt/stack/nova/nova/context.py:509}}
Jul 08 22:59:32.429594 np0000004850 devstack@n-api-meta.service[95685]: INFO nova.utils [None req-32919680-ad22-45fd-a5b6-af0f674d4ef8 None None] The cell worker thread pool MainProcess.cell_worker is initialized
Jul 08 22:59:32.432247 np0000004850 devstack@n-api-meta.service[95685]: DEBUG oslo_concurrency.lockutils [None req-32919680-ad22-45fd-a5b6-af0f674d4ef8 None None] Acquiring lock "00000000-0000-0000-0000-000000000000" by "nova.context.set_target_cell..get_or_set_cached_cell_and_set_connections" {{(pid=95685) inner /opt/stack/data/venv/lib/python3.12/site-packages/oslo_concurrency/lockutils.py:511}}
Jul 08 22:59:32.432493 np0000004850 devstack@n-api-meta.service[95685]: DEBUG oslo_concurrency.lockutils [None req-32919680-ad22-45fd-a5b6-af0f674d4ef8 None None] Lock "00000000-0000-0000-0000-000000000000" acquired by "nova.context.set_target_cell..get_or_set_cached_cell_and_set_connections" :: waited 0.000s {{(pid=95685) inner /opt/stack/data/venv/lib/python3.12/site-packages/oslo_concurrency/lockutils.py:524}}
Jul 08 22:59:32.433944 np0000004850 devstack@n-api-meta.service[95685]: DEBUG oslo_concurrency.lockutils [None req-32919680-ad22-45fd-a5b6-af0f674d4ef8 None None] Lock "00000000-0000-0000-0000-000000000000" "released" by "nova.context.set_target_cell..get_or_set_cached_cell_and_set_connections" :: held 0.001s {{(pid=95685) inner /opt/stack/data/venv/lib/python3.12/site-packages/oslo_concurrency/lockutils.py:543}}
Jul 08 22:59:32.434022 np0000004850 devstack@n-api-meta.service[95685]: DEBUG oslo_concurrency.lockutils [None req-32919680-ad22-45fd-a5b6-af0f674d4ef8 None None] Acquiring lock "880bd953-64df-4a42-8bff-f2dbbb0a40c2" by "nova.context.set_target_cell..get_or_set_cached_cell_and_set_connections" {{(pid=95685) inner /opt/stack/data/venv/lib/python3.12/site-packages/oslo_concurrency/lockutils.py:511}}
Jul 08 22:59:32.434240 np0000004850 devstack@n-api-meta.service[95685]: DEBUG oslo_concurrency.lockutils [None req-32919680-ad22-45fd-a5b6-af0f674d4ef8 None None] Lock "880bd953-64df-4a42-8bff-f2dbbb0a40c2" acquired by "nova.context.set_target_cell..get_or_set_cached_cell_and_set_connections" :: waited 0.000s {{(pid=95685) inner /opt/stack/data/venv/lib/python3.12/site-packages/oslo_concurrency/lockutils.py:524}}
Jul 08 22:59:32.435719 np0000004850 devstack@n-api-meta.service[95686]: DEBUG dbcounter [-] [95686] Writer thread running {{(pid=95686) stat_writer /opt/stack/data/venv/lib/python3.12/site-packages/dbcounter.py:102}}
Jul 08 22:59:32.437336 np0000004850 devstack@n-api-meta.service[95685]: INFO dbcounter [None req-32919680-ad22-45fd-a5b6-af0f674d4ef8 None None] Registered counter for database nova_cell0
Jul 08 22:59:32.437729 np0000004850 devstack@n-api-meta.service[95686]: DEBUG nova.context [None req-2f49b5ae-6343-403b-8a41-839d86aac5d1 None None] Found 2 cells: 00000000-0000-0000-0000-000000000000(cell0),880bd953-64df-4a42-8bff-f2dbbb0a40c2(cell1) {{(pid=95686) load_cells /opt/stack/nova/nova/context.py:509}}
Jul 08 22:59:32.438018 np0000004850 devstack@n-api-meta.service[95686]: INFO nova.utils [None req-2f49b5ae-6343-403b-8a41-839d86aac5d1 None None] The cell worker thread pool MainProcess.cell_worker is initialized
Jul 08 22:59:32.439610 np0000004850 devstack@n-api-meta.service[95685]: DEBUG oslo_concurrency.lockutils [None req-32919680-ad22-45fd-a5b6-af0f674d4ef8 None None] Lock "880bd953-64df-4a42-8bff-f2dbbb0a40c2" "released" by "nova.context.set_target_cell..get_or_set_cached_cell_and_set_connections" :: held 0.003s {{(pid=95685) inner /opt/stack/data/venv/lib/python3.12/site-packages/oslo_concurrency/lockutils.py:543}}
Jul 08 22:59:32.439793 np0000004850 devstack@n-api-meta.service[95686]: DEBUG oslo_concurrency.lockutils [None req-2f49b5ae-6343-403b-8a41-839d86aac5d1 None None] Acquiring lock "00000000-0000-0000-0000-000000000000" by "nova.context.set_target_cell..get_or_set_cached_cell_and_set_connections" {{(pid=95686) inner /opt/stack/data/venv/lib/python3.12/site-packages/oslo_concurrency/lockutils.py:511}}
Jul 08 22:59:32.439994 np0000004850 devstack@n-api-meta.service[95686]: DEBUG oslo_concurrency.lockutils [None req-2f49b5ae-6343-403b-8a41-839d86aac5d1 None None] Lock "00000000-0000-0000-0000-000000000000" acquired by "nova.context.set_target_cell..get_or_set_cached_cell_and_set_connections" :: waited 0.000s {{(pid=95686) inner /opt/stack/data/venv/lib/python3.12/site-packages/oslo_concurrency/lockutils.py:524}}
Jul 08 22:59:32.440419 np0000004850 devstack@n-api-meta.service[95686]: DEBUG oslo_concurrency.lockutils [None req-2f49b5ae-6343-403b-8a41-839d86aac5d1 None None] Lock "00000000-0000-0000-0000-000000000000" "released" by "nova.context.set_target_cell..get_or_set_cached_cell_and_set_connections" :: held 0.000s {{(pid=95686) inner /opt/stack/data/venv/lib/python3.12/site-packages/oslo_concurrency/lockutils.py:543}}
Jul 08 22:59:32.442115 np0000004850 devstack@n-api-meta.service[95686]: DEBUG oslo_concurrency.lockutils [None req-2f49b5ae-6343-403b-8a41-839d86aac5d1 None None] Acquiring lock "880bd953-64df-4a42-8bff-f2dbbb0a40c2" by "nova.context.set_target_cell..get_or_set_cached_cell_and_set_connections" {{(pid=95686) inner /opt/stack/data/venv/lib/python3.12/site-packages/oslo_concurrency/lockutils.py:511}}
Jul 08 22:59:32.442115 np0000004850 devstack@n-api-meta.service[95686]: DEBUG oslo_concurrency.lockutils [None req-2f49b5ae-6343-403b-8a41-839d86aac5d1 None None] Lock "880bd953-64df-4a42-8bff-f2dbbb0a40c2" acquired by "nova.context.set_target_cell..get_or_set_cached_cell_and_set_connections" :: waited 0.000s {{(pid=95686) inner /opt/stack/data/venv/lib/python3.12/site-packages/oslo_concurrency/lockutils.py:524}}
Jul 08 22:59:32.442278 np0000004850 devstack@n-api-meta.service[95685]: INFO dbcounter [None req-32919680-ad22-45fd-a5b6-af0f674d4ef8 None None] Registered counter for database nova_cell1
Jul 08 22:59:32.442327 np0000004850 devstack@n-api-meta.service[95686]: DEBUG oslo_concurrency.lockutils [None req-2f49b5ae-6343-403b-8a41-839d86aac5d1 None None] Lock "880bd953-64df-4a42-8bff-f2dbbb0a40c2" "released" by "nova.context.set_target_cell..get_or_set_cached_cell_and_set_connections" :: held 0.001s {{(pid=95686) inner /opt/stack/data/venv/lib/python3.12/site-packages/oslo_concurrency/lockutils.py:543}}
Jul 08 22:59:32.443991 np0000004850 devstack@n-api-meta.service[95686]: INFO dbcounter [None req-2f49b5ae-6343-403b-8a41-839d86aac5d1 None None] Registered counter for database nova_cell0
Jul 08 22:59:32.447872 np0000004850 devstack@n-api-meta.service[95684]: DEBUG dbcounter [-] [95684] Writer thread running {{(pid=95684) stat_writer /opt/stack/data/venv/lib/python3.12/site-packages/dbcounter.py:102}}
Jul 08 22:59:32.448110 np0000004850 devstack@n-api-meta.service[95686]: INFO dbcounter [None req-2f49b5ae-6343-403b-8a41-839d86aac5d1 None None] Registered counter for database nova_cell1
Jul 08 22:59:32.450587 np0000004850 devstack@n-api-meta.service[95684]: DEBUG nova.context [None req-4439310e-a316-4e2b-ae50-1fd50c406087 None None] Found 2 cells: 00000000-0000-0000-0000-000000000000(cell0),880bd953-64df-4a42-8bff-f2dbbb0a40c2(cell1) {{(pid=95684) load_cells /opt/stack/nova/nova/context.py:509}}
Jul 08 22:59:32.450587 np0000004850 devstack@n-api-meta.service[95684]: INFO nova.utils [None req-4439310e-a316-4e2b-ae50-1fd50c406087 None None] The cell worker thread pool MainProcess.cell_worker is initialized
Jul 08 22:59:32.452409 np0000004850 devstack@n-api-meta.service[95684]: DEBUG oslo_concurrency.lockutils [None req-4439310e-a316-4e2b-ae50-1fd50c406087 None None] Acquiring lock "00000000-0000-0000-0000-000000000000" by "nova.context.set_target_cell..get_or_set_cached_cell_and_set_connections" {{(pid=95684) inner /opt/stack/data/venv/lib/python3.12/site-packages/oslo_concurrency/lockutils.py:511}}
Jul 08 22:59:32.452542 np0000004850 devstack@n-api-meta.service[95684]: DEBUG oslo_concurrency.lockutils [None req-4439310e-a316-4e2b-ae50-1fd50c406087 None None] Lock "00000000-0000-0000-0000-000000000000" acquired by "nova.context.set_target_cell..get_or_set_cached_cell_and_set_connections" :: waited 0.000s {{(pid=95684) inner /opt/stack/data/venv/lib/python3.12/site-packages/oslo_concurrency/lockutils.py:524}}
Jul 08 22:59:32.452878 np0000004850 devstack@n-api-meta.service[95684]: DEBUG oslo_concurrency.lockutils [None req-4439310e-a316-4e2b-ae50-1fd50c406087 None None] Lock "00000000-0000-0000-0000-000000000000" "released" by "nova.context.set_target_cell..get_or_set_cached_cell_and_set_connections" :: held 0.000s {{(pid=95684) inner /opt/stack/data/venv/lib/python3.12/site-packages/oslo_concurrency/lockutils.py:543}}
Jul 08 22:59:32.453399 np0000004850 devstack@n-api-meta.service[95684]: DEBUG oslo_concurrency.lockutils [None req-4439310e-a316-4e2b-ae50-1fd50c406087 None None] Acquiring lock "880bd953-64df-4a42-8bff-f2dbbb0a40c2" by "nova.context.set_target_cell..get_or_set_cached_cell_and_set_connections" {{(pid=95684) inner /opt/stack/data/venv/lib/python3.12/site-packages/oslo_concurrency/lockutils.py:511}}
Jul 08 22:59:32.453541 np0000004850 devstack@n-api-meta.service[95684]: DEBUG oslo_concurrency.lockutils [None req-4439310e-a316-4e2b-ae50-1fd50c406087 None None] Lock "880bd953-64df-4a42-8bff-f2dbbb0a40c2" acquired by "nova.context.set_target_cell..get_or_set_cached_cell_and_set_connections" :: waited 0.000s {{(pid=95684) inner /opt/stack/data/venv/lib/python3.12/site-packages/oslo_concurrency/lockutils.py:524}}
Jul 08 22:59:32.454269 np0000004850 devstack@n-api-meta.service[95684]: DEBUG oslo_concurrency.lockutils [None req-4439310e-a316-4e2b-ae50-1fd50c406087 None None] Lock "880bd953-64df-4a42-8bff-f2dbbb0a40c2" "released" by "nova.context.set_target_cell..get_or_set_cached_cell_and_set_connections" :: held 0.001s {{(pid=95684) inner /opt/stack/data/venv/lib/python3.12/site-packages/oslo_concurrency/lockutils.py:543}}
Jul 08 22:59:32.456879 np0000004850 devstack@n-api-meta.service[95684]: INFO dbcounter [None req-4439310e-a316-4e2b-ae50-1fd50c406087 None None] Registered counter for database nova_cell0
Jul 08 22:59:32.458134 np0000004850 devstack@n-api-meta.service[95684]: INFO dbcounter [None req-4439310e-a316-4e2b-ae50-1fd50c406087 None None] Registered counter for database nova_cell1
Jul 08 22:59:32.481022 np0000004850 devstack@n-api-meta.service[95683]: DEBUG oslo_db.sqlalchemy.engines [None req-473d48a9-f5fd-417e-9cd0-432bbc055169 None None] MySQL server mode set to STRICT_TRANS_TABLES,STRICT_ALL_TABLES,NO_ZERO_IN_DATE,NO_ZERO_DATE,ERROR_FOR_DIVISION_BY_ZERO,TRADITIONAL,NO_ENGINE_SUBSTITUTION {{(pid=95683) _check_effective_sql_mode /opt/stack/data/venv/lib/python3.12/site-packages/oslo_db/sqlalchemy/engines.py:325}}
Jul 08 22:59:32.486627 np0000004850 devstack@n-api-meta.service[95683]: DEBUG oslo_db.sqlalchemy.engines [None req-473d48a9-f5fd-417e-9cd0-432bbc055169 None None] MySQL server mode set to STRICT_TRANS_TABLES,STRICT_ALL_TABLES,NO_ZERO_IN_DATE,NO_ZERO_DATE,ERROR_FOR_DIVISION_BY_ZERO,TRADITIONAL,NO_ENGINE_SUBSTITUTION {{(pid=95683) _check_effective_sql_mode /opt/stack/data/venv/lib/python3.12/site-packages/oslo_db/sqlalchemy/engines.py:325}}
Jul 08 22:59:32.496781 np0000004850 devstack@n-api-meta.service[95685]: DEBUG oslo_db.sqlalchemy.engines [None req-32919680-ad22-45fd-a5b6-af0f674d4ef8 None None] MySQL server mode set to STRICT_TRANS_TABLES,STRICT_ALL_TABLES,NO_ZERO_IN_DATE,NO_ZERO_DATE,ERROR_FOR_DIVISION_BY_ZERO,TRADITIONAL,NO_ENGINE_SUBSTITUTION {{(pid=95685) _check_effective_sql_mode /opt/stack/data/venv/lib/python3.12/site-packages/oslo_db/sqlalchemy/engines.py:325}}
Jul 08 22:59:32.500850 np0000004850 devstack@n-api-meta.service[95685]: DEBUG oslo_db.sqlalchemy.engines [None req-32919680-ad22-45fd-a5b6-af0f674d4ef8 None None] MySQL server mode set to STRICT_TRANS_TABLES,STRICT_ALL_TABLES,NO_ZERO_IN_DATE,NO_ZERO_DATE,ERROR_FOR_DIVISION_BY_ZERO,TRADITIONAL,NO_ENGINE_SUBSTITUTION {{(pid=95685) _check_effective_sql_mode /opt/stack/data/venv/lib/python3.12/site-packages/oslo_db/sqlalchemy/engines.py:325}}
Jul 08 22:59:32.504386 np0000004850 devstack@n-api-meta.service[95686]: DEBUG oslo_db.sqlalchemy.engines [None req-2f49b5ae-6343-403b-8a41-839d86aac5d1 None None] MySQL server mode set to STRICT_TRANS_TABLES,STRICT_ALL_TABLES,NO_ZERO_IN_DATE,NO_ZERO_DATE,ERROR_FOR_DIVISION_BY_ZERO,TRADITIONAL,NO_ENGINE_SUBSTITUTION {{(pid=95686) _check_effective_sql_mode /opt/stack/data/venv/lib/python3.12/site-packages/oslo_db/sqlalchemy/engines.py:325}}
Jul 08 22:59:32.507699 np0000004850 devstack@n-api-meta.service[95686]: DEBUG oslo_db.sqlalchemy.engines [None req-2f49b5ae-6343-403b-8a41-839d86aac5d1 None None] MySQL server mode set to STRICT_TRANS_TABLES,STRICT_ALL_TABLES,NO_ZERO_IN_DATE,NO_ZERO_DATE,ERROR_FOR_DIVISION_BY_ZERO,TRADITIONAL,NO_ENGINE_SUBSTITUTION {{(pid=95686) _check_effective_sql_mode /opt/stack/data/venv/lib/python3.12/site-packages/oslo_db/sqlalchemy/engines.py:325}}
Jul 08 22:59:32.510574 np0000004850 devstack@n-api-meta.service[95684]: DEBUG oslo_db.sqlalchemy.engines [None req-4439310e-a316-4e2b-ae50-1fd50c406087 None None] MySQL server mode set to STRICT_TRANS_TABLES,STRICT_ALL_TABLES,NO_ZERO_IN_DATE,NO_ZERO_DATE,ERROR_FOR_DIVISION_BY_ZERO,TRADITIONAL,NO_ENGINE_SUBSTITUTION {{(pid=95684) _check_effective_sql_mode /opt/stack/data/venv/lib/python3.12/site-packages/oslo_db/sqlalchemy/engines.py:325}}
Jul 08 22:59:32.514548 np0000004850 devstack@n-api-meta.service[95684]: DEBUG oslo_db.sqlalchemy.engines [None req-4439310e-a316-4e2b-ae50-1fd50c406087 None None] MySQL server mode set to STRICT_TRANS_TABLES,STRICT_ALL_TABLES,NO_ZERO_IN_DATE,NO_ZERO_DATE,ERROR_FOR_DIVISION_BY_ZERO,TRADITIONAL,NO_ENGINE_SUBSTITUTION {{(pid=95684) _check_effective_sql_mode /opt/stack/data/venv/lib/python3.12/site-packages/oslo_db/sqlalchemy/engines.py:325}}
Jul 08 22:59:32.594909 np0000004850 devstack@n-api-meta.service[95685]: DEBUG dbcounter [-] [95685] Writer thread running {{(pid=95685) stat_writer /opt/stack/data/venv/lib/python3.12/site-packages/dbcounter.py:102}}
Jul 08 22:59:32.596129 np0000004850 devstack@n-api-meta.service[95685]: DEBUG dbcounter [-] [95685] Writer thread running {{(pid=95685) stat_writer /opt/stack/data/venv/lib/python3.12/site-packages/dbcounter.py:102}}
Jul 08 22:59:32.599585 np0000004850 devstack@n-api-meta.service[95685]: INFO dbcounter [None req-32919680-ad22-45fd-a5b6-af0f674d4ef8 None None] Registered counter for database nova_cell0
Jul 08 22:59:32.605175 np0000004850 devstack@n-api-meta.service[95683]: DEBUG dbcounter [-] [95683] Writer thread running {{(pid=95683) stat_writer /opt/stack/data/venv/lib/python3.12/site-packages/dbcounter.py:102}}
Jul 08 22:59:32.606543 np0000004850 devstack@n-api-meta.service[95683]: DEBUG dbcounter [-] [95683] Writer thread running {{(pid=95683) stat_writer /opt/stack/data/venv/lib/python3.12/site-packages/dbcounter.py:102}}
Jul 08 22:59:32.610890 np0000004850 devstack@n-api-meta.service[95683]: INFO dbcounter [None req-473d48a9-f5fd-417e-9cd0-432bbc055169 None None] Registered counter for database nova_cell0
Jul 08 22:59:32.618779 np0000004850 devstack@n-api-meta.service[95686]: DEBUG dbcounter [-] [95686] Writer thread running {{(pid=95686) stat_writer /opt/stack/data/venv/lib/python3.12/site-packages/dbcounter.py:102}}
Jul 08 22:59:32.619191 np0000004850 devstack@n-api-meta.service[95684]: DEBUG dbcounter [-] [95684] Writer thread running {{(pid=95684) stat_writer /opt/stack/data/venv/lib/python3.12/site-packages/dbcounter.py:102}}
Jul 08 22:59:32.620966 np0000004850 devstack@n-api-meta.service[95684]: DEBUG dbcounter [-] [95684] Writer thread running {{(pid=95684) stat_writer /opt/stack/data/venv/lib/python3.12/site-packages/dbcounter.py:102}}
Jul 08 22:59:32.622192 np0000004850 devstack@n-api-meta.service[95686]: DEBUG dbcounter [-] [95686] Writer thread running {{(pid=95686) stat_writer /opt/stack/data/venv/lib/python3.12/site-packages/dbcounter.py:102}}
Jul 08 22:59:32.625085 np0000004850 devstack@n-api-meta.service[95684]: INFO dbcounter [None req-4439310e-a316-4e2b-ae50-1fd50c406087 None None] Registered counter for database nova_cell0
Jul 08 22:59:32.629145 np0000004850 devstack@n-api-meta.service[95686]: INFO dbcounter [None req-2f49b5ae-6343-403b-8a41-839d86aac5d1 None None] Registered counter for database nova_cell0
Jul 08 22:59:32.649954 np0000004850 devstack@n-api-meta.service[95683]: DEBUG oslo_db.sqlalchemy.engines [None req-473d48a9-f5fd-417e-9cd0-432bbc055169 None None] MySQL server mode set to STRICT_TRANS_TABLES,STRICT_ALL_TABLES,NO_ZERO_IN_DATE,NO_ZERO_DATE,ERROR_FOR_DIVISION_BY_ZERO,TRADITIONAL,NO_ENGINE_SUBSTITUTION {{(pid=95683) _check_effective_sql_mode /opt/stack/data/venv/lib/python3.12/site-packages/oslo_db/sqlalchemy/engines.py:325}}
Jul 08 22:59:32.654511 np0000004850 devstack@n-api-meta.service[95685]: DEBUG oslo_db.sqlalchemy.engines [None req-32919680-ad22-45fd-a5b6-af0f674d4ef8 None None] MySQL server mode set to STRICT_TRANS_TABLES,STRICT_ALL_TABLES,NO_ZERO_IN_DATE,NO_ZERO_DATE,ERROR_FOR_DIVISION_BY_ZERO,TRADITIONAL,NO_ENGINE_SUBSTITUTION {{(pid=95685) _check_effective_sql_mode /opt/stack/data/venv/lib/python3.12/site-packages/oslo_db/sqlalchemy/engines.py:325}}
Jul 08 22:59:32.657346 np0000004850 devstack@n-api-meta.service[95683]: DEBUG dbcounter [-] [95683] Writer thread running {{(pid=95683) stat_writer /opt/stack/data/venv/lib/python3.12/site-packages/dbcounter.py:102}}
Jul 08 22:59:32.667885 np0000004850 devstack@n-api-meta.service[95685]: DEBUG dbcounter [-] [95685] Writer thread running {{(pid=95685) stat_writer /opt/stack/data/venv/lib/python3.12/site-packages/dbcounter.py:102}}
Jul 08 22:59:32.668021 np0000004850 devstack@n-api-meta.service[95686]: DEBUG oslo_db.sqlalchemy.engines [None req-2f49b5ae-6343-403b-8a41-839d86aac5d1 None None] MySQL server mode set to STRICT_TRANS_TABLES,STRICT_ALL_TABLES,NO_ZERO_IN_DATE,NO_ZERO_DATE,ERROR_FOR_DIVISION_BY_ZERO,TRADITIONAL,NO_ENGINE_SUBSTITUTION {{(pid=95686) _check_effective_sql_mode /opt/stack/data/venv/lib/python3.12/site-packages/oslo_db/sqlalchemy/engines.py:325}}
Jul 08 22:59:32.672949 np0000004850 devstack@n-api-meta.service[95684]: DEBUG oslo_db.sqlalchemy.engines [None req-4439310e-a316-4e2b-ae50-1fd50c406087 None None] MySQL server mode set to STRICT_TRANS_TABLES,STRICT_ALL_TABLES,NO_ZERO_IN_DATE,NO_ZERO_DATE,ERROR_FOR_DIVISION_BY_ZERO,TRADITIONAL,NO_ENGINE_SUBSTITUTION {{(pid=95684) _check_effective_sql_mode /opt/stack/data/venv/lib/python3.12/site-packages/oslo_db/sqlalchemy/engines.py:325}}
Jul 08 22:59:32.674383 np0000004850 devstack@n-api-meta.service[95686]: DEBUG dbcounter [-] [95686] Writer thread running {{(pid=95686) stat_writer /opt/stack/data/venv/lib/python3.12/site-packages/dbcounter.py:102}}
Jul 08 22:59:32.679334 np0000004850 devstack@n-api-meta.service[95684]: DEBUG dbcounter [-] [95684] Writer thread running {{(pid=95684) stat_writer /opt/stack/data/venv/lib/python3.12/site-packages/dbcounter.py:102}}
Jul 08 22:59:32.706095 np0000004850 devstack@n-api-meta.service[95686]: WARNING nova.api.metadata.handler [None req-2f49b5ae-6343-403b-8a41-839d86aac5d1 None None] metadata_proxy_shared_secret is not configured, the metadata information returned by the proxy cannot be trusted
Jul 08 22:59:32.708371 np0000004850 devstack@n-api-meta.service[95686]: DEBUG nova.api.openstack.wsgi_app [None req-2f49b5ae-6343-403b-8a41-839d86aac5d1 None None] ******************************************************************************** {{(pid=95686) log_opt_values /opt/stack/data/venv/lib/python3.12/site-packages/oslo_config/cfg.py:3226}}
Jul 08 22:59:32.708491 np0000004850 devstack@n-api-meta.service[95686]: DEBUG nova.api.openstack.wsgi_app [None req-2f49b5ae-6343-403b-8a41-839d86aac5d1 None None] Configuration options gathered from: {{(pid=95686) log_opt_values /opt/stack/data/venv/lib/python3.12/site-packages/oslo_config/cfg.py:3227}}
Jul 08 22:59:32.709012 np0000004850 devstack@n-api-meta.service[95686]: DEBUG nova.api.openstack.wsgi_app [None req-2f49b5ae-6343-403b-8a41-839d86aac5d1 None None] command line args: [] {{(pid=95686) log_opt_values /opt/stack/data/venv/lib/python3.12/site-packages/oslo_config/cfg.py:3228}}
Jul 08 22:59:32.709012 np0000004850 devstack@n-api-meta.service[95686]: DEBUG nova.api.openstack.wsgi_app [None req-2f49b5ae-6343-403b-8a41-839d86aac5d1 None None] config files: ['/etc/nova/api-paste.ini', '/etc/nova/nova.conf'] {{(pid=95686) log_opt_values /opt/stack/data/venv/lib/python3.12/site-packages/oslo_config/cfg.py:3229}}
Jul 08 22:59:32.709012 np0000004850 devstack@n-api-meta.service[95686]: DEBUG nova.api.openstack.wsgi_app [None req-2f49b5ae-6343-403b-8a41-839d86aac5d1 None None] ================================================================================ {{(pid=95686) log_opt_values /opt/stack/data/venv/lib/python3.12/site-packages/oslo_config/cfg.py:3234}}
Jul 08 22:59:32.709139 np0000004850 devstack@n-api-meta.service[95686]: DEBUG nova.api.openstack.wsgi_app [None req-2f49b5ae-6343-403b-8a41-839d86aac5d1 None None] allow_resize_to_same_host = True {{(pid=95686) log_opt_values /opt/stack/data/venv/lib/python3.12/site-packages/oslo_config/cfg.py:3242}}
Jul 08 22:59:32.709236 np0000004850 devstack@n-api-meta.service[95686]: DEBUG nova.api.openstack.wsgi_app [None req-2f49b5ae-6343-403b-8a41-839d86aac5d1 None None] arq_binding_timeout = 300 {{(pid=95686) log_opt_values /opt/stack/data/venv/lib/python3.12/site-packages/oslo_config/cfg.py:3242}}
Jul 08 22:59:32.709362 np0000004850 devstack@n-api-meta.service[95686]: DEBUG nova.api.openstack.wsgi_app [None req-2f49b5ae-6343-403b-8a41-839d86aac5d1 None None] block_device_allocate_retries = 60 {{(pid=95686) log_opt_values /opt/stack/data/venv/lib/python3.12/site-packages/oslo_config/cfg.py:3242}}
Jul 08 22:59:32.709510 np0000004850 devstack@n-api-meta.service[95686]: DEBUG nova.api.openstack.wsgi_app [None req-2f49b5ae-6343-403b-8a41-839d86aac5d1 None None] block_device_allocate_retries_interval = 3 {{(pid=95686) log_opt_values /opt/stack/data/venv/lib/python3.12/site-packages/oslo_config/cfg.py:3242}}
Jul 08 22:59:32.709632 np0000004850 devstack@n-api-meta.service[95686]: DEBUG nova.api.openstack.wsgi_app [None req-2f49b5ae-6343-403b-8a41-839d86aac5d1 None None] cell_worker_thread_pool_size = 5 {{(pid=95686) log_opt_values /opt/stack/data/venv/lib/python3.12/site-packages/oslo_config/cfg.py:3242}}
Jul 08 22:59:32.709771 np0000004850 devstack@n-api-meta.service[95686]: DEBUG nova.api.openstack.wsgi_app [None req-2f49b5ae-6343-403b-8a41-839d86aac5d1 None None] cert = self.pem {{(pid=95686) log_opt_values /opt/stack/data/venv/lib/python3.12/site-packages/oslo_config/cfg.py:3242}}
Jul 08 22:59:32.709932 np0000004850 devstack@n-api-meta.service[95686]: DEBUG nova.api.openstack.wsgi_app [None req-2f49b5ae-6343-403b-8a41-839d86aac5d1 None None] compute_driver = libvirt.LibvirtDriver {{(pid=95686) log_opt_values /opt/stack/data/venv/lib/python3.12/site-packages/oslo_config/cfg.py:3242}}
Jul 08 22:59:32.710047 np0000004850 devstack@n-api-meta.service[95686]: DEBUG nova.api.openstack.wsgi_app [None req-2f49b5ae-6343-403b-8a41-839d86aac5d1 None None] compute_monitors = [] {{(pid=95686) log_opt_values /opt/stack/data/venv/lib/python3.12/site-packages/oslo_config/cfg.py:3242}}
Jul 08 22:59:32.710194 np0000004850 devstack@n-api-meta.service[95686]: DEBUG nova.api.openstack.wsgi_app [None req-2f49b5ae-6343-403b-8a41-839d86aac5d1 None None] concurrency_backend = auto {{(pid=95686) log_opt_values /opt/stack/data/venv/lib/python3.12/site-packages/oslo_config/cfg.py:3242}}
Jul 08 22:59:32.710320 np0000004850 devstack@n-api-meta.service[95686]: DEBUG nova.api.openstack.wsgi_app [None req-2f49b5ae-6343-403b-8a41-839d86aac5d1 None None] config_dir = [] {{(pid=95686) log_opt_values /opt/stack/data/venv/lib/python3.12/site-packages/oslo_config/cfg.py:3242}}
Jul 08 22:59:32.710470 np0000004850 devstack@n-api-meta.service[95686]: DEBUG nova.api.openstack.wsgi_app [None req-2f49b5ae-6343-403b-8a41-839d86aac5d1 None None] config_drive_format = iso9660 {{(pid=95686) log_opt_values /opt/stack/data/venv/lib/python3.12/site-packages/oslo_config/cfg.py:3242}}
Jul 08 22:59:32.710606 np0000004850 devstack@n-api-meta.service[95686]: DEBUG nova.api.openstack.wsgi_app [None req-2f49b5ae-6343-403b-8a41-839d86aac5d1 None None] config_file = ['/etc/nova/api-paste.ini', '/etc/nova/nova.conf'] {{(pid=95686) log_opt_values /opt/stack/data/venv/lib/python3.12/site-packages/oslo_config/cfg.py:3242}}
Jul 08 22:59:32.710732 np0000004850 devstack@n-api-meta.service[95686]: DEBUG nova.api.openstack.wsgi_app [None req-2f49b5ae-6343-403b-8a41-839d86aac5d1 None None] config_source = [] {{(pid=95686) log_opt_values /opt/stack/data/venv/lib/python3.12/site-packages/oslo_config/cfg.py:3242}}
Jul 08 22:59:32.710921 np0000004850 devstack@n-api-meta.service[95686]: DEBUG nova.api.openstack.wsgi_app [None req-2f49b5ae-6343-403b-8a41-839d86aac5d1 None None] console_host = np0000004850 {{(pid=95686) log_opt_values /opt/stack/data/venv/lib/python3.12/site-packages/oslo_config/cfg.py:3242}}
Jul 08 22:59:32.711043 np0000004850 devstack@n-api-meta.service[95686]: DEBUG nova.api.openstack.wsgi_app [None req-2f49b5ae-6343-403b-8a41-839d86aac5d1 None None] control_exchange = nova {{(pid=95686) log_opt_values /opt/stack/data/venv/lib/python3.12/site-packages/oslo_config/cfg.py:3242}}
Jul 08 22:59:32.711193 np0000004850 devstack@n-api-meta.service[95686]: DEBUG nova.api.openstack.wsgi_app [None req-2f49b5ae-6343-403b-8a41-839d86aac5d1 None None] cpu_allocation_ratio = None {{(pid=95686) log_opt_values /opt/stack/data/venv/lib/python3.12/site-packages/oslo_config/cfg.py:3242}}
Jul 08 22:59:32.711359 np0000004850 devstack@n-api-meta.service[95686]: DEBUG nova.api.openstack.wsgi_app [None req-2f49b5ae-6343-403b-8a41-839d86aac5d1 None None] daemon = False {{(pid=95686) log_opt_values /opt/stack/data/venv/lib/python3.12/site-packages/oslo_config/cfg.py:3242}}
Jul 08 22:59:32.712226 np0000004850 devstack@n-api-meta.service[95686]: DEBUG nova.api.openstack.wsgi_app [None req-2f49b5ae-6343-403b-8a41-839d86aac5d1 None None] debug = True {{(pid=95686) log_opt_values /opt/stack/data/venv/lib/python3.12/site-packages/oslo_config/cfg.py:3242}}
Jul 08 22:59:32.712226 np0000004850 devstack@n-api-meta.service[95686]: DEBUG nova.api.openstack.wsgi_app [None req-2f49b5ae-6343-403b-8a41-839d86aac5d1 None None] default_access_ip_network_name = None {{(pid=95686) log_opt_values /opt/stack/data/venv/lib/python3.12/site-packages/oslo_config/cfg.py:3242}}
Jul 08 22:59:32.712226 np0000004850 devstack@n-api-meta.service[95686]: DEBUG nova.api.openstack.wsgi_app [None req-2f49b5ae-6343-403b-8a41-839d86aac5d1 None None] default_availability_zone = nova {{(pid=95686) log_opt_values /opt/stack/data/venv/lib/python3.12/site-packages/oslo_config/cfg.py:3242}}
Jul 08 22:59:32.712226 np0000004850 devstack@n-api-meta.service[95686]: DEBUG nova.api.openstack.wsgi_app [None req-2f49b5ae-6343-403b-8a41-839d86aac5d1 None None] default_ephemeral_format = ext4 {{(pid=95686) log_opt_values /opt/stack/data/venv/lib/python3.12/site-packages/oslo_config/cfg.py:3242}}
Jul 08 22:59:32.712382 np0000004850 devstack@n-api-meta.service[95683]: WARNING nova.api.metadata.handler [None req-473d48a9-f5fd-417e-9cd0-432bbc055169 None None] metadata_proxy_shared_secret is not configured, the metadata information returned by the proxy cannot be trusted
Jul 08 22:59:32.712428 np0000004850 devstack@n-api-meta.service[95686]: DEBUG nova.api.openstack.wsgi_app [None req-2f49b5ae-6343-403b-8a41-839d86aac5d1 None None] default_green_pool_size = 1000 {{(pid=95686) log_opt_values /opt/stack/data/venv/lib/python3.12/site-packages/oslo_config/cfg.py:3242}}
Jul 08 22:59:32.712428 np0000004850 devstack@n-api-meta.service[95686]: DEBUG nova.api.openstack.wsgi_app [None req-2f49b5ae-6343-403b-8a41-839d86aac5d1 None None] default_log_levels = ['amqp=WARN', 'boto=WARN', 'sqlalchemy=WARN', 'suds=INFO', 'oslo.messaging=INFO', 'oslo_messaging=INFO', 'iso8601=WARN', 'requests.packages.urllib3.connectionpool=WARN', 'urllib3.connectionpool=WARN', 'websocket=WARN', 'requests.packages.urllib3.util.retry=WARN', 'urllib3.util.retry=WARN', 'keystonemiddleware=WARN', 'routes.middleware=WARN', 'stevedore=WARN', 'taskflow=WARN', 'keystoneauth=WARN', 'oslo.cache=INFO', 'oslo_policy=INFO', 'dogpile.core.dogpile=INFO', 'glanceclient=WARN', 'oslo.privsep.daemon=INFO'] {{(pid=95686) log_opt_values /opt/stack/data/venv/lib/python3.12/site-packages/oslo_config/cfg.py:3242}}
Jul 08 22:59:32.712532 np0000004850 devstack@n-api-meta.service[95686]: DEBUG nova.api.openstack.wsgi_app [None req-2f49b5ae-6343-403b-8a41-839d86aac5d1 None None] default_schedule_zone = None {{(pid=95686) log_opt_values /opt/stack/data/venv/lib/python3.12/site-packages/oslo_config/cfg.py:3242}}
Jul 08 22:59:32.712577 np0000004850 devstack@n-api-meta.service[95686]: DEBUG nova.api.openstack.wsgi_app [None req-2f49b5ae-6343-403b-8a41-839d86aac5d1 None None] default_thread_pool_size = 10 {{(pid=95686) log_opt_values /opt/stack/data/venv/lib/python3.12/site-packages/oslo_config/cfg.py:3242}}
Jul 08 22:59:32.712689 np0000004850 devstack@n-api-meta.service[95686]: DEBUG nova.api.openstack.wsgi_app [None req-2f49b5ae-6343-403b-8a41-839d86aac5d1 None None] disk_allocation_ratio = None {{(pid=95686) log_opt_values /opt/stack/data/venv/lib/python3.12/site-packages/oslo_config/cfg.py:3242}}
Jul 08 22:59:32.712844 np0000004850 devstack@n-api-meta.service[95686]: DEBUG nova.api.openstack.wsgi_app [None req-2f49b5ae-6343-403b-8a41-839d86aac5d1 None None] enable_new_services = True {{(pid=95686) log_opt_values /opt/stack/data/venv/lib/python3.12/site-packages/oslo_config/cfg.py:3242}}
Jul 08 22:59:32.712974 np0000004850 devstack@n-api-meta.service[95686]: DEBUG nova.api.openstack.wsgi_app [None req-2f49b5ae-6343-403b-8a41-839d86aac5d1 None None] flat_injected = False {{(pid=95686) log_opt_values /opt/stack/data/venv/lib/python3.12/site-packages/oslo_config/cfg.py:3242}}
Jul 08 22:59:32.713072 np0000004850 devstack@n-api-meta.service[95685]: WARNING nova.api.metadata.handler [None req-32919680-ad22-45fd-a5b6-af0f674d4ef8 None None] metadata_proxy_shared_secret is not configured, the metadata information returned by the proxy cannot be trusted
Jul 08 22:59:32.713131 np0000004850 devstack@n-api-meta.service[95686]: DEBUG nova.api.openstack.wsgi_app [None req-2f49b5ae-6343-403b-8a41-839d86aac5d1 None None] force_config_drive = True {{(pid=95686) log_opt_values /opt/stack/data/venv/lib/python3.12/site-packages/oslo_config/cfg.py:3242}}
Jul 08 22:59:32.713273 np0000004850 devstack@n-api-meta.service[95686]: DEBUG nova.api.openstack.wsgi_app [None req-2f49b5ae-6343-403b-8a41-839d86aac5d1 None None] force_raw_images = True {{(pid=95686) log_opt_values /opt/stack/data/venv/lib/python3.12/site-packages/oslo_config/cfg.py:3242}}
Jul 08 22:59:32.713458 np0000004850 devstack@n-api-meta.service[95686]: DEBUG nova.api.openstack.wsgi_app [None req-2f49b5ae-6343-403b-8a41-839d86aac5d1 None None] graceful_shutdown_timeout = 5 {{(pid=95686) log_opt_values /opt/stack/data/venv/lib/python3.12/site-packages/oslo_config/cfg.py:3242}}
Jul 08 22:59:32.713584 np0000004850 devstack@n-api-meta.service[95686]: DEBUG nova.api.openstack.wsgi_app [None req-2f49b5ae-6343-403b-8a41-839d86aac5d1 None None] heal_instance_info_cache_interval = -1 {{(pid=95686) log_opt_values /opt/stack/data/venv/lib/python3.12/site-packages/oslo_config/cfg.py:3242}}
Jul 08 22:59:32.713787 np0000004850 devstack@n-api-meta.service[95686]: DEBUG nova.api.openstack.wsgi_app [None req-2f49b5ae-6343-403b-8a41-839d86aac5d1 None None] host = np0000004850 {{(pid=95686) log_opt_values /opt/stack/data/venv/lib/python3.12/site-packages/oslo_config/cfg.py:3242}}
Jul 08 22:59:32.713972 np0000004850 devstack@n-api-meta.service[95686]: DEBUG nova.api.openstack.wsgi_app [None req-2f49b5ae-6343-403b-8a41-839d86aac5d1 None None] initial_cpu_allocation_ratio = 4.0 {{(pid=95686) log_opt_values /opt/stack/data/venv/lib/python3.12/site-packages/oslo_config/cfg.py:3242}}
Jul 08 22:59:32.714100 np0000004850 devstack@n-api-meta.service[95686]: DEBUG nova.api.openstack.wsgi_app [None req-2f49b5ae-6343-403b-8a41-839d86aac5d1 None None] initial_disk_allocation_ratio = 1.0 {{(pid=95686) log_opt_values /opt/stack/data/venv/lib/python3.12/site-packages/oslo_config/cfg.py:3242}}
Jul 08 22:59:32.714237 np0000004850 devstack@n-api-meta.service[95686]: DEBUG nova.api.openstack.wsgi_app [None req-2f49b5ae-6343-403b-8a41-839d86aac5d1 None None] initial_ram_allocation_ratio = 1.0 {{(pid=95686) log_opt_values /opt/stack/data/venv/lib/python3.12/site-packages/oslo_config/cfg.py:3242}}
Jul 08 22:59:32.714370 np0000004850 devstack@n-api-meta.service[95684]: WARNING nova.api.metadata.handler [None req-4439310e-a316-4e2b-ae50-1fd50c406087 None None] metadata_proxy_shared_secret is not configured, the metadata information returned by the proxy cannot be trusted
Jul 08 22:59:32.714424 np0000004850 devstack@n-api-meta.service[95686]: DEBUG nova.api.openstack.wsgi_app [None req-2f49b5ae-6343-403b-8a41-839d86aac5d1 None None] injected_network_template = /opt/stack/nova/nova/virt/interfaces.template {{(pid=95686) log_opt_values /opt/stack/data/venv/lib/python3.12/site-packages/oslo_config/cfg.py:3242}}
Jul 08 22:59:32.714550 np0000004850 devstack@n-api-meta.service[95686]: DEBUG nova.api.openstack.wsgi_app [None req-2f49b5ae-6343-403b-8a41-839d86aac5d1 None None] instance_build_timeout = 0 {{(pid=95686) log_opt_values /opt/stack/data/venv/lib/python3.12/site-packages/oslo_config/cfg.py:3242}}
Jul 08 22:59:32.714666 np0000004850 devstack@n-api-meta.service[95686]: DEBUG nova.api.openstack.wsgi_app [None req-2f49b5ae-6343-403b-8a41-839d86aac5d1 None None] instance_delete_interval = 300 {{(pid=95686) log_opt_values /opt/stack/data/venv/lib/python3.12/site-packages/oslo_config/cfg.py:3242}}
Jul 08 22:59:32.714817 np0000004850 devstack@n-api-meta.service[95686]: DEBUG nova.api.openstack.wsgi_app [None req-2f49b5ae-6343-403b-8a41-839d86aac5d1 None None] instance_format = [instance: %(uuid)s] {{(pid=95686) log_opt_values /opt/stack/data/venv/lib/python3.12/site-packages/oslo_config/cfg.py:3242}}
Jul 08 22:59:32.716566 np0000004850 devstack@n-api-meta.service[95686]: DEBUG nova.api.openstack.wsgi_app [None req-2f49b5ae-6343-403b-8a41-839d86aac5d1 None None] instance_name_template = instance-%08x {{(pid=95686) log_opt_values /opt/stack/data/venv/lib/python3.12/site-packages/oslo_config/cfg.py:3242}}
Jul 08 22:59:32.716566 np0000004850 devstack@n-api-meta.service[95686]: DEBUG nova.api.openstack.wsgi_app [None req-2f49b5ae-6343-403b-8a41-839d86aac5d1 None None] instance_usage_audit = False {{(pid=95686) log_opt_values /opt/stack/data/venv/lib/python3.12/site-packages/oslo_config/cfg.py:3242}}
Jul 08 22:59:32.716566 np0000004850 devstack@n-api-meta.service[95686]: DEBUG nova.api.openstack.wsgi_app [None req-2f49b5ae-6343-403b-8a41-839d86aac5d1 None None] instance_usage_audit_period = month {{(pid=95686) log_opt_values /opt/stack/data/venv/lib/python3.12/site-packages/oslo_config/cfg.py:3242}}
Jul 08 22:59:32.716566 np0000004850 devstack@n-api-meta.service[95686]: DEBUG nova.api.openstack.wsgi_app [None req-2f49b5ae-6343-403b-8a41-839d86aac5d1 None None] instance_uuid_format = [instance: %(uuid)s] {{(pid=95686) log_opt_values /opt/stack/data/venv/lib/python3.12/site-packages/oslo_config/cfg.py:3242}}
Jul 08 22:59:32.716701 np0000004850 devstack@n-api-meta.service[95683]: DEBUG nova.api.openstack.wsgi_app [None req-473d48a9-f5fd-417e-9cd0-432bbc055169 None None] ******************************************************************************** {{(pid=95683) log_opt_values /opt/stack/data/venv/lib/python3.12/site-packages/oslo_config/cfg.py:3226}}
Jul 08 22:59:32.716757 np0000004850 devstack@n-api-meta.service[95686]: DEBUG nova.api.openstack.wsgi_app [None req-2f49b5ae-6343-403b-8a41-839d86aac5d1 None None] instances_path = /opt/stack/data/nova/instances {{(pid=95686) log_opt_values /opt/stack/data/venv/lib/python3.12/site-packages/oslo_config/cfg.py:3242}}
Jul 08 22:59:32.716757 np0000004850 devstack@n-api-meta.service[95686]: DEBUG nova.api.openstack.wsgi_app [None req-2f49b5ae-6343-403b-8a41-839d86aac5d1 None None] internal_service_availability_zone = internal {{(pid=95686) log_opt_values /opt/stack/data/venv/lib/python3.12/site-packages/oslo_config/cfg.py:3242}}
Jul 08 22:59:32.716813 np0000004850 devstack@n-api-meta.service[95683]: DEBUG nova.api.openstack.wsgi_app [None req-473d48a9-f5fd-417e-9cd0-432bbc055169 None None] Configuration options gathered from: {{(pid=95683) log_opt_values /opt/stack/data/venv/lib/python3.12/site-packages/oslo_config/cfg.py:3227}}
Jul 08 22:59:32.716869 np0000004850 devstack@n-api-meta.service[95685]: DEBUG nova.api.openstack.wsgi_app [None req-32919680-ad22-45fd-a5b6-af0f674d4ef8 None None] ******************************************************************************** {{(pid=95685) log_opt_values /opt/stack/data/venv/lib/python3.12/site-packages/oslo_config/cfg.py:3226}}
Jul 08 22:59:32.716903 np0000004850 devstack@n-api-meta.service[95686]: DEBUG nova.api.openstack.wsgi_app [None req-2f49b5ae-6343-403b-8a41-839d86aac5d1 None None] key = None {{(pid=95686) log_opt_values /opt/stack/data/venv/lib/python3.12/site-packages/oslo_config/cfg.py:3242}}
Jul 08 22:59:32.716930 np0000004850 devstack@n-api-meta.service[95683]: DEBUG nova.api.openstack.wsgi_app [None req-473d48a9-f5fd-417e-9cd0-432bbc055169 None None] command line args: [] {{(pid=95683) log_opt_values /opt/stack/data/venv/lib/python3.12/site-packages/oslo_config/cfg.py:3228}}
Jul 08 22:59:32.716953 np0000004850 devstack@n-api-meta.service[95685]: DEBUG nova.api.openstack.wsgi_app [None req-32919680-ad22-45fd-a5b6-af0f674d4ef8 None None] Configuration options gathered from: {{(pid=95685) log_opt_values /opt/stack/data/venv/lib/python3.12/site-packages/oslo_config/cfg.py:3227}}
Jul 08 22:59:32.716975 np0000004850 devstack@n-api-meta.service[95686]: DEBUG nova.api.openstack.wsgi_app [None req-2f49b5ae-6343-403b-8a41-839d86aac5d1 None None] live_migration_retry_count = 30 {{(pid=95686) log_opt_values /opt/stack/data/venv/lib/python3.12/site-packages/oslo_config/cfg.py:3242}}
Jul 08 22:59:32.717011 np0000004850 devstack@n-api-meta.service[95685]: DEBUG nova.api.openstack.wsgi_app [None req-32919680-ad22-45fd-a5b6-af0f674d4ef8 None None] command line args: [] {{(pid=95685) log_opt_values /opt/stack/data/venv/lib/python3.12/site-packages/oslo_config/cfg.py:3228}}
Jul 08 22:59:32.717040 np0000004850 devstack@n-api-meta.service[95686]: DEBUG nova.api.openstack.wsgi_app [None req-2f49b5ae-6343-403b-8a41-839d86aac5d1 None None] log_color = False {{(pid=95686) log_opt_values /opt/stack/data/venv/lib/python3.12/site-packages/oslo_config/cfg.py:3242}}
