Jul 08 22:59:37.440031 np0000004850 nova-conductor[98730]: DEBUG cotyledon.oslo_config_glue [-] oslo_versionedobjects.fatal_exception_format_errors = False {{(pid=98730) log_opt_values /opt/stack/data/venv/lib/python3.12/site-packages/oslo_config/cfg.py:3253}}
Jul 08 22:59:37.440031 np0000004850 nova-conductor[98730]: DEBUG cotyledon.oslo_config_glue [-] oslo_middleware.http_basic_auth_user_file = /etc/htpasswd {{(pid=98730) log_opt_values /opt/stack/data/venv/lib/python3.12/site-packages/oslo_config/cfg.py:3253}}
Jul 08 22:59:37.440031 np0000004850 nova-conductor[98730]: DEBUG cotyledon.oslo_config_glue [-] profiler.connection_string = messaging:// {{(pid=98730) log_opt_values /opt/stack/data/venv/lib/python3.12/site-packages/oslo_config/cfg.py:3253}}
Jul 08 22:59:37.440031 np0000004850 nova-conductor[98730]: DEBUG cotyledon.oslo_config_glue [-] profiler.enabled = False {{(pid=98730) log_opt_values /opt/stack/data/venv/lib/python3.12/site-packages/oslo_config/cfg.py:3253}}
Jul 08 22:59:37.440031 np0000004850 nova-conductor[98730]: DEBUG cotyledon.oslo_config_glue [-] profiler.es_doc_type = notification {{(pid=98730) log_opt_values /opt/stack/data/venv/lib/python3.12/site-packages/oslo_config/cfg.py:3253}}
Jul 08 22:59:37.440031 np0000004850 nova-conductor[98730]: DEBUG cotyledon.oslo_config_glue [-] profiler.es_scroll_size = 10000 {{(pid=98730) log_opt_values /opt/stack/data/venv/lib/python3.12/site-packages/oslo_config/cfg.py:3253}}
Jul 08 22:59:37.440207 np0000004850 nova-conductor[98730]: DEBUG cotyledon.oslo_config_glue [-] profiler.es_scroll_time = 2m {{(pid=98730) log_opt_values /opt/stack/data/venv/lib/python3.12/site-packages/oslo_config/cfg.py:3253}}
Jul 08 22:59:37.440207 np0000004850 nova-conductor[98730]: DEBUG cotyledon.oslo_config_glue [-] profiler.filter_error_trace = False {{(pid=98730) log_opt_values /opt/stack/data/venv/lib/python3.12/site-packages/oslo_config/cfg.py:3253}}
Jul 08 22:59:37.440207 np0000004850 nova-conductor[98730]: DEBUG cotyledon.oslo_config_glue [-] profiler.hmac_keys = **** {{(pid=98730) log_opt_values /opt/stack/data/venv/lib/python3.12/site-packages/oslo_config/cfg.py:3253}}
Jul 08 22:59:37.440207 np0000004850 nova-conductor[98730]: DEBUG cotyledon.oslo_config_glue [-] profiler.sentinel_service_name = mymaster {{(pid=98730) log_opt_values /opt/stack/data/venv/lib/python3.12/site-packages/oslo_config/cfg.py:3253}}
Jul 08 22:59:37.440207 np0000004850 nova-conductor[98730]: DEBUG cotyledon.oslo_config_glue [-] profiler.socket_timeout = 0.1 {{(pid=98730) log_opt_values /opt/stack/data/venv/lib/python3.12/site-packages/oslo_config/cfg.py:3253}}
Jul 08 22:59:37.440207 np0000004850 nova-conductor[98730]: DEBUG cotyledon.oslo_config_glue [-] profiler.trace_requests = False {{(pid=98730) log_opt_values /opt/stack/data/venv/lib/python3.12/site-packages/oslo_config/cfg.py:3253}}
Jul 08 22:59:37.440207 np0000004850 nova-conductor[98730]: DEBUG cotyledon.oslo_config_glue [-] profiler.trace_sqlalchemy = False {{(pid=98730) log_opt_values /opt/stack/data/venv/lib/python3.12/site-packages/oslo_config/cfg.py:3253}}
Jul 08 22:59:37.440207 np0000004850 nova-conductor[98730]: DEBUG cotyledon.oslo_config_glue [-] profiler_jaeger.process_tags = {} {{(pid=98730) log_opt_values /opt/stack/data/venv/lib/python3.12/site-packages/oslo_config/cfg.py:3253}}
Jul 08 22:59:37.440207 np0000004850 nova-conductor[98730]: DEBUG cotyledon.oslo_config_glue [-] profiler_jaeger.service_name_prefix = None {{(pid=98730) log_opt_values /opt/stack/data/venv/lib/python3.12/site-packages/oslo_config/cfg.py:3253}}
Jul 08 22:59:37.440382 np0000004850 nova-conductor[98730]: DEBUG cotyledon.oslo_config_glue [-] profiler_otlp.service_name_prefix = None {{(pid=98730) log_opt_values /opt/stack/data/venv/lib/python3.12/site-packages/oslo_config/cfg.py:3253}}
Jul 08 22:59:37.440382 np0000004850 nova-conductor[98730]: DEBUG cotyledon.oslo_config_glue [-] oslo_messaging_rabbit.amqp_auto_delete = False {{(pid=98730) log_opt_values /opt/stack/data/venv/lib/python3.12/site-packages/oslo_config/cfg.py:3253}}
Jul 08 22:59:37.440382 np0000004850 nova-conductor[98730]: DEBUG cotyledon.oslo_config_glue [-] oslo_messaging_rabbit.amqp_durable_queues = False {{(pid=98730) log_opt_values /opt/stack/data/venv/lib/python3.12/site-packages/oslo_config/cfg.py:3253}}
Jul 08 22:59:37.440382 np0000004850 nova-conductor[98730]: DEBUG cotyledon.oslo_config_glue [-] oslo_messaging_rabbit.conn_pool_min_size = 2 {{(pid=98730) log_opt_values /opt/stack/data/venv/lib/python3.12/site-packages/oslo_config/cfg.py:3253}}
Jul 08 22:59:37.440382 np0000004850 nova-conductor[98730]: DEBUG cotyledon.oslo_config_glue [-] oslo_messaging_rabbit.conn_pool_ttl = 1200 {{(pid=98730) log_opt_values /opt/stack/data/venv/lib/python3.12/site-packages/oslo_config/cfg.py:3253}}
Jul 08 22:59:37.440382 np0000004850 nova-conductor[98730]: DEBUG cotyledon.oslo_config_glue [-] oslo_messaging_rabbit.direct_mandatory_flag = True {{(pid=98730) log_opt_values /opt/stack/data/venv/lib/python3.12/site-packages/oslo_config/cfg.py:3253}}
Jul 08 22:59:37.440382 np0000004850 nova-conductor[98730]: DEBUG cotyledon.oslo_config_glue [-] oslo_messaging_rabbit.enable_cancel_on_failover = False {{(pid=98730) log_opt_values /opt/stack/data/venv/lib/python3.12/site-packages/oslo_config/cfg.py:3253}}
Jul 08 22:59:37.440382 np0000004850 nova-conductor[98730]: DEBUG cotyledon.oslo_config_glue [-] oslo_messaging_rabbit.heartbeat_rate = 3 {{(pid=98730) log_opt_values /opt/stack/data/venv/lib/python3.12/site-packages/oslo_config/cfg.py:3253}}
Jul 08 22:59:37.440382 np0000004850 nova-conductor[98730]: DEBUG cotyledon.oslo_config_glue [-] oslo_messaging_rabbit.heartbeat_timeout_threshold = 60 {{(pid=98730) log_opt_values /opt/stack/data/venv/lib/python3.12/site-packages/oslo_config/cfg.py:3253}}
Jul 08 22:59:37.440561 np0000004850 nova-conductor[98730]: DEBUG cotyledon.oslo_config_glue [-] oslo_messaging_rabbit.hostname = np0000004850 {{(pid=98730) log_opt_values /opt/stack/data/venv/lib/python3.12/site-packages/oslo_config/cfg.py:3253}}
Jul 08 22:59:37.440561 np0000004850 nova-conductor[98730]: DEBUG cotyledon.oslo_config_glue [-] oslo_messaging_rabbit.kombu_compression = None {{(pid=98730) log_opt_values /opt/stack/data/venv/lib/python3.12/site-packages/oslo_config/cfg.py:3253}}
Jul 08 22:59:37.440561 np0000004850 nova-conductor[98730]: DEBUG cotyledon.oslo_config_glue [-] oslo_messaging_rabbit.kombu_failover_strategy = round-robin {{(pid=98730) log_opt_values /opt/stack/data/venv/lib/python3.12/site-packages/oslo_config/cfg.py:3253}}
Jul 08 22:59:37.440561 np0000004850 nova-conductor[98730]: DEBUG cotyledon.oslo_config_glue [-] oslo_messaging_rabbit.kombu_missing_consumer_retry_timeout = 60 {{(pid=98730) log_opt_values /opt/stack/data/venv/lib/python3.12/site-packages/oslo_config/cfg.py:3253}}
Jul 08 22:59:37.440561 np0000004850 nova-conductor[98730]: DEBUG cotyledon.oslo_config_glue [-] oslo_messaging_rabbit.kombu_reconnect_delay = 1.0 {{(pid=98730) log_opt_values /opt/stack/data/venv/lib/python3.12/site-packages/oslo_config/cfg.py:3253}}
Jul 08 22:59:37.440561 np0000004850 nova-conductor[98730]: DEBUG cotyledon.oslo_config_glue [-] oslo_messaging_rabbit.kombu_reconnect_splay = 0.0 {{(pid=98730) log_opt_values /opt/stack/data/venv/lib/python3.12/site-packages/oslo_config/cfg.py:3253}}
Jul 08 22:59:37.440561 np0000004850 nova-conductor[98730]: DEBUG cotyledon.oslo_config_glue [-] oslo_messaging_rabbit.processname = nova-conductor {{(pid=98730) log_opt_values /opt/stack/data/venv/lib/python3.12/site-packages/oslo_config/cfg.py:3253}}
Jul 08 22:59:37.440561 np0000004850 nova-conductor[98730]: DEBUG cotyledon.oslo_config_glue [-] oslo_messaging_rabbit.rabbit_ha_queues = False {{(pid=98730) log_opt_values /opt/stack/data/venv/lib/python3.12/site-packages/oslo_config/cfg.py:3253}}
Jul 08 22:59:37.440561 np0000004850 nova-conductor[98730]: DEBUG cotyledon.oslo_config_glue [-] oslo_messaging_rabbit.rabbit_interval_max = 30 {{(pid=98730) log_opt_values /opt/stack/data/venv/lib/python3.12/site-packages/oslo_config/cfg.py:3253}}
Jul 08 22:59:37.440732 np0000004850 nova-conductor[98730]: DEBUG cotyledon.oslo_config_glue [-] oslo_messaging_rabbit.rabbit_login_method = AMQPLAIN {{(pid=98730) log_opt_values /opt/stack/data/venv/lib/python3.12/site-packages/oslo_config/cfg.py:3253}}
Jul 08 22:59:37.440732 np0000004850 nova-conductor[98730]: DEBUG cotyledon.oslo_config_glue [-] oslo_messaging_rabbit.rabbit_qos_prefetch_count = 0 {{(pid=98730) log_opt_values /opt/stack/data/venv/lib/python3.12/site-packages/oslo_config/cfg.py:3253}}
Jul 08 22:59:37.440732 np0000004850 nova-conductor[98730]: DEBUG cotyledon.oslo_config_glue [-] oslo_messaging_rabbit.rabbit_quorum_delivery_limit = 0 {{(pid=98730) log_opt_values /opt/stack/data/venv/lib/python3.12/site-packages/oslo_config/cfg.py:3253}}
Jul 08 22:59:37.440732 np0000004850 nova-conductor[98730]: DEBUG cotyledon.oslo_config_glue [-] oslo_messaging_rabbit.rabbit_quorum_max_memory_bytes = 0 {{(pid=98730) log_opt_values /opt/stack/data/venv/lib/python3.12/site-packages/oslo_config/cfg.py:3253}}
Jul 08 22:59:37.440732 np0000004850 nova-conductor[98730]: DEBUG cotyledon.oslo_config_glue [-] oslo_messaging_rabbit.rabbit_quorum_max_memory_length = 0 {{(pid=98730) log_opt_values /opt/stack/data/venv/lib/python3.12/site-packages/oslo_config/cfg.py:3253}}
Jul 08 22:59:37.440732 np0000004850 nova-conductor[98730]: DEBUG cotyledon.oslo_config_glue [-] oslo_messaging_rabbit.rabbit_quorum_queue = False {{(pid=98730) log_opt_values /opt/stack/data/venv/lib/python3.12/site-packages/oslo_config/cfg.py:3253}}
Jul 08 22:59:37.440732 np0000004850 nova-conductor[98730]: DEBUG cotyledon.oslo_config_glue [-] oslo_messaging_rabbit.rabbit_retry_backoff = 2 {{(pid=98730) log_opt_values /opt/stack/data/venv/lib/python3.12/site-packages/oslo_config/cfg.py:3253}}
Jul 08 22:59:37.440732 np0000004850 nova-conductor[98730]: DEBUG cotyledon.oslo_config_glue [-] oslo_messaging_rabbit.rabbit_retry_interval = 1 {{(pid=98730) log_opt_values /opt/stack/data/venv/lib/python3.12/site-packages/oslo_config/cfg.py:3253}}
Jul 08 22:59:37.440732 np0000004850 nova-conductor[98730]: DEBUG cotyledon.oslo_config_glue [-] oslo_messaging_rabbit.rabbit_stream_fanout = False {{(pid=98730) log_opt_values /opt/stack/data/venv/lib/python3.12/site-packages/oslo_config/cfg.py:3253}}
Jul 08 22:59:37.440918 np0000004850 nova-conductor[98730]: DEBUG cotyledon.oslo_config_glue [-] oslo_messaging_rabbit.rabbit_transient_queues_ttl = 1800 {{(pid=98730) log_opt_values /opt/stack/data/venv/lib/python3.12/site-packages/oslo_config/cfg.py:3253}}
Jul 08 22:59:37.440918 np0000004850 nova-conductor[98730]: DEBUG cotyledon.oslo_config_glue [-] oslo_messaging_rabbit.rabbit_transient_quorum_queue = False {{(pid=98730) log_opt_values /opt/stack/data/venv/lib/python3.12/site-packages/oslo_config/cfg.py:3253}}
Jul 08 22:59:37.440918 np0000004850 nova-conductor[98730]: DEBUG cotyledon.oslo_config_glue [-] oslo_messaging_rabbit.rpc_conn_pool_size = 30 {{(pid=98730) log_opt_values /opt/stack/data/venv/lib/python3.12/site-packages/oslo_config/cfg.py:3253}}
Jul 08 22:59:37.440918 np0000004850 nova-conductor[98730]: DEBUG cotyledon.oslo_config_glue [-] oslo_messaging_rabbit.ssl = False {{(pid=98730) log_opt_values /opt/stack/data/venv/lib/python3.12/site-packages/oslo_config/cfg.py:3253}}
Jul 08 22:59:37.440918 np0000004850 nova-conductor[98730]: DEBUG cotyledon.oslo_config_glue [-] oslo_messaging_rabbit.ssl_ca_file = {{(pid=98730) log_opt_values /opt/stack/data/venv/lib/python3.12/site-packages/oslo_config/cfg.py:3253}}
Jul 08 22:59:37.440918 np0000004850 nova-conductor[98730]: DEBUG cotyledon.oslo_config_glue [-] oslo_messaging_rabbit.ssl_cert_file = {{(pid=98730) log_opt_values /opt/stack/data/venv/lib/python3.12/site-packages/oslo_config/cfg.py:3253}}
Jul 08 22:59:37.440918 np0000004850 nova-conductor[98730]: DEBUG cotyledon.oslo_config_glue [-] oslo_messaging_rabbit.ssl_enforce_fips_mode = False {{(pid=98730) log_opt_values /opt/stack/data/venv/lib/python3.12/site-packages/oslo_config/cfg.py:3253}}
Jul 08 22:59:37.440918 np0000004850 nova-conductor[98730]: DEBUG cotyledon.oslo_config_glue [-] oslo_messaging_rabbit.ssl_enforce_hostname_verification = True {{(pid=98730) log_opt_values /opt/stack/data/venv/lib/python3.12/site-packages/oslo_config/cfg.py:3253}}
Jul 08 22:59:37.440918 np0000004850 nova-conductor[98730]: DEBUG cotyledon.oslo_config_glue [-] oslo_messaging_rabbit.ssl_key_file = {{(pid=98730) log_opt_values /opt/stack/data/venv/lib/python3.12/site-packages/oslo_config/cfg.py:3253}}
Jul 08 22:59:37.441093 np0000004850 nova-conductor[98730]: DEBUG cotyledon.oslo_config_glue [-] oslo_messaging_rabbit.ssl_version = {{(pid=98730) log_opt_values /opt/stack/data/venv/lib/python3.12/site-packages/oslo_config/cfg.py:3253}}
Jul 08 22:59:37.441093 np0000004850 nova-conductor[98730]: DEBUG cotyledon.oslo_config_glue [-] oslo_messaging_rabbit.use_queue_manager = False {{(pid=98730) log_opt_values /opt/stack/data/venv/lib/python3.12/site-packages/oslo_config/cfg.py:3253}}
Jul 08 22:59:37.441093 np0000004850 nova-conductor[98730]: DEBUG cotyledon.oslo_config_glue [-] oslo_messaging_notifications.driver = ['messagingv2'] {{(pid=98730) log_opt_values /opt/stack/data/venv/lib/python3.12/site-packages/oslo_config/cfg.py:3253}}
Jul 08 22:59:37.441093 np0000004850 nova-conductor[98730]: DEBUG cotyledon.oslo_config_glue [-] oslo_messaging_notifications.retry = -1 {{(pid=98730) log_opt_values /opt/stack/data/venv/lib/python3.12/site-packages/oslo_config/cfg.py:3253}}
Jul 08 22:59:37.441093 np0000004850 nova-conductor[98730]: DEBUG cotyledon.oslo_config_glue [-] oslo_messaging_notifications.topics = ['notifications'] {{(pid=98730) log_opt_values /opt/stack/data/venv/lib/python3.12/site-packages/oslo_config/cfg.py:3253}}
Jul 08 22:59:37.441093 np0000004850 nova-conductor[98730]: DEBUG cotyledon.oslo_config_glue [-] oslo_messaging_notifications.transport_url = **** {{(pid=98730) log_opt_values /opt/stack/data/venv/lib/python3.12/site-packages/oslo_config/cfg.py:3253}}
Jul 08 22:59:37.441093 np0000004850 nova-conductor[98730]: DEBUG cotyledon.oslo_config_glue [-] oslo_limit.auth_section = None {{(pid=98730) log_opt_values /opt/stack/data/venv/lib/python3.12/site-packages/oslo_config/cfg.py:3253}}
Jul 08 22:59:37.441093 np0000004850 nova-conductor[98730]: DEBUG cotyledon.oslo_config_glue [-] oslo_limit.auth_type = None {{(pid=98730) log_opt_values /opt/stack/data/venv/lib/python3.12/site-packages/oslo_config/cfg.py:3253}}
Jul 08 22:59:37.441093 np0000004850 nova-conductor[98730]: DEBUG cotyledon.oslo_config_glue [-] oslo_limit.cafile = None {{(pid=98730) log_opt_values /opt/stack/data/venv/lib/python3.12/site-packages/oslo_config/cfg.py:3253}}
Jul 08 22:59:37.441261 np0000004850 nova-conductor[98730]: DEBUG cotyledon.oslo_config_glue [-] oslo_limit.certfile = None {{(pid=98730) log_opt_values /opt/stack/data/venv/lib/python3.12/site-packages/oslo_config/cfg.py:3253}}
Jul 08 22:59:37.441261 np0000004850 nova-conductor[98730]: DEBUG cotyledon.oslo_config_glue [-] oslo_limit.collect_timing = False {{(pid=98730) log_opt_values /opt/stack/data/venv/lib/python3.12/site-packages/oslo_config/cfg.py:3253}}
Jul 08 22:59:37.441261 np0000004850 nova-conductor[98730]: DEBUG cotyledon.oslo_config_glue [-] oslo_limit.connect_retries = None {{(pid=98730) log_opt_values /opt/stack/data/venv/lib/python3.12/site-packages/oslo_config/cfg.py:3253}}
Jul 08 22:59:37.441261 np0000004850 nova-conductor[98730]: DEBUG cotyledon.oslo_config_glue [-] oslo_limit.connect_retry_delay = None {{(pid=98730) log_opt_values /opt/stack/data/venv/lib/python3.12/site-packages/oslo_config/cfg.py:3253}}
Jul 08 22:59:37.441261 np0000004850 nova-conductor[98730]: DEBUG cotyledon.oslo_config_glue [-] oslo_limit.endpoint_id = None {{(pid=98730) log_opt_values /opt/stack/data/venv/lib/python3.12/site-packages/oslo_config/cfg.py:3253}}
Jul 08 22:59:37.441261 np0000004850 nova-conductor[98730]: DEBUG cotyledon.oslo_config_glue [-] oslo_limit.endpoint_interface = public {{(pid=98730) log_opt_values /opt/stack/data/venv/lib/python3.12/site-packages/oslo_config/cfg.py:3253}}
Jul 08 22:59:37.441261 np0000004850 nova-conductor[98730]: DEBUG cotyledon.oslo_config_glue [-] oslo_limit.endpoint_override = None {{(pid=98730) log_opt_values /opt/stack/data/venv/lib/python3.12/site-packages/oslo_config/cfg.py:3253}}
Jul 08 22:59:37.441261 np0000004850 nova-conductor[98730]: DEBUG cotyledon.oslo_config_glue [-] oslo_limit.endpoint_region_name = None {{(pid=98730) log_opt_values /opt/stack/data/venv/lib/python3.12/site-packages/oslo_config/cfg.py:3253}}
Jul 08 22:59:37.441261 np0000004850 nova-conductor[98730]: DEBUG cotyledon.oslo_config_glue [-] oslo_limit.endpoint_service_name = None {{(pid=98730) log_opt_values /opt/stack/data/venv/lib/python3.12/site-packages/oslo_config/cfg.py:3253}}
Jul 08 22:59:37.441432 np0000004850 nova-conductor[98730]: DEBUG cotyledon.oslo_config_glue [-] oslo_limit.endpoint_service_type = None {{(pid=98730) log_opt_values /opt/stack/data/venv/lib/python3.12/site-packages/oslo_config/cfg.py:3253}}
Jul 08 22:59:37.441432 np0000004850 nova-conductor[98730]: DEBUG cotyledon.oslo_config_glue [-] oslo_limit.insecure = False {{(pid=98730) log_opt_values /opt/stack/data/venv/lib/python3.12/site-packages/oslo_config/cfg.py:3253}}
Jul 08 22:59:37.441432 np0000004850 nova-conductor[98730]: DEBUG cotyledon.oslo_config_glue [-] oslo_limit.keyfile = None {{(pid=98730) log_opt_values /opt/stack/data/venv/lib/python3.12/site-packages/oslo_config/cfg.py:3253}}
Jul 08 22:59:37.441432 np0000004850 nova-conductor[98730]: DEBUG cotyledon.oslo_config_glue [-] oslo_limit.max_version = None {{(pid=98730) log_opt_values /opt/stack/data/venv/lib/python3.12/site-packages/oslo_config/cfg.py:3253}}
Jul 08 22:59:37.441432 np0000004850 nova-conductor[98730]: DEBUG cotyledon.oslo_config_glue [-] oslo_limit.min_version = None {{(pid=98730) log_opt_values /opt/stack/data/venv/lib/python3.12/site-packages/oslo_config/cfg.py:3253}}
Jul 08 22:59:37.441432 np0000004850 nova-conductor[98730]: DEBUG cotyledon.oslo_config_glue [-] oslo_limit.region_name = None {{(pid=98730) log_opt_values /opt/stack/data/venv/lib/python3.12/site-packages/oslo_config/cfg.py:3253}}
Jul 08 22:59:37.441432 np0000004850 nova-conductor[98730]: DEBUG cotyledon.oslo_config_glue [-] oslo_limit.retriable_status_codes = None {{(pid=98730) log_opt_values /opt/stack/data/venv/lib/python3.12/site-packages/oslo_config/cfg.py:3253}}
Jul 08 22:59:37.441432 np0000004850 nova-conductor[98730]: DEBUG cotyledon.oslo_config_glue [-] oslo_limit.service_name = None {{(pid=98730) log_opt_values /opt/stack/data/venv/lib/python3.12/site-packages/oslo_config/cfg.py:3253}}
Jul 08 22:59:37.441432 np0000004850 nova-conductor[98730]: DEBUG cotyledon.oslo_config_glue [-] oslo_limit.service_type = None {{(pid=98730) log_opt_values /opt/stack/data/venv/lib/python3.12/site-packages/oslo_config/cfg.py:3253}}
Jul 08 22:59:37.441604 np0000004850 nova-conductor[98730]: DEBUG cotyledon.oslo_config_glue [-] oslo_limit.split_loggers = False {{(pid=98730) log_opt_values /opt/stack/data/venv/lib/python3.12/site-packages/oslo_config/cfg.py:3253}}
Jul 08 22:59:37.441604 np0000004850 nova-conductor[98730]: DEBUG cotyledon.oslo_config_glue [-] oslo_limit.status_code_retries = None {{(pid=98730) log_opt_values /opt/stack/data/venv/lib/python3.12/site-packages/oslo_config/cfg.py:3253}}
Jul 08 22:59:37.441604 np0000004850 nova-conductor[98730]: DEBUG cotyledon.oslo_config_glue [-] oslo_limit.status_code_retry_delay = None {{(pid=98730) log_opt_values /opt/stack/data/venv/lib/python3.12/site-packages/oslo_config/cfg.py:3253}}
Jul 08 22:59:37.441604 np0000004850 nova-conductor[98730]: DEBUG cotyledon.oslo_config_glue [-] oslo_limit.timeout = None {{(pid=98730) log_opt_values /opt/stack/data/venv/lib/python3.12/site-packages/oslo_config/cfg.py:3253}}
Jul 08 22:59:37.441604 np0000004850 nova-conductor[98730]: DEBUG cotyledon.oslo_config_glue [-] oslo_limit.valid_interfaces = None {{(pid=98730) log_opt_values /opt/stack/data/venv/lib/python3.12/site-packages/oslo_config/cfg.py:3253}}
Jul 08 22:59:37.441604 np0000004850 nova-conductor[98730]: DEBUG cotyledon.oslo_config_glue [-] oslo_limit.version = None {{(pid=98730) log_opt_values /opt/stack/data/venv/lib/python3.12/site-packages/oslo_config/cfg.py:3253}}
Jul 08 22:59:37.441604 np0000004850 nova-conductor[98730]: DEBUG cotyledon.oslo_config_glue [-] oslo_reports.file_event_handler = None {{(pid=98730) log_opt_values /opt/stack/data/venv/lib/python3.12/site-packages/oslo_config/cfg.py:3253}}
Jul 08 22:59:37.441604 np0000004850 nova-conductor[98730]: DEBUG cotyledon.oslo_config_glue [-] oslo_reports.file_event_handler_interval = 1 {{(pid=98730) log_opt_values /opt/stack/data/venv/lib/python3.12/site-packages/oslo_config/cfg.py:3253}}
Jul 08 22:59:37.441604 np0000004850 nova-conductor[98730]: DEBUG cotyledon.oslo_config_glue [-] oslo_reports.log_dir = None {{(pid=98730) log_opt_values /opt/stack/data/venv/lib/python3.12/site-packages/oslo_config/cfg.py:3253}}
Jul 08 22:59:37.441776 np0000004850 nova-conductor[98730]: DEBUG cotyledon.oslo_config_glue [-] ******************************************************************************** {{(pid=98730) log_opt_values /opt/stack/data/venv/lib/python3.12/site-packages/oslo_config/cfg.py:3260}}
Jul 08 22:59:37.441776 np0000004850 nova-conductor[98730]: DEBUG cotyledon._service_worker [-] Run service ServiceWrapper(3) [98730] {{(pid=98730) wait_forever /opt/stack/data/venv/lib/python3.12/site-packages/cotyledon/_service_worker.py:218}}
Jul 08 22:59:37.441776 np0000004850 nova-conductor[98730]: INFO nova.service [-] Starting conductor node (version 33.1.0)
Jul 08 22:59:37.441776 np0000004850 nova-conductor[98730]: INFO dbcounter [None req-65f14bdd-786a-45bd-9923-b67379053053 None None] Registered counter for database nova_cell0
Jul 08 22:59:37.441875 np0000004850 nova-conductor[98710]: DEBUG oslo_db.sqlalchemy.engines [None req-d60c5687-a441-4106-8200-29cbb09ed4ae None None] MySQL server mode set to STRICT_TRANS_TABLES,STRICT_ALL_TABLES,NO_ZERO_IN_DATE,NO_ZERO_DATE,ERROR_FOR_DIVISION_BY_ZERO,TRADITIONAL,NO_ENGINE_SUBSTITUTION {{(pid=98710) _check_effective_sql_mode /opt/stack/data/venv/lib/python3.12/site-packages/oslo_db/sqlalchemy/engines.py:325}}
Jul 08 22:59:37.441875 np0000004850 nova-conductor[98710]: DEBUG dbcounter [-] [98710] Writer thread running {{(pid=98710) stat_writer /opt/stack/data/venv/lib/python3.12/site-packages/dbcounter.py:102}}
Jul 08 22:59:37.441875 np0000004850 nova-conductor[98710]: DEBUG nova.service [None req-d60c5687-a441-4106-8200-29cbb09ed4ae None None] Creating RPC server for service: nova-conductor on topic: conductor {{(pid=98710) start /opt/stack/nova/nova/service.py:196}}
Jul 08 22:59:37.441942 np0000004850 nova-conductor[98715]: DEBUG oslo_db.sqlalchemy.engines [None req-76e1b354-289b-4ea8-b622-a5d066f757c5 None None] MySQL server mode set to STRICT_TRANS_TABLES,STRICT_ALL_TABLES,NO_ZERO_IN_DATE,NO_ZERO_DATE,ERROR_FOR_DIVISION_BY_ZERO,TRADITIONAL,NO_ENGINE_SUBSTITUTION {{(pid=98715) _check_effective_sql_mode /opt/stack/data/venv/lib/python3.12/site-packages/oslo_db/sqlalchemy/engines.py:325}}
Jul 08 22:59:37.443955 np0000004850 nova-conductor[98713]: DEBUG oslo_db.sqlalchemy.engines [None req-8b467a1b-1d44-411f-8f29-82f28ee588df None None] MySQL server mode set to STRICT_TRANS_TABLES,STRICT_ALL_TABLES,NO_ZERO_IN_DATE,NO_ZERO_DATE,ERROR_FOR_DIVISION_BY_ZERO,TRADITIONAL,NO_ENGINE_SUBSTITUTION {{(pid=98713) _check_effective_sql_mode /opt/stack/data/venv/lib/python3.12/site-packages/oslo_db/sqlalchemy/engines.py:325}}
Jul 08 22:59:37.451596 np0000004850 nova-conductor[98715]: DEBUG dbcounter [-] [98715] Writer thread running {{(pid=98715) stat_writer /opt/stack/data/venv/lib/python3.12/site-packages/dbcounter.py:102}}
Jul 08 22:59:37.453609 np0000004850 nova-conductor[98713]: DEBUG dbcounter [-] [98713] Writer thread running {{(pid=98713) stat_writer /opt/stack/data/venv/lib/python3.12/site-packages/dbcounter.py:102}}
Jul 08 22:59:37.454471 np0000004850 nova-conductor[98715]: DEBUG nova.service [None req-76e1b354-289b-4ea8-b622-a5d066f757c5 None None] Creating RPC server for service: nova-conductor on topic: conductor {{(pid=98715) start /opt/stack/nova/nova/service.py:196}}
Jul 08 22:59:37.456502 np0000004850 nova-conductor[98713]: DEBUG nova.service [None req-8b467a1b-1d44-411f-8f29-82f28ee588df None None] Creating RPC server for service: nova-conductor on topic: conductor {{(pid=98713) start /opt/stack/nova/nova/service.py:196}}
Jul 08 22:59:37.456798 np0000004850 nova-conductor[98710]: DEBUG nova.service [None req-d60c5687-a441-4106-8200-29cbb09ed4ae None None] Join ServiceGroup membership for this service conductor {{(pid=98710) start /opt/stack/nova/nova/service.py:222}}
Jul 08 22:59:37.457053 np0000004850 nova-conductor[98710]: DEBUG nova.servicegroup.drivers.db [None req-d60c5687-a441-4106-8200-29cbb09ed4ae None None] DB_Driver: join new ServiceGroup member np0000004850 to the conductor group, service = {{(pid=98710) join /opt/stack/nova/nova/servicegroup/drivers/db.py:44}}
Jul 08 22:59:37.457886 np0000004850 nova-conductor[98730]: DEBUG oslo_db.sqlalchemy.engines [None req-65f14bdd-786a-45bd-9923-b67379053053 None None] MySQL server mode set to STRICT_TRANS_TABLES,STRICT_ALL_TABLES,NO_ZERO_IN_DATE,NO_ZERO_DATE,ERROR_FOR_DIVISION_BY_ZERO,TRADITIONAL,NO_ENGINE_SUBSTITUTION {{(pid=98730) _check_effective_sql_mode /opt/stack/data/venv/lib/python3.12/site-packages/oslo_db/sqlalchemy/engines.py:325}}
Jul 08 22:59:37.469679 np0000004850 nova-conductor[98730]: DEBUG dbcounter [-] [98730] Writer thread running {{(pid=98730) stat_writer /opt/stack/data/venv/lib/python3.12/site-packages/dbcounter.py:102}}
Jul 08 22:59:37.472604 np0000004850 nova-conductor[98715]: DEBUG nova.service [None req-76e1b354-289b-4ea8-b622-a5d066f757c5 None None] Join ServiceGroup membership for this service conductor {{(pid=98715) start /opt/stack/nova/nova/service.py:222}}
Jul 08 22:59:37.472848 np0000004850 nova-conductor[98713]: DEBUG nova.service [None req-8b467a1b-1d44-411f-8f29-82f28ee588df None None] Join ServiceGroup membership for this service conductor {{(pid=98713) start /opt/stack/nova/nova/service.py:222}}
Jul 08 22:59:37.472910 np0000004850 nova-conductor[98715]: DEBUG nova.servicegroup.drivers.db [None req-76e1b354-289b-4ea8-b622-a5d066f757c5 None None] DB_Driver: join new ServiceGroup member np0000004850 to the conductor group, service = {{(pid=98715) join /opt/stack/nova/nova/servicegroup/drivers/db.py:44}}
Jul 08 22:59:37.473085 np0000004850 nova-conductor[98730]: DEBUG nova.service [None req-65f14bdd-786a-45bd-9923-b67379053053 None None] Creating RPC server for service: nova-conductor on topic: conductor {{(pid=98730) start /opt/stack/nova/nova/service.py:196}}
Jul 08 22:59:37.473149 np0000004850 nova-conductor[98713]: DEBUG nova.servicegroup.drivers.db [None req-8b467a1b-1d44-411f-8f29-82f28ee588df None None] DB_Driver: join new ServiceGroup member np0000004850 to the conductor group, service = {{(pid=98713) join /opt/stack/nova/nova/servicegroup/drivers/db.py:44}}
Jul 08 22:59:37.491298 np0000004850 nova-conductor[98730]: DEBUG nova.service [None req-65f14bdd-786a-45bd-9923-b67379053053 None None] Join ServiceGroup membership for this service conductor {{(pid=98730) start /opt/stack/nova/nova/service.py:222}}
Jul 08 22:59:37.491498 np0000004850 nova-conductor[98730]: DEBUG nova.servicegroup.drivers.db [None req-65f14bdd-786a-45bd-9923-b67379053053 None None] DB_Driver: join new ServiceGroup member np0000004850 to the conductor group, service = {{(pid=98730) join /opt/stack/nova/nova/servicegroup/drivers/db.py:44}}
Jul 08 22:59:42.502332 np0000004850 nova-conductor[98710]: DEBUG oslo.service.backend._threading.loopingcall [-] Fixed interval looping call 'nova.servicegroup.drivers.db.DbDriver._report_state' sleeping for 119.96 seconds {{(pid=98710) _run_loop /opt/stack/data/venv/lib/python3.12/site-packages/oslo_service/backend/_threading/loopingcall.py:125}}
Jul 08 22:59:42.503560 np0000004850 nova-conductor[98713]: DEBUG oslo.service.backend._threading.loopingcall [-] Fixed interval looping call 'nova.servicegroup.drivers.db.DbDriver._report_state' sleeping for 119.97 seconds {{(pid=98713) _run_loop /opt/stack/data/venv/lib/python3.12/site-packages/oslo_service/backend/_threading/loopingcall.py:125}}
Jul 08 22:59:42.507116 np0000004850 nova-conductor[98715]: DEBUG oslo.service.backend._threading.loopingcall [-] Fixed interval looping call 'nova.servicegroup.drivers.db.DbDriver._report_state' sleeping for 119.97 seconds {{(pid=98715) _run_loop /opt/stack/data/venv/lib/python3.12/site-packages/oslo_service/backend/_threading/loopingcall.py:125}}
Jul 08 22:59:42.511626 np0000004850 nova-conductor[98730]: DEBUG oslo.service.backend._threading.loopingcall [-] Fixed interval looping call 'nova.servicegroup.drivers.db.DbDriver._report_state' sleeping for 119.98 seconds {{(pid=98730) _run_loop /opt/stack/data/venv/lib/python3.12/site-packages/oslo_service/backend/_threading/loopingcall.py:125}}
Jul 08 22:59:46.035511 np0000004850 nova-conductor[97202]: DEBUG dbcounter [-] [97202] Writing DB stats nova_api:SELECT=1 {{(pid=97202) stat_writer /opt/stack/data/venv/lib/python3.12/site-packages/dbcounter.py:115}}
Jul 08 22:59:46.168565 np0000004850 nova-conductor[97202]: DEBUG dbcounter [-] [97202] Writing DB stats nova_cell0:SELECT=1 {{(pid=97202) stat_writer /opt/stack/data/venv/lib/python3.12/site-packages/dbcounter.py:115}}
Jul 08 22:59:46.172191 np0000004850 nova-conductor[97202]: DEBUG dbcounter [-] [97202] Writing DB stats nova_cell1:SELECT=1 {{(pid=97202) stat_writer /opt/stack/data/venv/lib/python3.12/site-packages/dbcounter.py:115}}
Jul 08 22:59:49.493789 np0000004850 nova-conductor[98730]: DEBUG oslo.service.backend._threading.loopingcall [None req-4283a5cd-10df-4da5-b94a-1bb84e7962d3 None None] Dynamic interval looping call 'nova.service.Service.periodic_tasks' sleeping for 60.00 seconds {{(pid=98730) _run_loop /opt/stack/data/venv/lib/python3.12/site-packages/oslo_service/backend/_threading/loopingcall.py:125}}
Jul 08 22:59:52.466636 np0000004850 nova-conductor[98710]: DEBUG dbcounter [-] [98710] Writing DB stats nova_cell0:SELECT=4,nova_cell0:INSERT=1,nova_cell0:UPDATE=1 {{(pid=98710) stat_writer /opt/stack/data/venv/lib/python3.12/site-packages/dbcounter.py:115}}
Jul 08 22:59:52.485665 np0000004850 nova-conductor[98713]: DEBUG dbcounter [-] [98713] Writing DB stats nova_cell0:SELECT=3,nova_cell0:UPDATE=1 {{(pid=98713) stat_writer /opt/stack/data/venv/lib/python3.12/site-packages/dbcounter.py:115}}
Jul 08 22:59:52.488100 np0000004850 nova-conductor[98715]: DEBUG dbcounter [-] [98715] Writing DB stats nova_cell0:SELECT=3,nova_cell0:UPDATE=1 {{(pid=98715) stat_writer /opt/stack/data/venv/lib/python3.12/site-packages/dbcounter.py:115}}
Jul 08 22:59:52.504632 np0000004850 nova-conductor[98730]: DEBUG dbcounter [-] [98730] Writing DB stats nova_cell0:SELECT=3,nova_cell0:UPDATE=1 {{(pid=98730) stat_writer /opt/stack/data/venv/lib/python3.12/site-packages/dbcounter.py:115}}
Jul 08 23:00:06.475207 np0000004850 nova-conductor[98713]: DEBUG oslo.service.backend._threading.loopingcall [None req-4c00fae3-7422-4307-a4d3-23e2e7e1d1e3 None None] Dynamic interval looping call 'nova.service.Service.periodic_tasks' sleeping for 60.00 seconds {{(pid=98713) _run_loop /opt/stack/data/venv/lib/python3.12/site-packages/oslo_service/backend/_threading/loopingcall.py:125}}
Jul 08 23:00:14.474738 np0000004850 nova-conductor[98715]: DEBUG oslo.service.backend._threading.loopingcall [None req-4976a360-0d47-4d0e-a302-acc3ff07f180 None None] Dynamic interval looping call 'nova.service.Service.periodic_tasks' sleeping for 60.00 seconds {{(pid=98715) _run_loop /opt/stack/data/venv/lib/python3.12/site-packages/oslo_service/backend/_threading/loopingcall.py:125}}
Jul 08 23:00:37.459168 np0000004850 nova-conductor[98710]: DEBUG oslo.service.backend._threading.loopingcall [None req-a98662a4-f20f-447a-9d23-3a5df00ce64c None None] Dynamic interval looping call 'nova.service.Service.periodic_tasks' sleeping for 60.00 seconds {{(pid=98710) _run_loop /opt/stack/data/venv/lib/python3.12/site-packages/oslo_service/backend/_threading/loopingcall.py:125}}
Jul 08 23:00:49.494323 np0000004850 nova-conductor[98730]: DEBUG oslo.service.backend._threading.loopingcall [None req-4283a5cd-10df-4da5-b94a-1bb84e7962d3 None None] Dynamic interval looping call 'nova.service.Service.periodic_tasks' sleeping for 60.00 seconds {{(pid=98730) _run_loop /opt/stack/data/venv/lib/python3.12/site-packages/oslo_service/backend/_threading/loopingcall.py:125}}
Jul 08 23:01:06.475749 np0000004850 nova-conductor[98713]: DEBUG oslo.service.backend._threading.loopingcall [None req-4c00fae3-7422-4307-a4d3-23e2e7e1d1e3 None None] Dynamic interval looping call 'nova.service.Service.periodic_tasks' sleeping for 60.00 seconds {{(pid=98713) _run_loop /opt/stack/data/venv/lib/python3.12/site-packages/oslo_service/backend/_threading/loopingcall.py:125}}
Jul 08 23:01:14.475333 np0000004850 nova-conductor[98715]: DEBUG oslo.service.backend._threading.loopingcall [None req-4976a360-0d47-4d0e-a302-acc3ff07f180 None None] Dynamic interval looping call 'nova.service.Service.periodic_tasks' sleeping for 60.00 seconds {{(pid=98715) _run_loop /opt/stack/data/venv/lib/python3.12/site-packages/oslo_service/backend/_threading/loopingcall.py:125}}
Jul 08 23:01:37.459674 np0000004850 nova-conductor[98710]: DEBUG oslo.service.backend._threading.loopingcall [None req-a98662a4-f20f-447a-9d23-3a5df00ce64c None None] Dynamic interval looping call 'nova.service.Service.periodic_tasks' sleeping for 60.00 seconds {{(pid=98710) _run_loop /opt/stack/data/venv/lib/python3.12/site-packages/oslo_service/backend/_threading/loopingcall.py:125}}
Jul 08 23:01:42.470633 np0000004850 nova-conductor[98710]: DEBUG oslo.service.backend._threading.loopingcall [-] Fixed interval looping call 'nova.servicegroup.drivers.db.DbDriver._report_state' sleeping for 119.99 seconds {{(pid=98710) _run_loop /opt/stack/data/venv/lib/python3.12/site-packages/oslo_service/backend/_threading/loopingcall.py:125}}
Jul 08 23:01:42.478902 np0000004850 nova-conductor[98713]: DEBUG oslo.service.backend._threading.loopingcall [-] Fixed interval looping call 'nova.servicegroup.drivers.db.DbDriver._report_state' sleeping for 120.00 seconds {{(pid=98713) _run_loop /opt/stack/data/venv/lib/python3.12/site-packages/oslo_service/backend/_threading/loopingcall.py:125}}
Jul 08 23:01:42.480670 np0000004850 nova-conductor[98715]: DEBUG oslo.service.backend._threading.loopingcall [-] Fixed interval looping call 'nova.servicegroup.drivers.db.DbDriver._report_state' sleeping for 120.00 seconds {{(pid=98715) _run_loop /opt/stack/data/venv/lib/python3.12/site-packages/oslo_service/backend/_threading/loopingcall.py:125}}
Jul 08 23:01:42.496666 np0000004850 nova-conductor[98730]: DEBUG oslo.service.backend._threading.loopingcall [-] Fixed interval looping call 'nova.servicegroup.drivers.db.DbDriver._report_state' sleeping for 120.00 seconds {{(pid=98730) _run_loop /opt/stack/data/venv/lib/python3.12/site-packages/oslo_service/backend/_threading/loopingcall.py:125}}
Jul 08 23:01:49.495263 np0000004850 nova-conductor[98730]: DEBUG oslo.service.backend._threading.loopingcall [None req-4283a5cd-10df-4da5-b94a-1bb84e7962d3 None None] Dynamic interval looping call 'nova.service.Service.periodic_tasks' sleeping for 60.00 seconds {{(pid=98730) _run_loop /opt/stack/data/venv/lib/python3.12/site-packages/oslo_service/backend/_threading/loopingcall.py:125}}
Jul 08 23:01:52.466508 np0000004850 nova-conductor[98710]: DEBUG dbcounter [-] [98710] Writing DB stats nova_cell0:SELECT=1,nova_cell0:UPDATE=1 {{(pid=98710) stat_writer /opt/stack/data/venv/lib/python3.12/site-packages/dbcounter.py:115}}
Jul 08 23:01:52.476458 np0000004850 nova-conductor[98713]: DEBUG dbcounter [-] [98713] Writing DB stats nova_cell0:SELECT=1 {{(pid=98713) stat_writer /opt/stack/data/venv/lib/python3.12/site-packages/dbcounter.py:115}}
Jul 08 23:01:52.482118 np0000004850 nova-conductor[98715]: DEBUG dbcounter [-] [98715] Writing DB stats nova_cell0:SELECT=1 {{(pid=98715) stat_writer /opt/stack/data/venv/lib/python3.12/site-packages/dbcounter.py:115}}
Jul 08 23:01:52.494226 np0000004850 nova-conductor[98730]: DEBUG dbcounter [-] [98730] Writing DB stats nova_cell0:SELECT=1 {{(pid=98730) stat_writer /opt/stack/data/venv/lib/python3.12/site-packages/dbcounter.py:115}}
Jul 08 23:01:55.651505 np0000004850 nova-conductor[98710]: DEBUG oslo_db.sqlalchemy.engines [None req-d7adeb82-6391-4eef-a796-714dc6cdd27a tempest-DeleteServersTestJSON-1103424927 tempest-DeleteServersTestJSON-1103424927-project-member] Parent process 97202 forked (98710) with an open database connection, which is being discarded and recreated. {{(pid=98710) checkout /opt/stack/data/venv/lib/python3.12/site-packages/oslo_db/sqlalchemy/engines.py:402}}
Jul 08 23:01:55.712397 np0000004850 nova-conductor[98710]: DEBUG dbcounter [-] [98710] Writer thread running {{(pid=98710) stat_writer /opt/stack/data/venv/lib/python3.12/site-packages/dbcounter.py:102}}
Jul 08 23:01:57.249788 np0000004850 nova-conductor[98710]: DEBUG nova.conductor.manager [None req-d7adeb82-6391-4eef-a796-714dc6cdd27a tempest-DeleteServersTestJSON-1103424927 tempest-DeleteServersTestJSON-1103424927-project-member] Took 1.53 seconds to select destinations for 1 instance(s). {{(pid=98710) _schedule_instances /opt/stack/nova/nova/conductor/manager.py:968}}
Jul 08 23:01:57.280984 np0000004850 nova-conductor[98710]: DEBUG oslo_concurrency.lockutils [None req-d7adeb82-6391-4eef-a796-714dc6cdd27a tempest-DeleteServersTestJSON-1103424927 tempest-DeleteServersTestJSON-1103424927-project-member] Acquiring lock "880bd953-64df-4a42-8bff-f2dbbb0a40c2" by "nova.context.set_target_cell..get_or_set_cached_cell_and_set_connections" {{(pid=98710) inner /opt/stack/data/venv/lib/python3.12/site-packages/oslo_concurrency/lockutils.py:511}}
Jul 08 23:01:57.281177 np0000004850 nova-conductor[98710]: DEBUG oslo_concurrency.lockutils [None req-d7adeb82-6391-4eef-a796-714dc6cdd27a tempest-DeleteServersTestJSON-1103424927 tempest-DeleteServersTestJSON-1103424927-project-member] Lock "880bd953-64df-4a42-8bff-f2dbbb0a40c2" acquired by "nova.context.set_target_cell..get_or_set_cached_cell_and_set_connections" :: waited 0.000s {{(pid=98710) inner /opt/stack/data/venv/lib/python3.12/site-packages/oslo_concurrency/lockutils.py:524}}
Jul 08 23:01:57.282650 np0000004850 nova-conductor[98710]: DEBUG oslo_concurrency.lockutils [None req-d7adeb82-6391-4eef-a796-714dc6cdd27a tempest-DeleteServersTestJSON-1103424927 tempest-DeleteServersTestJSON-1103424927-project-member] Lock "880bd953-64df-4a42-8bff-f2dbbb0a40c2" "released" by "nova.context.set_target_cell..get_or_set_cached_cell_and_set_connections" :: held 0.001s {{(pid=98710) inner /opt/stack/data/venv/lib/python3.12/site-packages/oslo_concurrency/lockutils.py:543}}
Jul 08 23:01:57.284341 np0000004850 nova-conductor[98710]: INFO dbcounter [None req-d7adeb82-6391-4eef-a796-714dc6cdd27a tempest-DeleteServersTestJSON-1103424927 tempest-DeleteServersTestJSON-1103424927-project-member] Registered counter for database nova_cell1
Jul 08 23:01:57.336187 np0000004850 nova-conductor[98710]: DEBUG oslo_db.sqlalchemy.engines [None req-d7adeb82-6391-4eef-a796-714dc6cdd27a tempest-DeleteServersTestJSON-1103424927 tempest-DeleteServersTestJSON-1103424927-project-member] MySQL server mode set to STRICT_TRANS_TABLES,STRICT_ALL_TABLES,NO_ZERO_IN_DATE,NO_ZERO_DATE,ERROR_FOR_DIVISION_BY_ZERO,TRADITIONAL,NO_ENGINE_SUBSTITUTION {{(pid=98710) _check_effective_sql_mode /opt/stack/data/venv/lib/python3.12/site-packages/oslo_db/sqlalchemy/engines.py:325}}
Jul 08 23:01:57.346418 np0000004850 nova-conductor[98710]: DEBUG dbcounter [-] [98710] Writer thread running {{(pid=98710) stat_writer /opt/stack/data/venv/lib/python3.12/site-packages/dbcounter.py:102}}
Jul 08 23:01:57.436028 np0000004850 nova-conductor[98710]: INFO nova.utils [None req-d7adeb82-6391-4eef-a796-714dc6cdd27a tempest-DeleteServersTestJSON-1103424927 tempest-DeleteServersTestJSON-1103424927-project-member] The cell worker thread pool ForkProcess-1.cell_worker is initialized
Jul 08 23:01:57.436333 np0000004850 nova-conductor[98710]: DEBUG oslo_concurrency.lockutils [None req-d7adeb82-6391-4eef-a796-714dc6cdd27a tempest-DeleteServersTestJSON-1103424927 tempest-DeleteServersTestJSON-1103424927-project-member] Acquiring lock "00000000-0000-0000-0000-000000000000" by "nova.context.set_target_cell..get_or_set_cached_cell_and_set_connections" {{(pid=98710) inner /opt/stack/data/venv/lib/python3.12/site-packages/oslo_concurrency/lockutils.py:511}}
Jul 08 23:01:57.436485 np0000004850 nova-conductor[98710]: DEBUG oslo_concurrency.lockutils [None req-d7adeb82-6391-4eef-a796-714dc6cdd27a tempest-DeleteServersTestJSON-1103424927 tempest-DeleteServersTestJSON-1103424927-project-member] Lock "00000000-0000-0000-0000-000000000000" acquired by "nova.context.set_target_cell..get_or_set_cached_cell_and_set_connections" :: waited 0.000s {{(pid=98710) inner /opt/stack/data/venv/lib/python3.12/site-packages/oslo_concurrency/lockutils.py:524}}
Jul 08 23:01:57.436883 np0000004850 nova-conductor[98710]: DEBUG oslo_concurrency.lockutils [None req-d7adeb82-6391-4eef-a796-714dc6cdd27a tempest-DeleteServersTestJSON-1103424927 tempest-DeleteServersTestJSON-1103424927-project-member] Lock "00000000-0000-0000-0000-000000000000" "released" by "nova.context.set_target_cell..get_or_set_cached_cell_and_set_connections" :: held 0.000s {{(pid=98710) inner /opt/stack/data/venv/lib/python3.12/site-packages/oslo_concurrency/lockutils.py:543}}
Jul 08 23:01:57.437539 np0000004850 nova-conductor[98710]: DEBUG oslo_concurrency.lockutils [None req-d7adeb82-6391-4eef-a796-714dc6cdd27a tempest-DeleteServersTestJSON-1103424927 tempest-DeleteServersTestJSON-1103424927-project-member] Acquiring lock "880bd953-64df-4a42-8bff-f2dbbb0a40c2" by "nova.context.set_target_cell..get_or_set_cached_cell_and_set_connections" {{(pid=98710) inner /opt/stack/data/venv/lib/python3.12/site-packages/oslo_concurrency/lockutils.py:511}}
Jul 08 23:01:57.437758 np0000004850 nova-conductor[98710]: DEBUG oslo_concurrency.lockutils [None req-d7adeb82-6391-4eef-a796-714dc6cdd27a tempest-DeleteServersTestJSON-1103424927 tempest-DeleteServersTestJSON-1103424927-project-member] Lock "880bd953-64df-4a42-8bff-f2dbbb0a40c2" acquired by "nova.context.set_target_cell..get_or_set_cached_cell_and_set_connections" :: waited 0.000s {{(pid=98710) inner /opt/stack/data/venv/lib/python3.12/site-packages/oslo_concurrency/lockutils.py:524}}
Jul 08 23:01:57.437962 np0000004850 nova-conductor[98710]: DEBUG oslo_concurrency.lockutils [None req-d7adeb82-6391-4eef-a796-714dc6cdd27a tempest-DeleteServersTestJSON-1103424927 tempest-DeleteServersTestJSON-1103424927-project-member] Lock "880bd953-64df-4a42-8bff-f2dbbb0a40c2" "released" by "nova.context.set_target_cell..get_or_set_cached_cell_and_set_connections" :: held 0.000s {{(pid=98710) inner /opt/stack/data/venv/lib/python3.12/site-packages/oslo_concurrency/lockutils.py:543}}
Jul 08 23:01:57.439321 np0000004850 nova-conductor[98710]: INFO dbcounter [None req-d7adeb82-6391-4eef-a796-714dc6cdd27a tempest-DeleteServersTestJSON-1103424927 tempest-DeleteServersTestJSON-1103424927-project-member] Registered counter for database nova_cell0
Jul 08 23:01:57.487458 np0000004850 nova-conductor[98710]: DEBUG oslo_db.sqlalchemy.engines [None req-d7adeb82-6391-4eef-a796-714dc6cdd27a tempest-DeleteServersTestJSON-1103424927 tempest-DeleteServersTestJSON-1103424927-project-member] MySQL server mode set to STRICT_TRANS_TABLES,STRICT_ALL_TABLES,NO_ZERO_IN_DATE,NO_ZERO_DATE,ERROR_FOR_DIVISION_BY_ZERO,TRADITIONAL,NO_ENGINE_SUBSTITUTION {{(pid=98710) _check_effective_sql_mode /opt/stack/data/venv/lib/python3.12/site-packages/oslo_db/sqlalchemy/engines.py:325}}
Jul 08 23:01:57.498127 np0000004850 nova-conductor[98710]: DEBUG dbcounter [-] [98710] Writer thread running {{(pid=98710) stat_writer /opt/stack/data/venv/lib/python3.12/site-packages/dbcounter.py:102}}
Jul 08 23:01:57.510855 np0000004850 nova-conductor[98710]: DEBUG nova.quota [None req-d7adeb82-6391-4eef-a796-714dc6cdd27a tempest-DeleteServersTestJSON-1103424927 tempest-DeleteServersTestJSON-1103424927-project-member] Getting quotas for project f6d299a665134511a56b6f4845c25a79. Resources: {'cores', 'ram', 'instances'} {{(pid=98710) _get_quotas /opt/stack/nova/nova/quota.py:389}}
Jul 08 23:01:57.515708 np0000004850 nova-conductor[98710]: DEBUG nova.quota [None req-d7adeb82-6391-4eef-a796-714dc6cdd27a tempest-DeleteServersTestJSON-1103424927 tempest-DeleteServersTestJSON-1103424927-project-member] Getting quotas for user 2840bc28a9044f21901dc32e1d6546ce and project f6d299a665134511a56b6f4845c25a79. Resources: {'cores', 'ram', 'instances'} {{(pid=98710) _get_quotas /opt/stack/nova/nova/quota.py:379}}
Jul 08 23:01:57.528683 np0000004850 nova-conductor[98710]: DEBUG nova.conductor.manager [None req-d7adeb82-6391-4eef-a796-714dc6cdd27a tempest-DeleteServersTestJSON-1103424927 tempest-DeleteServersTestJSON-1103424927-project-member] [instance: 5c40df18-3787-425d-a9df-53e281c9a734] Selected host: np0000004850; Selected node: np0000004850; Alternates: [] {{(pid=98710) schedule_and_build_instances /opt/stack/nova/nova/conductor/manager.py:1784}}
Jul 08 23:01:57.529363 np0000004850 nova-conductor[98710]: DEBUG oslo_concurrency.lockutils [None req-d7adeb82-6391-4eef-a796-714dc6cdd27a tempest-DeleteServersTestJSON-1103424927 tempest-DeleteServersTestJSON-1103424927-project-member] Acquiring lock "880bd953-64df-4a42-8bff-f2dbbb0a40c2" by "nova.context.set_target_cell..get_or_set_cached_cell_and_set_connections" {{(pid=98710) inner /opt/stack/data/venv/lib/python3.12/site-packages/oslo_concurrency/lockutils.py:511}}
Jul 08 23:01:57.529573 np0000004850 nova-conductor[98710]: DEBUG oslo_concurrency.lockutils [None req-d7adeb82-6391-4eef-a796-714dc6cdd27a tempest-DeleteServersTestJSON-1103424927 tempest-DeleteServersTestJSON-1103424927-project-member] Lock "880bd953-64df-4a42-8bff-f2dbbb0a40c2" acquired by "nova.context.set_target_cell..get_or_set_cached_cell_and_set_connections" :: waited 0.000s {{(pid=98710) inner /opt/stack/data/venv/lib/python3.12/site-packages/oslo_concurrency/lockutils.py:524}}
Jul 08 23:01:57.530463 np0000004850 nova-conductor[98710]: DEBUG oslo_concurrency.lockutils [None req-d7adeb82-6391-4eef-a796-714dc6cdd27a tempest-DeleteServersTestJSON-1103424927 tempest-DeleteServersTestJSON-1103424927-project-member] Lock "880bd953-64df-4a42-8bff-f2dbbb0a40c2" "released" by "nova.context.set_target_cell..get_or_set_cached_cell_and_set_connections" :: held 0.000s {{(pid=98710) inner /opt/stack/data/venv/lib/python3.12/site-packages/oslo_concurrency/lockutils.py:543}}
Jul 08 23:01:57.555102 np0000004850 nova-conductor[98710]: DEBUG nova.conductor.manager [None req-d7adeb82-6391-4eef-a796-714dc6cdd27a tempest-DeleteServersTestJSON-1103424927 tempest-DeleteServersTestJSON-1103424927-project-member] [instance: 5c40df18-3787-425d-a9df-53e281c9a734] block_device_mapping [BlockDeviceMapping(attachment_id=,boot_index=0,connection_info=None,created_at=,delete_on_termination=True,deleted=,deleted_at=,destination_type='local',device_name=None,device_type='disk',disk_bus=None,encrypted=False,encryption_format=None,encryption_options=None,encryption_secret_uuid=None,guest_format=None,id=,image_id='35842783-10b1-4ea0-8a95-a9d6f14c8aae',instance=,instance_uuid=,no_device=False,snapshot_id=None,source_type='image',tag=None,updated_at=,uuid=,volume_id=None,volume_size=None,volume_type=None)] {{(pid=98710) _create_block_device_mapping /opt/stack/nova/nova/conductor/manager.py:1529}}
Jul 08 23:01:57.556814 np0000004850 nova-conductor[98710]: DEBUG oslo_concurrency.lockutils [None req-d7adeb82-6391-4eef-a796-714dc6cdd27a tempest-DeleteServersTestJSON-1103424927 tempest-DeleteServersTestJSON-1103424927-project-member] Acquiring lock "880bd953-64df-4a42-8bff-f2dbbb0a40c2" by "nova.context.set_target_cell..get_or_set_cached_cell_and_set_connections" {{(pid=98710) inner /opt/stack/data/venv/lib/python3.12/site-packages/oslo_concurrency/lockutils.py:511}}
Jul 08 23:01:57.556989 np0000004850 nova-conductor[98710]: DEBUG oslo_concurrency.lockutils [None req-d7adeb82-6391-4eef-a796-714dc6cdd27a tempest-DeleteServersTestJSON-1103424927 tempest-DeleteServersTestJSON-1103424927-project-member] Lock "880bd953-64df-4a42-8bff-f2dbbb0a40c2" acquired by "nova.context.set_target_cell..get_or_set_cached_cell_and_set_connections" :: waited 0.000s {{(pid=98710) inner /opt/stack/data/venv/lib/python3.12/site-packages/oslo_concurrency/lockutils.py:524}}
Jul 08 23:01:57.557156 np0000004850 nova-conductor[98710]: DEBUG oslo_concurrency.lockutils [None req-d7adeb82-6391-4eef-a796-714dc6cdd27a tempest-DeleteServersTestJSON-1103424927 tempest-DeleteServersTestJSON-1103424927-project-member] Lock "880bd953-64df-4a42-8bff-f2dbbb0a40c2" "released" by "nova.context.set_target_cell..get_or_set_cached_cell_and_set_connections" :: held 0.000s {{(pid=98710) inner /opt/stack/data/venv/lib/python3.12/site-packages/oslo_concurrency/lockutils.py:543}}
Jul 08 23:01:57.627020 np0000004850 nova-conductor[98710]: DEBUG oslo_concurrency.lockutils [None req-d7adeb82-6391-4eef-a796-714dc6cdd27a tempest-DeleteServersTestJSON-1103424927 tempest-DeleteServersTestJSON-1103424927-project-member] Acquiring lock "880bd953-64df-4a42-8bff-f2dbbb0a40c2" by "nova.context.set_target_cell..get_or_set_cached_cell_and_set_connections" {{(pid=98710) inner /opt/stack/data/venv/lib/python3.12/site-packages/oslo_concurrency/lockutils.py:511}}
