Jul 08 22:59:05.667393 np0000004850 devstack@neutron-api.service[90408]: DEBUG neutron.api.extensions [None req-a377ac9d-f3e8-4ce0-9b23-3817c57cbf78 None None] Ext name="Stateful security group" alias="stateful-security-group" description="Indicates if the security group is stateful or not" updated="2019-11-26T09:00:00-00:00" {{(pid=90408) _check_extension /opt/stack/neutron/neutron/api/extensions.py:415}}
Jul 08 22:59:05.667393 np0000004850 devstack@neutron-api.service[90408]: INFO neutron.api.extensions [None req-a377ac9d-f3e8-4ce0-9b23-3817c57cbf78 None None] Loaded extension: stateful-security-group
Jul 08 22:59:05.667393 np0000004850 devstack@neutron-api.service[90408]: DEBUG neutron.api.extensions [None req-a377ac9d-f3e8-4ce0-9b23-3817c57cbf78 None None] Loading extension file: stdattrs_common.py {{(pid=90408) _load_all_extensions_from_path /opt/stack/neutron/neutron/api/extensions.py:449}}
Jul 08 22:59:05.667393 np0000004850 devstack@neutron-api.service[90408]: WARNING neutron.api.extensions [None req-a377ac9d-f3e8-4ce0-9b23-3817c57cbf78 None None] Did not find expected name "Stdattrs_common" in /opt/stack/neutron/neutron/extensions/stdattrs_common.py
Jul 08 22:59:05.667552 np0000004850 devstack@neutron-api.service[90408]: DEBUG neutron.api.extensions [None req-a377ac9d-f3e8-4ce0-9b23-3817c57cbf78 None None] Loading extension file: subnet_dns_publish_fixed_ip.py {{(pid=90408) _load_all_extensions_from_path /opt/stack/neutron/neutron/api/extensions.py:449}}
Jul 08 22:59:05.667946 np0000004850 devstack@neutron-api.service[90408]: DEBUG neutron.api.extensions [None req-a377ac9d-f3e8-4ce0-9b23-3817c57cbf78 None None] Ext name="Subnet DNS publish fixed IP" alias="subnet-dns-publish-fixed-ip" description="Support choosing to publish DNS records for IPs from a subnet" updated="2019-05-24T10:00:00-00:00" {{(pid=90408) _check_extension /opt/stack/neutron/neutron/api/extensions.py:415}}
Jul 08 22:59:05.668254 np0000004850 devstack@neutron-api.service[90408]: INFO neutron.api.extensions [None req-a377ac9d-f3e8-4ce0-9b23-3817c57cbf78 None None] Loaded extension: subnet-dns-publish-fixed-ip
Jul 08 22:59:05.668254 np0000004850 devstack@neutron-api.service[90408]: DEBUG neutron.api.extensions [None req-a377ac9d-f3e8-4ce0-9b23-3817c57cbf78 None None] Loading extension file: subnet_external_network.py {{(pid=90408) _load_all_extensions_from_path /opt/stack/neutron/neutron/api/extensions.py:449}}
Jul 08 22:59:05.668616 np0000004850 devstack@neutron-api.service[90408]: DEBUG neutron.api.extensions [None req-a377ac9d-f3e8-4ce0-9b23-3817c57cbf78 None None] Ext name="Subnet belongs to an external network" alias="subnet-external-network" description="Informs if the subnet belongs to an external network" updated="2024-02-05T18:00:00-00:00" {{(pid=90408) _check_extension /opt/stack/neutron/neutron/api/extensions.py:415}}
Jul 08 22:59:05.668930 np0000004850 devstack@neutron-api.service[90408]: INFO neutron.api.extensions [None req-a377ac9d-f3e8-4ce0-9b23-3817c57cbf78 None None] Loaded extension: subnet-external-network
Jul 08 22:59:05.669086 np0000004850 devstack@neutron-api.service[90408]: DEBUG neutron.api.extensions [None req-a377ac9d-f3e8-4ce0-9b23-3817c57cbf78 None None] Loading extension file: subnet_onboard.py {{(pid=90408) _load_all_extensions_from_path /opt/stack/neutron/neutron/api/extensions.py:449}}
Jul 08 22:59:05.669472 np0000004850 devstack@neutron-api.service[90408]: DEBUG neutron.api.extensions [None req-a377ac9d-f3e8-4ce0-9b23-3817c57cbf78 None None] Ext name="Subnet Onboard" alias="subnet_onboard" description="Provides support for onboarding subnets into subnet pools" updated="2018-12-18T09:00:00-00:00" {{(pid=90408) _check_extension /opt/stack/neutron/neutron/api/extensions.py:415}}
Jul 08 22:59:05.669708 np0000004850 devstack@neutron-api.service[90407]: DEBUG neutron.plugins.ml2.drivers.ovn.mech_driver.mech_driver [None req-3afd48c5-798e-40e0-99d5-96b770cf6027 None None] Hash Ring setup, this worker has detected 2 OVN hash ring registers in the database {{(pid=90407) _init_hash_ring /opt/stack/neutron/neutron/plugins/ml2/drivers/ovn/mech_driver/mech_driver.py:414}}
Jul 08 22:59:05.669749 np0000004850 devstack@neutron-api.service[90408]: INFO neutron.api.extensions [None req-a377ac9d-f3e8-4ce0-9b23-3817c57cbf78 None None] Loaded extension: subnet_onboard
Jul 08 22:59:05.669919 np0000004850 devstack@neutron-api.service[90408]: DEBUG neutron.api.extensions [None req-a377ac9d-f3e8-4ce0-9b23-3817c57cbf78 None None] Loading extension file: subnet_segmentid_writable.py {{(pid=90408) _load_all_extensions_from_path /opt/stack/neutron/neutron/api/extensions.py:449}}
Jul 08 22:59:05.670267 np0000004850 devstack@neutron-api.service[90408]: DEBUG neutron.api.extensions [None req-a377ac9d-f3e8-4ce0-9b23-3817c57cbf78 None None] Ext name="Subnet SegmentID (writable)" alias="subnet-segmentid-writable" description="Provides a writable segment_id attribute for a subnet resource." updated="2018-03-12T00:00:00-00:00" {{(pid=90408) _check_extension /opt/stack/neutron/neutron/api/extensions.py:415}}
Jul 08 22:59:05.670544 np0000004850 devstack@neutron-api.service[90408]: INFO neutron.api.extensions [None req-a377ac9d-f3e8-4ce0-9b23-3817c57cbf78 None None] Extension subnet-segmentid-writable not supported by any of loaded plugins
Jul 08 22:59:05.670714 np0000004850 devstack@neutron-api.service[90408]: DEBUG neutron.api.extensions [None req-a377ac9d-f3e8-4ce0-9b23-3817c57cbf78 None None] Loading extension file: subnet_service_types.py {{(pid=90408) _load_all_extensions_from_path /opt/stack/neutron/neutron/api/extensions.py:449}}
Jul 08 22:59:05.671077 np0000004850 devstack@neutron-api.service[90408]: DEBUG neutron.api.extensions [None req-a377ac9d-f3e8-4ce0-9b23-3817c57cbf78 None None] Ext name="Subnet service types" alias="subnet-service-types" description="Provides ability to set the subnet service_types field" updated="2016-03-15T18:00:00-00:00" {{(pid=90408) _check_extension /opt/stack/neutron/neutron/api/extensions.py:415}}
Jul 08 22:59:05.671333 np0000004850 devstack@neutron-api.service[90408]: INFO neutron.api.extensions [None req-a377ac9d-f3e8-4ce0-9b23-3817c57cbf78 None None] Loaded extension: subnet-service-types
Jul 08 22:59:05.671692 np0000004850 devstack@neutron-api.service[90408]: DEBUG neutron.api.extensions [None req-a377ac9d-f3e8-4ce0-9b23-3817c57cbf78 None None] Loading extension file: subnetallocation.py {{(pid=90408) _load_all_extensions_from_path /opt/stack/neutron/neutron/api/extensions.py:449}}
Jul 08 22:59:05.672581 np0000004850 devstack@neutron-api.service[90408]: DEBUG neutron.api.extensions [None req-a377ac9d-f3e8-4ce0-9b23-3817c57cbf78 None None] Ext name="Subnet Allocation" alias="subnet_allocation" description="Enables allocation of subnets from a subnet pool" updated="2015-03-30T10:00:00-00:00" {{(pid=90408) _check_extension /opt/stack/neutron/neutron/api/extensions.py:415}}
Jul 08 22:59:05.672581 np0000004850 devstack@neutron-api.service[90408]: INFO neutron.api.extensions [None req-a377ac9d-f3e8-4ce0-9b23-3817c57cbf78 None None] Loaded extension: subnet_allocation
Jul 08 22:59:05.673672 np0000004850 devstack@neutron-api.service[90408]: DEBUG neutron.api.extensions [None req-a377ac9d-f3e8-4ce0-9b23-3817c57cbf78 None None] Loading extension file: subnetpool_prefix_ops.py {{(pid=90408) _load_all_extensions_from_path /opt/stack/neutron/neutron/api/extensions.py:449}}
Jul 08 22:59:05.673806 np0000004850 devstack@neutron-api.service[90408]: DEBUG neutron.api.extensions [None req-a377ac9d-f3e8-4ce0-9b23-3817c57cbf78 None None] Ext name="Subnet Pool Prefix Operations" alias="subnetpool-prefix-ops" description="Provides support for adjusting the prefix list of subnet pools" updated="2019-02-08T10:00:00-00:00" {{(pid=90408) _check_extension /opt/stack/neutron/neutron/api/extensions.py:415}}
Jul 08 22:59:05.674151 np0000004850 devstack@neutron-api.service[90408]: INFO neutron.api.extensions [None req-a377ac9d-f3e8-4ce0-9b23-3817c57cbf78 None None] Loaded extension: subnetpool-prefix-ops
Jul 08 22:59:05.674151 np0000004850 devstack@neutron-api.service[90408]: DEBUG neutron.api.extensions [None req-a377ac9d-f3e8-4ce0-9b23-3817c57cbf78 None None] Loading extension file: tag_creation.py {{(pid=90408) _load_all_extensions_from_path /opt/stack/neutron/neutron/api/extensions.py:449}}
Jul 08 22:59:05.674661 np0000004850 devstack@neutron-api.service[90408]: DEBUG neutron.api.extensions [None req-a377ac9d-f3e8-4ce0-9b23-3817c57cbf78 None None] Ext name="Tag creation extension" alias="tag-creation" description="Allow to create multiple tags for a resource" updated="2024-23-07T10:00:00-00:00" {{(pid=90408) _check_extension /opt/stack/neutron/neutron/api/extensions.py:415}}
Jul 08 22:59:05.674909 np0000004850 devstack@neutron-api.service[90408]: INFO neutron.api.extensions [None req-a377ac9d-f3e8-4ce0-9b23-3817c57cbf78 None None] Loaded extension: tag-creation
Jul 08 22:59:05.674909 np0000004850 devstack@neutron-api.service[90408]: DEBUG neutron.api.extensions [None req-a377ac9d-f3e8-4ce0-9b23-3817c57cbf78 None None] Loading extension file: tag_ports_during_bulk_creation.py {{(pid=90408) _load_all_extensions_from_path /opt/stack/neutron/neutron/api/extensions.py:449}}
Jul 08 22:59:05.676296 np0000004850 devstack@neutron-api.service[90408]: DEBUG neutron.api.extensions [None req-a377ac9d-f3e8-4ce0-9b23-3817c57cbf78 None None] Ext name="Tag Ports During Bulk Creation" alias="tag-ports-during-bulk-creation" description="Allow to tag ports during bulk creation" updated="2019-12-29T19:00:00-00:00" {{(pid=90408) _check_extension /opt/stack/neutron/neutron/api/extensions.py:415}}
Jul 08 22:59:05.676296 np0000004850 devstack@neutron-api.service[90408]: INFO neutron.api.extensions [None req-a377ac9d-f3e8-4ce0-9b23-3817c57cbf78 None None] Extension tag-ports-during-bulk-creation not supported by any of loaded plugins
Jul 08 22:59:05.676296 np0000004850 devstack@neutron-api.service[90408]: DEBUG neutron.api.extensions [None req-a377ac9d-f3e8-4ce0-9b23-3817c57cbf78 None None] Loading extension file: tagging.py {{(pid=90408) _load_all_extensions_from_path /opt/stack/neutron/neutron/api/extensions.py:449}}
Jul 08 22:59:05.677061 np0000004850 devstack@neutron-api.service[90408]: DEBUG neutron.api.extensions [None req-a377ac9d-f3e8-4ce0-9b23-3817c57cbf78 None None] Ext name="Tag support for resources with standard attribute: port, subnet, subnetpool, network, security_group, router, floatingip, policy, trunk, network_segment_range" alias="standard-attr-tag" description="Enables to set tag on resources with standard attribute." updated="2017-01-01T00:00:00-00:00" {{(pid=90408) _check_extension /opt/stack/neutron/neutron/api/extensions.py:415}}
Jul 08 22:59:05.677325 np0000004850 devstack@neutron-api.service[90408]: INFO neutron.api.extensions [None req-a377ac9d-f3e8-4ce0-9b23-3817c57cbf78 None None] Loaded extension: standard-attr-tag
Jul 08 22:59:05.677505 np0000004850 devstack@neutron-api.service[90408]: DEBUG neutron.api.extensions [None req-a377ac9d-f3e8-4ce0-9b23-3817c57cbf78 None None] Loading extension file: timestamp.py {{(pid=90408) _load_all_extensions_from_path /opt/stack/neutron/neutron/api/extensions.py:449}}
Jul 08 22:59:05.678229 np0000004850 devstack@neutron-api.service[90408]: DEBUG neutron.api.extensions [None req-a377ac9d-f3e8-4ce0-9b23-3817c57cbf78 None None] Ext name="Resource timestamps" alias="standard-attr-timestamp" description="Adds created_at and updated_at fields to all Neutron resources that have Neutron standard attributes." updated="2016-09-12T10:00:00-00:00" {{(pid=90408) _check_extension /opt/stack/neutron/neutron/api/extensions.py:415}}
Jul 08 22:59:05.678229 np0000004850 devstack@neutron-api.service[90408]: INFO neutron.api.extensions [None req-a377ac9d-f3e8-4ce0-9b23-3817c57cbf78 None None] Loaded extension: standard-attr-timestamp
Jul 08 22:59:05.678343 np0000004850 devstack@neutron-api.service[90408]: DEBUG neutron.api.extensions [None req-a377ac9d-f3e8-4ce0-9b23-3817c57cbf78 None None] Loading extension file: trunk.py {{(pid=90408) _load_all_extensions_from_path /opt/stack/neutron/neutron/api/extensions.py:449}}
Jul 08 22:59:05.678875 np0000004850 devstack@neutron-api.service[90408]: DEBUG neutron.api.extensions [None req-a377ac9d-f3e8-4ce0-9b23-3817c57cbf78 None None] Ext name="Trunk Extension" alias="trunk" description="Provides support for trunk ports" updated="2016-01-01T10:00:00-00:00" {{(pid=90408) _check_extension /opt/stack/neutron/neutron/api/extensions.py:415}}
Jul 08 22:59:05.678875 np0000004850 devstack@neutron-api.service[90408]: INFO neutron.api.extensions [None req-a377ac9d-f3e8-4ce0-9b23-3817c57cbf78 None None] Extension trunk not supported by any of loaded plugins
Jul 08 22:59:05.679021 np0000004850 devstack@neutron-api.service[90408]: DEBUG neutron.api.extensions [None req-a377ac9d-f3e8-4ce0-9b23-3817c57cbf78 None None] Loading extension file: trunk_details.py {{(pid=90408) _load_all_extensions_from_path /opt/stack/neutron/neutron/api/extensions.py:449}}
Jul 08 22:59:05.679421 np0000004850 devstack@neutron-api.service[90408]: DEBUG neutron.api.extensions [None req-a377ac9d-f3e8-4ce0-9b23-3817c57cbf78 None None] Ext name="Trunk port details" alias="trunk-details" description="Expose trunk port details" updated="2016-01-01T10:00:00-00:00" {{(pid=90408) _check_extension /opt/stack/neutron/neutron/api/extensions.py:415}}
Jul 08 22:59:05.679582 np0000004850 devstack@neutron-api.service[90407]: DEBUG neutron.plugins.ml2.drivers.ovn.mech_driver.ovsdb.maintenance [None req-3afd48c5-798e-40e0-99d5-96b770cf6027 None None] Periodic task found: HashRingHealthCheckPeriodics.touch_hash_ring_node {{(pid=90407) add_periodics /opt/stack/neutron/neutron/plugins/ml2/drivers/ovn/mech_driver/ovsdb/maintenance.py:146}}
Jul 08 22:59:05.679697 np0000004850 devstack@neutron-api.service[90408]: INFO neutron.api.extensions [None req-a377ac9d-f3e8-4ce0-9b23-3817c57cbf78 None None] Extension trunk-details not supported by any of loaded plugins
Jul 08 22:59:05.679697 np0000004850 devstack@neutron-api.service[90408]: DEBUG neutron.api.extensions [None req-a377ac9d-f3e8-4ce0-9b23-3817c57cbf78 None None] Loading extension file: uplink_status_propagation.py {{(pid=90408) _load_all_extensions_from_path /opt/stack/neutron/neutron/api/extensions.py:449}}
Jul 08 22:59:05.680020 np0000004850 devstack@neutron-api.service[90408]: DEBUG neutron.api.extensions [None req-a377ac9d-f3e8-4ce0-9b23-3817c57cbf78 None None] Ext name="Uplink status propagation extension" alias="uplink-status-propagation" description="Provides ability to propagate port uplink status." updated="2018-05-31T18:00:00-00:00" {{(pid=90408) _check_extension /opt/stack/neutron/neutron/api/extensions.py:415}}
Jul 08 22:59:05.680302 np0000004850 devstack@neutron-api.service[90408]: INFO neutron.api.extensions [None req-a377ac9d-f3e8-4ce0-9b23-3817c57cbf78 None None] Extension uplink-status-propagation not supported by any of loaded plugins
Jul 08 22:59:05.680572 np0000004850 devstack@neutron-api.service[90408]: DEBUG neutron.api.extensions [None req-a377ac9d-f3e8-4ce0-9b23-3817c57cbf78 None None] Loading extension file: uplink_status_propagation_updatable.py {{(pid=90408) _load_all_extensions_from_path /opt/stack/neutron/neutron/api/extensions.py:449}}
Jul 08 22:59:05.680754 np0000004850 devstack@neutron-api.service[90407]: INFO neutron.plugins.ml2.drivers.ovn.mech_driver.mech_driver [None req-3afd48c5-798e-40e0-99d5-96b770cf6027 None None] Hash Ring probing thread for node f2b5005a93cd5d799132e7c47b1175d0 has started
Jul 08 22:59:05.680885 np0000004850 devstack@neutron-api.service[90408]: DEBUG neutron.api.extensions [None req-a377ac9d-f3e8-4ce0-9b23-3817c57cbf78 None None] Ext name="Uplink status propagation updatable extension" alias="uplink-status-propagation-updatable" description="Provides ability to update the port uplink status." updated="2024-09-03T18:00:00-00:00" {{(pid=90408) _check_extension /opt/stack/neutron/neutron/api/extensions.py:415}}
Jul 08 22:59:05.681500 np0000004850 devstack@neutron-api.service[90407]: INFO neutron.plugins.ml2.drivers.ovn.mech_driver.ovsdb.impl_idl_ovn [None req-3afd48c5-798e-40e0-99d5-96b770cf6027 None None] Getting OvsdbNbOvnIdl for WorkerService with retry
Jul 08 22:59:05.683418 np0000004850 devstack@neutron-api.service[90408]: INFO neutron.api.extensions [None req-a377ac9d-f3e8-4ce0-9b23-3817c57cbf78 None None] Extension uplink-status-propagation-updatable not supported by any of loaded plugins
Jul 08 22:59:05.683675 np0000004850 devstack@neutron-api.service[90408]: DEBUG neutron.api.extensions [None req-a377ac9d-f3e8-4ce0-9b23-3817c57cbf78 None None] Loading extension file: vlantransparent.py {{(pid=90408) _load_all_extensions_from_path /opt/stack/neutron/neutron/api/extensions.py:449}}
Jul 08 22:59:05.684129 np0000004850 devstack@neutron-api.service[90408]: DEBUG neutron.api.extensions [None req-a377ac9d-f3e8-4ce0-9b23-3817c57cbf78 None None] Ext name="Vlantransparent" alias="vlan-transparent" description="Provides Vlan Transparent Networks" updated="2015-03-23T09:00:00-00:00" {{(pid=90408) _check_extension /opt/stack/neutron/neutron/api/extensions.py:415}}
Jul 08 22:59:05.684329 np0000004850 devstack@neutron-api.service[90408]: INFO neutron.api.extensions [None req-a377ac9d-f3e8-4ce0-9b23-3817c57cbf78 None None] Loaded extension: vlan-transparent
Jul 08 22:59:05.686985 np0000004850 devstack@neutron-api.service[90408]: INFO neutron.quota.resource_registry [None req-a377ac9d-f3e8-4ce0-9b23-3817c57cbf78 None None] Creating instance of TrackedResource for resource:network
Jul 08 22:59:05.687390 np0000004850 devstack@neutron-api.service[90408]: INFO neutron.quota.resource_registry [None req-a377ac9d-f3e8-4ce0-9b23-3817c57cbf78 None None] Creating instance of TrackedResource for resource:subnet
Jul 08 22:59:05.687646 np0000004850 devstack@neutron-api.service[90408]: INFO neutron.quota.resource_registry [None req-a377ac9d-f3e8-4ce0-9b23-3817c57cbf78 None None] Creating instance of TrackedResource for resource:subnetpool
Jul 08 22:59:05.687804 np0000004850 devstack@neutron-api.service[90408]: INFO neutron.quota.resource_registry [None req-a377ac9d-f3e8-4ce0-9b23-3817c57cbf78 None None] Creating instance of TrackedResource for resource:port
Jul 08 22:59:05.690781 np0000004850 devstack@neutron-api.service[90408]: INFO neutron.quota.resource_registry [None req-a377ac9d-f3e8-4ce0-9b23-3817c57cbf78 None None] Creating instance of CountableResource for resource:router_route
Jul 08 22:59:05.690859 np0000004850 devstack@neutron-api.service[90409]: DEBUG oslo_concurrency.processutils [None req-fddc3841-3085-4306-8258-7ddaf85524a1 None None] CMD "ovsdb-client transact ssl:10.4.3.176:6641 --timeout 180 -p /opt/stack/data/CA/int-ca/private/devstack-cert.key -c /opt/stack/data/CA/int-ca/devstack-cert.crt -C /opt/stack/data/CA/int-ca/ca-chain.pem ["OVN_Northbound", {"op": "wait", "timeout": 0, "table": "Port_Group", "where": [["name", "==", "neutron_pg_drop"]], "until": "==", "rows": []}, {"op": "insert", "table": "ACL", "row": {"action": "drop", "direction": "to-lport", "match": "outport == @neutron_pg_drop && ip", "priority": 1001}, "uuid-name": "droptoport"}, {"op": "insert", "table": "ACL", "row": {"action": "drop", "direction": "from-lport", "match": "inport == @neutron_pg_drop && ip", "priority": 1001}, "uuid-name": "dropfromport"}, {"op": "insert", "table": "Port_Group", "row": {"name": "neutron_pg_drop", "acls": ["set", [["named-uuid", "droptoport"], ["named-uuid", "dropfromport"]]]}}]" returned: 0 in 0.038s {{(pid=90409) execute /opt/stack/data/venv/lib/python3.12/site-packages/oslo_concurrency/processutils.py:468}}
Jul 08 22:59:05.690941 np0000004850 devstack@neutron-api.service[90408]: DEBUG neutron.api.v2.resource_helper [None req-a377ac9d-f3e8-4ce0-9b23-3817c57cbf78 None None] Service L3_ROUTER_NAT assigned prefix: {{(pid=90408) build_resource_info /opt/stack/neutron/neutron/api/v2/resource_helper.py:77}}
Jul 08 22:59:05.691019 np0000004850 devstack@neutron-api.service[90409]: DEBUG neutron_lib.callbacks.manager [None req-fddc3841-3085-4306-8258-7ddaf85524a1 None None] Publish callbacks ['neutron.plugins.ml2.drivers.ovn.mech_driver.mech_driver.OVNMechanismDriver.post_fork_initialize-203814', 'neutron.services.pvlan.drivers.ovn.driver._initialize_pvlan_pg_drop-7838236008672', 'neutron.services.ovn_l3.plugin.OVNL3RouterPlugin._post_fork_initialize-541813'] for process (None), after_init {{(pid=90409) _notify_loop /opt/stack/data/venv/lib/python3.12/site-packages/neutron_lib/callbacks/manager.py:184}}
Jul 08 22:59:05.691082 np0000004850 devstack@neutron-api.service[90408]: DEBUG neutron.api.v2.resource_helper [None req-a377ac9d-f3e8-4ce0-9b23-3817c57cbf78 None None] Service FLAVORS assigned prefix: {{(pid=90408) build_resource_info /opt/stack/neutron/neutron/api/v2/resource_helper.py:77}}
Jul 08 22:59:05.691550 np0000004850 devstack@neutron-api.service[90409]: DEBUG oslo_concurrency.lockutils [None req-fddc3841-3085-4306-8258-7ddaf85524a1 None None] Acquiring lock "singleton_lock" {{(pid=90409) lock /opt/stack/data/venv/lib/python3.12/site-packages/oslo_concurrency/lockutils.py:395}}
Jul 08 22:59:05.692610 np0000004850 devstack@neutron-api.service[90409]: DEBUG oslo_concurrency.lockutils [None req-fddc3841-3085-4306-8258-7ddaf85524a1 None None] Acquired lock "singleton_lock" {{(pid=90409) lock /opt/stack/data/venv/lib/python3.12/site-packages/oslo_concurrency/lockutils.py:398}}
Jul 08 22:59:05.692610 np0000004850 devstack@neutron-api.service[90409]: DEBUG oslo_concurrency.lockutils [None req-fddc3841-3085-4306-8258-7ddaf85524a1 None None] Releasing lock "singleton_lock" {{(pid=90409) lock /opt/stack/data/venv/lib/python3.12/site-packages/oslo_concurrency/lockutils.py:418}}
Jul 08 22:59:05.692766 np0000004850 devstack@neutron-api.service[90408]: DEBUG neutron.api.v2.resource_helper [None req-a377ac9d-f3e8-4ce0-9b23-3817c57cbf78 None None] Service L3_ROUTER_NAT assigned prefix: {{(pid=90408) build_resource_info /opt/stack/neutron/neutron/api/v2/resource_helper.py:77}}
Jul 08 22:59:05.693367 np0000004850 devstack@neutron-api.service[90408]: DEBUG neutron.api.v2.resource_helper [None req-a377ac9d-f3e8-4ce0-9b23-3817c57cbf78 None None] Service L3_ROUTER_NAT assigned prefix: {{(pid=90408) build_resource_info /opt/stack/neutron/neutron/api/v2/resource_helper.py:77}}
Jul 08 22:59:05.693583 np0000004850 devstack@neutron-api.service[90408]: INFO neutron.quota.resource_registry [None req-a377ac9d-f3e8-4ce0-9b23-3817c57cbf78 None None] Creating instance of TrackedResource for resource:router
Jul 08 22:59:05.694287 np0000004850 devstack@neutron-api.service[90408]: INFO neutron.quota.resource_registry [None req-a377ac9d-f3e8-4ce0-9b23-3817c57cbf78 None None] Creating instance of TrackedResource for resource:floatingip
Jul 08 22:59:05.696368 np0000004850 devstack@neutron-api.service[90408]: INFO neutron.quota.resource_registry [None req-a377ac9d-f3e8-4ce0-9b23-3817c57cbf78 None None] Creating instance of CountableResource for resource:rbac_policy
Jul 08 22:59:05.697127 np0000004850 devstack@neutron-api.service[90408]: INFO neutron.quota.resource_registry [None req-a377ac9d-f3e8-4ce0-9b23-3817c57cbf78 None None] Creating instance of TrackedResource for resource:security_group
Jul 08 22:59:05.697581 np0000004850 devstack@neutron-api.service[90409]: DEBUG neutron.plugins.ml2.drivers.ovn.mech_driver.mech_driver [None req-fddc3841-3085-4306-8258-7ddaf85524a1 None None] Hash Ring setup using WSGI start time 2026-07-08 22:58:59+00:00 {{(pid=90409) _init_hash_ring /opt/stack/neutron/neutron/plugins/ml2/drivers/ovn/mech_driver/mech_driver.py:404}}
Jul 08 22:59:05.697725 np0000004850 devstack@neutron-api.service[90408]: INFO neutron.quota.resource_registry [None req-a377ac9d-f3e8-4ce0-9b23-3817c57cbf78 None None] Creating instance of TrackedResource for resource:security_group_rule
Jul 08 22:59:05.698895 np0000004850 devstack@neutron-api.service[90408]: DEBUG neutron.api.v2.resource_helper [None req-a377ac9d-f3e8-4ce0-9b23-3817c57cbf78 None None] Service CORE assigned prefix: {{(pid=90408) build_resource_info /opt/stack/neutron/neutron/api/v2/resource_helper.py:77}}
Jul 08 22:59:05.699072 np0000004850 devstack@neutron-api.service[90408]: INFO neutron.quota.resource_registry [None req-a377ac9d-f3e8-4ce0-9b23-3817c57cbf78 None None] Creating instance of TrackedResource for resource:subnetpool
Jul 08 22:59:05.699293 np0000004850 devstack@neutron-api.service[90408]: WARNING neutron.quota.resource_registry [None req-a377ac9d-f3e8-4ce0-9b23-3817c57cbf78 None None] subnetpool is already registered
Jul 08 22:59:05.699995 np0000004850 devstack@neutron-api.service[90408]: DEBUG neutron.api.v2.resource_helper [None req-a377ac9d-f3e8-4ce0-9b23-3817c57cbf78 None None] Service CORE assigned prefix: {{(pid=90408) build_resource_info /opt/stack/neutron/neutron/api/v2/resource_helper.py:77}}
Jul 08 22:59:05.700122 np0000004850 devstack@neutron-api.service[90408]: INFO neutron.quota.resource_registry [None req-a377ac9d-f3e8-4ce0-9b23-3817c57cbf78 None None] Creating instance of TrackedResource for resource:subnetpool
Jul 08 22:59:05.700347 np0000004850 devstack@neutron-api.service[90408]: WARNING neutron.quota.resource_registry [None req-a377ac9d-f3e8-4ce0-9b23-3817c57cbf78 None None] subnetpool is already registered
Jul 08 22:59:05.703940 np0000004850 devstack@neutron-api.service[90408]: INFO neutron.quota.resource_registry [None req-a377ac9d-f3e8-4ce0-9b23-3817c57cbf78 None None] Creating instance of CountableResource for resource:router_route
Jul 08 22:59:05.704177 np0000004850 devstack@neutron-api.service[90408]: WARNING neutron.quota.resource_registry [None req-a377ac9d-f3e8-4ce0-9b23-3817c57cbf78 None None] router_route is already registered
Jul 08 22:59:05.704349 np0000004850 devstack@neutron-api.service[90408]: DEBUG neutron.api.v2.resource_helper [None req-a377ac9d-f3e8-4ce0-9b23-3817c57cbf78 None None] Service L3_ROUTER_NAT assigned prefix: {{(pid=90408) build_resource_info /opt/stack/neutron/neutron/api/v2/resource_helper.py:77}}
Jul 08 22:59:05.704921 np0000004850 devstack@neutron-api.service[90409]: INFO neutron.db.ovn_hash_ring_db [None req-fddc3841-3085-4306-8258-7ddaf85524a1 None None] Nodes from host "np0000004850" and group "mechanism_driver" removed from the Hash Ring created at 2026-07-08 22:58:59+00:00
Jul 08 22:59:05.705035 np0000004850 devstack@neutron-api.service[90408]: DEBUG neutron.api.v2.resource_helper [None req-a377ac9d-f3e8-4ce0-9b23-3817c57cbf78 None None] Service FLAVORS assigned prefix: {{(pid=90408) build_resource_info /opt/stack/neutron/neutron/api/v2/resource_helper.py:77}}
Jul 08 22:59:05.706377 np0000004850 devstack@neutron-api.service[90408]: DEBUG neutron.api.v2.resource_helper [None req-a377ac9d-f3e8-4ce0-9b23-3817c57cbf78 None None] Service L3_ROUTER_NAT assigned prefix: {{(pid=90408) build_resource_info /opt/stack/neutron/neutron/api/v2/resource_helper.py:77}}
Jul 08 22:59:05.706983 np0000004850 devstack@neutron-api.service[90408]: DEBUG neutron.api.v2.resource_helper [None req-a377ac9d-f3e8-4ce0-9b23-3817c57cbf78 None None] Service L3_ROUTER_NAT assigned prefix: {{(pid=90408) build_resource_info /opt/stack/neutron/neutron/api/v2/resource_helper.py:77}}
Jul 08 22:59:05.707179 np0000004850 devstack@neutron-api.service[90408]: INFO neutron.quota.resource_registry [None req-a377ac9d-f3e8-4ce0-9b23-3817c57cbf78 None None] Creating instance of TrackedResource for resource:router
Jul 08 22:59:05.707395 np0000004850 devstack@neutron-api.service[90408]: WARNING neutron.quota.resource_registry [None req-a377ac9d-f3e8-4ce0-9b23-3817c57cbf78 None None] router is already registered
Jul 08 22:59:05.708041 np0000004850 devstack@neutron-api.service[90409]: INFO neutron.db.ovn_hash_ring_db [None req-fddc3841-3085-4306-8258-7ddaf85524a1 None None] Node 838378a45df45e5dba1e8ae7866860c1 from host "np0000004850" and group "mechanism_driver" added to the Hash Ring
Jul 08 22:59:05.708154 np0000004850 devstack@neutron-api.service[90408]: INFO neutron.quota.resource_registry [None req-a377ac9d-f3e8-4ce0-9b23-3817c57cbf78 None None] Creating instance of TrackedResource for resource:floatingip
Jul 08 22:59:05.708213 np0000004850 devstack@neutron-api.service[90408]: WARNING neutron.quota.resource_registry [None req-a377ac9d-f3e8-4ce0-9b23-3817c57cbf78 None None] floatingip is already registered
Jul 08 22:59:05.710145 np0000004850 devstack@neutron-api.service[90408]: INFO neutron.quota.resource_registry [None req-a377ac9d-f3e8-4ce0-9b23-3817c57cbf78 None None] Creating instance of CountableResource for resource:rbac_policy
Jul 08 22:59:05.710330 np0000004850 devstack@neutron-api.service[90408]: WARNING neutron.quota.resource_registry [None req-a377ac9d-f3e8-4ce0-9b23-3817c57cbf78 None None] rbac_policy is already registered
Jul 08 22:59:05.711349 np0000004850 devstack@neutron-api.service[90409]: DEBUG neutron.plugins.ml2.drivers.ovn.mech_driver.mech_driver [None req-fddc3841-3085-4306-8258-7ddaf85524a1 None None] Hash Ring setup, this worker has detected 3 OVN hash ring registers in the database {{(pid=90409) _init_hash_ring /opt/stack/neutron/neutron/plugins/ml2/drivers/ovn/mech_driver/mech_driver.py:414}}
Jul 08 22:59:05.711508 np0000004850 devstack@neutron-api.service[90408]: INFO neutron.quota.resource_registry [None req-a377ac9d-f3e8-4ce0-9b23-3817c57cbf78 None None] Creating instance of TrackedResource for resource:security_group
Jul 08 22:59:05.711739 np0000004850 devstack@neutron-api.service[90408]: WARNING neutron.quota.resource_registry [None req-a377ac9d-f3e8-4ce0-9b23-3817c57cbf78 None None] security_group is already registered
Jul 08 22:59:05.712704 np0000004850 devstack@neutron-api.service[90408]: INFO neutron.quota.resource_registry [None req-a377ac9d-f3e8-4ce0-9b23-3817c57cbf78 None None] Creating instance of TrackedResource for resource:security_group_rule
Jul 08 22:59:05.712704 np0000004850 devstack@neutron-api.service[90408]: WARNING neutron.quota.resource_registry [None req-a377ac9d-f3e8-4ce0-9b23-3817c57cbf78 None None] security_group_rule is already registered
Jul 08 22:59:05.713418 np0000004850 devstack@neutron-api.service[90408]: DEBUG neutron.api.v2.resource_helper [None req-a377ac9d-f3e8-4ce0-9b23-3817c57cbf78 None None] Service CORE assigned prefix: {{(pid=90408) build_resource_info /opt/stack/neutron/neutron/api/v2/resource_helper.py:77}}
Jul 08 22:59:05.713599 np0000004850 devstack@neutron-api.service[90408]: INFO neutron.quota.resource_registry [None req-a377ac9d-f3e8-4ce0-9b23-3817c57cbf78 None None] Creating instance of TrackedResource for resource:subnetpool
Jul 08 22:59:05.714045 np0000004850 devstack@neutron-api.service[90408]: WARNING neutron.quota.resource_registry [None req-a377ac9d-f3e8-4ce0-9b23-3817c57cbf78 None None] subnetpool is already registered
Jul 08 22:59:05.714413 np0000004850 devstack@neutron-api.service[90408]: DEBUG neutron.api.v2.resource_helper [None req-a377ac9d-f3e8-4ce0-9b23-3817c57cbf78 None None] Service CORE assigned prefix: {{(pid=90408) build_resource_info /opt/stack/neutron/neutron/api/v2/resource_helper.py:77}}
Jul 08 22:59:05.714629 np0000004850 devstack@neutron-api.service[90408]: INFO neutron.quota.resource_registry [None req-a377ac9d-f3e8-4ce0-9b23-3817c57cbf78 None None] Creating instance of TrackedResource for resource:subnetpool
Jul 08 22:59:05.714890 np0000004850 devstack@neutron-api.service[90408]: WARNING neutron.quota.resource_registry [None req-a377ac9d-f3e8-4ce0-9b23-3817c57cbf78 None None] subnetpool is already registered
Jul 08 22:59:05.715479 np0000004850 devstack@neutron-api.service[90408]: DEBUG neutron.api.extensions [None req-a377ac9d-f3e8-4ce0-9b23-3817c57cbf78 None None] Extended resource: extensions {{(pid=90408) __init__ /opt/stack/neutron/neutron/api/extensions.py:156}}
Jul 08 22:59:05.716176 np0000004850 devstack@neutron-api.service[90409]: DEBUG neutron.plugins.ml2.drivers.ovn.mech_driver.ovsdb.maintenance [None req-fddc3841-3085-4306-8258-7ddaf85524a1 None None] Periodic task found: HashRingHealthCheckPeriodics.touch_hash_ring_node {{(pid=90409) add_periodics /opt/stack/neutron/neutron/plugins/ml2/drivers/ovn/mech_driver/ovsdb/maintenance.py:146}}
Jul 08 22:59:05.716686 np0000004850 devstack@neutron-api.service[90408]: DEBUG neutron.api.extensions [None req-a377ac9d-f3e8-4ce0-9b23-3817c57cbf78 None None] Extended resource: address-groups {{(pid=90408) __init__ /opt/stack/neutron/neutron/api/extensions.py:156}}
Jul 08 22:59:05.716949 np0000004850 devstack@neutron-api.service[90409]: INFO neutron.plugins.ml2.drivers.ovn.mech_driver.mech_driver [None req-fddc3841-3085-4306-8258-7ddaf85524a1 None None] Hash Ring probing thread for node 838378a45df45e5dba1e8ae7866860c1 has started
Jul 08 22:59:05.717499 np0000004850 devstack@neutron-api.service[90409]: INFO neutron.plugins.ml2.drivers.ovn.mech_driver.ovsdb.impl_idl_ovn [None req-fddc3841-3085-4306-8258-7ddaf85524a1 None None] Getting OvsdbNbOvnIdl for WorkerService with retry
Jul 08 22:59:05.717988 np0000004850 devstack@neutron-api.service[90408]: DEBUG neutron.api.extensions [None req-a377ac9d-f3e8-4ce0-9b23-3817c57cbf78 None None] Extended resource: address-scopes {{(pid=90408) __init__ /opt/stack/neutron/neutron/api/extensions.py:156}}
Jul 08 22:59:05.718784 np0000004850 devstack@neutron-api.service[90408]: DEBUG neutron.api.extensions [None req-a377ac9d-f3e8-4ce0-9b23-3817c57cbf78 None None] Extended resource: agents {{(pid=90408) __init__ /opt/stack/neutron/neutron/api/extensions.py:156}}
Jul 08 22:59:05.719562 np0000004850 devstack@neutron-api.service[90408]: DEBUG neutron.api.extensions [None req-a377ac9d-f3e8-4ce0-9b23-3817c57cbf78 None None] Extended resource: auto-allocated-topology {{(pid=90408) __init__ /opt/stack/neutron/neutron/api/extensions.py:156}}
Jul 08 22:59:05.720811 np0000004850 devstack@neutron-api.service[90408]: DEBUG neutron.api.extensions [None req-a377ac9d-f3e8-4ce0-9b23-3817c57cbf78 None None] Extended resource: availability_zones {{(pid=90408) __init__ /opt/stack/neutron/neutron/api/extensions.py:156}}
Jul 08 22:59:05.721137 np0000004850 devstack@neutron-api.service[90407]: DEBUG ovsdbapp.backend.ovs_idl [None req-3afd48c5-798e-40e0-99d5-96b770cf6027 None None] Created lookup_table index Logical_Switch.name {{(pid=90407) autocreate_indices /opt/stack/data/venv/lib/python3.12/site-packages/ovsdbapp/backend/ovs_idl/__init__.py:87}}
Jul 08 22:59:05.721288 np0000004850 devstack@neutron-api.service[90407]: DEBUG ovsdbapp.backend.ovs_idl [None req-3afd48c5-798e-40e0-99d5-96b770cf6027 None None] Created lookup_table index Logical_Router.name {{(pid=90407) autocreate_indices /opt/stack/data/venv/lib/python3.12/site-packages/ovsdbapp/backend/ovs_idl/__init__.py:87}}
Jul 08 22:59:05.721385 np0000004850 devstack@neutron-api.service[90408]: DEBUG neutron.api.extensions [None req-a377ac9d-f3e8-4ce0-9b23-3817c57cbf78 None None] Extended resource: dhcp-networks {{(pid=90408) __init__ /opt/stack/neutron/neutron/api/extensions.py:156}}
Jul 08 22:59:05.721478 np0000004850 devstack@neutron-api.service[90407]: DEBUG ovsdbapp.backend.ovs_idl [None req-3afd48c5-798e-40e0-99d5-96b770cf6027 None None] Created lookup_table index Load_Balancer.name {{(pid=90407) autocreate_indices /opt/stack/data/venv/lib/python3.12/site-packages/ovsdbapp/backend/ovs_idl/__init__.py:87}}
Jul 08 22:59:05.721478 np0000004850 devstack@neutron-api.service[90407]: DEBUG ovsdbapp.backend.ovs_idl [None req-3afd48c5-798e-40e0-99d5-96b770cf6027 None None] Created schema index Copp.name {{(pid=90407) autocreate_indices /opt/stack/data/venv/lib/python3.12/site-packages/ovsdbapp/backend/ovs_idl/__init__.py:106}}
Jul 08 22:59:05.721600 np0000004850 devstack@neutron-api.service[90407]: DEBUG ovsdbapp.backend.ovs_idl [None req-3afd48c5-798e-40e0-99d5-96b770cf6027 None None] Created schema index Meter.name {{(pid=90407) autocreate_indices /opt/stack/data/venv/lib/python3.12/site-packages/ovsdbapp/backend/ovs_idl/__init__.py:106}}
Jul 08 22:59:05.721696 np0000004850 devstack@neutron-api.service[90407]: DEBUG ovsdbapp.backend.ovs_idl [None req-3afd48c5-798e-40e0-99d5-96b770cf6027 None None] Created schema index Load_Balancer_Group.name {{(pid=90407) autocreate_indices /opt/stack/data/venv/lib/python3.12/site-packages/ovsdbapp/backend/ovs_idl/__init__.py:106}}
Jul 08 22:59:05.721771 np0000004850 devstack@neutron-api.service[90407]: DEBUG ovsdbapp.backend.ovs_idl [None req-3afd48c5-798e-40e0-99d5-96b770cf6027 None None] Created schema index HA_Chassis_Group.name {{(pid=90407) autocreate_indices /opt/stack/data/venv/lib/python3.12/site-packages/ovsdbapp/backend/ovs_idl/__init__.py:106}}
Jul 08 22:59:05.721867 np0000004850 devstack@neutron-api.service[90407]: DEBUG ovsdbapp.backend.ovs_idl [None req-3afd48c5-798e-40e0-99d5-96b770cf6027 None None] Created schema index Address_Set.name {{(pid=90407) autocreate_indices /opt/stack/data/venv/lib/python3.12/site-packages/ovsdbapp/backend/ovs_idl/__init__.py:106}}
Jul 08 22:59:05.722065 np0000004850 devstack@neutron-api.service[90407]: DEBUG ovsdbapp.backend.ovs_idl [None req-3afd48c5-798e-40e0-99d5-96b770cf6027 None None] Created schema index Connection.target {{(pid=90407) autocreate_indices /opt/stack/data/venv/lib/python3.12/site-packages/ovsdbapp/backend/ovs_idl/__init__.py:106}}
Jul 08 22:59:05.722193 np0000004850 devstack@neutron-api.service[90407]: DEBUG ovsdbapp.backend.ovs_idl [None req-3afd48c5-798e-40e0-99d5-96b770cf6027 None None] Created schema index Gateway_Chassis.name {{(pid=90407) autocreate_indices /opt/stack/data/venv/lib/python3.12/site-packages/ovsdbapp/backend/ovs_idl/__init__.py:106}}
Jul 08 22:59:05.722193 np0000004850 devstack@neutron-api.service[90407]: DEBUG ovsdbapp.backend.ovs_idl [None req-3afd48c5-798e-40e0-99d5-96b770cf6027 None None] Created schema index Mirror.name {{(pid=90407) autocreate_indices /opt/stack/data/venv/lib/python3.12/site-packages/ovsdbapp/backend/ovs_idl/__init__.py:106}}
Jul 08 22:59:05.722287 np0000004850 devstack@neutron-api.service[90407]: DEBUG ovsdbapp.backend.ovs_idl [None req-3afd48c5-798e-40e0-99d5-96b770cf6027 None None] Created schema index Chassis_Template_Var.chassis {{(pid=90407) autocreate_indices /opt/stack/data/venv/lib/python3.12/site-packages/ovsdbapp/backend/ovs_idl/__init__.py:106}}
Jul 08 22:59:05.722362 np0000004850 devstack@neutron-api.service[90408]: DEBUG neutron.api.extensions [None req-a377ac9d-f3e8-4ce0-9b23-3817c57cbf78 None None] Extended resource: dhcp-agents {{(pid=90408) __init__ /opt/stack/neutron/neutron/api/extensions.py:156}}
Jul 08 22:59:05.722404 np0000004850 devstack@neutron-api.service[90407]: DEBUG ovsdbapp.backend.ovs_idl [None req-3afd48c5-798e-40e0-99d5-96b770cf6027 None None] Created schema index Logical_Router_Port.name {{(pid=90407) autocreate_indices /opt/stack/data/venv/lib/python3.12/site-packages/ovsdbapp/backend/ovs_idl/__init__.py:106}}
Jul 08 22:59:05.722443 np0000004850 devstack@neutron-api.service[90407]: DEBUG ovsdbapp.backend.ovs_idl [None req-3afd48c5-798e-40e0-99d5-96b770cf6027 None None] Created schema index Port_Group.name {{(pid=90407) autocreate_indices /opt/stack/data/venv/lib/python3.12/site-packages/ovsdbapp/backend/ovs_idl/__init__.py:106}}
Jul 08 22:59:05.722514 np0000004850 devstack@neutron-api.service[90407]: DEBUG ovsdbapp.backend.ovs_idl [None req-3afd48c5-798e-40e0-99d5-96b770cf6027 None None] Created schema index Logical_Switch_Port.name {{(pid=90407) autocreate_indices /opt/stack/data/venv/lib/python3.12/site-packages/ovsdbapp/backend/ovs_idl/__init__.py:106}}
Jul 08 22:59:05.723440 np0000004850 devstack@neutron-api.service[90408]: DEBUG neutron.api.extensions [None req-a377ac9d-f3e8-4ce0-9b23-3817c57cbf78 None None] Extended resource: routers {{(pid=90408) __init__ /opt/stack/neutron/neutron/api/extensions.py:156}}
Jul 08 22:59:05.724638 np0000004850 devstack@neutron-api.service[90407]: INFO ovsdbapp.backend.ovs_idl.vlog [None req-3afd48c5-798e-40e0-99d5-96b770cf6027 None None] ssl:10.4.3.176:6641: connecting...
Jul 08 22:59:05.724847 np0000004850 devstack@neutron-api.service[90408]: DEBUG neutron.api.extensions [None req-a377ac9d-f3e8-4ce0-9b23-3817c57cbf78 None None] Extended resource: flavors {{(pid=90408) __init__ /opt/stack/neutron/neutron/api/extensions.py:156}}
Jul 08 22:59:05.725527 np0000004850 devstack@neutron-api.service[90408]: DEBUG neutron.api.extensions [None req-a377ac9d-f3e8-4ce0-9b23-3817c57cbf78 None None] Extended resource: service_profiles {{(pid=90408) __init__ /opt/stack/neutron/neutron/api/extensions.py:156}}
Jul 08 22:59:05.726363 np0000004850 devstack@neutron-api.service[90408]: DEBUG neutron.api.extensions [None req-a377ac9d-f3e8-4ce0-9b23-3817c57cbf78 None None] Extended resource: next_providers {{(pid=90408) __init__ /opt/stack/neutron/neutron/api/extensions.py:156}}
Jul 08 22:59:05.727233 np0000004850 devstack@neutron-api.service[90408]: DEBUG neutron.api.extensions [None req-a377ac9d-f3e8-4ce0-9b23-3817c57cbf78 None None] Extended resource: service_profiles {{(pid=90408) __init__ /opt/stack/neutron/neutron/api/extensions.py:156}}
Jul 08 22:59:05.728017 np0000004850 devstack@neutron-api.service[90408]: DEBUG neutron.api.extensions [None req-a377ac9d-f3e8-4ce0-9b23-3817c57cbf78 None None] Extended resource: floatingip-pools {{(pid=90408) __init__ /opt/stack/neutron/neutron/api/extensions.py:156}}
Jul 08 22:59:05.728669 np0000004850 devstack@neutron-api.service[90408]: DEBUG neutron.api.extensions [None req-a377ac9d-f3e8-4ce0-9b23-3817c57cbf78 None None] Extended resource: routers {{(pid=90408) __init__ /opt/stack/neutron/neutron/api/extensions.py:156}}
Jul 08 22:59:05.730015 np0000004850 devstack@neutron-api.service[90408]: DEBUG neutron.api.extensions [None req-a377ac9d-f3e8-4ce0-9b23-3817c57cbf78 None None] Extended resource: floatingips {{(pid=90408) __init__ /opt/stack/neutron/neutron/api/extensions.py:156}}
Jul 08 22:59:05.730763 np0000004850 devstack@neutron-api.service[90408]: DEBUG neutron.api.extensions [None req-a377ac9d-f3e8-4ce0-9b23-3817c57cbf78 None None] Extended resource: l3-routers {{(pid=90408) __init__ /opt/stack/neutron/neutron/api/extensions.py:156}}
Jul 08 22:59:05.731755 np0000004850 devstack@neutron-api.service[90408]: DEBUG neutron.api.extensions [None req-a377ac9d-f3e8-4ce0-9b23-3817c57cbf78 None None] Extended resource: l3-agents {{(pid=90408) __init__ /opt/stack/neutron/neutron/api/extensions.py:156}}
Jul 08 22:59:05.732674 np0000004850 devstack@neutron-api.service[90408]: DEBUG neutron.api.extensions [None req-a377ac9d-f3e8-4ce0-9b23-3817c57cbf78 None None] Extended resource: network-ip-availabilities {{(pid=90408) __init__ /opt/stack/neutron/neutron/api/extensions.py:156}}
Jul 08 22:59:05.733342 np0000004850 devstack@neutron-api.service[90407]: INFO ovsdbapp.backend.ovs_idl.vlog [None req-3afd48c5-798e-40e0-99d5-96b770cf6027 None None] ssl:10.4.3.176:6641: connected
Jul 08 22:59:05.733505 np0000004850 devstack@neutron-api.service[90408]: DEBUG neutron.api.extensions [None req-a377ac9d-f3e8-4ce0-9b23-3817c57cbf78 None None] Extended resource: network-ip-availabilities {{(pid=90408) __init__ /opt/stack/neutron/neutron/api/extensions.py:156}}
Jul 08 22:59:05.734425 np0000004850 devstack@neutron-api.service[90408]: DEBUG neutron.api.extensions [None req-a377ac9d-f3e8-4ce0-9b23-3817c57cbf78 None None] Extended resource: bindings {{(pid=90408) __init__ /opt/stack/neutron/neutron/api/extensions.py:156}}
Jul 08 22:59:05.735494 np0000004850 devstack@neutron-api.service[90408]: DEBUG neutron.api.extensions [None req-a377ac9d-f3e8-4ce0-9b23-3817c57cbf78 None None] Extended resource: quotas {{(pid=90408) __init__ /opt/stack/neutron/neutron/api/extensions.py:156}}
Jul 08 22:59:05.736563 np0000004850 devstack@neutron-api.service[90408]: DEBUG neutron.api.extensions [None req-a377ac9d-f3e8-4ce0-9b23-3817c57cbf78 None None] Extended resource: quotas {{(pid=90408) __init__ /opt/stack/neutron/neutron/api/extensions.py:156}}
Jul 08 22:59:05.739178 np0000004850 devstack@neutron-api.service[90408]: DEBUG neutron.api.extensions [None req-a377ac9d-f3e8-4ce0-9b23-3817c57cbf78 None None] Extended resource: rbac-policies {{(pid=90408) __init__ /opt/stack/neutron/neutron/api/extensions.py:156}}
Jul 08 22:59:05.739858 np0000004850 devstack@neutron-api.service[90408]: DEBUG neutron.api.extensions [None req-a377ac9d-f3e8-4ce0-9b23-3817c57cbf78 None None] Extended resource: default-security-group-rules {{(pid=90408) __init__ /opt/stack/neutron/neutron/api/extensions.py:156}}
Jul 08 22:59:05.740679 np0000004850 devstack@neutron-api.service[90408]: DEBUG neutron.api.extensions [None req-a377ac9d-f3e8-4ce0-9b23-3817c57cbf78 None None] Extended resource: security-groups-default-statefulness {{(pid=90408) __init__ /opt/stack/neutron/neutron/api/extensions.py:156}}
Jul 08 22:59:05.741580 np0000004850 devstack@neutron-api.service[90408]: DEBUG neutron.api.extensions [None req-a377ac9d-f3e8-4ce0-9b23-3817c57cbf78 None None] Extended resource: security-groups {{(pid=90408) __init__ /opt/stack/neutron/neutron/api/extensions.py:156}}
Jul 08 22:59:05.742436 np0000004850 devstack@neutron-api.service[90408]: DEBUG neutron.api.extensions [None req-a377ac9d-f3e8-4ce0-9b23-3817c57cbf78 None None] Extended resource: security-group-rules {{(pid=90408) __init__ /opt/stack/neutron/neutron/api/extensions.py:156}}
Jul 08 22:59:05.743269 np0000004850 devstack@neutron-api.service[90408]: DEBUG neutron.api.extensions [None req-a377ac9d-f3e8-4ce0-9b23-3817c57cbf78 None None] Extended resource: service-providers {{(pid=90408) __init__ /opt/stack/neutron/neutron/api/extensions.py:156}}
Jul 08 22:59:05.744061 np0000004850 devstack@neutron-api.service[90408]: DEBUG neutron.api.extensions [None req-a377ac9d-f3e8-4ce0-9b23-3817c57cbf78 None None] Extended resource: subnetpools {{(pid=90408) __init__ /opt/stack/neutron/neutron/api/extensions.py:156}}
Jul 08 22:59:05.745033 np0000004850 devstack@neutron-api.service[90408]: DEBUG neutron.api.extensions [None req-a377ac9d-f3e8-4ce0-9b23-3817c57cbf78 None None] Extended resource: subnetpools {{(pid=90408) __init__ /opt/stack/neutron/neutron/api/extensions.py:156}}
Jul 08 22:59:05.745987 np0000004850 devstack@neutron-api.service[90408]: DEBUG neutron.api.extensions [None req-a377ac9d-f3e8-4ce0-9b23-3817c57cbf78 None None] Extended resource: tags {{(pid=90408) __init__ /opt/stack/neutron/neutron/api/extensions.py:156}}
Jul 08 22:59:05.747069 np0000004850 devstack@neutron-api.service[90408]: DEBUG neutron.api.extensions [None req-a377ac9d-f3e8-4ce0-9b23-3817c57cbf78 None None] Extended resource: tags {{(pid=90408) __init__ /opt/stack/neutron/neutron/api/extensions.py:156}}
Jul 08 22:59:05.748190 np0000004850 devstack@neutron-api.service[90408]: DEBUG neutron.api.extensions [None req-a377ac9d-f3e8-4ce0-9b23-3817c57cbf78 None None] Extended resource: tags {{(pid=90408) __init__ /opt/stack/neutron/neutron/api/extensions.py:156}}
Jul 08 22:59:05.749233 np0000004850 devstack@neutron-api.service[90408]: DEBUG neutron.api.extensions [None req-a377ac9d-f3e8-4ce0-9b23-3817c57cbf78 None None] Extended resource: tags {{(pid=90408) __init__ /opt/stack/neutron/neutron/api/extensions.py:156}}
Jul 08 22:59:05.749801 np0000004850 devstack@neutron-api.service[90409]: DEBUG ovsdbapp.backend.ovs_idl [None req-fddc3841-3085-4306-8258-7ddaf85524a1 None None] Created lookup_table index Logical_Switch.name {{(pid=90409) autocreate_indices /opt/stack/data/venv/lib/python3.12/site-packages/ovsdbapp/backend/ovs_idl/__init__.py:87}}
Jul 08 22:59:05.749928 np0000004850 devstack@neutron-api.service[90409]: DEBUG ovsdbapp.backend.ovs_idl [None req-fddc3841-3085-4306-8258-7ddaf85524a1 None None] Created lookup_table index Logical_Router.name {{(pid=90409) autocreate_indices /opt/stack/data/venv/lib/python3.12/site-packages/ovsdbapp/backend/ovs_idl/__init__.py:87}}
Jul 08 22:59:05.750020 np0000004850 devstack@neutron-api.service[90409]: DEBUG ovsdbapp.backend.ovs_idl [None req-fddc3841-3085-4306-8258-7ddaf85524a1 None None] Created lookup_table index Load_Balancer.name {{(pid=90409) autocreate_indices /opt/stack/data/venv/lib/python3.12/site-packages/ovsdbapp/backend/ovs_idl/__init__.py:87}}
Jul 08 22:59:05.750127 np0000004850 devstack@neutron-api.service[90409]: DEBUG ovsdbapp.backend.ovs_idl [None req-fddc3841-3085-4306-8258-7ddaf85524a1 None None] Created schema index Copp.name {{(pid=90409) autocreate_indices /opt/stack/data/venv/lib/python3.12/site-packages/ovsdbapp/backend/ovs_idl/__init__.py:106}}
Jul 08 22:59:05.750236 np0000004850 devstack@neutron-api.service[90409]: DEBUG ovsdbapp.backend.ovs_idl [None req-fddc3841-3085-4306-8258-7ddaf85524a1 None None] Created schema index Meter.name {{(pid=90409) autocreate_indices /opt/stack/data/venv/lib/python3.12/site-packages/ovsdbapp/backend/ovs_idl/__init__.py:106}}
Jul 08 22:59:05.750293 np0000004850 devstack@neutron-api.service[90408]: DEBUG neutron.api.extensions [None req-a377ac9d-f3e8-4ce0-9b23-3817c57cbf78 None None] Extended resource: tags {{(pid=90408) __init__ /opt/stack/neutron/neutron/api/extensions.py:156}}
Jul 08 22:59:05.750362 np0000004850 devstack@neutron-api.service[90409]: DEBUG ovsdbapp.backend.ovs_idl [None req-fddc3841-3085-4306-8258-7ddaf85524a1 None None] Created schema index Load_Balancer_Group.name {{(pid=90409) autocreate_indices /opt/stack/data/venv/lib/python3.12/site-packages/ovsdbapp/backend/ovs_idl/__init__.py:106}}
Jul 08 22:59:05.750561 np0000004850 devstack@neutron-api.service[90409]: DEBUG ovsdbapp.backend.ovs_idl [None req-fddc3841-3085-4306-8258-7ddaf85524a1 None None] Created schema index HA_Chassis_Group.name {{(pid=90409) autocreate_indices /opt/stack/data/venv/lib/python3.12/site-packages/ovsdbapp/backend/ovs_idl/__init__.py:106}}
