Aug 01 00:16:17.077585 np0000006296 devstack@g-api.service[103183]: DEBUG glance.api.middleware.version_negotiation [None req-eed2d104-c957-4caf-889d-664d77274423 tempest-TestMinimumBasicScenario-2143220358 tempest-TestMinimumBasicScenario-2143220358-project-member] Matched version: v2 {{(pid=103183) process_request /opt/stack/glance/glance/api/middleware/version_negotiation.py:69}}
Aug 01 00:16:17.077676 np0000006296 devstack@g-api.service[103183]: DEBUG glance.api.middleware.version_negotiation [None req-eed2d104-c957-4caf-889d-664d77274423 tempest-TestMinimumBasicScenario-2143220358 tempest-TestMinimumBasicScenario-2143220358-project-member] new path /v2/schemas/image {{(pid=103183) process_request /opt/stack/glance/glance/api/middleware/version_negotiation.py:70}}
Aug 01 00:16:17.079457 np0000006296 devstack@g-api.service[103182]: [pid: 103182|app: 0|req: 72/283] 127.0.0.1 () {44 vars in 1055 bytes} [Sat Aug 1 00:16:17 2026] GET /v2/schemas/image => generated 6083 bytes in 3 msecs (HTTP/1.1 200) 4 headers in 158 bytes (1 switches on core 0)
Aug 01 00:16:17.079910 np0000006296 devstack@g-api.service[103183]: [pid: 103183|app: 0|req: 71/284] 127.0.0.1 () {44 vars in 1055 bytes} [Sat Aug 1 00:16:17 2026] GET /v2/schemas/image => generated 6083 bytes in 3 msecs (HTTP/1.1 200) 4 headers in 158 bytes (1 switches on core 0)
Aug 01 00:16:17.128029 np0000006296 devstack@g-api.service[103184]: DEBUG glance.api.middleware.version_negotiation [None req-f6cf792a-b415-493e-a086-64cd68e5d769 tempest-ServerStableDeviceRescueTest-177253986 tempest-ServerStableDeviceRescueTest-177253986-project-member] Determining version of request: PATCH /v2/images/d4b1b40b-e0eb-4c89-9c54-c97827951747 Accept: */* {{(pid=103184) process_request /opt/stack/glance/glance/api/middleware/version_negotiation.py:44}}
Aug 01 00:16:17.128170 np0000006296 devstack@g-api.service[103184]: DEBUG glance.api.middleware.version_negotiation [None req-f6cf792a-b415-493e-a086-64cd68e5d769 tempest-ServerStableDeviceRescueTest-177253986 tempest-ServerStableDeviceRescueTest-177253986-project-member] Using url versioning {{(pid=103184) process_request /opt/stack/glance/glance/api/middleware/version_negotiation.py:57}}
Aug 01 00:16:17.128355 np0000006296 devstack@g-api.service[103184]: DEBUG glance.api.middleware.version_negotiation [None req-f6cf792a-b415-493e-a086-64cd68e5d769 tempest-ServerStableDeviceRescueTest-177253986 tempest-ServerStableDeviceRescueTest-177253986-project-member] Matched version: v2 {{(pid=103184) process_request /opt/stack/glance/glance/api/middleware/version_negotiation.py:69}}
Aug 01 00:16:17.128491 np0000006296 devstack@g-api.service[103184]: DEBUG glance.api.middleware.version_negotiation [None req-f6cf792a-b415-493e-a086-64cd68e5d769 tempest-ServerStableDeviceRescueTest-177253986 tempest-ServerStableDeviceRescueTest-177253986-project-member] new path /v2/images/d4b1b40b-e0eb-4c89-9c54-c97827951747 {{(pid=103184) process_request /opt/stack/glance/glance/api/middleware/version_negotiation.py:70}}
Aug 01 00:16:17.187317 np0000006296 devstack@g-api.service[103181]: DEBUG glance.api.middleware.version_negotiation [None req-29f7ccc5-0f0e-4dce-bca7-ec834288231b tempest-ServerStableDeviceRescueTest-177253986 tempest-ServerStableDeviceRescueTest-177253986-project-member] Determining version of request: GET /v2/images/0f9e322e-708e-430d-979c-a68183298c13 Accept: */* {{(pid=103181) process_request /opt/stack/glance/glance/api/middleware/version_negotiation.py:44}}
Aug 01 00:16:17.187436 np0000006296 devstack@g-api.service[103181]: DEBUG glance.api.middleware.version_negotiation [None req-29f7ccc5-0f0e-4dce-bca7-ec834288231b tempest-ServerStableDeviceRescueTest-177253986 tempest-ServerStableDeviceRescueTest-177253986-project-member] Using url versioning {{(pid=103181) process_request /opt/stack/glance/glance/api/middleware/version_negotiation.py:57}}
Aug 01 00:16:17.187578 np0000006296 devstack@g-api.service[103181]: DEBUG glance.api.middleware.version_negotiation [None req-29f7ccc5-0f0e-4dce-bca7-ec834288231b tempest-ServerStableDeviceRescueTest-177253986 tempest-ServerStableDeviceRescueTest-177253986-project-member] Matched version: v2 {{(pid=103181) process_request /opt/stack/glance/glance/api/middleware/version_negotiation.py:69}}
Aug 01 00:16:17.187717 np0000006296 devstack@g-api.service[103181]: DEBUG glance.api.middleware.version_negotiation [None req-29f7ccc5-0f0e-4dce-bca7-ec834288231b tempest-ServerStableDeviceRescueTest-177253986 tempest-ServerStableDeviceRescueTest-177253986-project-member] new path /v2/images/0f9e322e-708e-430d-979c-a68183298c13 {{(pid=103181) process_request /opt/stack/glance/glance/api/middleware/version_negotiation.py:70}}
Aug 01 00:16:17.204238 np0000006296 devstack@g-api.service[103181]: [pid: 103181|app: 0|req: 72/285] 127.0.0.1 () {44 vars in 1115 bytes} [Sat Aug 1 00:16:17 2026] GET /v2/images/0f9e322e-708e-430d-979c-a68183298c13 => generated 811 bytes in 15 msecs (HTTP/1.1 200) 4 headers in 157 bytes (1 switches on core 0)
Aug 01 00:16:17.249760 np0000006296 devstack@g-api.service[103182]: DEBUG glance.api.middleware.version_negotiation [None req-f6cf792a-b415-493e-a086-64cd68e5d769 tempest-ServerStableDeviceRescueTest-177253986 tempest-ServerStableDeviceRescueTest-177253986-project-member] Determining version of request: GET /v2/schemas/image Accept: */* {{(pid=103182) process_request /opt/stack/glance/glance/api/middleware/version_negotiation.py:44}}
Aug 01 00:16:17.249960 np0000006296 devstack@g-api.service[103182]: DEBUG glance.api.middleware.version_negotiation [None req-f6cf792a-b415-493e-a086-64cd68e5d769 tempest-ServerStableDeviceRescueTest-177253986 tempest-ServerStableDeviceRescueTest-177253986-project-member] Using url versioning {{(pid=103182) process_request /opt/stack/glance/glance/api/middleware/version_negotiation.py:57}}
Aug 01 00:16:17.250082 np0000006296 devstack@g-api.service[103182]: DEBUG glance.api.middleware.version_negotiation [None req-f6cf792a-b415-493e-a086-64cd68e5d769 tempest-ServerStableDeviceRescueTest-177253986 tempest-ServerStableDeviceRescueTest-177253986-project-member] Matched version: v2 {{(pid=103182) process_request /opt/stack/glance/glance/api/middleware/version_negotiation.py:69}}
Aug 01 00:16:17.250170 np0000006296 devstack@g-api.service[103182]: DEBUG glance.api.middleware.version_negotiation [None req-f6cf792a-b415-493e-a086-64cd68e5d769 tempest-ServerStableDeviceRescueTest-177253986 tempest-ServerStableDeviceRescueTest-177253986-project-member] new path /v2/schemas/image {{(pid=103182) process_request /opt/stack/glance/glance/api/middleware/version_negotiation.py:70}}
Aug 01 00:16:17.252418 np0000006296 devstack@g-api.service[103182]: [pid: 103182|app: 0|req: 73/286] 127.0.0.1 () {44 vars in 1055 bytes} [Sat Aug 1 00:16:17 2026] GET /v2/schemas/image => generated 6083 bytes in 3 msecs (HTTP/1.1 200) 4 headers in 158 bytes (1 switches on core 0)
Aug 01 00:16:17.308554 np0000006296 devstack@g-api.service[103184]: [pid: 103184|app: 0|req: 71/287] 127.0.0.1 () {46 vars in 1158 bytes} [Sat Aug 1 00:16:17 2026] PATCH /v2/images/d4b1b40b-e0eb-4c89-9c54-c97827951747 => generated 1444 bytes in 181 msecs (HTTP/1.1 200) 4 headers in 158 bytes (1 switches on core 0)
Aug 01 00:16:17.403338 np0000006296 devstack@g-api.service[103183]: DEBUG glance.api.middleware.version_negotiation [None req-29f7ccc5-0f0e-4dce-bca7-ec834288231b tempest-ServerStableDeviceRescueTest-177253986 tempest-ServerStableDeviceRescueTest-177253986-project-member] Determining version of request: GET /v2/images/d4b1b40b-e0eb-4c89-9c54-c97827951747 Accept: */* {{(pid=103183) process_request /opt/stack/glance/glance/api/middleware/version_negotiation.py:44}}
Aug 01 00:16:17.403506 np0000006296 devstack@g-api.service[103183]: DEBUG glance.api.middleware.version_negotiation [None req-29f7ccc5-0f0e-4dce-bca7-ec834288231b tempest-ServerStableDeviceRescueTest-177253986 tempest-ServerStableDeviceRescueTest-177253986-project-member] Using url versioning {{(pid=103183) process_request /opt/stack/glance/glance/api/middleware/version_negotiation.py:57}}
Aug 01 00:16:17.403657 np0000006296 devstack@g-api.service[103183]: DEBUG glance.api.middleware.version_negotiation [None req-29f7ccc5-0f0e-4dce-bca7-ec834288231b tempest-ServerStableDeviceRescueTest-177253986 tempest-ServerStableDeviceRescueTest-177253986-project-member] Matched version: v2 {{(pid=103183) process_request /opt/stack/glance/glance/api/middleware/version_negotiation.py:69}}
Aug 01 00:16:17.403799 np0000006296 devstack@g-api.service[103183]: DEBUG glance.api.middleware.version_negotiation [None req-29f7ccc5-0f0e-4dce-bca7-ec834288231b tempest-ServerStableDeviceRescueTest-177253986 tempest-ServerStableDeviceRescueTest-177253986-project-member] new path /v2/images/d4b1b40b-e0eb-4c89-9c54-c97827951747 {{(pid=103183) process_request /opt/stack/glance/glance/api/middleware/version_negotiation.py:70}}
Aug 01 00:16:17.414578 np0000006296 devstack@g-api.service[103183]: [pid: 103183|app: 0|req: 72/288] 127.0.0.1 () {44 vars in 1115 bytes} [Sat Aug 1 00:16:17 2026] GET /v2/images/d4b1b40b-e0eb-4c89-9c54-c97827951747 => generated 1444 bytes in 11 msecs (HTTP/1.1 200) 4 headers in 158 bytes (1 switches on core 0)
Aug 01 00:16:17.515271 np0000006296 devstack@g-api.service[103181]: DEBUG glance.api.middleware.version_negotiation [None req-eed2d104-c957-4caf-889d-664d77274423 tempest-TestMinimumBasicScenario-2143220358 tempest-TestMinimumBasicScenario-2143220358-project-member] Determining version of request: PUT /v2/images/d4b1b40b-e0eb-4c89-9c54-c97827951747/file Accept: */* {{(pid=103181) process_request /opt/stack/glance/glance/api/middleware/version_negotiation.py:44}}
Aug 01 00:16:17.515472 np0000006296 devstack@g-api.service[103181]: DEBUG glance.api.middleware.version_negotiation [None req-eed2d104-c957-4caf-889d-664d77274423 tempest-TestMinimumBasicScenario-2143220358 tempest-TestMinimumBasicScenario-2143220358-project-member] Using url versioning {{(pid=103181) process_request /opt/stack/glance/glance/api/middleware/version_negotiation.py:57}}
Aug 01 00:16:17.515645 np0000006296 devstack@g-api.service[103181]: DEBUG glance.api.middleware.version_negotiation [None req-eed2d104-c957-4caf-889d-664d77274423 tempest-TestMinimumBasicScenario-2143220358 tempest-TestMinimumBasicScenario-2143220358-project-member] Matched version: v2 {{(pid=103181) process_request /opt/stack/glance/glance/api/middleware/version_negotiation.py:69}}
Aug 01 00:16:17.515787 np0000006296 devstack@g-api.service[103181]: DEBUG glance.api.middleware.version_negotiation [None req-eed2d104-c957-4caf-889d-664d77274423 tempest-TestMinimumBasicScenario-2143220358 tempest-TestMinimumBasicScenario-2143220358-project-member] new path /v2/images/d4b1b40b-e0eb-4c89-9c54-c97827951747/file {{(pid=103181) process_request /opt/stack/glance/glance/api/middleware/version_negotiation.py:70}}
Aug 01 00:16:18.112946 np0000006296 devstack@g-api.service[103181]: INFO glance.api.v2.image_data [None req-f6cf792a-b415-493e-a086-64cd68e5d769 tempest-ServerStableDeviceRescueTest-177253986 tempest-ServerStableDeviceRescueTest-177253986-project-member] Unable to create trust: no such option collect_timing in group [keystone_authtoken] Use the existing user token.
Aug 01 00:16:18.166303 np0000006296 devstack@g-api.service[103182]: DEBUG glance.api.middleware.version_negotiation [None req-eed2d104-c957-4caf-889d-664d77274423 tempest-TestMinimumBasicScenario-2143220358 tempest-TestMinimumBasicScenario-2143220358-project-member] Determining version of request: GET /v2/images/d4b1b40b-e0eb-4c89-9c54-c97827951747 Accept: */* {{(pid=103182) process_request /opt/stack/glance/glance/api/middleware/version_negotiation.py:44}}
Aug 01 00:16:18.166666 np0000006296 devstack@g-api.service[103182]: DEBUG glance.api.middleware.version_negotiation [None req-eed2d104-c957-4caf-889d-664d77274423 tempest-TestMinimumBasicScenario-2143220358 tempest-TestMinimumBasicScenario-2143220358-project-member] Using url versioning {{(pid=103182) process_request /opt/stack/glance/glance/api/middleware/version_negotiation.py:57}}
Aug 01 00:16:18.166666 np0000006296 devstack@g-api.service[103182]: DEBUG glance.api.middleware.version_negotiation [None req-eed2d104-c957-4caf-889d-664d77274423 tempest-TestMinimumBasicScenario-2143220358 tempest-TestMinimumBasicScenario-2143220358-project-member] Matched version: v2 {{(pid=103182) process_request /opt/stack/glance/glance/api/middleware/version_negotiation.py:69}}
Aug 01 00:16:18.166745 np0000006296 devstack@g-api.service[103182]: DEBUG glance.api.middleware.version_negotiation [None req-eed2d104-c957-4caf-889d-664d77274423 tempest-TestMinimumBasicScenario-2143220358 tempest-TestMinimumBasicScenario-2143220358-project-member] new path /v2/images/d4b1b40b-e0eb-4c89-9c54-c97827951747 {{(pid=103182) process_request /opt/stack/glance/glance/api/middleware/version_negotiation.py:70}}
Aug 01 00:16:18.182347 np0000006296 devstack@g-api.service[103182]: [pid: 103182|app: 0|req: 74/289] 127.0.0.1 () {44 vars in 1115 bytes} [Sat Aug 1 00:16:18 2026] GET /v2/images/d4b1b40b-e0eb-4c89-9c54-c97827951747 => generated 1444 bytes in 16 msecs (HTTP/1.1 200) 4 headers in 158 bytes (1 switches on core 0)
Aug 01 00:16:18.223975 np0000006296 devstack@g-api.service[103184]: DEBUG glance.api.middleware.version_negotiation [None req-f6cf792a-b415-493e-a086-64cd68e5d769 tempest-ServerStableDeviceRescueTest-177253986 tempest-ServerStableDeviceRescueTest-177253986-project-member] Determining version of request: GET /v2/schemas/image Accept: */* {{(pid=103184) process_request /opt/stack/glance/glance/api/middleware/version_negotiation.py:44}}
Aug 01 00:16:18.223975 np0000006296 devstack@g-api.service[103184]: DEBUG glance.api.middleware.version_negotiation [None req-f6cf792a-b415-493e-a086-64cd68e5d769 tempest-ServerStableDeviceRescueTest-177253986 tempest-ServerStableDeviceRescueTest-177253986-project-member] Using url versioning {{(pid=103184) process_request /opt/stack/glance/glance/api/middleware/version_negotiation.py:57}}
Aug 01 00:16:18.223975 np0000006296 devstack@g-api.service[103184]: DEBUG glance.api.middleware.version_negotiation [None req-f6cf792a-b415-493e-a086-64cd68e5d769 tempest-ServerStableDeviceRescueTest-177253986 tempest-ServerStableDeviceRescueTest-177253986-project-member] Matched version: v2 {{(pid=103184) process_request /opt/stack/glance/glance/api/middleware/version_negotiation.py:69}}
Aug 01 00:16:18.223975 np0000006296 devstack@g-api.service[103184]: DEBUG glance.api.middleware.version_negotiation [None req-f6cf792a-b415-493e-a086-64cd68e5d769 tempest-ServerStableDeviceRescueTest-177253986 tempest-ServerStableDeviceRescueTest-177253986-project-member] new path /v2/schemas/image {{(pid=103184) process_request /opt/stack/glance/glance/api/middleware/version_negotiation.py:70}}
Aug 01 00:16:18.227082 np0000006296 devstack@g-api.service[103184]: [pid: 103184|app: 0|req: 72/290] 127.0.0.1 () {44 vars in 1055 bytes} [Sat Aug 1 00:16:18 2026] GET /v2/schemas/image => generated 6083 bytes in 3 msecs (HTTP/1.1 200) 4 headers in 158 bytes (1 switches on core 0)
Aug 01 00:16:18.550599 np0000006296 devstack@g-api.service[103181]: DEBUG glance.location [None req-f6cf792a-b415-493e-a086-64cd68e5d769 tempest-ServerStableDeviceRescueTest-177253986 tempest-ServerStableDeviceRescueTest-177253986-project-member] Enabling in-flight format inspection for qcow2 {{(pid=103181) set_data /opt/stack/glance/glance/location.py:596}}
Aug 01 00:16:18.550990 np0000006296 devstack@g-api.service[103181]: DEBUG glance_store.backend [None req-f6cf792a-b415-493e-a086-64cd68e5d769 tempest-ServerStableDeviceRescueTest-177253986 tempest-ServerStableDeviceRescueTest-177253986-project-member] Attempting to import store swift {{(pid=103181) _load_store /opt/stack/data/venv/lib/python3.12/site-packages/glance_store/backend.py:215}}
Aug 01 00:16:18.553919 np0000006296 devstack@g-api.service[103181]: DEBUG glance_store.capabilities [None req-f6cf792a-b415-493e-a086-64cd68e5d769 tempest-ServerStableDeviceRescueTest-177253986 tempest-ServerStableDeviceRescueTest-177253986-project-member] Store glance_store._drivers.swift.store.SingleTenantStore doesn't support updating dynamic storage capabilities. Please overwrite 'update_capabilities' method of the store to implement updating logics if needed. {{(pid=103181) update_capabilities /opt/stack/data/venv/lib/python3.12/site-packages/glance_store/capabilities.py:91}}
Aug 01 00:16:18.553919 np0000006296 devstack@g-api.service[103181]: DEBUG glance_store.driver [None req-f6cf792a-b415-493e-a086-64cd68e5d769 tempest-ServerStableDeviceRescueTest-177253986 tempest-ServerStableDeviceRescueTest-177253986-project-member] Late loading location class glance_store._drivers.swift.store.StoreLocation {{(pid=103181) get_store_location_class /opt/stack/data/venv/lib/python3.12/site-packages/glance_store/driver.py:134}}
Aug 01 00:16:18.553919 np0000006296 devstack@g-api.service[103181]: DEBUG glance_store.location [None req-f6cf792a-b415-493e-a086-64cd68e5d769 tempest-ServerStableDeviceRescueTest-177253986 tempest-ServerStableDeviceRescueTest-177253986-project-member] Registering scheme swift+https with {'store': , 'location_class': , 'store_entry': 'swift'} {{(pid=103181) register_scheme_map /opt/stack/data/venv/lib/python3.12/site-packages/glance_store/location.py:146}}
Aug 01 00:16:18.553919 np0000006296 devstack@g-api.service[103181]: DEBUG glance_store.location [None req-f6cf792a-b415-493e-a086-64cd68e5d769 tempest-ServerStableDeviceRescueTest-177253986 tempest-ServerStableDeviceRescueTest-177253986-project-member] Registering scheme swift+https with {'store': , 'location_class': , 'store_entry': 'swift'} {{(pid=103181) register_scheme_map /opt/stack/data/venv/lib/python3.12/site-packages/glance_store/location.py:146}}
Aug 01 00:16:18.553919 np0000006296 devstack@g-api.service[103181]: DEBUG glance_store.location [None req-f6cf792a-b415-493e-a086-64cd68e5d769 tempest-ServerStableDeviceRescueTest-177253986 tempest-ServerStableDeviceRescueTest-177253986-project-member] Registering scheme swift with {'store': , 'location_class': , 'store_entry': 'swift'} {{(pid=103181) register_scheme_map /opt/stack/data/venv/lib/python3.12/site-packages/glance_store/location.py:146}}
Aug 01 00:16:18.553919 np0000006296 devstack@g-api.service[103181]: DEBUG glance_store.location [None req-f6cf792a-b415-493e-a086-64cd68e5d769 tempest-ServerStableDeviceRescueTest-177253986 tempest-ServerStableDeviceRescueTest-177253986-project-member] Registering scheme swift+https with {'store': , 'location_class': , 'store_entry': 'swift'} {{(pid=103181) register_scheme_map /opt/stack/data/venv/lib/python3.12/site-packages/glance_store/location.py:146}}
Aug 01 00:16:18.553919 np0000006296 devstack@g-api.service[103181]: DEBUG glance_store.location [None req-f6cf792a-b415-493e-a086-64cd68e5d769 tempest-ServerStableDeviceRescueTest-177253986 tempest-ServerStableDeviceRescueTest-177253986-project-member] Registering scheme swift with {'store': , 'location_class': , 'store_entry': 'swift'} {{(pid=103181) register_scheme_map /opt/stack/data/venv/lib/python3.12/site-packages/glance_store/location.py:146}}
Aug 01 00:16:18.553919 np0000006296 devstack@g-api.service[103181]: DEBUG glance_store.location [None req-f6cf792a-b415-493e-a086-64cd68e5d769 tempest-ServerStableDeviceRescueTest-177253986 tempest-ServerStableDeviceRescueTest-177253986-project-member] Registering scheme swift+http with {'store': , 'location_class': , 'store_entry': 'swift'} {{(pid=103181) register_scheme_map /opt/stack/data/venv/lib/python3.12/site-packages/glance_store/location.py:146}}
Aug 01 00:16:18.553919 np0000006296 devstack@g-api.service[103181]: DEBUG glance_store.location [None req-f6cf792a-b415-493e-a086-64cd68e5d769 tempest-ServerStableDeviceRescueTest-177253986 tempest-ServerStableDeviceRescueTest-177253986-project-member] Registering scheme swift+https with {'store': , 'location_class': , 'store_entry': 'swift'} {{(pid=103181) register_scheme_map /opt/stack/data/venv/lib/python3.12/site-packages/glance_store/location.py:146}}
Aug 01 00:16:18.553919 np0000006296 devstack@g-api.service[103181]: DEBUG glance_store.location [None req-f6cf792a-b415-493e-a086-64cd68e5d769 tempest-ServerStableDeviceRescueTest-177253986 tempest-ServerStableDeviceRescueTest-177253986-project-member] Registering scheme swift with {'store': , 'location_class': , 'store_entry': 'swift'} {{(pid=103181) register_scheme_map /opt/stack/data/venv/lib/python3.12/site-packages/glance_store/location.py:146}}
Aug 01 00:16:18.553919 np0000006296 devstack@g-api.service[103181]: DEBUG glance_store.location [None req-f6cf792a-b415-493e-a086-64cd68e5d769 tempest-ServerStableDeviceRescueTest-177253986 tempest-ServerStableDeviceRescueTest-177253986-project-member] Registering scheme swift+http with {'store': , 'location_class': , 'store_entry': 'swift'} {{(pid=103181) register_scheme_map /opt/stack/data/venv/lib/python3.12/site-packages/glance_store/location.py:146}}
Aug 01 00:16:18.554342 np0000006296 devstack@g-api.service[103181]: DEBUG glance_store.location [None req-f6cf792a-b415-493e-a086-64cd68e5d769 tempest-ServerStableDeviceRescueTest-177253986 tempest-ServerStableDeviceRescueTest-177253986-project-member] Registering scheme swift+config with {'store': , 'location_class': , 'store_entry': 'swift'} {{(pid=103181) register_scheme_map /opt/stack/data/venv/lib/python3.12/site-packages/glance_store/location.py:146}}
Aug 01 00:16:18.671012 np0000006296 devstack@g-api.service[103181]: DEBUG swiftclient [None req-f6cf792a-b415-493e-a086-64cd68e5d769 tempest-ServerStableDeviceRescueTest-177253986 tempest-ServerStableDeviceRescueTest-177253986-project-member] REQ: curl -i https://10.4.3.222:8080/v1/AUTH_70a9d03b9aa041b79bdd4cead327f31e/glance -I -H "X-Auth-Token: gAAAAABqbTrSpiQZ..." {{(pid=103181) http_log /opt/stack/data/venv/lib/python3.12/site-packages/swiftclient/client.py:160}}
Aug 01 00:16:18.671135 np0000006296 devstack@g-api.service[103181]: DEBUG swiftclient [None req-f6cf792a-b415-493e-a086-64cd68e5d769 tempest-ServerStableDeviceRescueTest-177253986 tempest-ServerStableDeviceRescueTest-177253986-project-member] RESP STATUS: 204 No Content {{(pid=103181) http_log /opt/stack/data/venv/lib/python3.12/site-packages/swiftclient/client.py:161}}
Aug 01 00:16:18.671277 np0000006296 devstack@g-api.service[103181]: DEBUG swiftclient [None req-f6cf792a-b415-493e-a086-64cd68e5d769 tempest-ServerStableDeviceRescueTest-177253986 tempest-ServerStableDeviceRescueTest-177253986-project-member] RESP HEADERS: {'Date': 'Sat, 01 Aug 2026 00:16:18 GMT', 'Server': 'Apache/2.4.58 (Ubuntu)', 'Content-Type': 'text/plain; charset=utf-8', 'X-Container-Object-Count': '5', 'X-Container-Bytes-Used': '86048768', 'X-Timestamp': '1785543103.39837', 'Last-Modified': 'Sat, 01 Aug 2026 00:11:44 GMT', 'Accept-Ranges': 'bytes', 'X-Storage-Policy': 'Policy-0', 'X-Container-Sharding': 'False', 'Vary': 'Accept', 'X-Trans-Id': 'txc29716a5f75a4adfbfbe3-006a6d3ad2', 'X-Openstack-Request-Id': 'txc29716a5f75a4adfbfbe3-006a6d3ad2', 'Connection': 'close'} {{(pid=103181) http_log /opt/stack/data/venv/lib/python3.12/site-packages/swiftclient/client.py:162}}
Aug 01 00:16:18.671449 np0000006296 devstack@g-api.service[103181]: DEBUG glance_store._drivers.swift.store [None req-f6cf792a-b415-493e-a086-64cd68e5d769 tempest-ServerStableDeviceRescueTest-177253986 tempest-ServerStableDeviceRescueTest-177253986-project-member] Adding image object 'd4b1b40b-e0eb-4c89-9c54-c97827951747' to Swift {{(pid=103181) add /opt/stack/data/venv/lib/python3.12/site-packages/glance_store/_drivers/swift/store.py:970}}
Aug 01 00:16:18.671530 np0000006296 devstack@g-api.service[103181]: DEBUG glance_store._drivers.swift.store [None req-f6cf792a-b415-493e-a086-64cd68e5d769 tempest-ServerStableDeviceRescueTest-177253986 tempest-ServerStableDeviceRescueTest-177253986-project-member] Cannot determine image size because it is either not provided in the request or chunked-transfer encoding is used. Adding image as a segmented object to Swift. {{(pid=103181) add /opt/stack/data/venv/lib/python3.12/site-packages/glance_store/_drivers/swift/store.py:994}}
Aug 01 00:16:18.678289 np0000006296 devstack@g-api.service[103181]: DEBUG oslo_utils.imageutils.format_inspector [None req-f6cf792a-b415-493e-a086-64cd68e5d769 tempest-ServerStableDeviceRescueTest-177253986 tempest-ServerStableDeviceRescueTest-177253986-project-member] Format inspector for vmdk does not match, excluding from consideration (Signature KDMV not found: b'QFI\xfb') {{(pid=103181) _process_chunk /opt/stack/data/venv/lib/python3.12/site-packages/oslo_utils/imageutils/format_inspector.py:1758}}
Aug 01 00:16:18.681338 np0000006296 devstack@g-api.service[103181]: DEBUG oslo_utils.imageutils.format_inspector [None req-f6cf792a-b415-493e-a086-64cd68e5d769 tempest-ServerStableDeviceRescueTest-177253986 tempest-ServerStableDeviceRescueTest-177253986-project-member] Format inspector for vhdx does not match, excluding from consideration (Region signature not found at 30000) {{(pid=103181) _process_chunk /opt/stack/data/venv/lib/python3.12/site-packages/oslo_utils/imageutils/format_inspector.py:1758}}
Aug 01 00:16:19.291537 np0000006296 devstack@g-api.service[103181]: DEBUG swiftclient [None req-f6cf792a-b415-493e-a086-64cd68e5d769 tempest-ServerStableDeviceRescueTest-177253986 tempest-ServerStableDeviceRescueTest-177253986-project-member] REQ: curl -i https://10.4.3.222:8080/v1/AUTH_70a9d03b9aa041b79bdd4cead327f31e/glance/d4b1b40b-e0eb-4c89-9c54-c97827951747-00001 -X PUT -H "X-Auth-Token: gAAAAABqbTrSpiQZ..." {{(pid=103181) http_log /opt/stack/data/venv/lib/python3.12/site-packages/swiftclient/client.py:160}}
Aug 01 00:16:19.291537 np0000006296 devstack@g-api.service[103181]: DEBUG swiftclient [None req-f6cf792a-b415-493e-a086-64cd68e5d769 tempest-ServerStableDeviceRescueTest-177253986 tempest-ServerStableDeviceRescueTest-177253986-project-member] RESP STATUS: 201 Created {{(pid=103181) http_log /opt/stack/data/venv/lib/python3.12/site-packages/swiftclient/client.py:161}}
Aug 01 00:16:19.292018 np0000006296 devstack@g-api.service[103181]: DEBUG swiftclient [None req-f6cf792a-b415-493e-a086-64cd68e5d769 tempest-ServerStableDeviceRescueTest-177253986 tempest-ServerStableDeviceRescueTest-177253986-project-member] RESP HEADERS: {'Date': 'Sat, 01 Aug 2026 00:16:19 GMT', 'Server': 'Apache/2.4.58 (Ubuntu)', 'Content-Type': 'text/html; charset=UTF-8', 'Content-Length': '0', 'Etag': '91c3299673e25e7504d546bea71dc5ad', 'Last-Modified': 'Sat, 01 Aug 2026 00:16:19 GMT', 'X-Trans-Id': 'tx48121efcf2964379a1de7-006a6d3ad2', 'X-Openstack-Request-Id': 'tx48121efcf2964379a1de7-006a6d3ad2', 'Connection': 'close'} {{(pid=103181) http_log /opt/stack/data/venv/lib/python3.12/site-packages/swiftclient/client.py:162}}
Aug 01 00:16:19.292018 np0000006296 devstack@g-api.service[103181]: DEBUG glance_store._drivers.swift.store [None req-f6cf792a-b415-493e-a086-64cd68e5d769 tempest-ServerStableDeviceRescueTest-177253986 tempest-ServerStableDeviceRescueTest-177253986-project-member] Wrote chunk d4b1b40b-e0eb-4c89-9c54-c97827951747-00001 (1/?) of length 53608448 to Swift returning MD5 of content: 91c3299673e25e7504d546bea71dc5ad {{(pid=103181) add /opt/stack/data/venv/lib/python3.12/site-packages/glance_store/_drivers/swift/store.py:1059}}
Aug 01 00:16:19.292300 np0000006296 devstack@g-api.service[103181]: DEBUG glance_store._drivers.swift.store [None req-f6cf792a-b415-493e-a086-64cd68e5d769 tempest-ServerStableDeviceRescueTest-177253986 tempest-ServerStableDeviceRescueTest-177253986-project-member] Not writing zero-length chunk. {{(pid=103181) add /opt/stack/data/venv/lib/python3.12/site-packages/glance_store/_drivers/swift/store.py:1028}}
Aug 01 00:16:19.311945 np0000006296 devstack@g-api.service[103183]: DEBUG glance.api.middleware.version_negotiation [None req-f6cf792a-b415-493e-a086-64cd68e5d769 tempest-ServerStableDeviceRescueTest-177253986 tempest-ServerStableDeviceRescueTest-177253986-project-member] Determining version of request: GET /v2/images/d4b1b40b-e0eb-4c89-9c54-c97827951747 Accept: */* {{(pid=103183) process_request /opt/stack/glance/glance/api/middleware/version_negotiation.py:44}}
Aug 01 00:16:19.312222 np0000006296 devstack@g-api.service[103183]: DEBUG glance.api.middleware.version_negotiation [None req-f6cf792a-b415-493e-a086-64cd68e5d769 tempest-ServerStableDeviceRescueTest-177253986 tempest-ServerStableDeviceRescueTest-177253986-project-member] Using url versioning {{(pid=103183) process_request /opt/stack/glance/glance/api/middleware/version_negotiation.py:57}}
Aug 01 00:16:19.312314 np0000006296 devstack@g-api.service[103183]: DEBUG glance.api.middleware.version_negotiation [None req-f6cf792a-b415-493e-a086-64cd68e5d769 tempest-ServerStableDeviceRescueTest-177253986 tempest-ServerStableDeviceRescueTest-177253986-project-member] Matched version: v2 {{(pid=103183) process_request /opt/stack/glance/glance/api/middleware/version_negotiation.py:69}}
Aug 01 00:16:19.313336 np0000006296 devstack@g-api.service[103183]: DEBUG glance.api.middleware.version_negotiation [None req-f6cf792a-b415-493e-a086-64cd68e5d769 tempest-ServerStableDeviceRescueTest-177253986 tempest-ServerStableDeviceRescueTest-177253986-project-member] new path /v2/images/d4b1b40b-e0eb-4c89-9c54-c97827951747 {{(pid=103183) process_request /opt/stack/glance/glance/api/middleware/version_negotiation.py:70}}
Aug 01 00:16:19.321000 np0000006296 devstack@g-api.service[103181]: DEBUG swiftclient [None req-f6cf792a-b415-493e-a086-64cd68e5d769 tempest-ServerStableDeviceRescueTest-177253986 tempest-ServerStableDeviceRescueTest-177253986-project-member] REQ: curl -i https://10.4.3.222:8080/v1/AUTH_70a9d03b9aa041b79bdd4cead327f31e/glance/d4b1b40b-e0eb-4c89-9c54-c97827951747 -X PUT -H "X-Object-Manifest: glance/d4b1b40b-e0eb-4c89-9c54-c97827951747-" -H "X-Auth-Token: gAAAAABqbTrSpiQZ..." -H "Content-Length: 0" {{(pid=103181) http_log /opt/stack/data/venv/lib/python3.12/site-packages/swiftclient/client.py:160}}
Aug 01 00:16:19.321136 np0000006296 devstack@g-api.service[103181]: DEBUG swiftclient [None req-f6cf792a-b415-493e-a086-64cd68e5d769 tempest-ServerStableDeviceRescueTest-177253986 tempest-ServerStableDeviceRescueTest-177253986-project-member] RESP STATUS: 201 Created {{(pid=103181) http_log /opt/stack/data/venv/lib/python3.12/site-packages/swiftclient/client.py:161}}
Aug 01 00:16:19.321307 np0000006296 devstack@g-api.service[103181]: DEBUG swiftclient [None req-f6cf792a-b415-493e-a086-64cd68e5d769 tempest-ServerStableDeviceRescueTest-177253986 tempest-ServerStableDeviceRescueTest-177253986-project-member] RESP HEADERS: {'Date': 'Sat, 01 Aug 2026 00:16:19 GMT', 'Server': 'Apache/2.4.58 (Ubuntu)', 'Content-Type': 'text/html; charset=UTF-8', 'Content-Length': '0', 'Etag': 'd41d8cd98f00b204e9800998ecf8427e', 'Last-Modified': 'Sat, 01 Aug 2026 00:16:20 GMT', 'X-Trans-Id': 'tx5fd7b192def84b5983072-006a6d3ad3', 'X-Openstack-Request-Id': 'tx5fd7b192def84b5983072-006a6d3ad3', 'Connection': 'close'} {{(pid=103181) http_log /opt/stack/data/venv/lib/python3.12/site-packages/swiftclient/client.py:162}}
Aug 01 00:16:19.321926 np0000006296 devstack@g-api.service[103181]: INFO glance.location [None req-f6cf792a-b415-493e-a086-64cd68e5d769 tempest-ServerStableDeviceRescueTest-177253986 tempest-ServerStableDeviceRescueTest-177253986-project-member] Image format matched and virtual size computed: 1073741824
Aug 01 00:16:19.328758 np0000006296 devstack@g-api.service[103183]: [pid: 103183|app: 0|req: 73/291] 127.0.0.1 () {44 vars in 1115 bytes} [Sat Aug 1 00:16:19 2026] GET /v2/images/d4b1b40b-e0eb-4c89-9c54-c97827951747 => generated 1444 bytes in 17 msecs (HTTP/1.1 200) 4 headers in 158 bytes (1 switches on core 0)
Aug 01 00:16:19.378539 np0000006296 devstack@g-api.service[103181]: DEBUG glance_store.backend [None req-f6cf792a-b415-493e-a086-64cd68e5d769 tempest-ServerStableDeviceRescueTest-177253986 tempest-ServerStableDeviceRescueTest-177253986-project-member] Attempting to import store swift {{(pid=103181) _load_store /opt/stack/data/venv/lib/python3.12/site-packages/glance_store/backend.py:215}}
Aug 01 00:16:19.380503 np0000006296 devstack@g-api.service[103182]: DEBUG glance.api.middleware.version_negotiation [None req-b294a357-fb4c-4922-9b8a-f200e99f18d3 tempest-ServerStableDeviceRescueTest-177253986 tempest-ServerStableDeviceRescueTest-177253986-project-member] Determining version of request: GET /v2/schemas/image Accept: */* {{(pid=103182) process_request /opt/stack/glance/glance/api/middleware/version_negotiation.py:44}}
Aug 01 00:16:19.380930 np0000006296 devstack@g-api.service[103181]: DEBUG glance_store.capabilities [None req-f6cf792a-b415-493e-a086-64cd68e5d769 tempest-ServerStableDeviceRescueTest-177253986 tempest-ServerStableDeviceRescueTest-177253986-project-member] Store glance_store._drivers.swift.store.SingleTenantStore doesn't support updating dynamic storage capabilities. Please overwrite 'update_capabilities' method of the store to implement updating logics if needed. {{(pid=103181) update_capabilities /opt/stack/data/venv/lib/python3.12/site-packages/glance_store/capabilities.py:91}}
Aug 01 00:16:19.381036 np0000006296 devstack@g-api.service[103182]: DEBUG glance.api.middleware.version_negotiation [None req-b294a357-fb4c-4922-9b8a-f200e99f18d3 tempest-ServerStableDeviceRescueTest-177253986 tempest-ServerStableDeviceRescueTest-177253986-project-member] Using url versioning {{(pid=103182) process_request /opt/stack/glance/glance/api/middleware/version_negotiation.py:57}}
Aug 01 00:16:19.381105 np0000006296 devstack@g-api.service[103181]: DEBUG glance_store.driver [None req-f6cf792a-b415-493e-a086-64cd68e5d769 tempest-ServerStableDeviceRescueTest-177253986 tempest-ServerStableDeviceRescueTest-177253986-project-member] Late loading location class glance_store._drivers.swift.store.StoreLocation {{(pid=103181) get_store_location_class /opt/stack/data/venv/lib/python3.12/site-packages/glance_store/driver.py:134}}
Aug 01 00:16:19.381171 np0000006296 devstack@g-api.service[103182]: DEBUG glance.api.middleware.version_negotiation [None req-b294a357-fb4c-4922-9b8a-f200e99f18d3 tempest-ServerStableDeviceRescueTest-177253986 tempest-ServerStableDeviceRescueTest-177253986-project-member] Matched version: v2 {{(pid=103182) process_request /opt/stack/glance/glance/api/middleware/version_negotiation.py:69}}
Aug 01 00:16:19.381232 np0000006296 devstack@g-api.service[103181]: DEBUG glance_store.location [None req-f6cf792a-b415-493e-a086-64cd68e5d769 tempest-ServerStableDeviceRescueTest-177253986 tempest-ServerStableDeviceRescueTest-177253986-project-member] Registering scheme swift+https with {'store': , 'location_class': , 'store_entry': 'swift'} {{(pid=103181) register_scheme_map /opt/stack/data/venv/lib/python3.12/site-packages/glance_store/location.py:146}}
Aug 01 00:16:19.381338 np0000006296 devstack@g-api.service[103182]: DEBUG glance.api.middleware.version_negotiation [None req-b294a357-fb4c-4922-9b8a-f200e99f18d3 tempest-ServerStableDeviceRescueTest-177253986 tempest-ServerStableDeviceRescueTest-177253986-project-member] new path /v2/schemas/image {{(pid=103182) process_request /opt/stack/glance/glance/api/middleware/version_negotiation.py:70}}
Aug 01 00:16:19.381390 np0000006296 devstack@g-api.service[103181]: DEBUG glance_store.location [None req-f6cf792a-b415-493e-a086-64cd68e5d769 tempest-ServerStableDeviceRescueTest-177253986 tempest-ServerStableDeviceRescueTest-177253986-project-member] Registering scheme swift+https with {'store': , 'location_class': , 'store_entry': 'swift'} {{(pid=103181) register_scheme_map /opt/stack/data/venv/lib/python3.12/site-packages/glance_store/location.py:146}}
Aug 01 00:16:19.381390 np0000006296 devstack@g-api.service[103181]: DEBUG glance_store.location [None req-f6cf792a-b415-493e-a086-64cd68e5d769 tempest-ServerStableDeviceRescueTest-177253986 tempest-ServerStableDeviceRescueTest-177253986-project-member] Registering scheme swift with {'store': , 'location_class': , 'store_entry': 'swift'} {{(pid=103181) register_scheme_map /opt/stack/data/venv/lib/python3.12/site-packages/glance_store/location.py:146}}
Aug 01 00:16:19.381390 np0000006296 devstack@g-api.service[103181]: DEBUG glance_store.location [None req-f6cf792a-b415-493e-a086-64cd68e5d769 tempest-ServerStableDeviceRescueTest-177253986 tempest-ServerStableDeviceRescueTest-177253986-project-member] Registering scheme swift+https with {'store': , 'location_class': , 'store_entry': 'swift'} {{(pid=103181) register_scheme_map /opt/stack/data/venv/lib/python3.12/site-packages/glance_store/location.py:146}}
Aug 01 00:16:19.381390 np0000006296 devstack@g-api.service[103181]: DEBUG glance_store.location [None req-f6cf792a-b415-493e-a086-64cd68e5d769 tempest-ServerStableDeviceRescueTest-177253986 tempest-ServerStableDeviceRescueTest-177253986-project-member] Registering scheme swift with {'store': , 'location_class': , 'store_entry': 'swift'} {{(pid=103181) register_scheme_map /opt/stack/data/venv/lib/python3.12/site-packages/glance_store/location.py:146}}
Aug 01 00:16:19.381603 np0000006296 devstack@g-api.service[103181]: DEBUG glance_store.location [None req-f6cf792a-b415-493e-a086-64cd68e5d769 tempest-ServerStableDeviceRescueTest-177253986 tempest-ServerStableDeviceRescueTest-177253986-project-member] Registering scheme swift+http with {'store': , 'location_class': , 'store_entry': 'swift'} {{(pid=103181) register_scheme_map /opt/stack/data/venv/lib/python3.12/site-packages/glance_store/location.py:146}}
Aug 01 00:16:19.381603 np0000006296 devstack@g-api.service[103181]: DEBUG glance_store.location [None req-f6cf792a-b415-493e-a086-64cd68e5d769 tempest-ServerStableDeviceRescueTest-177253986 tempest-ServerStableDeviceRescueTest-177253986-project-member] Registering scheme swift+https with {'store': , 'location_class': , 'store_entry': 'swift'} {{(pid=103181) register_scheme_map /opt/stack/data/venv/lib/python3.12/site-packages/glance_store/location.py:146}}
Aug 01 00:16:19.381707 np0000006296 devstack@g-api.service[103181]: DEBUG glance_store.location [None req-f6cf792a-b415-493e-a086-64cd68e5d769 tempest-ServerStableDeviceRescueTest-177253986 tempest-ServerStableDeviceRescueTest-177253986-project-member] Registering scheme swift with {'store': , 'location_class': , 'store_entry': 'swift'} {{(pid=103181) register_scheme_map /opt/stack/data/venv/lib/python3.12/site-packages/glance_store/location.py:146}}
Aug 01 00:16:19.382071 np0000006296 devstack@g-api.service[103181]: DEBUG glance_store.location [None req-f6cf792a-b415-493e-a086-64cd68e5d769 tempest-ServerStableDeviceRescueTest-177253986 tempest-ServerStableDeviceRescueTest-177253986-project-member] Registering scheme swift+http with {'store': , 'location_class': , 'store_entry': 'swift'} {{(pid=103181) register_scheme_map /opt/stack/data/venv/lib/python3.12/site-packages/glance_store/location.py:146}}
Aug 01 00:16:19.382071 np0000006296 devstack@g-api.service[103181]: DEBUG glance_store.location [None req-f6cf792a-b415-493e-a086-64cd68e5d769 tempest-ServerStableDeviceRescueTest-177253986 tempest-ServerStableDeviceRescueTest-177253986-project-member] Registering scheme swift+config with {'store': , 'location_class': , 'store_entry': 'swift'} {{(pid=103181) register_scheme_map /opt/stack/data/venv/lib/python3.12/site-packages/glance_store/location.py:146}}
Aug 01 00:16:19.382071 np0000006296 devstack@g-api.service[103181]: DEBUG glance_store.backend [None req-f6cf792a-b415-493e-a086-64cd68e5d769 tempest-ServerStableDeviceRescueTest-177253986 tempest-ServerStableDeviceRescueTest-177253986-project-member] Skipping store.set_acls... not implemented. {{(pid=103181) set_acls /opt/stack/data/venv/lib/python3.12/site-packages/glance_store/backend.py:507}}
Aug 01 00:16:19.383475 np0000006296 devstack@g-api.service[103182]: [pid: 103182|app: 0|req: 75/292] 127.0.0.1 () {44 vars in 1055 bytes} [Sat Aug 1 00:16:19 2026] GET /v2/schemas/image => generated 6083 bytes in 3 msecs (HTTP/1.1 200) 4 headers in 158 bytes (1 switches on core 0)
Aug 01 00:16:19.386758 np0000006296 devstack@g-api.service[103181]: [pid: 103181|app: 0|req: 73/293] 127.0.0.1 () {46 vars in 1158 bytes} [Sat Aug 1 00:16:17 2026] PUT /v2/images/d4b1b40b-e0eb-4c89-9c54-c97827951747/file => generated 0 bytes in 1872 msecs (HTTP/1.1 204) 4 headers in 171 bytes (1 switches on core 0)
Aug 01 00:16:19.456847 np0000006296 devstack@g-api.service[103184]: DEBUG glance.api.middleware.version_negotiation [None req-b294a357-fb4c-4922-9b8a-f200e99f18d3 tempest-ServerStableDeviceRescueTest-177253986 tempest-ServerStableDeviceRescueTest-177253986-project-member] Determining version of request: GET /v2/images/d4b1b40b-e0eb-4c89-9c54-c97827951747 Accept: */* {{(pid=103184) process_request /opt/stack/glance/glance/api/middleware/version_negotiation.py:44}}
Aug 01 00:16:19.457155 np0000006296 devstack@g-api.service[103184]: DEBUG glance.api.middleware.version_negotiation [None req-b294a357-fb4c-4922-9b8a-f200e99f18d3 tempest-ServerStableDeviceRescueTest-177253986 tempest-ServerStableDeviceRescueTest-177253986-project-member] Using url versioning {{(pid=103184) process_request /opt/stack/glance/glance/api/middleware/version_negotiation.py:57}}
Aug 01 00:16:19.457155 np0000006296 devstack@g-api.service[103184]: DEBUG glance.api.middleware.version_negotiation [None req-b294a357-fb4c-4922-9b8a-f200e99f18d3 tempest-ServerStableDeviceRescueTest-177253986 tempest-ServerStableDeviceRescueTest-177253986-project-member] Matched version: v2 {{(pid=103184) process_request /opt/stack/glance/glance/api/middleware/version_negotiation.py:69}}
Aug 01 00:16:19.457242 np0000006296 devstack@g-api.service[103184]: DEBUG glance.api.middleware.version_negotiation [None req-b294a357-fb4c-4922-9b8a-f200e99f18d3 tempest-ServerStableDeviceRescueTest-177253986 tempest-ServerStableDeviceRescueTest-177253986-project-member] new path /v2/images/d4b1b40b-e0eb-4c89-9c54-c97827951747 {{(pid=103184) process_request /opt/stack/glance/glance/api/middleware/version_negotiation.py:70}}
Aug 01 00:16:19.476819 np0000006296 devstack@g-api.service[103184]: [pid: 103184|app: 0|req: 73/294] 127.0.0.1 () {44 vars in 1115 bytes} [Sat Aug 1 00:16:19 2026] GET /v2/images/d4b1b40b-e0eb-4c89-9c54-c97827951747 => generated 1614 bytes in 19 msecs (HTTP/1.1 200) 4 headers in 158 bytes (1 switches on core 0)
Aug 01 00:16:19.538506 np0000006296 devstack@g-api.service[103183]: DEBUG glance.api.middleware.version_negotiation [None req-b60c3405-cee6-4df6-a9f5-af3a6c5d74a8 tempest-ServerStableDeviceRescueTest-177253986 tempest-ServerStableDeviceRescueTest-177253986-project-member] Determining version of request: GET /v2/schemas/image Accept: */* {{(pid=103183) process_request /opt/stack/glance/glance/api/middleware/version_negotiation.py:44}}
Aug 01 00:16:19.538506 np0000006296 devstack@g-api.service[103183]: DEBUG glance.api.middleware.version_negotiation [None req-b60c3405-cee6-4df6-a9f5-af3a6c5d74a8 tempest-ServerStableDeviceRescueTest-177253986 tempest-ServerStableDeviceRescueTest-177253986-project-member] Using url versioning {{(pid=103183) process_request /opt/stack/glance/glance/api/middleware/version_negotiation.py:57}}
Aug 01 00:16:19.538663 np0000006296 devstack@g-api.service[103183]: DEBUG glance.api.middleware.version_negotiation [None req-b60c3405-cee6-4df6-a9f5-af3a6c5d74a8 tempest-ServerStableDeviceRescueTest-177253986 tempest-ServerStableDeviceRescueTest-177253986-project-member] Matched version: v2 {{(pid=103183) process_request /opt/stack/glance/glance/api/middleware/version_negotiation.py:69}}
Aug 01 00:16:19.538725 np0000006296 devstack@g-api.service[103183]: DEBUG glance.api.middleware.version_negotiation [None req-b60c3405-cee6-4df6-a9f5-af3a6c5d74a8 tempest-ServerStableDeviceRescueTest-177253986 tempest-ServerStableDeviceRescueTest-177253986-project-member] new path /v2/schemas/image {{(pid=103183) process_request /opt/stack/glance/glance/api/middleware/version_negotiation.py:70}}
Aug 01 00:16:19.544930 np0000006296 devstack@g-api.service[103183]: [pid: 103183|app: 0|req: 74/295] 127.0.0.1 () {44 vars in 1055 bytes} [Sat Aug 1 00:16:19 2026] GET /v2/schemas/image => generated 6083 bytes in 7 msecs (HTTP/1.1 200) 4 headers in 158 bytes (1 switches on core 0)
Aug 01 00:16:20.450109 np0000006296 devstack@g-api.service[103182]: DEBUG glance.api.middleware.version_negotiation [None req-b60c3405-cee6-4df6-a9f5-af3a6c5d74a8 tempest-ServerStableDeviceRescueTest-177253986 tempest-ServerStableDeviceRescueTest-177253986-project-member] Determining version of request: GET /v2/images/d4b1b40b-e0eb-4c89-9c54-c97827951747 Accept: */* {{(pid=103182) process_request /opt/stack/glance/glance/api/middleware/version_negotiation.py:44}}
Aug 01 00:16:20.450477 np0000006296 devstack@g-api.service[103182]: DEBUG glance.api.middleware.version_negotiation [None req-b60c3405-cee6-4df6-a9f5-af3a6c5d74a8 tempest-ServerStableDeviceRescueTest-177253986 tempest-ServerStableDeviceRescueTest-177253986-project-member] Using url versioning {{(pid=103182) process_request /opt/stack/glance/glance/api/middleware/version_negotiation.py:57}}
Aug 01 00:16:20.450477 np0000006296 devstack@g-api.service[103182]: DEBUG glance.api.middleware.version_negotiation [None req-b60c3405-cee6-4df6-a9f5-af3a6c5d74a8 tempest-ServerStableDeviceRescueTest-177253986 tempest-ServerStableDeviceRescueTest-177253986-project-member] Matched version: v2 {{(pid=103182) process_request /opt/stack/glance/glance/api/middleware/version_negotiation.py:69}}
Aug 01 00:16:20.450477 np0000006296 devstack@g-api.service[103182]: DEBUG glance.api.middleware.version_negotiation [None req-b60c3405-cee6-4df6-a9f5-af3a6c5d74a8 tempest-ServerStableDeviceRescueTest-177253986 tempest-ServerStableDeviceRescueTest-177253986-project-member] new path /v2/images/d4b1b40b-e0eb-4c89-9c54-c97827951747 {{(pid=103182) process_request /opt/stack/glance/glance/api/middleware/version_negotiation.py:70}}
Aug 01 00:16:20.464411 np0000006296 devstack@g-api.service[103182]: [pid: 103182|app: 0|req: 76/296] 127.0.0.1 () {44 vars in 1115 bytes} [Sat Aug 1 00:16:20 2026] GET /v2/images/d4b1b40b-e0eb-4c89-9c54-c97827951747 => generated 1614 bytes in 14 msecs (HTTP/1.1 200) 4 headers in 158 bytes (1 switches on core 0)
Aug 01 00:16:20.504090 np0000006296 devstack@g-api.service[103181]: DEBUG glance.api.middleware.version_negotiation [None req-f6cf792a-b415-493e-a086-64cd68e5d769 tempest-ServerStableDeviceRescueTest-177253986 tempest-ServerStableDeviceRescueTest-177253986-project-member] Determining version of request: GET /v2/schemas/image Accept: */* {{(pid=103181) process_request /opt/stack/glance/glance/api/middleware/version_negotiation.py:44}}
Aug 01 00:16:20.504443 np0000006296 devstack@g-api.service[103181]: DEBUG glance.api.middleware.version_negotiation [None req-f6cf792a-b415-493e-a086-64cd68e5d769 tempest-ServerStableDeviceRescueTest-177253986 tempest-ServerStableDeviceRescueTest-177253986-project-member] Using url versioning {{(pid=103181) process_request /opt/stack/glance/glance/api/middleware/version_negotiation.py:57}}
Aug 01 00:16:20.504443 np0000006296 devstack@g-api.service[103181]: DEBUG glance.api.middleware.version_negotiation [None req-f6cf792a-b415-493e-a086-64cd68e5d769 tempest-ServerStableDeviceRescueTest-177253986 tempest-ServerStableDeviceRescueTest-177253986-project-member] Matched version: v2 {{(pid=103181) process_request /opt/stack/glance/glance/api/middleware/version_negotiation.py:69}}
Aug 01 00:16:20.504650 np0000006296 devstack@g-api.service[103181]: DEBUG glance.api.middleware.version_negotiation [None req-f6cf792a-b415-493e-a086-64cd68e5d769 tempest-ServerStableDeviceRescueTest-177253986 tempest-ServerStableDeviceRescueTest-177253986-project-member] new path /v2/schemas/image {{(pid=103181) process_request /opt/stack/glance/glance/api/middleware/version_negotiation.py:70}}
Aug 01 00:16:20.509708 np0000006296 devstack@g-api.service[103181]: [pid: 103181|app: 0|req: 74/297] 127.0.0.1 () {44 vars in 1055 bytes} [Sat Aug 1 00:16:20 2026] GET /v2/schemas/image => generated 6083 bytes in 6 msecs (HTTP/1.1 200) 4 headers in 158 bytes (1 switches on core 0)
Aug 01 00:16:20.581322 np0000006296 devstack@g-api.service[103184]: DEBUG glance.api.middleware.version_negotiation [None req-f6cf792a-b415-493e-a086-64cd68e5d769 tempest-ServerStableDeviceRescueTest-177253986 tempest-ServerStableDeviceRescueTest-177253986-project-member] Determining version of request: GET /v2/images/d4b1b40b-e0eb-4c89-9c54-c97827951747 Accept: */* {{(pid=103184) process_request /opt/stack/glance/glance/api/middleware/version_negotiation.py:44}}
Aug 01 00:16:20.581836 np0000006296 devstack@g-api.service[103184]: DEBUG glance.api.middleware.version_negotiation [None req-f6cf792a-b415-493e-a086-64cd68e5d769 tempest-ServerStableDeviceRescueTest-177253986 tempest-ServerStableDeviceRescueTest-177253986-project-member] Using url versioning {{(pid=103184) process_request /opt/stack/glance/glance/api/middleware/version_negotiation.py:57}}
Aug 01 00:16:20.581836 np0000006296 devstack@g-api.service[103184]: DEBUG glance.api.middleware.version_negotiation [None req-f6cf792a-b415-493e-a086-64cd68e5d769 tempest-ServerStableDeviceRescueTest-177253986 tempest-ServerStableDeviceRescueTest-177253986-project-member] Matched version: v2 {{(pid=103184) process_request /opt/stack/glance/glance/api/middleware/version_negotiation.py:69}}
Aug 01 00:16:20.581836 np0000006296 devstack@g-api.service[103184]: DEBUG glance.api.middleware.version_negotiation [None req-f6cf792a-b415-493e-a086-64cd68e5d769 tempest-ServerStableDeviceRescueTest-177253986 tempest-ServerStableDeviceRescueTest-177253986-project-member] new path /v2/images/d4b1b40b-e0eb-4c89-9c54-c97827951747 {{(pid=103184) process_request /opt/stack/glance/glance/api/middleware/version_negotiation.py:70}}
