Aug 07 03:57:57.852379 np0000006701 devstack@g-api.service[102992]: [pid: 102992|app: 0|req: 63/234] 127.0.0.1 () {42 vars in 892 bytes} [Fri Aug 7 03:57:57 2026] POST /v2/images/d00fcc99-1ad0-4de2-9737-29a81a3b43c7/actions/deactivate => generated 0 bytes in 84 msecs (HTTP/1.1 204) 4 headers in 171 bytes (1 switches on core 0)
Aug 07 03:57:57.862342 np0000006701 devstack@g-api.service[102989]: DEBUG glance.api.middleware.version_negotiation [None req-24478d4c-a7e1-4e87-bd8f-a97c35f07b32 tempest-VolumesNegativeTest-1506695858 tempest-VolumesNegativeTest-1506695858-project-member] Determining version of request: GET /v2/images/d00fcc99-1ad0-4de2-9737-29a81a3b43c7 Accept: application/json {{(pid=102989) process_request /opt/stack/glance/glance/api/middleware/version_negotiation.py:44}}
Aug 07 03:57:57.862342 np0000006701 devstack@g-api.service[102989]: DEBUG glance.api.middleware.version_negotiation [None req-24478d4c-a7e1-4e87-bd8f-a97c35f07b32 tempest-VolumesNegativeTest-1506695858 tempest-VolumesNegativeTest-1506695858-project-member] Using url versioning {{(pid=102989) process_request /opt/stack/glance/glance/api/middleware/version_negotiation.py:57}}
Aug 07 03:57:57.862546 np0000006701 devstack@g-api.service[102989]: DEBUG glance.api.middleware.version_negotiation [None req-24478d4c-a7e1-4e87-bd8f-a97c35f07b32 tempest-VolumesNegativeTest-1506695858 tempest-VolumesNegativeTest-1506695858-project-member] Matched version: v2 {{(pid=102989) process_request /opt/stack/glance/glance/api/middleware/version_negotiation.py:69}}
Aug 07 03:57:57.862546 np0000006701 devstack@g-api.service[102989]: DEBUG glance.api.middleware.version_negotiation [None req-24478d4c-a7e1-4e87-bd8f-a97c35f07b32 tempest-VolumesNegativeTest-1506695858 tempest-VolumesNegativeTest-1506695858-project-member] new path /v2/images/d00fcc99-1ad0-4de2-9737-29a81a3b43c7 {{(pid=102989) process_request /opt/stack/glance/glance/api/middleware/version_negotiation.py:70}}
Aug 07 03:57:57.865628 np0000006701 devstack@g-api.service[102991]: [pid: 102991|app: 0|req: 59/235] 127.0.0.1 () {44 vars in 1111 bytes} [Fri Aug 7 03:57:57 2026] GET /v2/images/c78450d4-d26e-4fb8-9a8a-7120bdacb389 => generated 1044 bytes in 18 msecs (HTTP/1.1 200) 4 headers in 158 bytes (1 switches on core 0)
Aug 07 03:57:57.876789 np0000006701 devstack@g-api.service[102989]: [pid: 102989|app: 0|req: 62/236] 127.0.0.1 () {40 vars in 834 bytes} [Fri Aug 7 03:57:57 2026] GET /v2/images/d00fcc99-1ad0-4de2-9737-29a81a3b43c7 => generated 817 bytes in 15 msecs (HTTP/1.1 200) 4 headers in 157 bytes (1 switches on core 0)
Aug 07 03:57:57.893305 np0000006701 devstack@g-api.service[102990]: DEBUG glance.api.middleware.version_negotiation [None req-b5b2f0b1-2e59-4863-a9fe-f5d062cdd368 tempest-VolumesNegativeTest-1506695858 tempest-VolumesNegativeTest-1506695858-project-member] Determining version of request: GET /v2/images/d00fcc99-1ad0-4de2-9737-29a81a3b43c7 Accept: application/json {{(pid=102990) process_request /opt/stack/glance/glance/api/middleware/version_negotiation.py:44}}
Aug 07 03:57:57.893494 np0000006701 devstack@g-api.service[102990]: DEBUG glance.api.middleware.version_negotiation [None req-b5b2f0b1-2e59-4863-a9fe-f5d062cdd368 tempest-VolumesNegativeTest-1506695858 tempest-VolumesNegativeTest-1506695858-project-member] Using url versioning {{(pid=102990) process_request /opt/stack/glance/glance/api/middleware/version_negotiation.py:57}}
Aug 07 03:57:57.893671 np0000006701 devstack@g-api.service[102990]: DEBUG glance.api.middleware.version_negotiation [None req-b5b2f0b1-2e59-4863-a9fe-f5d062cdd368 tempest-VolumesNegativeTest-1506695858 tempest-VolumesNegativeTest-1506695858-project-member] Matched version: v2 {{(pid=102990) process_request /opt/stack/glance/glance/api/middleware/version_negotiation.py:69}}
Aug 07 03:57:57.893828 np0000006701 devstack@g-api.service[102990]: DEBUG glance.api.middleware.version_negotiation [None req-b5b2f0b1-2e59-4863-a9fe-f5d062cdd368 tempest-VolumesNegativeTest-1506695858 tempest-VolumesNegativeTest-1506695858-project-member] new path /v2/images/d00fcc99-1ad0-4de2-9737-29a81a3b43c7 {{(pid=102990) process_request /opt/stack/glance/glance/api/middleware/version_negotiation.py:70}}
Aug 07 03:57:57.911301 np0000006701 devstack@g-api.service[102990]: [pid: 102990|app: 0|req: 53/237] 127.0.0.1 () {40 vars in 834 bytes} [Fri Aug 7 03:57:57 2026] GET /v2/images/d00fcc99-1ad0-4de2-9737-29a81a3b43c7 => generated 817 bytes in 18 msecs (HTTP/1.1 200) 4 headers in 157 bytes (1 switches on core 0)
Aug 07 03:57:57.932176 np0000006701 devstack@g-api.service[102992]: DEBUG glance.api.middleware.version_negotiation [None req-0c123605-e891-48b5-a9fa-224ed9eeb922 tempest-VolumesNegativeTest-1506695858 tempest-VolumesNegativeTest-1506695858-project-member] Determining version of request: GET /v2/images/c78450d4-d26e-4fb8-9a8a-7120bdacb389/file Accept: */* {{(pid=102992) process_request /opt/stack/glance/glance/api/middleware/version_negotiation.py:44}}
Aug 07 03:57:57.932176 np0000006701 devstack@g-api.service[102992]: DEBUG glance.api.middleware.version_negotiation [None req-0c123605-e891-48b5-a9fa-224ed9eeb922 tempest-VolumesNegativeTest-1506695858 tempest-VolumesNegativeTest-1506695858-project-member] Using url versioning {{(pid=102992) process_request /opt/stack/glance/glance/api/middleware/version_negotiation.py:57}}
Aug 07 03:57:57.932176 np0000006701 devstack@g-api.service[102992]: DEBUG glance.api.middleware.version_negotiation [None req-0c123605-e891-48b5-a9fa-224ed9eeb922 tempest-VolumesNegativeTest-1506695858 tempest-VolumesNegativeTest-1506695858-project-member] Matched version: v2 {{(pid=102992) process_request /opt/stack/glance/glance/api/middleware/version_negotiation.py:69}}
Aug 07 03:57:57.932176 np0000006701 devstack@g-api.service[102992]: DEBUG glance.api.middleware.version_negotiation [None req-0c123605-e891-48b5-a9fa-224ed9eeb922 tempest-VolumesNegativeTest-1506695858 tempest-VolumesNegativeTest-1506695858-project-member] new path /v2/images/c78450d4-d26e-4fb8-9a8a-7120bdacb389/file {{(pid=102992) process_request /opt/stack/glance/glance/api/middleware/version_negotiation.py:70}}
Aug 07 03:57:57.942890 np0000006701 devstack@g-api.service[102992]: DEBUG glance_store.backend [None req-350d9228-022c-4699-8162-8ef108181fe3 tempest-ServerActionsTestOtherA-2067746500 tempest-ServerActionsTestOtherA-2067746500-project-member] Attempting to import store swift {{(pid=102992) _load_store /opt/stack/data/venv/lib/python3.12/site-packages/glance_store/backend.py:215}}
Aug 07 03:57:57.944629 np0000006701 devstack@g-api.service[102992]: DEBUG glance_store.capabilities [None req-350d9228-022c-4699-8162-8ef108181fe3 tempest-ServerActionsTestOtherA-2067746500 tempest-ServerActionsTestOtherA-2067746500-project-member] Store glance_store._drivers.swift.store.SingleTenantStore doesn't support updating dynamic storage capabilities. Please overwrite 'update_capabilities' method of the store to implement updating logics if needed. {{(pid=102992) update_capabilities /opt/stack/data/venv/lib/python3.12/site-packages/glance_store/capabilities.py:91}}
Aug 07 03:57:57.944745 np0000006701 devstack@g-api.service[102992]: DEBUG glance_store.driver [None req-350d9228-022c-4699-8162-8ef108181fe3 tempest-ServerActionsTestOtherA-2067746500 tempest-ServerActionsTestOtherA-2067746500-project-member] Late loading location class glance_store._drivers.swift.store.StoreLocation {{(pid=102992) get_store_location_class /opt/stack/data/venv/lib/python3.12/site-packages/glance_store/driver.py:134}}
Aug 07 03:57:57.944813 np0000006701 devstack@g-api.service[102992]: DEBUG glance_store.location [None req-350d9228-022c-4699-8162-8ef108181fe3 tempest-ServerActionsTestOtherA-2067746500 tempest-ServerActionsTestOtherA-2067746500-project-member] Registering scheme swift+https with {'store': , 'location_class': , 'store_entry': 'swift'} {{(pid=102992) register_scheme_map /opt/stack/data/venv/lib/python3.12/site-packages/glance_store/location.py:146}}
Aug 07 03:57:57.944880 np0000006701 devstack@g-api.service[102992]: DEBUG glance_store.location [None req-350d9228-022c-4699-8162-8ef108181fe3 tempest-ServerActionsTestOtherA-2067746500 tempest-ServerActionsTestOtherA-2067746500-project-member] Registering scheme swift+https with {'store': , 'location_class': , 'store_entry': 'swift'} {{(pid=102992) register_scheme_map /opt/stack/data/venv/lib/python3.12/site-packages/glance_store/location.py:146}}
Aug 07 03:57:57.944949 np0000006701 devstack@g-api.service[102992]: DEBUG glance_store.location [None req-350d9228-022c-4699-8162-8ef108181fe3 tempest-ServerActionsTestOtherA-2067746500 tempest-ServerActionsTestOtherA-2067746500-project-member] Registering scheme swift with {'store': , 'location_class': , 'store_entry': 'swift'} {{(pid=102992) register_scheme_map /opt/stack/data/venv/lib/python3.12/site-packages/glance_store/location.py:146}}
Aug 07 03:57:57.945054 np0000006701 devstack@g-api.service[102992]: DEBUG glance_store.location [None req-350d9228-022c-4699-8162-8ef108181fe3 tempest-ServerActionsTestOtherA-2067746500 tempest-ServerActionsTestOtherA-2067746500-project-member] Registering scheme swift+https with {'store': , 'location_class': , 'store_entry': 'swift'} {{(pid=102992) register_scheme_map /opt/stack/data/venv/lib/python3.12/site-packages/glance_store/location.py:146}}
Aug 07 03:57:57.945104 np0000006701 devstack@g-api.service[102992]: DEBUG glance_store.location [None req-350d9228-022c-4699-8162-8ef108181fe3 tempest-ServerActionsTestOtherA-2067746500 tempest-ServerActionsTestOtherA-2067746500-project-member] Registering scheme swift with {'store': , 'location_class': , 'store_entry': 'swift'} {{(pid=102992) register_scheme_map /opt/stack/data/venv/lib/python3.12/site-packages/glance_store/location.py:146}}
Aug 07 03:57:57.945179 np0000006701 devstack@g-api.service[102992]: DEBUG glance_store.location [None req-350d9228-022c-4699-8162-8ef108181fe3 tempest-ServerActionsTestOtherA-2067746500 tempest-ServerActionsTestOtherA-2067746500-project-member] Registering scheme swift+http with {'store': , 'location_class': , 'store_entry': 'swift'} {{(pid=102992) register_scheme_map /opt/stack/data/venv/lib/python3.12/site-packages/glance_store/location.py:146}}
Aug 07 03:57:57.945242 np0000006701 devstack@g-api.service[102992]: DEBUG glance_store.location [None req-350d9228-022c-4699-8162-8ef108181fe3 tempest-ServerActionsTestOtherA-2067746500 tempest-ServerActionsTestOtherA-2067746500-project-member] Registering scheme swift+https with {'store': , 'location_class': , 'store_entry': 'swift'} {{(pid=102992) register_scheme_map /opt/stack/data/venv/lib/python3.12/site-packages/glance_store/location.py:146}}
Aug 07 03:57:57.945297 np0000006701 devstack@g-api.service[102992]: DEBUG glance_store.location [None req-350d9228-022c-4699-8162-8ef108181fe3 tempest-ServerActionsTestOtherA-2067746500 tempest-ServerActionsTestOtherA-2067746500-project-member] Registering scheme swift with {'store': , 'location_class': , 'store_entry': 'swift'} {{(pid=102992) register_scheme_map /opt/stack/data/venv/lib/python3.12/site-packages/glance_store/location.py:146}}
Aug 07 03:57:57.945362 np0000006701 devstack@g-api.service[102992]: DEBUG glance_store.location [None req-350d9228-022c-4699-8162-8ef108181fe3 tempest-ServerActionsTestOtherA-2067746500 tempest-ServerActionsTestOtherA-2067746500-project-member] Registering scheme swift+http with {'store': , 'location_class': , 'store_entry': 'swift'} {{(pid=102992) register_scheme_map /opt/stack/data/venv/lib/python3.12/site-packages/glance_store/location.py:146}}
Aug 07 03:57:57.945426 np0000006701 devstack@g-api.service[102992]: DEBUG glance_store.location [None req-350d9228-022c-4699-8162-8ef108181fe3 tempest-ServerActionsTestOtherA-2067746500 tempest-ServerActionsTestOtherA-2067746500-project-member] Registering scheme swift+config with {'store': , 'location_class': , 'store_entry': 'swift'} {{(pid=102992) register_scheme_map /opt/stack/data/venv/lib/python3.12/site-packages/glance_store/location.py:146}}
Aug 07 03:57:58.004579 np0000006701 devstack@g-api.service[102991]: DEBUG glance.api.middleware.version_negotiation [None req-350d9228-022c-4699-8162-8ef108181fe3 tempest-ServerActionsTestOtherA-2067746500 tempest-ServerActionsTestOtherA-2067746500-project-member] Determining version of request: GET /v2/images/d00fcc99-1ad0-4de2-9737-29a81a3b43c7 Accept: */* {{(pid=102991) process_request /opt/stack/glance/glance/api/middleware/version_negotiation.py:44}}
Aug 07 03:57:58.004579 np0000006701 devstack@g-api.service[102991]: DEBUG glance.api.middleware.version_negotiation [None req-350d9228-022c-4699-8162-8ef108181fe3 tempest-ServerActionsTestOtherA-2067746500 tempest-ServerActionsTestOtherA-2067746500-project-member] Using url versioning {{(pid=102991) process_request /opt/stack/glance/glance/api/middleware/version_negotiation.py:57}}
Aug 07 03:57:58.004806 np0000006701 devstack@g-api.service[102991]: DEBUG glance.api.middleware.version_negotiation [None req-350d9228-022c-4699-8162-8ef108181fe3 tempest-ServerActionsTestOtherA-2067746500 tempest-ServerActionsTestOtherA-2067746500-project-member] Matched version: v2 {{(pid=102991) process_request /opt/stack/glance/glance/api/middleware/version_negotiation.py:69}}
Aug 07 03:57:58.004849 np0000006701 devstack@g-api.service[102991]: DEBUG glance.api.middleware.version_negotiation [None req-350d9228-022c-4699-8162-8ef108181fe3 tempest-ServerActionsTestOtherA-2067746500 tempest-ServerActionsTestOtherA-2067746500-project-member] new path /v2/images/d00fcc99-1ad0-4de2-9737-29a81a3b43c7 {{(pid=102991) process_request /opt/stack/glance/glance/api/middleware/version_negotiation.py:70}}
Aug 07 03:57:58.060618 np0000006701 devstack@g-api.service[102992]: DEBUG swiftclient [None req-350d9228-022c-4699-8162-8ef108181fe3 tempest-ServerActionsTestOtherA-2067746500 tempest-ServerActionsTestOtherA-2067746500-project-member] REQ: curl -i https://10.4.3.14:8080/v1/AUTH_928ee69fb9ec4544b9fc20e695bb5df4/glance/c78450d4-d26e-4fb8-9a8a-7120bdacb389 -X GET -H "X-Auth-Token: gAAAAABqdVfF6aTL..." {{(pid=102992) http_log /opt/stack/data/venv/lib/python3.12/site-packages/swiftclient/client.py:160}}
Aug 07 03:57:58.060618 np0000006701 devstack@g-api.service[102992]: DEBUG swiftclient [None req-350d9228-022c-4699-8162-8ef108181fe3 tempest-ServerActionsTestOtherA-2067746500 tempest-ServerActionsTestOtherA-2067746500-project-member] RESP STATUS: 200 OK {{(pid=102992) http_log /opt/stack/data/venv/lib/python3.12/site-packages/swiftclient/client.py:161}}
Aug 07 03:57:58.060618 np0000006701 devstack@g-api.service[102992]: DEBUG swiftclient [None req-350d9228-022c-4699-8162-8ef108181fe3 tempest-ServerActionsTestOtherA-2067746500 tempest-ServerActionsTestOtherA-2067746500-project-member] RESP HEADERS: {'Date': 'Fri, 07 Aug 2026 03:57:58 GMT', 'Server': 'Apache/2.4.58 (Ubuntu)', 'Content-Type': 'application/octet-stream', 'Etag': '0c839612eb3f2469420f2ccae990827f', 'Last-Modified': 'Fri, 07 Aug 2026 03:52:30 GMT', 'X-Timestamp': '1786074749.75106', 'Accept-Ranges': 'bytes', 'Content-Length': '21233664', 'X-Trans-Id': 'txbf20b28c54b9430e8a3d6-006a7557c6', 'X-Openstack-Request-Id': 'txbf20b28c54b9430e8a3d6-006a7557c6', 'Connection': 'close'} {{(pid=102992) http_log /opt/stack/data/venv/lib/python3.12/site-packages/swiftclient/client.py:162}}
Aug 07 03:57:58.075424 np0000006701 devstack@g-api.service[102992]: DEBUG glance.image_cache [None req-350d9228-022c-4699-8162-8ef108181fe3 tempest-ServerActionsTestOtherA-2067746500 tempest-ServerActionsTestOtherA-2067746500-project-member] Tee'ing image 'c78450d4-d26e-4fb8-9a8a-7120bdacb389' into cache {{(pid=102992) get_caching_iter /opt/stack/glance/glance/image_cache/__init__.py:356}}
Aug 07 03:57:58.161613 np0000006701 devstack@g-api.service[102991]: [pid: 102991|app: 0|req: 60/238] 127.0.0.1 () {44 vars in 1111 bytes} [Fri Aug 7 03:57:58 2026] GET /v2/images/d00fcc99-1ad0-4de2-9737-29a81a3b43c7 => generated 817 bytes in 157 msecs (HTTP/1.1 200) 4 headers in 157 bytes (1 switches on core 0)
Aug 07 03:57:58.171703 np0000006701 devstack@g-api.service[102989]: DEBUG glance.api.middleware.version_negotiation [None req-0c968cd6-be2c-49a8-b4d1-fd777ae2fdc8 tempest-VolumesNegativeTest-1506695858 tempest-VolumesNegativeTest-1506695858-project-member] Determining version of request: GET /v2/schemas/image Accept: */* {{(pid=102989) process_request /opt/stack/glance/glance/api/middleware/version_negotiation.py:44}}
Aug 07 03:57:58.172324 np0000006701 devstack@g-api.service[102989]: DEBUG glance.api.middleware.version_negotiation [None req-0c968cd6-be2c-49a8-b4d1-fd777ae2fdc8 tempest-VolumesNegativeTest-1506695858 tempest-VolumesNegativeTest-1506695858-project-member] Using url versioning {{(pid=102989) process_request /opt/stack/glance/glance/api/middleware/version_negotiation.py:57}}
Aug 07 03:57:58.172324 np0000006701 devstack@g-api.service[102989]: DEBUG glance.api.middleware.version_negotiation [None req-0c968cd6-be2c-49a8-b4d1-fd777ae2fdc8 tempest-VolumesNegativeTest-1506695858 tempest-VolumesNegativeTest-1506695858-project-member] Matched version: v2 {{(pid=102989) process_request /opt/stack/glance/glance/api/middleware/version_negotiation.py:69}}
Aug 07 03:57:58.172324 np0000006701 devstack@g-api.service[102989]: DEBUG glance.api.middleware.version_negotiation [None req-0c968cd6-be2c-49a8-b4d1-fd777ae2fdc8 tempest-VolumesNegativeTest-1506695858 tempest-VolumesNegativeTest-1506695858-project-member] new path /v2/schemas/image {{(pid=102989) process_request /opt/stack/glance/glance/api/middleware/version_negotiation.py:70}}
Aug 07 03:57:58.177172 np0000006701 devstack@g-api.service[102989]: [pid: 102989|app: 0|req: 63/239] 127.0.0.1 () {44 vars in 1051 bytes} [Fri Aug 7 03:57:58 2026] GET /v2/schemas/image => generated 6083 bytes in 5 msecs (HTTP/1.1 200) 4 headers in 158 bytes (1 switches on core 0)
Aug 07 03:57:58.195342 np0000006701 devstack@g-api.service[102990]: DEBUG glance.api.middleware.version_negotiation [None req-28e194ca-1a33-4fbc-b8bd-f3f55d651689 tempest-VolumesNegativeTest-1506695858 tempest-VolumesNegativeTest-1506695858-project-member] Determining version of request: GET /v2/schemas/image Accept: */* {{(pid=102990) process_request /opt/stack/glance/glance/api/middleware/version_negotiation.py:44}}
Aug 07 03:57:58.195996 np0000006701 devstack@g-api.service[102990]: DEBUG glance.api.middleware.version_negotiation [None req-28e194ca-1a33-4fbc-b8bd-f3f55d651689 tempest-VolumesNegativeTest-1506695858 tempest-VolumesNegativeTest-1506695858-project-member] Using url versioning {{(pid=102990) process_request /opt/stack/glance/glance/api/middleware/version_negotiation.py:57}}
Aug 07 03:57:58.195996 np0000006701 devstack@g-api.service[102990]: DEBUG glance.api.middleware.version_negotiation [None req-28e194ca-1a33-4fbc-b8bd-f3f55d651689 tempest-VolumesNegativeTest-1506695858 tempest-VolumesNegativeTest-1506695858-project-member] Matched version: v2 {{(pid=102990) process_request /opt/stack/glance/glance/api/middleware/version_negotiation.py:69}}
Aug 07 03:57:58.195996 np0000006701 devstack@g-api.service[102990]: DEBUG glance.api.middleware.version_negotiation [None req-28e194ca-1a33-4fbc-b8bd-f3f55d651689 tempest-VolumesNegativeTest-1506695858 tempest-VolumesNegativeTest-1506695858-project-member] new path /v2/schemas/image {{(pid=102990) process_request /opt/stack/glance/glance/api/middleware/version_negotiation.py:70}}
Aug 07 03:57:58.199156 np0000006701 devstack@g-api.service[102990]: [pid: 102990|app: 0|req: 54/240] 127.0.0.1 () {44 vars in 1051 bytes} [Fri Aug 7 03:57:58 2026] GET /v2/schemas/image => generated 6083 bytes in 4 msecs (HTTP/1.1 200) 4 headers in 158 bytes (1 switches on core 0)
Aug 07 03:57:58.209804 np0000006701 devstack@g-api.service[102991]: DEBUG glance.api.middleware.version_negotiation [None req-e23d5f58-a6c5-4f09-a441-15ac26459a7b tempest-VolumesNegativeTest-1506695858 tempest-VolumesNegativeTest-1506695858-project-member] Determining version of request: GET /v2/images/d00fcc99-1ad0-4de2-9737-29a81a3b43c7 Accept: */* {{(pid=102991) process_request /opt/stack/glance/glance/api/middleware/version_negotiation.py:44}}
Aug 07 03:57:58.209804 np0000006701 devstack@g-api.service[102991]: DEBUG glance.api.middleware.version_negotiation [None req-e23d5f58-a6c5-4f09-a441-15ac26459a7b tempest-VolumesNegativeTest-1506695858 tempest-VolumesNegativeTest-1506695858-project-member] Using url versioning {{(pid=102991) process_request /opt/stack/glance/glance/api/middleware/version_negotiation.py:57}}
Aug 07 03:57:58.209953 np0000006701 devstack@g-api.service[102991]: DEBUG glance.api.middleware.version_negotiation [None req-e23d5f58-a6c5-4f09-a441-15ac26459a7b tempest-VolumesNegativeTest-1506695858 tempest-VolumesNegativeTest-1506695858-project-member] Matched version: v2 {{(pid=102991) process_request /opt/stack/glance/glance/api/middleware/version_negotiation.py:69}}
Aug 07 03:57:58.209953 np0000006701 devstack@g-api.service[102991]: DEBUG glance.api.middleware.version_negotiation [None req-e23d5f58-a6c5-4f09-a441-15ac26459a7b tempest-VolumesNegativeTest-1506695858 tempest-VolumesNegativeTest-1506695858-project-member] new path /v2/images/d00fcc99-1ad0-4de2-9737-29a81a3b43c7 {{(pid=102991) process_request /opt/stack/glance/glance/api/middleware/version_negotiation.py:70}}
Aug 07 03:57:58.222121 np0000006701 devstack@g-api.service[102991]: [pid: 102991|app: 0|req: 61/241] 127.0.0.1 () {44 vars in 1111 bytes} [Fri Aug 7 03:57:58 2026] GET /v2/images/d00fcc99-1ad0-4de2-9737-29a81a3b43c7 => generated 817 bytes in 13 msecs (HTTP/1.1 200) 4 headers in 157 bytes (1 switches on core 0)
Aug 07 03:57:58.232663 np0000006701 devstack@g-api.service[102989]: DEBUG glance.api.middleware.version_negotiation [None req-e23d5f58-a6c5-4f09-a441-15ac26459a7b tempest-VolumesNegativeTest-1506695858 tempest-VolumesNegativeTest-1506695858-project-member] Determining version of request: GET /v2/schemas/image Accept: */* {{(pid=102989) process_request /opt/stack/glance/glance/api/middleware/version_negotiation.py:44}}
Aug 07 03:57:58.232831 np0000006701 devstack@g-api.service[102989]: DEBUG glance.api.middleware.version_negotiation [None req-e23d5f58-a6c5-4f09-a441-15ac26459a7b tempest-VolumesNegativeTest-1506695858 tempest-VolumesNegativeTest-1506695858-project-member] Using url versioning {{(pid=102989) process_request /opt/stack/glance/glance/api/middleware/version_negotiation.py:57}}
Aug 07 03:57:58.233220 np0000006701 devstack@g-api.service[102989]: DEBUG glance.api.middleware.version_negotiation [None req-e23d5f58-a6c5-4f09-a441-15ac26459a7b tempest-VolumesNegativeTest-1506695858 tempest-VolumesNegativeTest-1506695858-project-member] Matched version: v2 {{(pid=102989) process_request /opt/stack/glance/glance/api/middleware/version_negotiation.py:69}}
Aug 07 03:57:58.233220 np0000006701 devstack@g-api.service[102989]: DEBUG glance.api.middleware.version_negotiation [None req-e23d5f58-a6c5-4f09-a441-15ac26459a7b tempest-VolumesNegativeTest-1506695858 tempest-VolumesNegativeTest-1506695858-project-member] new path /v2/schemas/image {{(pid=102989) process_request /opt/stack/glance/glance/api/middleware/version_negotiation.py:70}}
Aug 07 03:57:58.237873 np0000006701 devstack@g-api.service[102989]: [pid: 102989|app: 0|req: 64/242] 127.0.0.1 () {44 vars in 1051 bytes} [Fri Aug 7 03:57:58 2026] GET /v2/schemas/image => generated 6083 bytes in 5 msecs (HTTP/1.1 200) 4 headers in 158 bytes (1 switches on core 0)
Aug 07 03:57:58.238237 np0000006701 devstack@g-api.service[102992]: DEBUG glance.image_cache.drivers.centralized_db [None req-350d9228-022c-4699-8162-8ef108181fe3 tempest-ServerActionsTestOtherA-2067746500 tempest-ServerActionsTestOtherA-2067746500-project-member] Fetch finished, moving '/opt/stack/data/glance/cache/incomplete/c78450d4-d26e-4fb8-9a8a-7120bdacb389' to '/opt/stack/data/glance/cache/c78450d4-d26e-4fb8-9a8a-7120bdacb389' {{(pid=102992) commit /opt/stack/glance/glance/image_cache/drivers/centralized_db.py:243}}
Aug 07 03:57:58.251875 np0000006701 devstack@g-api.service[102990]: DEBUG glance.api.middleware.version_negotiation [None req-e23d5f58-a6c5-4f09-a441-15ac26459a7b tempest-VolumesNegativeTest-1506695858 tempest-VolumesNegativeTest-1506695858-project-member] Determining version of request: GET /v2/schemas/image Accept: */* {{(pid=102990) process_request /opt/stack/glance/glance/api/middleware/version_negotiation.py:44}}
Aug 07 03:57:58.252330 np0000006701 devstack@g-api.service[102990]: DEBUG glance.api.middleware.version_negotiation [None req-e23d5f58-a6c5-4f09-a441-15ac26459a7b tempest-VolumesNegativeTest-1506695858 tempest-VolumesNegativeTest-1506695858-project-member] Using url versioning {{(pid=102990) process_request /opt/stack/glance/glance/api/middleware/version_negotiation.py:57}}
Aug 07 03:57:58.252391 np0000006701 devstack@g-api.service[102990]: DEBUG glance.api.middleware.version_negotiation [None req-e23d5f58-a6c5-4f09-a441-15ac26459a7b tempest-VolumesNegativeTest-1506695858 tempest-VolumesNegativeTest-1506695858-project-member] Matched version: v2 {{(pid=102990) process_request /opt/stack/glance/glance/api/middleware/version_negotiation.py:69}}
Aug 07 03:57:58.252554 np0000006701 devstack@g-api.service[102990]: DEBUG glance.api.middleware.version_negotiation [None req-e23d5f58-a6c5-4f09-a441-15ac26459a7b tempest-VolumesNegativeTest-1506695858 tempest-VolumesNegativeTest-1506695858-project-member] new path /v2/schemas/image {{(pid=102990) process_request /opt/stack/glance/glance/api/middleware/version_negotiation.py:70}}
Aug 07 03:57:58.253412 np0000006701 devstack@g-api.service[102992]: DEBUG glance.image_cache.drivers.centralized_db [None req-350d9228-022c-4699-8162-8ef108181fe3 tempest-ServerActionsTestOtherA-2067746500 tempest-ServerActionsTestOtherA-2067746500-project-member] Image cached successfully. {{(pid=102992) commit /opt/stack/glance/glance/image_cache/drivers/centralized_db.py:258}}
Aug 07 03:57:58.254087 np0000006701 devstack@g-api.service[102992]: [pid: 102992|app: 0|req: 64/243] 127.0.0.1 () {44 vars in 1121 bytes} [Fri Aug 7 03:57:57 2026] GET /v2/images/c78450d4-d26e-4fb8-9a8a-7120bdacb389/file => generated 21233664 bytes in 323 msecs (HTTP/1.1 200) 4 headers in 191 bytes (324 switches on core 0)
Aug 07 03:57:58.259717 np0000006701 devstack@g-api.service[102990]: [pid: 102990|app: 0|req: 55/244] 127.0.0.1 () {44 vars in 1051 bytes} [Fri Aug 7 03:57:58 2026] GET /v2/schemas/image => generated 6083 bytes in 8 msecs (HTTP/1.1 200) 4 headers in 158 bytes (1 switches on core 0)
Aug 07 03:57:58.299696 np0000006701 devstack@g-api.service[102991]: DEBUG glance.api.middleware.version_negotiation [None req-e23d5f58-a6c5-4f09-a441-15ac26459a7b tempest-VolumesNegativeTest-1506695858 tempest-VolumesNegativeTest-1506695858-project-member] Determining version of request: GET /v2/images/d00fcc99-1ad0-4de2-9737-29a81a3b43c7 Accept: */* {{(pid=102991) process_request /opt/stack/glance/glance/api/middleware/version_negotiation.py:44}}
Aug 07 03:57:58.299696 np0000006701 devstack@g-api.service[102991]: DEBUG glance.api.middleware.version_negotiation [None req-e23d5f58-a6c5-4f09-a441-15ac26459a7b tempest-VolumesNegativeTest-1506695858 tempest-VolumesNegativeTest-1506695858-project-member] Using url versioning {{(pid=102991) process_request /opt/stack/glance/glance/api/middleware/version_negotiation.py:57}}
Aug 07 03:57:58.299696 np0000006701 devstack@g-api.service[102991]: DEBUG glance.api.middleware.version_negotiation [None req-e23d5f58-a6c5-4f09-a441-15ac26459a7b tempest-VolumesNegativeTest-1506695858 tempest-VolumesNegativeTest-1506695858-project-member] Matched version: v2 {{(pid=102991) process_request /opt/stack/glance/glance/api/middleware/version_negotiation.py:69}}
Aug 07 03:57:58.299696 np0000006701 devstack@g-api.service[102991]: DEBUG glance.api.middleware.version_negotiation [None req-e23d5f58-a6c5-4f09-a441-15ac26459a7b tempest-VolumesNegativeTest-1506695858 tempest-VolumesNegativeTest-1506695858-project-member] new path /v2/images/d00fcc99-1ad0-4de2-9737-29a81a3b43c7 {{(pid=102991) process_request /opt/stack/glance/glance/api/middleware/version_negotiation.py:70}}
Aug 07 03:57:58.314631 np0000006701 devstack@g-api.service[102991]: [pid: 102991|app: 0|req: 62/245] 127.0.0.1 () {44 vars in 1111 bytes} [Fri Aug 7 03:57:58 2026] GET /v2/images/d00fcc99-1ad0-4de2-9737-29a81a3b43c7 => generated 817 bytes in 16 msecs (HTTP/1.1 200) 4 headers in 157 bytes (1 switches on core 0)
Aug 07 03:57:58.328352 np0000006701 devstack@g-api.service[102989]: DEBUG glance.api.middleware.version_negotiation [None req-e23d5f58-a6c5-4f09-a441-15ac26459a7b tempest-VolumesNegativeTest-1506695858 tempest-VolumesNegativeTest-1506695858-project-member] Determining version of request: GET /v2/schemas/image Accept: */* {{(pid=102989) process_request /opt/stack/glance/glance/api/middleware/version_negotiation.py:44}}
Aug 07 03:57:58.328352 np0000006701 devstack@g-api.service[102989]: DEBUG glance.api.middleware.version_negotiation [None req-e23d5f58-a6c5-4f09-a441-15ac26459a7b tempest-VolumesNegativeTest-1506695858 tempest-VolumesNegativeTest-1506695858-project-member] Using url versioning {{(pid=102989) process_request /opt/stack/glance/glance/api/middleware/version_negotiation.py:57}}
Aug 07 03:57:58.328352 np0000006701 devstack@g-api.service[102989]: DEBUG glance.api.middleware.version_negotiation [None req-e23d5f58-a6c5-4f09-a441-15ac26459a7b tempest-VolumesNegativeTest-1506695858 tempest-VolumesNegativeTest-1506695858-project-member] Matched version: v2 {{(pid=102989) process_request /opt/stack/glance/glance/api/middleware/version_negotiation.py:69}}
Aug 07 03:57:58.328352 np0000006701 devstack@g-api.service[102989]: DEBUG glance.api.middleware.version_negotiation [None req-e23d5f58-a6c5-4f09-a441-15ac26459a7b tempest-VolumesNegativeTest-1506695858 tempest-VolumesNegativeTest-1506695858-project-member] new path /v2/schemas/image {{(pid=102989) process_request /opt/stack/glance/glance/api/middleware/version_negotiation.py:70}}
Aug 07 03:57:58.334052 np0000006701 devstack@g-api.service[102989]: [pid: 102989|app: 0|req: 65/246] 127.0.0.1 () {44 vars in 1051 bytes} [Fri Aug 7 03:57:58 2026] GET /v2/schemas/image => generated 6083 bytes in 6 msecs (HTTP/1.1 200) 4 headers in 158 bytes (1 switches on core 0)
Aug 07 03:57:58.347562 np0000006701 devstack@g-api.service[102992]: DEBUG glance.api.middleware.version_negotiation [None req-350d9228-022c-4699-8162-8ef108181fe3 tempest-ServerActionsTestOtherA-2067746500 tempest-ServerActionsTestOtherA-2067746500-project-member] Determining version of request: GET /v2/schemas/image Accept: */* {{(pid=102992) process_request /opt/stack/glance/glance/api/middleware/version_negotiation.py:44}}
Aug 07 03:57:58.347896 np0000006701 devstack@g-api.service[102992]: DEBUG glance.api.middleware.version_negotiation [None req-350d9228-022c-4699-8162-8ef108181fe3 tempest-ServerActionsTestOtherA-2067746500 tempest-ServerActionsTestOtherA-2067746500-project-member] Using url versioning {{(pid=102992) process_request /opt/stack/glance/glance/api/middleware/version_negotiation.py:57}}
Aug 07 03:57:58.347969 np0000006701 devstack@g-api.service[102992]: DEBUG glance.api.middleware.version_negotiation [None req-350d9228-022c-4699-8162-8ef108181fe3 tempest-ServerActionsTestOtherA-2067746500 tempest-ServerActionsTestOtherA-2067746500-project-member] Matched version: v2 {{(pid=102992) process_request /opt/stack/glance/glance/api/middleware/version_negotiation.py:69}}
Aug 07 03:57:58.348080 np0000006701 devstack@g-api.service[102992]: DEBUG glance.api.middleware.version_negotiation [None req-350d9228-022c-4699-8162-8ef108181fe3 tempest-ServerActionsTestOtherA-2067746500 tempest-ServerActionsTestOtherA-2067746500-project-member] new path /v2/schemas/image {{(pid=102992) process_request /opt/stack/glance/glance/api/middleware/version_negotiation.py:70}}
Aug 07 03:57:58.350221 np0000006701 devstack@g-api.service[102990]: DEBUG glance.api.middleware.version_negotiation [None req-e23d5f58-a6c5-4f09-a441-15ac26459a7b tempest-VolumesNegativeTest-1506695858 tempest-VolumesNegativeTest-1506695858-project-member] Determining version of request: GET /v2/images/c78450d4-d26e-4fb8-9a8a-7120bdacb389 Accept: */* {{(pid=102990) process_request /opt/stack/glance/glance/api/middleware/version_negotiation.py:44}}
Aug 07 03:57:58.350221 np0000006701 devstack@g-api.service[102990]: DEBUG glance.api.middleware.version_negotiation [None req-e23d5f58-a6c5-4f09-a441-15ac26459a7b tempest-VolumesNegativeTest-1506695858 tempest-VolumesNegativeTest-1506695858-project-member] Using url versioning {{(pid=102990) process_request /opt/stack/glance/glance/api/middleware/version_negotiation.py:57}}
Aug 07 03:57:58.350221 np0000006701 devstack@g-api.service[102990]: DEBUG glance.api.middleware.version_negotiation [None req-e23d5f58-a6c5-4f09-a441-15ac26459a7b tempest-VolumesNegativeTest-1506695858 tempest-VolumesNegativeTest-1506695858-project-member] Matched version: v2 {{(pid=102990) process_request /opt/stack/glance/glance/api/middleware/version_negotiation.py:69}}
Aug 07 03:57:58.350221 np0000006701 devstack@g-api.service[102990]: DEBUG glance.api.middleware.version_negotiation [None req-e23d5f58-a6c5-4f09-a441-15ac26459a7b tempest-VolumesNegativeTest-1506695858 tempest-VolumesNegativeTest-1506695858-project-member] new path /v2/images/c78450d4-d26e-4fb8-9a8a-7120bdacb389 {{(pid=102990) process_request /opt/stack/glance/glance/api/middleware/version_negotiation.py:70}}
Aug 07 03:57:58.352526 np0000006701 devstack@g-api.service[102992]: [pid: 102992|app: 0|req: 65/247] 127.0.0.1 () {44 vars in 1051 bytes} [Fri Aug 7 03:57:58 2026] GET /v2/schemas/image => generated 6083 bytes in 5 msecs (HTTP/1.1 200) 4 headers in 158 bytes (1 switches on core 0)
Aug 07 03:57:58.366845 np0000006701 devstack@g-api.service[102990]: [pid: 102990|app: 0|req: 56/248] 127.0.0.1 () {44 vars in 1111 bytes} [Fri Aug 7 03:57:58 2026] GET /v2/images/c78450d4-d26e-4fb8-9a8a-7120bdacb389 => generated 1044 bytes in 17 msecs (HTTP/1.1 200) 4 headers in 158 bytes (1 switches on core 0)
Aug 07 03:57:58.376379 np0000006701 devstack@g-api.service[102991]: DEBUG glance.api.middleware.version_negotiation [None req-e23d5f58-a6c5-4f09-a441-15ac26459a7b tempest-VolumesNegativeTest-1506695858 tempest-VolumesNegativeTest-1506695858-project-member] Determining version of request: POST /v2/images/d00fcc99-1ad0-4de2-9737-29a81a3b43c7/actions/reactivate Accept: application/json {{(pid=102991) process_request /opt/stack/glance/glance/api/middleware/version_negotiation.py:44}}
Aug 07 03:57:58.376575 np0000006701 devstack@g-api.service[102991]: DEBUG glance.api.middleware.version_negotiation [None req-e23d5f58-a6c5-4f09-a441-15ac26459a7b tempest-VolumesNegativeTest-1506695858 tempest-VolumesNegativeTest-1506695858-project-member] Using url versioning {{(pid=102991) process_request /opt/stack/glance/glance/api/middleware/version_negotiation.py:57}}
Aug 07 03:57:58.376653 np0000006701 devstack@g-api.service[102991]: DEBUG glance.api.middleware.version_negotiation [None req-e23d5f58-a6c5-4f09-a441-15ac26459a7b tempest-VolumesNegativeTest-1506695858 tempest-VolumesNegativeTest-1506695858-project-member] Matched version: v2 {{(pid=102991) process_request /opt/stack/glance/glance/api/middleware/version_negotiation.py:69}}
Aug 07 03:57:58.376857 np0000006701 devstack@g-api.service[102991]: DEBUG glance.api.middleware.version_negotiation [None req-e23d5f58-a6c5-4f09-a441-15ac26459a7b tempest-VolumesNegativeTest-1506695858 tempest-VolumesNegativeTest-1506695858-project-member] new path /v2/images/d00fcc99-1ad0-4de2-9737-29a81a3b43c7/actions/reactivate {{(pid=102991) process_request /opt/stack/glance/glance/api/middleware/version_negotiation.py:70}}
Aug 07 03:57:58.413750 np0000006701 devstack@g-api.service[102989]: DEBUG glance.api.middleware.version_negotiation [None req-e23d5f58-a6c5-4f09-a441-15ac26459a7b tempest-VolumesNegativeTest-1506695858 tempest-VolumesNegativeTest-1506695858-project-member] Determining version of request: GET /v2/schemas/image Accept: */* {{(pid=102989) process_request /opt/stack/glance/glance/api/middleware/version_negotiation.py:44}}
Aug 07 03:57:58.413901 np0000006701 devstack@g-api.service[102989]: DEBUG glance.api.middleware.version_negotiation [None req-e23d5f58-a6c5-4f09-a441-15ac26459a7b tempest-VolumesNegativeTest-1506695858 tempest-VolumesNegativeTest-1506695858-project-member] Using url versioning {{(pid=102989) process_request /opt/stack/glance/glance/api/middleware/version_negotiation.py:57}}
Aug 07 03:57:58.414129 np0000006701 devstack@g-api.service[102989]: DEBUG glance.api.middleware.version_negotiation [None req-e23d5f58-a6c5-4f09-a441-15ac26459a7b tempest-VolumesNegativeTest-1506695858 tempest-VolumesNegativeTest-1506695858-project-member] Matched version: v2 {{(pid=102989) process_request /opt/stack/glance/glance/api/middleware/version_negotiation.py:69}}
Aug 07 03:57:58.414178 np0000006701 devstack@g-api.service[102989]: DEBUG glance.api.middleware.version_negotiation [None req-e23d5f58-a6c5-4f09-a441-15ac26459a7b tempest-VolumesNegativeTest-1506695858 tempest-VolumesNegativeTest-1506695858-project-member] new path /v2/schemas/image {{(pid=102989) process_request /opt/stack/glance/glance/api/middleware/version_negotiation.py:70}}
Aug 07 03:57:58.417892 np0000006701 devstack@g-api.service[102989]: [pid: 102989|app: 0|req: 66/249] 127.0.0.1 () {44 vars in 1051 bytes} [Fri Aug 7 03:57:58 2026] GET /v2/schemas/image => generated 6083 bytes in 4 msecs (HTTP/1.1 200) 4 headers in 158 bytes (1 switches on core 0)
Aug 07 03:57:58.433839 np0000006701 devstack@g-api.service[102991]: INFO glance.api.v2.image_actions [None req-da7b3716-0ee0-419e-af2c-0d8c978c9e0a tempest-VolumesNegativeTest-1506695858 tempest-VolumesNegativeTest-1506695858-project-member] Image d00fcc99-1ad0-4de2-9737-29a81a3b43c7 is reactivated
Aug 07 03:57:58.434695 np0000006701 devstack@g-api.service[102991]: [pid: 102991|app: 0|req: 63/250] 127.0.0.1 () {42 vars in 892 bytes} [Fri Aug 7 03:57:58 2026] POST /v2/images/d00fcc99-1ad0-4de2-9737-29a81a3b43c7/actions/reactivate => generated 0 bytes in 58 msecs (HTTP/1.1 204) 4 headers in 171 bytes (1 switches on core 0)
Aug 07 03:57:58.447692 np0000006701 devstack@g-api.service[102992]: DEBUG glance.api.middleware.version_negotiation [None req-e23d5f58-a6c5-4f09-a441-15ac26459a7b tempest-VolumesNegativeTest-1506695858 tempest-VolumesNegativeTest-1506695858-project-member] Determining version of request: DELETE /v2/images/d00fcc99-1ad0-4de2-9737-29a81a3b43c7 Accept: application/json {{(pid=102992) process_request /opt/stack/glance/glance/api/middleware/version_negotiation.py:44}}
Aug 07 03:57:58.447692 np0000006701 devstack@g-api.service[102992]: DEBUG glance.api.middleware.version_negotiation [None req-e23d5f58-a6c5-4f09-a441-15ac26459a7b tempest-VolumesNegativeTest-1506695858 tempest-VolumesNegativeTest-1506695858-project-member] Using url versioning {{(pid=102992) process_request /opt/stack/glance/glance/api/middleware/version_negotiation.py:57}}
Aug 07 03:57:58.447692 np0000006701 devstack@g-api.service[102992]: DEBUG glance.api.middleware.version_negotiation [None req-e23d5f58-a6c5-4f09-a441-15ac26459a7b tempest-VolumesNegativeTest-1506695858 tempest-VolumesNegativeTest-1506695858-project-member] Matched version: v2 {{(pid=102992) process_request /opt/stack/glance/glance/api/middleware/version_negotiation.py:69}}
Aug 07 03:57:58.447692 np0000006701 devstack@g-api.service[102992]: DEBUG glance.api.middleware.version_negotiation [None req-e23d5f58-a6c5-4f09-a441-15ac26459a7b tempest-VolumesNegativeTest-1506695858 tempest-VolumesNegativeTest-1506695858-project-member] new path /v2/images/d00fcc99-1ad0-4de2-9737-29a81a3b43c7 {{(pid=102992) process_request /opt/stack/glance/glance/api/middleware/version_negotiation.py:70}}
Aug 07 03:57:58.466585 np0000006701 devstack@g-api.service[102992]: WARNING glance.api.v2.images [None req-fd9d5c97-885b-45d2-bcea-7d65e2b30e3a tempest-VolumesNegativeTest-1506695858 tempest-VolumesNegativeTest-1506695858-project-member] After upload to backend, deletion of staged image data has failed because it cannot be found at /tmp/staging//d00fcc99-1ad0-4de2-9737-29a81a3b43c7
Aug 07 03:57:58.467291 np0000006701 devstack@g-api.service[102992]: DEBUG glance_store.backend [None req-fd9d5c97-885b-45d2-bcea-7d65e2b30e3a tempest-VolumesNegativeTest-1506695858 tempest-VolumesNegativeTest-1506695858-project-member] Attempting to import store swift {{(pid=102992) _load_store /opt/stack/data/venv/lib/python3.12/site-packages/glance_store/backend.py:215}}
Aug 07 03:57:58.469176 np0000006701 devstack@g-api.service[102992]: DEBUG glance_store.capabilities [None req-fd9d5c97-885b-45d2-bcea-7d65e2b30e3a tempest-VolumesNegativeTest-1506695858 tempest-VolumesNegativeTest-1506695858-project-member] Store glance_store._drivers.swift.store.SingleTenantStore doesn't support updating dynamic storage capabilities. Please overwrite 'update_capabilities' method of the store to implement updating logics if needed. {{(pid=102992) update_capabilities /opt/stack/data/venv/lib/python3.12/site-packages/glance_store/capabilities.py:91}}
Aug 07 03:57:58.469313 np0000006701 devstack@g-api.service[102992]: DEBUG glance_store.driver [None req-fd9d5c97-885b-45d2-bcea-7d65e2b30e3a tempest-VolumesNegativeTest-1506695858 tempest-VolumesNegativeTest-1506695858-project-member] Late loading location class glance_store._drivers.swift.store.StoreLocation {{(pid=102992) get_store_location_class /opt/stack/data/venv/lib/python3.12/site-packages/glance_store/driver.py:134}}
Aug 07 03:57:58.469475 np0000006701 devstack@g-api.service[102992]: DEBUG glance_store.location [None req-fd9d5c97-885b-45d2-bcea-7d65e2b30e3a tempest-VolumesNegativeTest-1506695858 tempest-VolumesNegativeTest-1506695858-project-member] Registering scheme swift+https with {'store': , 'location_class': , 'store_entry': 'swift'} {{(pid=102992) register_scheme_map /opt/stack/data/venv/lib/python3.12/site-packages/glance_store/location.py:146}}
Aug 07 03:57:58.469676 np0000006701 devstack@g-api.service[102992]: DEBUG glance_store.location [None req-fd9d5c97-885b-45d2-bcea-7d65e2b30e3a tempest-VolumesNegativeTest-1506695858 tempest-VolumesNegativeTest-1506695858-project-member] Registering scheme swift+https with {'store': , 'location_class': , 'store_entry': 'swift'} {{(pid=102992) register_scheme_map /opt/stack/data/venv/lib/python3.12/site-packages/glance_store/location.py:146}}
Aug 07 03:57:58.469676 np0000006701 devstack@g-api.service[102992]: DEBUG glance_store.location [None req-fd9d5c97-885b-45d2-bcea-7d65e2b30e3a tempest-VolumesNegativeTest-1506695858 tempest-VolumesNegativeTest-1506695858-project-member] Registering scheme swift with {'store': , 'location_class': , 'store_entry': 'swift'} {{(pid=102992) register_scheme_map /opt/stack/data/venv/lib/python3.12/site-packages/glance_store/location.py:146}}
Aug 07 03:57:58.469866 np0000006701 devstack@g-api.service[102992]: DEBUG glance_store.location [None req-fd9d5c97-885b-45d2-bcea-7d65e2b30e3a tempest-VolumesNegativeTest-1506695858 tempest-VolumesNegativeTest-1506695858-project-member] Registering scheme swift+https with {'store': , 'location_class': , 'store_entry': 'swift'} {{(pid=102992) register_scheme_map /opt/stack/data/venv/lib/python3.12/site-packages/glance_store/location.py:146}}
Aug 07 03:57:58.469866 np0000006701 devstack@g-api.service[102992]: DEBUG glance_store.location [None req-fd9d5c97-885b-45d2-bcea-7d65e2b30e3a tempest-VolumesNegativeTest-1506695858 tempest-VolumesNegativeTest-1506695858-project-member] Registering scheme swift with {'store': , 'location_class': , 'store_entry': 'swift'} {{(pid=102992) register_scheme_map /opt/stack/data/venv/lib/python3.12/site-packages/glance_store/location.py:146}}
Aug 07 03:57:58.469970 np0000006701 devstack@g-api.service[102992]: DEBUG glance_store.location [None req-fd9d5c97-885b-45d2-bcea-7d65e2b30e3a tempest-VolumesNegativeTest-1506695858 tempest-VolumesNegativeTest-1506695858-project-member] Registering scheme swift+http with {'store': , 'location_class': , 'store_entry': 'swift'} {{(pid=102992) register_scheme_map /opt/stack/data/venv/lib/python3.12/site-packages/glance_store/location.py:146}}
Aug 07 03:57:58.470075 np0000006701 devstack@g-api.service[102992]: DEBUG glance_store.location [None req-fd9d5c97-885b-45d2-bcea-7d65e2b30e3a tempest-VolumesNegativeTest-1506695858 tempest-VolumesNegativeTest-1506695858-project-member] Registering scheme swift+https with {'store': , 'location_class': , 'store_entry': 'swift'} {{(pid=102992) register_scheme_map /opt/stack/data/venv/lib/python3.12/site-packages/glance_store/location.py:146}}
Aug 07 03:57:58.470224 np0000006701 devstack@g-api.service[102992]: DEBUG glance_store.location [None req-fd9d5c97-885b-45d2-bcea-7d65e2b30e3a tempest-VolumesNegativeTest-1506695858 tempest-VolumesNegativeTest-1506695858-project-member] Registering scheme swift with {'store': , 'location_class': , 'store_entry': 'swift'} {{(pid=102992) register_scheme_map /opt/stack/data/venv/lib/python3.12/site-packages/glance_store/location.py:146}}
Aug 07 03:57:58.470287 np0000006701 devstack@g-api.service[102992]: DEBUG glance_store.location [None req-fd9d5c97-885b-45d2-bcea-7d65e2b30e3a tempest-VolumesNegativeTest-1506695858 tempest-VolumesNegativeTest-1506695858-project-member] Registering scheme swift+http with {'store': , 'location_class': , 'store_entry': 'swift'} {{(pid=102992) register_scheme_map /opt/stack/data/venv/lib/python3.12/site-packages/glance_store/location.py:146}}
Aug 07 03:57:58.470423 np0000006701 devstack@g-api.service[102992]: DEBUG glance_store.location [None req-fd9d5c97-885b-45d2-bcea-7d65e2b30e3a tempest-VolumesNegativeTest-1506695858 tempest-VolumesNegativeTest-1506695858-project-member] Registering scheme swift+config with {'store': , 'location_class': , 'store_entry': 'swift'} {{(pid=102992) register_scheme_map /opt/stack/data/venv/lib/python3.12/site-packages/glance_store/location.py:146}}
Aug 07 03:57:58.471198 np0000006701 devstack@g-api.service[102992]: DEBUG keystoneclient.auth.identity.v3.base [None req-fd9d5c97-885b-45d2-bcea-7d65e2b30e3a tempest-VolumesNegativeTest-1506695858 tempest-VolumesNegativeTest-1506695858-project-member] Making authentication request to https://10.4.3.14/identity/v3/auth/tokens {{(pid=102992) get_auth_ref /opt/stack/data/venv/lib/python3.12/site-packages/keystoneclient/auth/identity/v3/base.py:185}}
Aug 07 03:57:58.528759 np0000006701 devstack@g-api.service[102992]: DEBUG keystoneclient.auth.identity.v3.base [None req-fd9d5c97-885b-45d2-bcea-7d65e2b30e3a tempest-VolumesNegativeTest-1506695858 tempest-VolumesNegativeTest-1506695858-project-member] {"token": {"methods": ["password"], "user": {"domain": {"id": "default", "name": "Default"}, "id": "b521b1238be24d0cbfdf12215fe17d2f", "name": "glance-swift", "password_expires_at": null}, "audit_ids": ["DmWKFA0zR7WS6PSnLt3_0g"], "expires_at": "2026-08-07T04:57:58.000000Z", "issued_at": "2026-08-07T03:57:58.000000Z", "project": {"domain": {"id": "default", "name": "Default"}, "id": "928ee69fb9ec4544b9fc20e695bb5df4", "name": "service"}, "is_domain": false, "roles": [{"id": "8df0daaaaee948e38b3f87572ed80f8e", "name": "ResellerAdmin"}, {"id": "8f08dac04b75448d978c8d9431355318", "name": "service"}], "catalog": [{"endpoints": [{"id": "45d7527cc67f40d89ba6f7f9fadc0bfc", "interface": "public", "region_id": "RegionOne", "url": "https://10.4.3.14/image", "region": "RegionOne"}], "id": "55182dd3342b407d82666964d560e2a3", "type": "image", "name": "glance"}, {"endpoints": [{"id": "61136c96e9a448178a76eba192b2e11d", "interface": "public", "region_id": "RegionOne", "url": "https://10.4.3.14:8080/v1/AUTH_928ee69fb9ec4544b9fc20e695bb5df4", "region": "RegionOne"}, {"id": "725fe21320d14d1f82009aa8152d7e39", "interface": "admin", "region_id": "RegionOne", "url": "https://10.4.3.14:8080", "region": "RegionOne"}], "id": "5e183310c3114d2b98201da46f5279f6", "type": "object-store", "name": "swift"}, {"endpoints": [{"id": "5b394079d55b4c719d421a43dafcceaa", "interface": "public", "region_id": "RegionOne", "url": "https://10.4.3.14/placement", "region": "RegionOne"}], "id": "72cdde73d91341f18ca7b58fbb36159f", "type": "placement", "name": "placement"}, {"endpoints": [{"id": "7ed15927960e4430a6b7b3abf62394b1", "interface": "public", "region_id": "RegionOne", "url": "https://10.4.3.14/compute/v2/928ee69fb9ec4544b9fc20e695bb5df4", "region": "RegionOne"}], "id": "85202f51302b4ff29f8c5c15b155aca1", "type": "compute_legacy", "name": "nova_legacy"}, {"endpoints": [{"id": "4fa8e8559d6e4d38b330c69f8eb52ce0", "interface": "public", "region_id": "RegionOne", "url": "https://10.4.3.14/networking", "region": "RegionOne"}], "id": "a3c398a8d96f40e588a0a60ad62d82e6", "type": "network", "name": "neutron"}, {"endpoints": [{"id": "26195852a47c4476be4deae72eb8f6d5", "interface": "public", "region_id": "RegionOne", "url": "https://10.4.3.14/volume/v3", "region": "RegionOne"}], "id": "c13681c965f4466095edd1fba4d4eb0b", "type": "block-storage", "name": "cinder"}, {"endpoints": [{"id": "6cddf47992ff485da4b9a0cc4aa04eb0", "interface": "public", "region_id": "RegionOne", "url": "https://10.4.3.14/compute/v2.1", "region": "RegionOne"}], "id": "e20afc296ae44206afb063964bda2ef2", "type": "compute", "name": "nova"}, {"endpoints": [{"id": "24190c6ffe74405599526ffb29d9b4ef", "interface": "public", "region_id": "RegionOne", "url": "https://10.4.3.14/identity", "region": "RegionOne"}], "id": "f7797da32c8348ae898f036b8a1a1a33", "type": "identity", "name": "keystone"}]}} {{(pid=102992) get_auth_ref /opt/stack/data/venv/lib/python3.12/site-packages/keystoneclient/auth/identity/v3/base.py:190}}
