Aug 07 03:56:42.290034 np0000006701 devstack@g-api.service[102990]: DEBUG glance.api.middleware.version_negotiation [None req-8a88f1bb-c698-4a19-9e9a-7464c2944e54 tempest-VolumesActionsTest-2076377895 tempest-VolumesActionsTest-2076377895-project-member] Using url versioning {{(pid=102990) process_request /opt/stack/glance/glance/api/middleware/version_negotiation.py:57}}
Aug 07 03:56:42.290478 np0000006701 devstack@g-api.service[102990]: DEBUG glance.api.middleware.version_negotiation [None req-8a88f1bb-c698-4a19-9e9a-7464c2944e54 tempest-VolumesActionsTest-2076377895 tempest-VolumesActionsTest-2076377895-project-member] Matched version: v2 {{(pid=102990) process_request /opt/stack/glance/glance/api/middleware/version_negotiation.py:69}}
Aug 07 03:56:42.290478 np0000006701 devstack@g-api.service[102990]: DEBUG glance.api.middleware.version_negotiation [None req-8a88f1bb-c698-4a19-9e9a-7464c2944e54 tempest-VolumesActionsTest-2076377895 tempest-VolumesActionsTest-2076377895-project-member] new path /v2/images/fd3170a0-879a-4c18-8266-94bd7986cfc8 {{(pid=102990) process_request /opt/stack/glance/glance/api/middleware/version_negotiation.py:70}}
Aug 07 03:56:42.306144 np0000006701 devstack@g-api.service[102990]: [pid: 102990|app: 0|req: 27/114] 127.0.0.1 () {40 vars in 834 bytes} [Fri Aug 7 03:56:42 2026] GET /v2/images/fd3170a0-879a-4c18-8266-94bd7986cfc8 => generated 649 bytes in 17 msecs (HTTP/1.1 200) 4 headers in 157 bytes (1 switches on core 0)
Aug 07 03:56:43.315738 np0000006701 devstack@g-api.service[102989]: DEBUG glance.api.middleware.version_negotiation [None req-c9f7de03-a434-4529-a54f-cec780db0360 tempest-VolumesActionsTest-2076377895 tempest-VolumesActionsTest-2076377895-project-member] Determining version of request: GET /v2/images/fd3170a0-879a-4c18-8266-94bd7986cfc8 Accept: application/json {{(pid=102989) process_request /opt/stack/glance/glance/api/middleware/version_negotiation.py:44}}
Aug 07 03:56:43.316172 np0000006701 devstack@g-api.service[102989]: DEBUG glance.api.middleware.version_negotiation [None req-c9f7de03-a434-4529-a54f-cec780db0360 tempest-VolumesActionsTest-2076377895 tempest-VolumesActionsTest-2076377895-project-member] Using url versioning {{(pid=102989) process_request /opt/stack/glance/glance/api/middleware/version_negotiation.py:57}}
Aug 07 03:56:43.316172 np0000006701 devstack@g-api.service[102989]: DEBUG glance.api.middleware.version_negotiation [None req-c9f7de03-a434-4529-a54f-cec780db0360 tempest-VolumesActionsTest-2076377895 tempest-VolumesActionsTest-2076377895-project-member] Matched version: v2 {{(pid=102989) process_request /opt/stack/glance/glance/api/middleware/version_negotiation.py:69}}
Aug 07 03:56:43.316172 np0000006701 devstack@g-api.service[102989]: DEBUG glance.api.middleware.version_negotiation [None req-c9f7de03-a434-4529-a54f-cec780db0360 tempest-VolumesActionsTest-2076377895 tempest-VolumesActionsTest-2076377895-project-member] new path /v2/images/fd3170a0-879a-4c18-8266-94bd7986cfc8 {{(pid=102989) process_request /opt/stack/glance/glance/api/middleware/version_negotiation.py:70}}
Aug 07 03:56:43.328982 np0000006701 devstack@g-api.service[102989]: [pid: 102989|app: 0|req: 29/115] 127.0.0.1 () {40 vars in 834 bytes} [Fri Aug 7 03:56:43 2026] GET /v2/images/fd3170a0-879a-4c18-8266-94bd7986cfc8 => generated 649 bytes in 13 msecs (HTTP/1.1 200) 4 headers in 157 bytes (1 switches on core 0)
Aug 07 03:56:44.336622 np0000006701 devstack@g-api.service[102992]: DEBUG glance.api.middleware.version_negotiation [None req-af6b3d79-9812-4479-ad98-1f1a05b2ef07 tempest-VolumesActionsTest-2076377895 tempest-VolumesActionsTest-2076377895-project-member] Determining version of request: GET /v2/images/fd3170a0-879a-4c18-8266-94bd7986cfc8 Accept: application/json {{(pid=102992) process_request /opt/stack/glance/glance/api/middleware/version_negotiation.py:44}}
Aug 07 03:56:44.337019 np0000006701 devstack@g-api.service[102992]: DEBUG glance.api.middleware.version_negotiation [None req-af6b3d79-9812-4479-ad98-1f1a05b2ef07 tempest-VolumesActionsTest-2076377895 tempest-VolumesActionsTest-2076377895-project-member] Using url versioning {{(pid=102992) process_request /opt/stack/glance/glance/api/middleware/version_negotiation.py:57}}
Aug 07 03:56:44.337019 np0000006701 devstack@g-api.service[102992]: DEBUG glance.api.middleware.version_negotiation [None req-af6b3d79-9812-4479-ad98-1f1a05b2ef07 tempest-VolumesActionsTest-2076377895 tempest-VolumesActionsTest-2076377895-project-member] Matched version: v2 {{(pid=102992) process_request /opt/stack/glance/glance/api/middleware/version_negotiation.py:69}}
Aug 07 03:56:44.337019 np0000006701 devstack@g-api.service[102992]: DEBUG glance.api.middleware.version_negotiation [None req-af6b3d79-9812-4479-ad98-1f1a05b2ef07 tempest-VolumesActionsTest-2076377895 tempest-VolumesActionsTest-2076377895-project-member] new path /v2/images/fd3170a0-879a-4c18-8266-94bd7986cfc8 {{(pid=102992) process_request /opt/stack/glance/glance/api/middleware/version_negotiation.py:70}}
Aug 07 03:56:44.351766 np0000006701 devstack@g-api.service[102992]: [pid: 102992|app: 0|req: 31/116] 127.0.0.1 () {40 vars in 834 bytes} [Fri Aug 7 03:56:44 2026] GET /v2/images/fd3170a0-879a-4c18-8266-94bd7986cfc8 => generated 649 bytes in 15 msecs (HTTP/1.1 200) 4 headers in 157 bytes (1 switches on core 0)
Aug 07 03:56:45.365158 np0000006701 devstack@g-api.service[102991]: DEBUG glance.api.middleware.version_negotiation [None req-5e06181e-56c9-47b5-b825-ec2a6712be98 tempest-VolumesActionsTest-2076377895 tempest-VolumesActionsTest-2076377895-project-member] Determining version of request: GET /v2/images/fd3170a0-879a-4c18-8266-94bd7986cfc8 Accept: application/json {{(pid=102991) process_request /opt/stack/glance/glance/api/middleware/version_negotiation.py:44}}
Aug 07 03:56:45.366026 np0000006701 devstack@g-api.service[102991]: DEBUG glance.api.middleware.version_negotiation [None req-5e06181e-56c9-47b5-b825-ec2a6712be98 tempest-VolumesActionsTest-2076377895 tempest-VolumesActionsTest-2076377895-project-member] Using url versioning {{(pid=102991) process_request /opt/stack/glance/glance/api/middleware/version_negotiation.py:57}}
Aug 07 03:56:45.366026 np0000006701 devstack@g-api.service[102991]: DEBUG glance.api.middleware.version_negotiation [None req-5e06181e-56c9-47b5-b825-ec2a6712be98 tempest-VolumesActionsTest-2076377895 tempest-VolumesActionsTest-2076377895-project-member] Matched version: v2 {{(pid=102991) process_request /opt/stack/glance/glance/api/middleware/version_negotiation.py:69}}
Aug 07 03:56:45.366026 np0000006701 devstack@g-api.service[102991]: DEBUG glance.api.middleware.version_negotiation [None req-5e06181e-56c9-47b5-b825-ec2a6712be98 tempest-VolumesActionsTest-2076377895 tempest-VolumesActionsTest-2076377895-project-member] new path /v2/images/fd3170a0-879a-4c18-8266-94bd7986cfc8 {{(pid=102991) process_request /opt/stack/glance/glance/api/middleware/version_negotiation.py:70}}
Aug 07 03:56:45.383476 np0000006701 devstack@g-api.service[102991]: [pid: 102991|app: 0|req: 30/117] 127.0.0.1 () {40 vars in 834 bytes} [Fri Aug 7 03:56:45 2026] GET /v2/images/fd3170a0-879a-4c18-8266-94bd7986cfc8 => generated 649 bytes in 18 msecs (HTTP/1.1 200) 4 headers in 157 bytes (1 switches on core 0)
Aug 07 03:56:45.483300 np0000006701 devstack@g-api.service[102990]: DEBUG glance.api.middleware.version_negotiation [None req-07954f28-4fd2-4e90-bd15-674a007500c2 tempest-VolumesActionsTest-2076377895 tempest-VolumesActionsTest-2076377895-project-member] Determining version of request: PUT /v2/images/fd3170a0-879a-4c18-8266-94bd7986cfc8/file Accept: */* {{(pid=102990) process_request /opt/stack/glance/glance/api/middleware/version_negotiation.py:44}}
Aug 07 03:56:45.483818 np0000006701 devstack@g-api.service[102990]: DEBUG glance.api.middleware.version_negotiation [None req-07954f28-4fd2-4e90-bd15-674a007500c2 tempest-VolumesActionsTest-2076377895 tempest-VolumesActionsTest-2076377895-project-member] Using url versioning {{(pid=102990) process_request /opt/stack/glance/glance/api/middleware/version_negotiation.py:57}}
Aug 07 03:56:45.483818 np0000006701 devstack@g-api.service[102990]: DEBUG glance.api.middleware.version_negotiation [None req-07954f28-4fd2-4e90-bd15-674a007500c2 tempest-VolumesActionsTest-2076377895 tempest-VolumesActionsTest-2076377895-project-member] Matched version: v2 {{(pid=102990) process_request /opt/stack/glance/glance/api/middleware/version_negotiation.py:69}}
Aug 07 03:56:45.483818 np0000006701 devstack@g-api.service[102990]: DEBUG glance.api.middleware.version_negotiation [None req-07954f28-4fd2-4e90-bd15-674a007500c2 tempest-VolumesActionsTest-2076377895 tempest-VolumesActionsTest-2076377895-project-member] new path /v2/images/fd3170a0-879a-4c18-8266-94bd7986cfc8/file {{(pid=102990) process_request /opt/stack/glance/glance/api/middleware/version_negotiation.py:70}}
Aug 07 03:56:46.060527 np0000006701 devstack@g-api.service[102990]: INFO glance.api.v2.image_data [None req-8a88f1bb-c698-4a19-9e9a-7464c2944e54 tempest-VolumesActionsTest-2076377895 tempest-VolumesActionsTest-2076377895-project-member] Unable to create trust: no such option collect_timing in group [keystone_authtoken] Use the existing user token.
Aug 07 03:56:46.400325 np0000006701 devstack@g-api.service[102989]: DEBUG glance.api.middleware.version_negotiation [None req-6b15d65c-36d4-49a7-bd91-ae2141a60090 tempest-VolumesActionsTest-2076377895 tempest-VolumesActionsTest-2076377895-project-member] Determining version of request: GET /v2/images/fd3170a0-879a-4c18-8266-94bd7986cfc8 Accept: application/json {{(pid=102989) process_request /opt/stack/glance/glance/api/middleware/version_negotiation.py:44}}
Aug 07 03:56:46.402724 np0000006701 devstack@g-api.service[102989]: DEBUG glance.api.middleware.version_negotiation [None req-6b15d65c-36d4-49a7-bd91-ae2141a60090 tempest-VolumesActionsTest-2076377895 tempest-VolumesActionsTest-2076377895-project-member] Using url versioning {{(pid=102989) process_request /opt/stack/glance/glance/api/middleware/version_negotiation.py:57}}
Aug 07 03:56:46.402724 np0000006701 devstack@g-api.service[102989]: DEBUG glance.api.middleware.version_negotiation [None req-6b15d65c-36d4-49a7-bd91-ae2141a60090 tempest-VolumesActionsTest-2076377895 tempest-VolumesActionsTest-2076377895-project-member] Matched version: v2 {{(pid=102989) process_request /opt/stack/glance/glance/api/middleware/version_negotiation.py:69}}
Aug 07 03:56:46.402724 np0000006701 devstack@g-api.service[102989]: DEBUG glance.api.middleware.version_negotiation [None req-6b15d65c-36d4-49a7-bd91-ae2141a60090 tempest-VolumesActionsTest-2076377895 tempest-VolumesActionsTest-2076377895-project-member] new path /v2/images/fd3170a0-879a-4c18-8266-94bd7986cfc8 {{(pid=102989) process_request /opt/stack/glance/glance/api/middleware/version_negotiation.py:70}}
Aug 07 03:56:46.415741 np0000006701 devstack@g-api.service[102989]: [pid: 102989|app: 0|req: 30/118] 127.0.0.1 () {40 vars in 834 bytes} [Fri Aug 7 03:56:46 2026] GET /v2/images/fd3170a0-879a-4c18-8266-94bd7986cfc8 => generated 649 bytes in 15 msecs (HTTP/1.1 200) 4 headers in 157 bytes (1 switches on core 0)
Aug 07 03:56:46.728974 np0000006701 devstack@g-api.service[102990]: DEBUG glance.location [None req-8a88f1bb-c698-4a19-9e9a-7464c2944e54 tempest-VolumesActionsTest-2076377895 tempest-VolumesActionsTest-2076377895-project-member] Enabling in-flight format inspection for raw {{(pid=102990) set_data /opt/stack/glance/glance/location.py:596}}
Aug 07 03:56:46.729508 np0000006701 devstack@g-api.service[102990]: DEBUG glance_store.backend [None req-8a88f1bb-c698-4a19-9e9a-7464c2944e54 tempest-VolumesActionsTest-2076377895 tempest-VolumesActionsTest-2076377895-project-member] Attempting to import store swift {{(pid=102990) _load_store /opt/stack/data/venv/lib/python3.12/site-packages/glance_store/backend.py:215}}
Aug 07 03:56:46.732448 np0000006701 devstack@g-api.service[102990]: DEBUG glance_store.capabilities [None req-8a88f1bb-c698-4a19-9e9a-7464c2944e54 tempest-VolumesActionsTest-2076377895 tempest-VolumesActionsTest-2076377895-project-member] Store glance_store._drivers.swift.store.SingleTenantStore doesn't support updating dynamic storage capabilities. Please overwrite 'update_capabilities' method of the store to implement updating logics if needed. {{(pid=102990) update_capabilities /opt/stack/data/venv/lib/python3.12/site-packages/glance_store/capabilities.py:91}}
Aug 07 03:56:46.732815 np0000006701 devstack@g-api.service[102990]: DEBUG glance_store.driver [None req-8a88f1bb-c698-4a19-9e9a-7464c2944e54 tempest-VolumesActionsTest-2076377895 tempest-VolumesActionsTest-2076377895-project-member] Late loading location class glance_store._drivers.swift.store.StoreLocation {{(pid=102990) get_store_location_class /opt/stack/data/venv/lib/python3.12/site-packages/glance_store/driver.py:134}}
Aug 07 03:56:46.732971 np0000006701 devstack@g-api.service[102990]: DEBUG glance_store.location [None req-8a88f1bb-c698-4a19-9e9a-7464c2944e54 tempest-VolumesActionsTest-2076377895 tempest-VolumesActionsTest-2076377895-project-member] Registering scheme swift+https with {'store': , 'location_class': , 'store_entry': 'swift'} {{(pid=102990) register_scheme_map /opt/stack/data/venv/lib/python3.12/site-packages/glance_store/location.py:146}}
Aug 07 03:56:46.733106 np0000006701 devstack@g-api.service[102990]: DEBUG glance_store.location [None req-8a88f1bb-c698-4a19-9e9a-7464c2944e54 tempest-VolumesActionsTest-2076377895 tempest-VolumesActionsTest-2076377895-project-member] Registering scheme swift+https with {'store': , 'location_class': , 'store_entry': 'swift'} {{(pid=102990) register_scheme_map /opt/stack/data/venv/lib/python3.12/site-packages/glance_store/location.py:146}}
Aug 07 03:56:46.733187 np0000006701 devstack@g-api.service[102990]: DEBUG glance_store.location [None req-8a88f1bb-c698-4a19-9e9a-7464c2944e54 tempest-VolumesActionsTest-2076377895 tempest-VolumesActionsTest-2076377895-project-member] Registering scheme swift with {'store': , 'location_class': , 'store_entry': 'swift'} {{(pid=102990) register_scheme_map /opt/stack/data/venv/lib/python3.12/site-packages/glance_store/location.py:146}}
Aug 07 03:56:46.733299 np0000006701 devstack@g-api.service[102990]: DEBUG glance_store.location [None req-8a88f1bb-c698-4a19-9e9a-7464c2944e54 tempest-VolumesActionsTest-2076377895 tempest-VolumesActionsTest-2076377895-project-member] Registering scheme swift+https with {'store': , 'location_class': , 'store_entry': 'swift'} {{(pid=102990) register_scheme_map /opt/stack/data/venv/lib/python3.12/site-packages/glance_store/location.py:146}}
Aug 07 03:56:46.733378 np0000006701 devstack@g-api.service[102990]: DEBUG glance_store.location [None req-8a88f1bb-c698-4a19-9e9a-7464c2944e54 tempest-VolumesActionsTest-2076377895 tempest-VolumesActionsTest-2076377895-project-member] Registering scheme swift with {'store': , 'location_class': , 'store_entry': 'swift'} {{(pid=102990) register_scheme_map /opt/stack/data/venv/lib/python3.12/site-packages/glance_store/location.py:146}}
Aug 07 03:56:46.733378 np0000006701 devstack@g-api.service[102990]: DEBUG glance_store.location [None req-8a88f1bb-c698-4a19-9e9a-7464c2944e54 tempest-VolumesActionsTest-2076377895 tempest-VolumesActionsTest-2076377895-project-member] Registering scheme swift+http with {'store': , 'location_class': , 'store_entry': 'swift'} {{(pid=102990) register_scheme_map /opt/stack/data/venv/lib/python3.12/site-packages/glance_store/location.py:146}}
Aug 07 03:56:46.733563 np0000006701 devstack@g-api.service[102990]: DEBUG glance_store.location [None req-8a88f1bb-c698-4a19-9e9a-7464c2944e54 tempest-VolumesActionsTest-2076377895 tempest-VolumesActionsTest-2076377895-project-member] Registering scheme swift+https with {'store': , 'location_class': , 'store_entry': 'swift'} {{(pid=102990) register_scheme_map /opt/stack/data/venv/lib/python3.12/site-packages/glance_store/location.py:146}}
Aug 07 03:56:46.733664 np0000006701 devstack@g-api.service[102990]: DEBUG glance_store.location [None req-8a88f1bb-c698-4a19-9e9a-7464c2944e54 tempest-VolumesActionsTest-2076377895 tempest-VolumesActionsTest-2076377895-project-member] Registering scheme swift with {'store': , 'location_class': , 'store_entry': 'swift'} {{(pid=102990) register_scheme_map /opt/stack/data/venv/lib/python3.12/site-packages/glance_store/location.py:146}}
Aug 07 03:56:46.733664 np0000006701 devstack@g-api.service[102990]: DEBUG glance_store.location [None req-8a88f1bb-c698-4a19-9e9a-7464c2944e54 tempest-VolumesActionsTest-2076377895 tempest-VolumesActionsTest-2076377895-project-member] Registering scheme swift+http with {'store': , 'location_class': , 'store_entry': 'swift'} {{(pid=102990) register_scheme_map /opt/stack/data/venv/lib/python3.12/site-packages/glance_store/location.py:146}}
Aug 07 03:56:46.733854 np0000006701 devstack@g-api.service[102990]: DEBUG glance_store.location [None req-8a88f1bb-c698-4a19-9e9a-7464c2944e54 tempest-VolumesActionsTest-2076377895 tempest-VolumesActionsTest-2076377895-project-member] Registering scheme swift+config with {'store': , 'location_class': , 'store_entry': 'swift'} {{(pid=102990) register_scheme_map /opt/stack/data/venv/lib/python3.12/site-packages/glance_store/location.py:146}}
Aug 07 03:56:47.082298 np0000006701 devstack@g-api.service[102990]: DEBUG swiftclient [None req-8a88f1bb-c698-4a19-9e9a-7464c2944e54 tempest-VolumesActionsTest-2076377895 tempest-VolumesActionsTest-2076377895-project-member] REQ: curl -i https://10.4.3.14:8080/v1/AUTH_928ee69fb9ec4544b9fc20e695bb5df4/glance -I -H "X-Auth-Token: gAAAAABqdVd-8phI..." {{(pid=102990) http_log /opt/stack/data/venv/lib/python3.12/site-packages/swiftclient/client.py:160}}
Aug 07 03:56:47.082467 np0000006701 devstack@g-api.service[102990]: DEBUG swiftclient [None req-8a88f1bb-c698-4a19-9e9a-7464c2944e54 tempest-VolumesActionsTest-2076377895 tempest-VolumesActionsTest-2076377895-project-member] RESP STATUS: 204 No Content {{(pid=102990) http_log /opt/stack/data/venv/lib/python3.12/site-packages/swiftclient/client.py:161}}
Aug 07 03:56:47.082710 np0000006701 devstack@g-api.service[102990]: DEBUG swiftclient [None req-8a88f1bb-c698-4a19-9e9a-7464c2944e54 tempest-VolumesActionsTest-2076377895 tempest-VolumesActionsTest-2076377895-project-member] RESP HEADERS: {'Date': 'Fri, 07 Aug 2026 03:56:47 GMT', 'Server': 'Apache/2.4.58 (Ubuntu)', 'Content-Type': 'text/plain; charset=utf-8', 'X-Container-Object-Count': '3', 'X-Container-Bytes-Used': '64356352', 'X-Timestamp': '1786074746.41841', 'Last-Modified': 'Fri, 07 Aug 2026 03:52:27 GMT', 'Accept-Ranges': 'bytes', 'X-Storage-Policy': 'Policy-0', 'X-Container-Sharding': 'False', 'Vary': 'Accept', 'X-Trans-Id': 'txb2966515b7f44fb29ea05-006a75577e', 'X-Openstack-Request-Id': 'txb2966515b7f44fb29ea05-006a75577e', 'Connection': 'close'} {{(pid=102990) http_log /opt/stack/data/venv/lib/python3.12/site-packages/swiftclient/client.py:162}}
Aug 07 03:56:47.083128 np0000006701 devstack@g-api.service[102990]: DEBUG glance_store._drivers.swift.store [None req-8a88f1bb-c698-4a19-9e9a-7464c2944e54 tempest-VolumesActionsTest-2076377895 tempest-VolumesActionsTest-2076377895-project-member] Adding image object 'fd3170a0-879a-4c18-8266-94bd7986cfc8' to Swift {{(pid=102990) add /opt/stack/data/venv/lib/python3.12/site-packages/glance_store/_drivers/swift/store.py:970}}
Aug 07 03:56:47.083128 np0000006701 devstack@g-api.service[102990]: DEBUG glance_store._drivers.swift.store [None req-8a88f1bb-c698-4a19-9e9a-7464c2944e54 tempest-VolumesActionsTest-2076377895 tempest-VolumesActionsTest-2076377895-project-member] Cannot determine image size because it is either not provided in the request or chunked-transfer encoding is used. Adding image as a segmented object to Swift. {{(pid=102990) add /opt/stack/data/venv/lib/python3.12/site-packages/glance_store/_drivers/swift/store.py:994}}
Aug 07 03:56:47.097841 np0000006701 devstack@g-api.service[102990]: DEBUG oslo_utils.imageutils.format_inspector [None req-8a88f1bb-c698-4a19-9e9a-7464c2944e54 tempest-VolumesActionsTest-2076377895 tempest-VolumesActionsTest-2076377895-project-member] Format inspector for vmdk does not match, excluding from consideration (Signature KDMV not found: b'\x00\x00\x00\x00') {{(pid=102990) _process_chunk /opt/stack/data/venv/lib/python3.12/site-packages/oslo_utils/imageutils/format_inspector.py:1758}}
Aug 07 03:56:47.101141 np0000006701 devstack@g-api.service[102990]: DEBUG oslo_utils.imageutils.format_inspector [None req-8a88f1bb-c698-4a19-9e9a-7464c2944e54 tempest-VolumesActionsTest-2076377895 tempest-VolumesActionsTest-2076377895-project-member] Format inspector for vhdx does not match, excluding from consideration (Region signature not found at 30000) {{(pid=102990) _process_chunk /opt/stack/data/venv/lib/python3.12/site-packages/oslo_utils/imageutils/format_inspector.py:1758}}
Aug 07 03:56:47.428502 np0000006701 devstack@g-api.service[102992]: DEBUG glance.api.middleware.version_negotiation [None req-69e049cc-11ee-4c48-97f6-64765e87a951 tempest-VolumesActionsTest-2076377895 tempest-VolumesActionsTest-2076377895-project-member] Determining version of request: GET /v2/images/fd3170a0-879a-4c18-8266-94bd7986cfc8 Accept: application/json {{(pid=102992) process_request /opt/stack/glance/glance/api/middleware/version_negotiation.py:44}}
Aug 07 03:56:47.429105 np0000006701 devstack@g-api.service[102992]: DEBUG glance.api.middleware.version_negotiation [None req-69e049cc-11ee-4c48-97f6-64765e87a951 tempest-VolumesActionsTest-2076377895 tempest-VolumesActionsTest-2076377895-project-member] Using url versioning {{(pid=102992) process_request /opt/stack/glance/glance/api/middleware/version_negotiation.py:57}}
Aug 07 03:56:47.429105 np0000006701 devstack@g-api.service[102992]: DEBUG glance.api.middleware.version_negotiation [None req-69e049cc-11ee-4c48-97f6-64765e87a951 tempest-VolumesActionsTest-2076377895 tempest-VolumesActionsTest-2076377895-project-member] Matched version: v2 {{(pid=102992) process_request /opt/stack/glance/glance/api/middleware/version_negotiation.py:69}}
Aug 07 03:56:47.429185 np0000006701 devstack@g-api.service[102992]: DEBUG glance.api.middleware.version_negotiation [None req-69e049cc-11ee-4c48-97f6-64765e87a951 tempest-VolumesActionsTest-2076377895 tempest-VolumesActionsTest-2076377895-project-member] new path /v2/images/fd3170a0-879a-4c18-8266-94bd7986cfc8 {{(pid=102992) process_request /opt/stack/glance/glance/api/middleware/version_negotiation.py:70}}
Aug 07 03:56:47.445083 np0000006701 devstack@g-api.service[102992]: [pid: 102992|app: 0|req: 32/119] 127.0.0.1 () {40 vars in 834 bytes} [Fri Aug 7 03:56:47 2026] GET /v2/images/fd3170a0-879a-4c18-8266-94bd7986cfc8 => generated 649 bytes in 17 msecs (HTTP/1.1 200) 4 headers in 157 bytes (1 switches on core 0)
Aug 07 03:56:48.456259 np0000006701 devstack@g-api.service[102991]: DEBUG glance.api.middleware.version_negotiation [None req-fbcb96b6-bb2a-43cc-bbe0-a54ff07d45ea tempest-VolumesActionsTest-2076377895 tempest-VolumesActionsTest-2076377895-project-member] Determining version of request: GET /v2/images/fd3170a0-879a-4c18-8266-94bd7986cfc8 Accept: application/json {{(pid=102991) process_request /opt/stack/glance/glance/api/middleware/version_negotiation.py:44}}
Aug 07 03:56:48.456773 np0000006701 devstack@g-api.service[102991]: DEBUG glance.api.middleware.version_negotiation [None req-fbcb96b6-bb2a-43cc-bbe0-a54ff07d45ea tempest-VolumesActionsTest-2076377895 tempest-VolumesActionsTest-2076377895-project-member] Using url versioning {{(pid=102991) process_request /opt/stack/glance/glance/api/middleware/version_negotiation.py:57}}
Aug 07 03:56:48.456773 np0000006701 devstack@g-api.service[102991]: DEBUG glance.api.middleware.version_negotiation [None req-fbcb96b6-bb2a-43cc-bbe0-a54ff07d45ea tempest-VolumesActionsTest-2076377895 tempest-VolumesActionsTest-2076377895-project-member] Matched version: v2 {{(pid=102991) process_request /opt/stack/glance/glance/api/middleware/version_negotiation.py:69}}
Aug 07 03:56:48.456773 np0000006701 devstack@g-api.service[102991]: DEBUG glance.api.middleware.version_negotiation [None req-fbcb96b6-bb2a-43cc-bbe0-a54ff07d45ea tempest-VolumesActionsTest-2076377895 tempest-VolumesActionsTest-2076377895-project-member] new path /v2/images/fd3170a0-879a-4c18-8266-94bd7986cfc8 {{(pid=102991) process_request /opt/stack/glance/glance/api/middleware/version_negotiation.py:70}}
Aug 07 03:56:48.471830 np0000006701 devstack@g-api.service[102991]: [pid: 102991|app: 0|req: 31/120] 127.0.0.1 () {40 vars in 834 bytes} [Fri Aug 7 03:56:48 2026] GET /v2/images/fd3170a0-879a-4c18-8266-94bd7986cfc8 => generated 649 bytes in 16 msecs (HTTP/1.1 200) 4 headers in 157 bytes (1 switches on core 0)
Aug 07 03:56:49.387783 np0000006701 devstack@g-api.service[102990]: DEBUG swiftclient [None req-8a88f1bb-c698-4a19-9e9a-7464c2944e54 tempest-VolumesActionsTest-2076377895 tempest-VolumesActionsTest-2076377895-project-member] REQ: curl -i https://10.4.3.14:8080/v1/AUTH_928ee69fb9ec4544b9fc20e695bb5df4/glance/fd3170a0-879a-4c18-8266-94bd7986cfc8-00001 -X PUT -H "X-Auth-Token: gAAAAABqdVd-8phI..." {{(pid=102990) http_log /opt/stack/data/venv/lib/python3.12/site-packages/swiftclient/client.py:160}}
Aug 07 03:56:49.388204 np0000006701 devstack@g-api.service[102990]: DEBUG swiftclient [None req-8a88f1bb-c698-4a19-9e9a-7464c2944e54 tempest-VolumesActionsTest-2076377895 tempest-VolumesActionsTest-2076377895-project-member] RESP STATUS: 201 Created {{(pid=102990) http_log /opt/stack/data/venv/lib/python3.12/site-packages/swiftclient/client.py:161}}
Aug 07 03:56:49.388204 np0000006701 devstack@g-api.service[102990]: DEBUG swiftclient [None req-8a88f1bb-c698-4a19-9e9a-7464c2944e54 tempest-VolumesActionsTest-2076377895 tempest-VolumesActionsTest-2076377895-project-member] RESP HEADERS: {'Date': 'Fri, 07 Aug 2026 03:56:49 GMT', 'Server': 'Apache/2.4.58 (Ubuntu)', 'Content-Type': 'text/html; charset=UTF-8', 'Content-Length': '0', 'Etag': 'eda9a9889837ac4bc81d6387d92c1bec', 'Last-Modified': 'Fri, 07 Aug 2026 03:56:48 GMT', 'X-Trans-Id': 'tx5da874754de94529a3a56-006a75577f', 'X-Openstack-Request-Id': 'tx5da874754de94529a3a56-006a75577f', 'Connection': 'close'} {{(pid=102990) http_log /opt/stack/data/venv/lib/python3.12/site-packages/swiftclient/client.py:162}}
Aug 07 03:56:49.388423 np0000006701 devstack@g-api.service[102990]: DEBUG glance_store._drivers.swift.store [None req-8a88f1bb-c698-4a19-9e9a-7464c2944e54 tempest-VolumesActionsTest-2076377895 tempest-VolumesActionsTest-2076377895-project-member] Wrote chunk fd3170a0-879a-4c18-8266-94bd7986cfc8-00001 (1/?) of length 204800000 to Swift returning MD5 of content: eda9a9889837ac4bc81d6387d92c1bec {{(pid=102990) add /opt/stack/data/venv/lib/python3.12/site-packages/glance_store/_drivers/swift/store.py:1059}}
Aug 07 03:56:49.491277 np0000006701 devstack@g-api.service[102989]: DEBUG glance.api.middleware.version_negotiation [None req-c4bd65a6-1443-4279-8ed1-d10a88279dcf tempest-VolumesActionsTest-2076377895 tempest-VolumesActionsTest-2076377895-project-member] Determining version of request: GET /v2/images/fd3170a0-879a-4c18-8266-94bd7986cfc8 Accept: application/json {{(pid=102989) process_request /opt/stack/glance/glance/api/middleware/version_negotiation.py:44}}
Aug 07 03:56:49.491736 np0000006701 devstack@g-api.service[102989]: DEBUG glance.api.middleware.version_negotiation [None req-c4bd65a6-1443-4279-8ed1-d10a88279dcf tempest-VolumesActionsTest-2076377895 tempest-VolumesActionsTest-2076377895-project-member] Using url versioning {{(pid=102989) process_request /opt/stack/glance/glance/api/middleware/version_negotiation.py:57}}
Aug 07 03:56:49.491736 np0000006701 devstack@g-api.service[102989]: DEBUG glance.api.middleware.version_negotiation [None req-c4bd65a6-1443-4279-8ed1-d10a88279dcf tempest-VolumesActionsTest-2076377895 tempest-VolumesActionsTest-2076377895-project-member] Matched version: v2 {{(pid=102989) process_request /opt/stack/glance/glance/api/middleware/version_negotiation.py:69}}
Aug 07 03:56:49.491920 np0000006701 devstack@g-api.service[102989]: DEBUG glance.api.middleware.version_negotiation [None req-c4bd65a6-1443-4279-8ed1-d10a88279dcf tempest-VolumesActionsTest-2076377895 tempest-VolumesActionsTest-2076377895-project-member] new path /v2/images/fd3170a0-879a-4c18-8266-94bd7986cfc8 {{(pid=102989) process_request /opt/stack/glance/glance/api/middleware/version_negotiation.py:70}}
Aug 07 03:56:49.512380 np0000006701 devstack@g-api.service[102989]: [pid: 102989|app: 0|req: 31/121] 127.0.0.1 () {40 vars in 834 bytes} [Fri Aug 7 03:56:49 2026] GET /v2/images/fd3170a0-879a-4c18-8266-94bd7986cfc8 => generated 649 bytes in 21 msecs (HTTP/1.1 200) 4 headers in 157 bytes (1 switches on core 0)
Aug 07 03:56:50.527909 np0000006701 devstack@g-api.service[102992]: DEBUG glance.api.middleware.version_negotiation [None req-3ff25dc5-b4a7-49b5-a9ab-87f26127abed tempest-VolumesActionsTest-2076377895 tempest-VolumesActionsTest-2076377895-project-member] Determining version of request: GET /v2/images/fd3170a0-879a-4c18-8266-94bd7986cfc8 Accept: application/json {{(pid=102992) process_request /opt/stack/glance/glance/api/middleware/version_negotiation.py:44}}
Aug 07 03:56:50.527909 np0000006701 devstack@g-api.service[102992]: DEBUG glance.api.middleware.version_negotiation [None req-3ff25dc5-b4a7-49b5-a9ab-87f26127abed tempest-VolumesActionsTest-2076377895 tempest-VolumesActionsTest-2076377895-project-member] Using url versioning {{(pid=102992) process_request /opt/stack/glance/glance/api/middleware/version_negotiation.py:57}}
Aug 07 03:56:50.527909 np0000006701 devstack@g-api.service[102992]: DEBUG glance.api.middleware.version_negotiation [None req-3ff25dc5-b4a7-49b5-a9ab-87f26127abed tempest-VolumesActionsTest-2076377895 tempest-VolumesActionsTest-2076377895-project-member] Matched version: v2 {{(pid=102992) process_request /opt/stack/glance/glance/api/middleware/version_negotiation.py:69}}
Aug 07 03:56:50.527909 np0000006701 devstack@g-api.service[102992]: DEBUG glance.api.middleware.version_negotiation [None req-3ff25dc5-b4a7-49b5-a9ab-87f26127abed tempest-VolumesActionsTest-2076377895 tempest-VolumesActionsTest-2076377895-project-member] new path /v2/images/fd3170a0-879a-4c18-8266-94bd7986cfc8 {{(pid=102992) process_request /opt/stack/glance/glance/api/middleware/version_negotiation.py:70}}
Aug 07 03:56:50.543163 np0000006701 devstack@g-api.service[102992]: [pid: 102992|app: 0|req: 33/122] 127.0.0.1 () {40 vars in 834 bytes} [Fri Aug 7 03:56:50 2026] GET /v2/images/fd3170a0-879a-4c18-8266-94bd7986cfc8 => generated 649 bytes in 19 msecs (HTTP/1.1 200) 4 headers in 157 bytes (1 switches on core 0)
Aug 07 03:56:51.555873 np0000006701 devstack@g-api.service[102991]: DEBUG glance.api.middleware.version_negotiation [None req-0dc76303-99a1-4351-94c5-ba217407a3ab tempest-VolumesActionsTest-2076377895 tempest-VolumesActionsTest-2076377895-project-member] Determining version of request: GET /v2/images/fd3170a0-879a-4c18-8266-94bd7986cfc8 Accept: application/json {{(pid=102991) process_request /opt/stack/glance/glance/api/middleware/version_negotiation.py:44}}
Aug 07 03:56:51.555873 np0000006701 devstack@g-api.service[102991]: DEBUG glance.api.middleware.version_negotiation [None req-0dc76303-99a1-4351-94c5-ba217407a3ab tempest-VolumesActionsTest-2076377895 tempest-VolumesActionsTest-2076377895-project-member] Using url versioning {{(pid=102991) process_request /opt/stack/glance/glance/api/middleware/version_negotiation.py:57}}
Aug 07 03:56:51.555873 np0000006701 devstack@g-api.service[102991]: DEBUG glance.api.middleware.version_negotiation [None req-0dc76303-99a1-4351-94c5-ba217407a3ab tempest-VolumesActionsTest-2076377895 tempest-VolumesActionsTest-2076377895-project-member] Matched version: v2 {{(pid=102991) process_request /opt/stack/glance/glance/api/middleware/version_negotiation.py:69}}
Aug 07 03:56:51.555873 np0000006701 devstack@g-api.service[102991]: DEBUG glance.api.middleware.version_negotiation [None req-0dc76303-99a1-4351-94c5-ba217407a3ab tempest-VolumesActionsTest-2076377895 tempest-VolumesActionsTest-2076377895-project-member] new path /v2/images/fd3170a0-879a-4c18-8266-94bd7986cfc8 {{(pid=102991) process_request /opt/stack/glance/glance/api/middleware/version_negotiation.py:70}}
Aug 07 03:56:51.580357 np0000006701 devstack@g-api.service[102991]: [pid: 102991|app: 0|req: 32/123] 127.0.0.1 () {40 vars in 834 bytes} [Fri Aug 7 03:56:51 2026] GET /v2/images/fd3170a0-879a-4c18-8266-94bd7986cfc8 => generated 649 bytes in 25 msecs (HTTP/1.1 200) 4 headers in 157 bytes (1 switches on core 0)
Aug 07 03:56:51.867611 np0000006701 devstack@g-api.service[102990]: DEBUG swiftclient [None req-8a88f1bb-c698-4a19-9e9a-7464c2944e54 tempest-VolumesActionsTest-2076377895 tempest-VolumesActionsTest-2076377895-project-member] REQ: curl -i https://10.4.3.14:8080/v1/AUTH_928ee69fb9ec4544b9fc20e695bb5df4/glance/fd3170a0-879a-4c18-8266-94bd7986cfc8-00002 -X PUT -H "X-Auth-Token: gAAAAABqdVd-8phI..." {{(pid=102990) http_log /opt/stack/data/venv/lib/python3.12/site-packages/swiftclient/client.py:160}}
Aug 07 03:56:51.867611 np0000006701 devstack@g-api.service[102990]: DEBUG swiftclient [None req-8a88f1bb-c698-4a19-9e9a-7464c2944e54 tempest-VolumesActionsTest-2076377895 tempest-VolumesActionsTest-2076377895-project-member] RESP STATUS: 201 Created {{(pid=102990) http_log /opt/stack/data/venv/lib/python3.12/site-packages/swiftclient/client.py:161}}
Aug 07 03:56:51.867611 np0000006701 devstack@g-api.service[102990]: DEBUG swiftclient [None req-8a88f1bb-c698-4a19-9e9a-7464c2944e54 tempest-VolumesActionsTest-2076377895 tempest-VolumesActionsTest-2076377895-project-member] RESP HEADERS: {'Date': 'Fri, 07 Aug 2026 03:56:51 GMT', 'Server': 'Apache/2.4.58 (Ubuntu)', 'Content-Type': 'text/html; charset=UTF-8', 'Content-Length': '0', 'Etag': 'eda9a9889837ac4bc81d6387d92c1bec', 'Last-Modified': 'Fri, 07 Aug 2026 03:56:50 GMT', 'X-Trans-Id': 'tx13bb8cb640724cad974c0-006a755781', 'X-Openstack-Request-Id': 'tx13bb8cb640724cad974c0-006a755781', 'Connection': 'close'} {{(pid=102990) http_log /opt/stack/data/venv/lib/python3.12/site-packages/swiftclient/client.py:162}}
Aug 07 03:56:51.868036 np0000006701 devstack@g-api.service[102990]: DEBUG glance_store._drivers.swift.store [None req-8a88f1bb-c698-4a19-9e9a-7464c2944e54 tempest-VolumesActionsTest-2076377895 tempest-VolumesActionsTest-2076377895-project-member] Wrote chunk fd3170a0-879a-4c18-8266-94bd7986cfc8-00002 (2/?) of length 204800000 to Swift returning MD5 of content: eda9a9889837ac4bc81d6387d92c1bec {{(pid=102990) add /opt/stack/data/venv/lib/python3.12/site-packages/glance_store/_drivers/swift/store.py:1059}}
Aug 07 03:56:52.595916 np0000006701 devstack@g-api.service[102989]: DEBUG glance.api.middleware.version_negotiation [None req-332707e8-7115-4dff-b82a-6f98b2b1335d tempest-VolumesActionsTest-2076377895 tempest-VolumesActionsTest-2076377895-project-member] Determining version of request: GET /v2/images/fd3170a0-879a-4c18-8266-94bd7986cfc8 Accept: application/json {{(pid=102989) process_request /opt/stack/glance/glance/api/middleware/version_negotiation.py:44}}
Aug 07 03:56:52.598644 np0000006701 devstack@g-api.service[102989]: DEBUG glance.api.middleware.version_negotiation [None req-332707e8-7115-4dff-b82a-6f98b2b1335d tempest-VolumesActionsTest-2076377895 tempest-VolumesActionsTest-2076377895-project-member] Using url versioning {{(pid=102989) process_request /opt/stack/glance/glance/api/middleware/version_negotiation.py:57}}
Aug 07 03:56:52.598644 np0000006701 devstack@g-api.service[102989]: DEBUG glance.api.middleware.version_negotiation [None req-332707e8-7115-4dff-b82a-6f98b2b1335d tempest-VolumesActionsTest-2076377895 tempest-VolumesActionsTest-2076377895-project-member] Matched version: v2 {{(pid=102989) process_request /opt/stack/glance/glance/api/middleware/version_negotiation.py:69}}
Aug 07 03:56:52.598644 np0000006701 devstack@g-api.service[102989]: DEBUG glance.api.middleware.version_negotiation [None req-332707e8-7115-4dff-b82a-6f98b2b1335d tempest-VolumesActionsTest-2076377895 tempest-VolumesActionsTest-2076377895-project-member] new path /v2/images/fd3170a0-879a-4c18-8266-94bd7986cfc8 {{(pid=102989) process_request /opt/stack/glance/glance/api/middleware/version_negotiation.py:70}}
Aug 07 03:56:52.629468 np0000006701 devstack@g-api.service[102989]: [pid: 102989|app: 0|req: 32/124] 127.0.0.1 () {40 vars in 834 bytes} [Fri Aug 7 03:56:52 2026] GET /v2/images/fd3170a0-879a-4c18-8266-94bd7986cfc8 => generated 649 bytes in 34 msecs (HTTP/1.1 200) 4 headers in 157 bytes (1 switches on core 0)
Aug 07 03:56:53.648681 np0000006701 devstack@g-api.service[102992]: DEBUG glance.api.middleware.version_negotiation [None req-c12cc16b-19b5-48be-b4e8-0b05271ebd31 tempest-VolumesActionsTest-2076377895 tempest-VolumesActionsTest-2076377895-project-member] Determining version of request: GET /v2/images/fd3170a0-879a-4c18-8266-94bd7986cfc8 Accept: application/json {{(pid=102992) process_request /opt/stack/glance/glance/api/middleware/version_negotiation.py:44}}
Aug 07 03:56:53.650036 np0000006701 devstack@g-api.service[102992]: DEBUG glance.api.middleware.version_negotiation [None req-c12cc16b-19b5-48be-b4e8-0b05271ebd31 tempest-VolumesActionsTest-2076377895 tempest-VolumesActionsTest-2076377895-project-member] Using url versioning {{(pid=102992) process_request /opt/stack/glance/glance/api/middleware/version_negotiation.py:57}}
Aug 07 03:56:53.650036 np0000006701 devstack@g-api.service[102992]: DEBUG glance.api.middleware.version_negotiation [None req-c12cc16b-19b5-48be-b4e8-0b05271ebd31 tempest-VolumesActionsTest-2076377895 tempest-VolumesActionsTest-2076377895-project-member] Matched version: v2 {{(pid=102992) process_request /opt/stack/glance/glance/api/middleware/version_negotiation.py:69}}
Aug 07 03:56:53.650202 np0000006701 devstack@g-api.service[102992]: DEBUG glance.api.middleware.version_negotiation [None req-c12cc16b-19b5-48be-b4e8-0b05271ebd31 tempest-VolumesActionsTest-2076377895 tempest-VolumesActionsTest-2076377895-project-member] new path /v2/images/fd3170a0-879a-4c18-8266-94bd7986cfc8 {{(pid=102992) process_request /opt/stack/glance/glance/api/middleware/version_negotiation.py:70}}
Aug 07 03:56:53.667931 np0000006701 devstack@g-api.service[102992]: [pid: 102992|app: 0|req: 34/125] 127.0.0.1 () {40 vars in 834 bytes} [Fri Aug 7 03:56:53 2026] GET /v2/images/fd3170a0-879a-4c18-8266-94bd7986cfc8 => generated 649 bytes in 19 msecs (HTTP/1.1 200) 4 headers in 157 bytes (1 switches on core 0)
Aug 07 03:56:54.680798 np0000006701 devstack@g-api.service[102991]: DEBUG glance.api.middleware.version_negotiation [None req-19ed4b1f-7985-40c0-a6a1-76d62edad673 tempest-VolumesActionsTest-2076377895 tempest-VolumesActionsTest-2076377895-project-member] Determining version of request: GET /v2/images/fd3170a0-879a-4c18-8266-94bd7986cfc8 Accept: application/json {{(pid=102991) process_request /opt/stack/glance/glance/api/middleware/version_negotiation.py:44}}
Aug 07 03:56:54.681248 np0000006701 devstack@g-api.service[102991]: DEBUG glance.api.middleware.version_negotiation [None req-19ed4b1f-7985-40c0-a6a1-76d62edad673 tempest-VolumesActionsTest-2076377895 tempest-VolumesActionsTest-2076377895-project-member] Using url versioning {{(pid=102991) process_request /opt/stack/glance/glance/api/middleware/version_negotiation.py:57}}
Aug 07 03:56:54.681248 np0000006701 devstack@g-api.service[102991]: DEBUG glance.api.middleware.version_negotiation [None req-19ed4b1f-7985-40c0-a6a1-76d62edad673 tempest-VolumesActionsTest-2076377895 tempest-VolumesActionsTest-2076377895-project-member] Matched version: v2 {{(pid=102991) process_request /opt/stack/glance/glance/api/middleware/version_negotiation.py:69}}
Aug 07 03:56:54.681325 np0000006701 devstack@g-api.service[102991]: DEBUG glance.api.middleware.version_negotiation [None req-19ed4b1f-7985-40c0-a6a1-76d62edad673 tempest-VolumesActionsTest-2076377895 tempest-VolumesActionsTest-2076377895-project-member] new path /v2/images/fd3170a0-879a-4c18-8266-94bd7986cfc8 {{(pid=102991) process_request /opt/stack/glance/glance/api/middleware/version_negotiation.py:70}}
Aug 07 03:56:54.696020 np0000006701 devstack@g-api.service[102991]: [pid: 102991|app: 0|req: 33/126] 127.0.0.1 () {40 vars in 834 bytes} [Fri Aug 7 03:56:54 2026] GET /v2/images/fd3170a0-879a-4c18-8266-94bd7986cfc8 => generated 649 bytes in 15 msecs (HTTP/1.1 200) 4 headers in 157 bytes (1 switches on core 0)
Aug 07 03:56:54.880436 np0000006701 devstack@g-api.service[102990]: DEBUG swiftclient [None req-8a88f1bb-c698-4a19-9e9a-7464c2944e54 tempest-VolumesActionsTest-2076377895 tempest-VolumesActionsTest-2076377895-project-member] REQ: curl -i https://10.4.3.14:8080/v1/AUTH_928ee69fb9ec4544b9fc20e695bb5df4/glance/fd3170a0-879a-4c18-8266-94bd7986cfc8-00003 -X PUT -H "X-Auth-Token: gAAAAABqdVd-8phI..." {{(pid=102990) http_log /opt/stack/data/venv/lib/python3.12/site-packages/swiftclient/client.py:160}}
Aug 07 03:56:54.880819 np0000006701 devstack@g-api.service[102990]: DEBUG swiftclient [None req-8a88f1bb-c698-4a19-9e9a-7464c2944e54 tempest-VolumesActionsTest-2076377895 tempest-VolumesActionsTest-2076377895-project-member] RESP STATUS: 201 Created {{(pid=102990) http_log /opt/stack/data/venv/lib/python3.12/site-packages/swiftclient/client.py:161}}
Aug 07 03:56:54.880819 np0000006701 devstack@g-api.service[102990]: DEBUG swiftclient [None req-8a88f1bb-c698-4a19-9e9a-7464c2944e54 tempest-VolumesActionsTest-2076377895 tempest-VolumesActionsTest-2076377895-project-member] RESP HEADERS: {'Date': 'Fri, 07 Aug 2026 03:56:54 GMT', 'Server': 'Apache/2.4.58 (Ubuntu)', 'Content-Type': 'text/html; charset=UTF-8', 'Content-Length': '0', 'Etag': 'eda9a9889837ac4bc81d6387d92c1bec', 'Last-Modified': 'Fri, 07 Aug 2026 03:56:52 GMT', 'X-Trans-Id': 'tx9b7ea52a89d147c5b4d7b-006a755783', 'X-Openstack-Request-Id': 'tx9b7ea52a89d147c5b4d7b-006a755783', 'Connection': 'close'} {{(pid=102990) http_log /opt/stack/data/venv/lib/python3.12/site-packages/swiftclient/client.py:162}}
Aug 07 03:56:54.880944 np0000006701 devstack@g-api.service[102990]: DEBUG glance_store._drivers.swift.store [None req-8a88f1bb-c698-4a19-9e9a-7464c2944e54 tempest-VolumesActionsTest-2076377895 tempest-VolumesActionsTest-2076377895-project-member] Wrote chunk fd3170a0-879a-4c18-8266-94bd7986cfc8-00003 (3/?) of length 204800000 to Swift returning MD5 of content: eda9a9889837ac4bc81d6387d92c1bec {{(pid=102990) add /opt/stack/data/venv/lib/python3.12/site-packages/glance_store/_drivers/swift/store.py:1059}}
Aug 07 03:56:55.708035 np0000006701 devstack@g-api.service[102989]: DEBUG glance.api.middleware.version_negotiation [None req-668be4d2-ac27-43d4-a3fa-76876dc2aa91 tempest-VolumesActionsTest-2076377895 tempest-VolumesActionsTest-2076377895-project-member] Determining version of request: GET /v2/images/fd3170a0-879a-4c18-8266-94bd7986cfc8 Accept: application/json {{(pid=102989) process_request /opt/stack/glance/glance/api/middleware/version_negotiation.py:44}}
Aug 07 03:56:55.708786 np0000006701 devstack@g-api.service[102989]: DEBUG glance.api.middleware.version_negotiation [None req-668be4d2-ac27-43d4-a3fa-76876dc2aa91 tempest-VolumesActionsTest-2076377895 tempest-VolumesActionsTest-2076377895-project-member] Using url versioning {{(pid=102989) process_request /opt/stack/glance/glance/api/middleware/version_negotiation.py:57}}
Aug 07 03:56:55.708786 np0000006701 devstack@g-api.service[102989]: DEBUG glance.api.middleware.version_negotiation [None req-668be4d2-ac27-43d4-a3fa-76876dc2aa91 tempest-VolumesActionsTest-2076377895 tempest-VolumesActionsTest-2076377895-project-member] Matched version: v2 {{(pid=102989) process_request /opt/stack/glance/glance/api/middleware/version_negotiation.py:69}}
Aug 07 03:56:55.708786 np0000006701 devstack@g-api.service[102989]: DEBUG glance.api.middleware.version_negotiation [None req-668be4d2-ac27-43d4-a3fa-76876dc2aa91 tempest-VolumesActionsTest-2076377895 tempest-VolumesActionsTest-2076377895-project-member] new path /v2/images/fd3170a0-879a-4c18-8266-94bd7986cfc8 {{(pid=102989) process_request /opt/stack/glance/glance/api/middleware/version_negotiation.py:70}}
Aug 07 03:56:55.732397 np0000006701 devstack@g-api.service[102989]: [pid: 102989|app: 0|req: 33/127] 127.0.0.1 () {40 vars in 834 bytes} [Fri Aug 7 03:56:55 2026] GET /v2/images/fd3170a0-879a-4c18-8266-94bd7986cfc8 => generated 649 bytes in 23 msecs (HTTP/1.1 200) 4 headers in 157 bytes (1 switches on core 0)
Aug 07 03:56:56.307686 np0000006701 devstack@g-api.service[102992]: DEBUG glance.api.middleware.version_negotiation [None req-aaf110e7-689a-44ee-b405-aa1f33481849 tempest-VolumesActionsTest-2076377895 tempest-VolumesActionsTest-2076377895-project-member] Determining version of request: GET /v2/images/aecc4eab-118d-4ccf-8a05-c6a67055239c Accept: */* {{(pid=102992) process_request /opt/stack/glance/glance/api/middleware/version_negotiation.py:44}}
Aug 07 03:56:56.308048 np0000006701 devstack@g-api.service[102992]: DEBUG glance.api.middleware.version_negotiation [None req-aaf110e7-689a-44ee-b405-aa1f33481849 tempest-VolumesActionsTest-2076377895 tempest-VolumesActionsTest-2076377895-project-member] Using url versioning {{(pid=102992) process_request /opt/stack/glance/glance/api/middleware/version_negotiation.py:57}}
Aug 07 03:56:56.308226 np0000006701 devstack@g-api.service[102992]: DEBUG glance.api.middleware.version_negotiation [None req-aaf110e7-689a-44ee-b405-aa1f33481849 tempest-VolumesActionsTest-2076377895 tempest-VolumesActionsTest-2076377895-project-member] Matched version: v2 {{(pid=102992) process_request /opt/stack/glance/glance/api/middleware/version_negotiation.py:69}}
Aug 07 03:56:56.308395 np0000006701 devstack@g-api.service[102992]: DEBUG glance.api.middleware.version_negotiation [None req-aaf110e7-689a-44ee-b405-aa1f33481849 tempest-VolumesActionsTest-2076377895 tempest-VolumesActionsTest-2076377895-project-member] new path /v2/images/aecc4eab-118d-4ccf-8a05-c6a67055239c {{(pid=102992) process_request /opt/stack/glance/glance/api/middleware/version_negotiation.py:70}}
Aug 07 03:56:56.329684 np0000006701 devstack@g-api.service[102992]: [pid: 102992|app: 0|req: 35/128] 127.0.0.1 () {44 vars in 1111 bytes} [Fri Aug 7 03:56:56 2026] GET /v2/images/aecc4eab-118d-4ccf-8a05-c6a67055239c => generated 1044 bytes in 23 msecs (HTTP/1.1 200) 4 headers in 158 bytes (1 switches on core 0)
Aug 07 03:56:56.385765 np0000006701 devstack@g-api.service[102991]: DEBUG glance.api.middleware.version_negotiation [None req-6e9e52cb-110c-49d9-a897-3f5fdbf6b3b6 tempest-VolumesActionsTest-2076377895 tempest-VolumesActionsTest-2076377895-project-member] Determining version of request: GET /v2/schemas/image Accept: */* {{(pid=102991) process_request /opt/stack/glance/glance/api/middleware/version_negotiation.py:44}}
Aug 07 03:56:56.386243 np0000006701 devstack@g-api.service[102991]: DEBUG glance.api.middleware.version_negotiation [None req-6e9e52cb-110c-49d9-a897-3f5fdbf6b3b6 tempest-VolumesActionsTest-2076377895 tempest-VolumesActionsTest-2076377895-project-member] Using url versioning {{(pid=102991) process_request /opt/stack/glance/glance/api/middleware/version_negotiation.py:57}}
Aug 07 03:56:56.386243 np0000006701 devstack@g-api.service[102991]: DEBUG glance.api.middleware.version_negotiation [None req-6e9e52cb-110c-49d9-a897-3f5fdbf6b3b6 tempest-VolumesActionsTest-2076377895 tempest-VolumesActionsTest-2076377895-project-member] Matched version: v2 {{(pid=102991) process_request /opt/stack/glance/glance/api/middleware/version_negotiation.py:69}}
Aug 07 03:56:56.386399 np0000006701 devstack@g-api.service[102991]: DEBUG glance.api.middleware.version_negotiation [None req-6e9e52cb-110c-49d9-a897-3f5fdbf6b3b6 tempest-VolumesActionsTest-2076377895 tempest-VolumesActionsTest-2076377895-project-member] new path /v2/schemas/image {{(pid=102991) process_request /opt/stack/glance/glance/api/middleware/version_negotiation.py:70}}
Aug 07 03:56:56.393630 np0000006701 devstack@g-api.service[102991]: [pid: 102991|app: 0|req: 34/129] 127.0.0.1 () {44 vars in 1051 bytes} [Fri Aug 7 03:56:56 2026] GET /v2/schemas/image => generated 6083 bytes in 8 msecs (HTTP/1.1 200) 4 headers in 158 bytes (1 switches on core 0)
Aug 07 03:56:56.725510 np0000006701 devstack@g-api.service[102990]: DEBUG dbcounter [-] [102990] Writing DB stats glance:SELECT=12,glance:UPDATE=1 {{(pid=102990) stat_writer /opt/stack/data/venv/lib/python3.12/site-packages/dbcounter.py:115}}
Aug 07 03:56:56.746270 np0000006701 devstack@g-api.service[102989]: DEBUG glance.api.middleware.version_negotiation [None req-8785d9dc-bfd2-44ce-8bbe-c01878462e6b tempest-VolumesActionsTest-2076377895 tempest-VolumesActionsTest-2076377895-project-member] Determining version of request: GET /v2/images/fd3170a0-879a-4c18-8266-94bd7986cfc8 Accept: application/json {{(pid=102989) process_request /opt/stack/glance/glance/api/middleware/version_negotiation.py:44}}
Aug 07 03:56:56.746270 np0000006701 devstack@g-api.service[102989]: DEBUG glance.api.middleware.version_negotiation [None req-8785d9dc-bfd2-44ce-8bbe-c01878462e6b tempest-VolumesActionsTest-2076377895 tempest-VolumesActionsTest-2076377895-project-member] Using url versioning {{(pid=102989) process_request /opt/stack/glance/glance/api/middleware/version_negotiation.py:57}}
Aug 07 03:56:56.746270 np0000006701 devstack@g-api.service[102989]: DEBUG glance.api.middleware.version_negotiation [None req-8785d9dc-bfd2-44ce-8bbe-c01878462e6b tempest-VolumesActionsTest-2076377895 tempest-VolumesActionsTest-2076377895-project-member] Matched version: v2 {{(pid=102989) process_request /opt/stack/glance/glance/api/middleware/version_negotiation.py:69}}
