Aug 07 03:51:55.152178 np0000006701 nova-scheduler[96595]: DEBUG cotyledon.oslo_config_glue [-] workarounds.never_download_image_if_on_rbd = False {{(pid=96595) log_opt_values /opt/stack/data/venv/lib/python3.12/site-packages/oslo_config/cfg.py:3545}}
Aug 07 03:51:55.152178 np0000006701 nova-scheduler[96595]: DEBUG cotyledon.oslo_config_glue [-] workarounds.qemu_monitor_announce_self_count = 3 {{(pid=96595) log_opt_values /opt/stack/data/venv/lib/python3.12/site-packages/oslo_config/cfg.py:3545}}
Aug 07 03:51:55.152178 np0000006701 nova-scheduler[96595]: DEBUG cotyledon.oslo_config_glue [-] workarounds.qemu_monitor_announce_self_interval = 1 {{(pid=96595) log_opt_values /opt/stack/data/venv/lib/python3.12/site-packages/oslo_config/cfg.py:3545}}
Aug 07 03:51:55.152178 np0000006701 nova-scheduler[96595]: DEBUG cotyledon.oslo_config_glue [-] workarounds.reserve_disk_resource_for_image_cache = False {{(pid=96595) log_opt_values /opt/stack/data/venv/lib/python3.12/site-packages/oslo_config/cfg.py:3545}}
Aug 07 03:51:55.152178 np0000006701 nova-scheduler[96595]: DEBUG cotyledon.oslo_config_glue [-] workarounds.skip_cpu_compare_at_startup = False {{(pid=96595) log_opt_values /opt/stack/data/venv/lib/python3.12/site-packages/oslo_config/cfg.py:3545}}
Aug 07 03:51:55.152178 np0000006701 nova-scheduler[96595]: DEBUG cotyledon.oslo_config_glue [-] workarounds.skip_cpu_compare_on_dest = False {{(pid=96595) log_opt_values /opt/stack/data/venv/lib/python3.12/site-packages/oslo_config/cfg.py:3545}}
Aug 07 03:51:55.152437 np0000006701 nova-scheduler[96595]: DEBUG cotyledon.oslo_config_glue [-] workarounds.skip_hypervisor_version_check_on_lm = False {{(pid=96595) log_opt_values /opt/stack/data/venv/lib/python3.12/site-packages/oslo_config/cfg.py:3545}}
Aug 07 03:51:55.152437 np0000006701 nova-scheduler[96595]: DEBUG cotyledon.oslo_config_glue [-] workarounds.skip_reserve_in_use_ironic_nodes = False {{(pid=96595) log_opt_values /opt/stack/data/venv/lib/python3.12/site-packages/oslo_config/cfg.py:3545}}
Aug 07 03:51:55.152437 np0000006701 nova-scheduler[96595]: DEBUG cotyledon.oslo_config_glue [-] workarounds.unified_limits_count_pcpu_as_vcpu = False {{(pid=96595) log_opt_values /opt/stack/data/venv/lib/python3.12/site-packages/oslo_config/cfg.py:3545}}
Aug 07 03:51:55.152437 np0000006701 nova-scheduler[96595]: DEBUG cotyledon.oslo_config_glue [-] workarounds.wait_for_vif_plugged_event_during_hard_reboot = [] {{(pid=96595) log_opt_values /opt/stack/data/venv/lib/python3.12/site-packages/oslo_config/cfg.py:3545}}
Aug 07 03:51:55.152437 np0000006701 nova-scheduler[96595]: DEBUG cotyledon.oslo_config_glue [-] wsgi.api_paste_config = /etc/nova/api-paste.ini {{(pid=96595) log_opt_values /opt/stack/data/venv/lib/python3.12/site-packages/oslo_config/cfg.py:3545}}
Aug 07 03:51:55.152437 np0000006701 nova-scheduler[96595]: DEBUG cotyledon.oslo_config_glue [-] wsgi.secure_proxy_ssl_header = None {{(pid=96595) log_opt_values /opt/stack/data/venv/lib/python3.12/site-packages/oslo_config/cfg.py:3545}}
Aug 07 03:51:55.152437 np0000006701 nova-scheduler[96595]: DEBUG cotyledon.oslo_config_glue [-] zvm.ca_file = None {{(pid=96595) log_opt_values /opt/stack/data/venv/lib/python3.12/site-packages/oslo_config/cfg.py:3545}}
Aug 07 03:51:55.152437 np0000006701 nova-scheduler[96595]: DEBUG cotyledon.oslo_config_glue [-] zvm.cloud_connector_url = None {{(pid=96595) log_opt_values /opt/stack/data/venv/lib/python3.12/site-packages/oslo_config/cfg.py:3545}}
Aug 07 03:51:55.152437 np0000006701 nova-scheduler[96595]: DEBUG cotyledon.oslo_config_glue [-] zvm.image_tmp_path = /opt/stack/data/nova/images {{(pid=96595) log_opt_values /opt/stack/data/venv/lib/python3.12/site-packages/oslo_config/cfg.py:3545}}
Aug 07 03:51:55.152706 np0000006701 nova-scheduler[96595]: DEBUG cotyledon.oslo_config_glue [-] zvm.reachable_timeout = 300 {{(pid=96595) log_opt_values /opt/stack/data/venv/lib/python3.12/site-packages/oslo_config/cfg.py:3545}}
Aug 07 03:51:55.152706 np0000006701 nova-scheduler[96595]: DEBUG cotyledon.oslo_config_glue [-] oslo_versionedobjects.fatal_exception_format_errors = False {{(pid=96595) log_opt_values /opt/stack/data/venv/lib/python3.12/site-packages/oslo_config/cfg.py:3545}}
Aug 07 03:51:55.152706 np0000006701 nova-scheduler[96595]: DEBUG cotyledon.oslo_config_glue [-] oslo_middleware.http_basic_auth_user_file = /etc/htpasswd {{(pid=96595) log_opt_values /opt/stack/data/venv/lib/python3.12/site-packages/oslo_config/cfg.py:3545}}
Aug 07 03:51:55.152706 np0000006701 nova-scheduler[96595]: DEBUG cotyledon.oslo_config_glue [-] oslo_messaging_metrics.metrics_buffer_size = 1000 {{(pid=96595) log_opt_values /opt/stack/data/venv/lib/python3.12/site-packages/oslo_config/cfg.py:3545}}
Aug 07 03:51:55.152706 np0000006701 nova-scheduler[96595]: DEBUG cotyledon.oslo_config_glue [-] oslo_messaging_metrics.metrics_enabled = False {{(pid=96595) log_opt_values /opt/stack/data/venv/lib/python3.12/site-packages/oslo_config/cfg.py:3545}}
Aug 07 03:51:55.152706 np0000006701 nova-scheduler[96595]: DEBUG cotyledon.oslo_config_glue [-] oslo_messaging_metrics.metrics_process_name = {{(pid=96595) log_opt_values /opt/stack/data/venv/lib/python3.12/site-packages/oslo_config/cfg.py:3545}}
Aug 07 03:51:55.152706 np0000006701 nova-scheduler[96595]: DEBUG cotyledon.oslo_config_glue [-] oslo_messaging_metrics.metrics_socket_file = /var/tmp/metrics_collector.sock {{(pid=96595) log_opt_values /opt/stack/data/venv/lib/python3.12/site-packages/oslo_config/cfg.py:3545}}
Aug 07 03:51:55.152706 np0000006701 nova-scheduler[96595]: DEBUG cotyledon.oslo_config_glue [-] oslo_messaging_metrics.metrics_thread_stop_timeout = 10 {{(pid=96595) log_opt_values /opt/stack/data/venv/lib/python3.12/site-packages/oslo_config/cfg.py:3545}}
Aug 07 03:51:55.152955 np0000006701 nova-scheduler[96595]: DEBUG cotyledon.oslo_config_glue [-] profiler.connection_string = messaging:// {{(pid=96595) log_opt_values /opt/stack/data/venv/lib/python3.12/site-packages/oslo_config/cfg.py:3545}}
Aug 07 03:51:55.152955 np0000006701 nova-scheduler[96595]: DEBUG cotyledon.oslo_config_glue [-] profiler.enabled = False {{(pid=96595) log_opt_values /opt/stack/data/venv/lib/python3.12/site-packages/oslo_config/cfg.py:3545}}
Aug 07 03:51:55.152955 np0000006701 nova-scheduler[96595]: DEBUG cotyledon.oslo_config_glue [-] profiler.es_doc_type = notification {{(pid=96595) log_opt_values /opt/stack/data/venv/lib/python3.12/site-packages/oslo_config/cfg.py:3545}}
Aug 07 03:51:55.152955 np0000006701 nova-scheduler[96595]: DEBUG cotyledon.oslo_config_glue [-] profiler.es_scroll_size = 10000 {{(pid=96595) log_opt_values /opt/stack/data/venv/lib/python3.12/site-packages/oslo_config/cfg.py:3545}}
Aug 07 03:51:55.152955 np0000006701 nova-scheduler[96595]: DEBUG cotyledon.oslo_config_glue [-] profiler.es_scroll_time = 2m {{(pid=96595) log_opt_values /opt/stack/data/venv/lib/python3.12/site-packages/oslo_config/cfg.py:3545}}
Aug 07 03:51:55.152955 np0000006701 nova-scheduler[96595]: DEBUG cotyledon.oslo_config_glue [-] profiler.filter_error_trace = False {{(pid=96595) log_opt_values /opt/stack/data/venv/lib/python3.12/site-packages/oslo_config/cfg.py:3545}}
Aug 07 03:51:55.152955 np0000006701 nova-scheduler[96595]: DEBUG cotyledon.oslo_config_glue [-] profiler.hmac_keys = **** {{(pid=96595) log_opt_values /opt/stack/data/venv/lib/python3.12/site-packages/oslo_config/cfg.py:3545}}
Aug 07 03:51:55.152955 np0000006701 nova-scheduler[96595]: DEBUG cotyledon.oslo_config_glue [-] profiler.sentinel_service_name = mymaster {{(pid=96595) log_opt_values /opt/stack/data/venv/lib/python3.12/site-packages/oslo_config/cfg.py:3545}}
Aug 07 03:51:55.152955 np0000006701 nova-scheduler[96595]: DEBUG cotyledon.oslo_config_glue [-] profiler.socket_timeout = 0.1 {{(pid=96595) log_opt_values /opt/stack/data/venv/lib/python3.12/site-packages/oslo_config/cfg.py:3545}}
Aug 07 03:51:55.153205 np0000006701 nova-scheduler[96595]: DEBUG cotyledon.oslo_config_glue [-] profiler.trace_requests = False {{(pid=96595) log_opt_values /opt/stack/data/venv/lib/python3.12/site-packages/oslo_config/cfg.py:3545}}
Aug 07 03:51:55.153205 np0000006701 nova-scheduler[96595]: DEBUG cotyledon.oslo_config_glue [-] profiler.trace_sqlalchemy = False {{(pid=96595) log_opt_values /opt/stack/data/venv/lib/python3.12/site-packages/oslo_config/cfg.py:3545}}
Aug 07 03:51:55.153205 np0000006701 nova-scheduler[96595]: DEBUG cotyledon.oslo_config_glue [-] profiler_jaeger.process_tags = {} {{(pid=96595) log_opt_values /opt/stack/data/venv/lib/python3.12/site-packages/oslo_config/cfg.py:3545}}
Aug 07 03:51:55.153205 np0000006701 nova-scheduler[96595]: DEBUG cotyledon.oslo_config_glue [-] profiler_jaeger.service_name_prefix = None {{(pid=96595) log_opt_values /opt/stack/data/venv/lib/python3.12/site-packages/oslo_config/cfg.py:3545}}
Aug 07 03:51:55.153205 np0000006701 nova-scheduler[96595]: DEBUG cotyledon.oslo_config_glue [-] profiler_otlp.service_name_prefix = None {{(pid=96595) log_opt_values /opt/stack/data/venv/lib/python3.12/site-packages/oslo_config/cfg.py:3545}}
Aug 07 03:51:55.153205 np0000006701 nova-scheduler[96595]: DEBUG cotyledon.oslo_config_glue [-] oslo_messaging_rabbit.amqp_auto_delete = False {{(pid=96595) log_opt_values /opt/stack/data/venv/lib/python3.12/site-packages/oslo_config/cfg.py:3545}}
Aug 07 03:51:55.153205 np0000006701 nova-scheduler[96595]: DEBUG cotyledon.oslo_config_glue [-] oslo_messaging_rabbit.amqp_durable_queues = False {{(pid=96595) log_opt_values /opt/stack/data/venv/lib/python3.12/site-packages/oslo_config/cfg.py:3545}}
Aug 07 03:51:55.153205 np0000006701 nova-scheduler[96595]: DEBUG cotyledon.oslo_config_glue [-] oslo_messaging_rabbit.conn_pool_min_size = 2 {{(pid=96595) log_opt_values /opt/stack/data/venv/lib/python3.12/site-packages/oslo_config/cfg.py:3545}}
Aug 07 03:51:55.153205 np0000006701 nova-scheduler[96595]: DEBUG cotyledon.oslo_config_glue [-] oslo_messaging_rabbit.conn_pool_ttl = 1200 {{(pid=96595) log_opt_values /opt/stack/data/venv/lib/python3.12/site-packages/oslo_config/cfg.py:3545}}
Aug 07 03:51:55.153460 np0000006701 nova-scheduler[96595]: DEBUG cotyledon.oslo_config_glue [-] oslo_messaging_rabbit.direct_mandatory_flag = True {{(pid=96595) log_opt_values /opt/stack/data/venv/lib/python3.12/site-packages/oslo_config/cfg.py:3545}}
Aug 07 03:51:55.153460 np0000006701 nova-scheduler[96595]: DEBUG cotyledon.oslo_config_glue [-] oslo_messaging_rabbit.enable_cancel_on_failover = False {{(pid=96595) log_opt_values /opt/stack/data/venv/lib/python3.12/site-packages/oslo_config/cfg.py:3545}}
Aug 07 03:51:55.153460 np0000006701 nova-scheduler[96595]: DEBUG cotyledon.oslo_config_glue [-] oslo_messaging_rabbit.heartbeat_rate = 3 {{(pid=96595) log_opt_values /opt/stack/data/venv/lib/python3.12/site-packages/oslo_config/cfg.py:3545}}
Aug 07 03:51:55.153460 np0000006701 nova-scheduler[96595]: DEBUG cotyledon.oslo_config_glue [-] oslo_messaging_rabbit.heartbeat_timeout_threshold = 60 {{(pid=96595) log_opt_values /opt/stack/data/venv/lib/python3.12/site-packages/oslo_config/cfg.py:3545}}
Aug 07 03:51:55.153460 np0000006701 nova-scheduler[96595]: DEBUG cotyledon.oslo_config_glue [-] oslo_messaging_rabbit.hostname = np0000006701 {{(pid=96595) log_opt_values /opt/stack/data/venv/lib/python3.12/site-packages/oslo_config/cfg.py:3545}}
Aug 07 03:51:55.153460 np0000006701 nova-scheduler[96595]: DEBUG cotyledon.oslo_config_glue [-] oslo_messaging_rabbit.kombu_compression = None {{(pid=96595) log_opt_values /opt/stack/data/venv/lib/python3.12/site-packages/oslo_config/cfg.py:3545}}
Aug 07 03:51:55.153460 np0000006701 nova-scheduler[96595]: DEBUG cotyledon.oslo_config_glue [-] oslo_messaging_rabbit.kombu_failover_strategy = round-robin {{(pid=96595) log_opt_values /opt/stack/data/venv/lib/python3.12/site-packages/oslo_config/cfg.py:3545}}
Aug 07 03:51:55.153460 np0000006701 nova-scheduler[96595]: DEBUG cotyledon.oslo_config_glue [-] oslo_messaging_rabbit.kombu_missing_consumer_retry_timeout = 60 {{(pid=96595) log_opt_values /opt/stack/data/venv/lib/python3.12/site-packages/oslo_config/cfg.py:3545}}
Aug 07 03:51:55.153460 np0000006701 nova-scheduler[96595]: DEBUG cotyledon.oslo_config_glue [-] oslo_messaging_rabbit.kombu_reconnect_delay = 1.0 {{(pid=96595) log_opt_values /opt/stack/data/venv/lib/python3.12/site-packages/oslo_config/cfg.py:3545}}
Aug 07 03:51:55.153746 np0000006701 nova-scheduler[96595]: DEBUG cotyledon.oslo_config_glue [-] oslo_messaging_rabbit.kombu_reconnect_splay = 0.0 {{(pid=96595) log_opt_values /opt/stack/data/venv/lib/python3.12/site-packages/oslo_config/cfg.py:3545}}
Aug 07 03:51:55.153746 np0000006701 nova-scheduler[96595]: DEBUG cotyledon.oslo_config_glue [-] oslo_messaging_rabbit.processname = nova-scheduler {{(pid=96595) log_opt_values /opt/stack/data/venv/lib/python3.12/site-packages/oslo_config/cfg.py:3545}}
Aug 07 03:51:55.153746 np0000006701 nova-scheduler[96595]: DEBUG cotyledon.oslo_config_glue [-] oslo_messaging_rabbit.rabbit_ha_queues = False {{(pid=96595) log_opt_values /opt/stack/data/venv/lib/python3.12/site-packages/oslo_config/cfg.py:3545}}
Aug 07 03:51:55.153746 np0000006701 nova-scheduler[96595]: DEBUG cotyledon.oslo_config_glue [-] oslo_messaging_rabbit.rabbit_interval_max = 30 {{(pid=96595) log_opt_values /opt/stack/data/venv/lib/python3.12/site-packages/oslo_config/cfg.py:3545}}
Aug 07 03:51:55.153746 np0000006701 nova-scheduler[96595]: DEBUG cotyledon.oslo_config_glue [-] oslo_messaging_rabbit.rabbit_login_method = AMQPLAIN {{(pid=96595) log_opt_values /opt/stack/data/venv/lib/python3.12/site-packages/oslo_config/cfg.py:3545}}
Aug 07 03:51:55.153746 np0000006701 nova-scheduler[96595]: DEBUG cotyledon.oslo_config_glue [-] oslo_messaging_rabbit.rabbit_qos_prefetch_count = 0 {{(pid=96595) log_opt_values /opt/stack/data/venv/lib/python3.12/site-packages/oslo_config/cfg.py:3545}}
Aug 07 03:51:55.153746 np0000006701 nova-scheduler[96595]: DEBUG cotyledon.oslo_config_glue [-] oslo_messaging_rabbit.rabbit_quorum_delivery_limit = 0 {{(pid=96595) log_opt_values /opt/stack/data/venv/lib/python3.12/site-packages/oslo_config/cfg.py:3545}}
Aug 07 03:51:55.153746 np0000006701 nova-scheduler[96595]: DEBUG cotyledon.oslo_config_glue [-] oslo_messaging_rabbit.rabbit_quorum_max_memory_bytes = 0 {{(pid=96595) log_opt_values /opt/stack/data/venv/lib/python3.12/site-packages/oslo_config/cfg.py:3545}}
Aug 07 03:51:55.153746 np0000006701 nova-scheduler[96595]: DEBUG cotyledon.oslo_config_glue [-] oslo_messaging_rabbit.rabbit_quorum_max_memory_length = 0 {{(pid=96595) log_opt_values /opt/stack/data/venv/lib/python3.12/site-packages/oslo_config/cfg.py:3545}}
Aug 07 03:51:55.154004 np0000006701 nova-scheduler[96595]: DEBUG cotyledon.oslo_config_glue [-] oslo_messaging_rabbit.rabbit_quorum_queue = False {{(pid=96595) log_opt_values /opt/stack/data/venv/lib/python3.12/site-packages/oslo_config/cfg.py:3545}}
Aug 07 03:51:55.154004 np0000006701 nova-scheduler[96595]: DEBUG cotyledon.oslo_config_glue [-] oslo_messaging_rabbit.rabbit_retry_backoff = 2 {{(pid=96595) log_opt_values /opt/stack/data/venv/lib/python3.12/site-packages/oslo_config/cfg.py:3545}}
Aug 07 03:51:55.154004 np0000006701 nova-scheduler[96595]: DEBUG cotyledon.oslo_config_glue [-] oslo_messaging_rabbit.rabbit_retry_interval = 1 {{(pid=96595) log_opt_values /opt/stack/data/venv/lib/python3.12/site-packages/oslo_config/cfg.py:3545}}
Aug 07 03:51:55.154004 np0000006701 nova-scheduler[96595]: DEBUG cotyledon.oslo_config_glue [-] oslo_messaging_rabbit.rabbit_stream_fanout = False {{(pid=96595) log_opt_values /opt/stack/data/venv/lib/python3.12/site-packages/oslo_config/cfg.py:3545}}
Aug 07 03:51:55.154004 np0000006701 nova-scheduler[96595]: DEBUG cotyledon.oslo_config_glue [-] oslo_messaging_rabbit.rabbit_transient_queues_ttl = 1800 {{(pid=96595) log_opt_values /opt/stack/data/venv/lib/python3.12/site-packages/oslo_config/cfg.py:3545}}
Aug 07 03:51:55.154004 np0000006701 nova-scheduler[96595]: DEBUG cotyledon.oslo_config_glue [-] oslo_messaging_rabbit.rabbit_transient_quorum_queue = False {{(pid=96595) log_opt_values /opt/stack/data/venv/lib/python3.12/site-packages/oslo_config/cfg.py:3545}}
Aug 07 03:51:55.154004 np0000006701 nova-scheduler[96595]: DEBUG cotyledon.oslo_config_glue [-] oslo_messaging_rabbit.rpc_conn_pool_size = 30 {{(pid=96595) log_opt_values /opt/stack/data/venv/lib/python3.12/site-packages/oslo_config/cfg.py:3545}}
Aug 07 03:51:55.154004 np0000006701 nova-scheduler[96595]: DEBUG cotyledon.oslo_config_glue [-] oslo_messaging_rabbit.ssl = False {{(pid=96595) log_opt_values /opt/stack/data/venv/lib/python3.12/site-packages/oslo_config/cfg.py:3545}}
Aug 07 03:51:55.154004 np0000006701 nova-scheduler[96595]: DEBUG cotyledon.oslo_config_glue [-] oslo_messaging_rabbit.ssl_ca_file = {{(pid=96595) log_opt_values /opt/stack/data/venv/lib/python3.12/site-packages/oslo_config/cfg.py:3545}}
Aug 07 03:51:55.154339 np0000006701 nova-scheduler[96595]: DEBUG cotyledon.oslo_config_glue [-] oslo_messaging_rabbit.ssl_cert_file = {{(pid=96595) log_opt_values /opt/stack/data/venv/lib/python3.12/site-packages/oslo_config/cfg.py:3545}}
Aug 07 03:51:55.154339 np0000006701 nova-scheduler[96595]: DEBUG cotyledon.oslo_config_glue [-] oslo_messaging_rabbit.ssl_enforce_fips_mode = False {{(pid=96595) log_opt_values /opt/stack/data/venv/lib/python3.12/site-packages/oslo_config/cfg.py:3545}}
Aug 07 03:51:55.154339 np0000006701 nova-scheduler[96595]: DEBUG cotyledon.oslo_config_glue [-] oslo_messaging_rabbit.ssl_enforce_hostname_verification = True {{(pid=96595) log_opt_values /opt/stack/data/venv/lib/python3.12/site-packages/oslo_config/cfg.py:3545}}
Aug 07 03:51:55.154429 np0000006701 nova-scheduler[96597]: INFO dbcounter [None req-bfd9653d-2087-4dcc-a0e2-1521ea634b27 None None] Registered counter for database nova_cell0
Aug 07 03:51:55.154477 np0000006701 nova-scheduler[96595]: DEBUG cotyledon.oslo_config_glue [-] oslo_messaging_rabbit.ssl_key_file = {{(pid=96595) log_opt_values /opt/stack/data/venv/lib/python3.12/site-packages/oslo_config/cfg.py:3545}}
Aug 07 03:51:55.154477 np0000006701 nova-scheduler[96595]: DEBUG cotyledon.oslo_config_glue [-] oslo_messaging_rabbit.ssl_version = {{(pid=96595) log_opt_values /opt/stack/data/venv/lib/python3.12/site-packages/oslo_config/cfg.py:3545}}
Aug 07 03:51:55.154477 np0000006701 nova-scheduler[96595]: DEBUG cotyledon.oslo_config_glue [-] oslo_messaging_rabbit.use_queue_manager = False {{(pid=96595) log_opt_values /opt/stack/data/venv/lib/python3.12/site-packages/oslo_config/cfg.py:3545}}
Aug 07 03:51:55.154477 np0000006701 nova-scheduler[96595]: DEBUG cotyledon.oslo_config_glue [-] oslo_messaging_notifications.driver = ['messagingv2'] {{(pid=96595) log_opt_values /opt/stack/data/venv/lib/python3.12/site-packages/oslo_config/cfg.py:3545}}
Aug 07 03:51:55.154477 np0000006701 nova-scheduler[96595]: DEBUG cotyledon.oslo_config_glue [-] oslo_messaging_notifications.retry = -1 {{(pid=96595) log_opt_values /opt/stack/data/venv/lib/python3.12/site-packages/oslo_config/cfg.py:3545}}
Aug 07 03:51:55.154477 np0000006701 nova-scheduler[96595]: DEBUG cotyledon.oslo_config_glue [-] oslo_messaging_notifications.topics = ['notifications'] {{(pid=96595) log_opt_values /opt/stack/data/venv/lib/python3.12/site-packages/oslo_config/cfg.py:3545}}
Aug 07 03:51:55.154477 np0000006701 nova-scheduler[96595]: DEBUG cotyledon.oslo_config_glue [-] oslo_messaging_notifications.transport_url = **** {{(pid=96595) log_opt_values /opt/stack/data/venv/lib/python3.12/site-packages/oslo_config/cfg.py:3545}}
Aug 07 03:51:55.154477 np0000006701 nova-scheduler[96595]: DEBUG cotyledon.oslo_config_glue [-] oslo_limit.auth_section = None {{(pid=96595) log_opt_values /opt/stack/data/venv/lib/python3.12/site-packages/oslo_config/cfg.py:3545}}
Aug 07 03:51:55.154477 np0000006701 nova-scheduler[96595]: DEBUG cotyledon.oslo_config_glue [-] oslo_limit.auth_type = None {{(pid=96595) log_opt_values /opt/stack/data/venv/lib/python3.12/site-packages/oslo_config/cfg.py:3545}}
Aug 07 03:51:55.154828 np0000006701 nova-scheduler[96595]: DEBUG cotyledon.oslo_config_glue [-] oslo_limit.cafile = None {{(pid=96595) log_opt_values /opt/stack/data/venv/lib/python3.12/site-packages/oslo_config/cfg.py:3545}}
Aug 07 03:51:55.154828 np0000006701 nova-scheduler[96595]: DEBUG cotyledon.oslo_config_glue [-] oslo_limit.certfile = None {{(pid=96595) log_opt_values /opt/stack/data/venv/lib/python3.12/site-packages/oslo_config/cfg.py:3545}}
Aug 07 03:51:55.154828 np0000006701 nova-scheduler[96595]: DEBUG cotyledon.oslo_config_glue [-] oslo_limit.collect_timing = False {{(pid=96595) log_opt_values /opt/stack/data/venv/lib/python3.12/site-packages/oslo_config/cfg.py:3545}}
Aug 07 03:51:55.154828 np0000006701 nova-scheduler[96595]: DEBUG cotyledon.oslo_config_glue [-] oslo_limit.connect_retries = None {{(pid=96595) log_opt_values /opt/stack/data/venv/lib/python3.12/site-packages/oslo_config/cfg.py:3545}}
Aug 07 03:51:55.154828 np0000006701 nova-scheduler[96595]: DEBUG cotyledon.oslo_config_glue [-] oslo_limit.connect_retry_delay = None {{(pid=96595) log_opt_values /opt/stack/data/venv/lib/python3.12/site-packages/oslo_config/cfg.py:3545}}
Aug 07 03:51:55.154828 np0000006701 nova-scheduler[96595]: DEBUG cotyledon.oslo_config_glue [-] oslo_limit.endpoint_id = None {{(pid=96595) log_opt_values /opt/stack/data/venv/lib/python3.12/site-packages/oslo_config/cfg.py:3545}}
Aug 07 03:51:55.154828 np0000006701 nova-scheduler[96595]: DEBUG cotyledon.oslo_config_glue [-] oslo_limit.endpoint_interface = public {{(pid=96595) log_opt_values /opt/stack/data/venv/lib/python3.12/site-packages/oslo_config/cfg.py:3545}}
Aug 07 03:51:55.154828 np0000006701 nova-scheduler[96595]: DEBUG cotyledon.oslo_config_glue [-] oslo_limit.endpoint_override = None {{(pid=96595) log_opt_values /opt/stack/data/venv/lib/python3.12/site-packages/oslo_config/cfg.py:3545}}
Aug 07 03:51:55.154828 np0000006701 nova-scheduler[96595]: DEBUG cotyledon.oslo_config_glue [-] oslo_limit.endpoint_region_name = None {{(pid=96595) log_opt_values /opt/stack/data/venv/lib/python3.12/site-packages/oslo_config/cfg.py:3545}}
Aug 07 03:51:55.155093 np0000006701 nova-scheduler[96595]: DEBUG cotyledon.oslo_config_glue [-] oslo_limit.endpoint_service_name = None {{(pid=96595) log_opt_values /opt/stack/data/venv/lib/python3.12/site-packages/oslo_config/cfg.py:3545}}
Aug 07 03:51:55.155093 np0000006701 nova-scheduler[96595]: DEBUG cotyledon.oslo_config_glue [-] oslo_limit.endpoint_service_type = None {{(pid=96595) log_opt_values /opt/stack/data/venv/lib/python3.12/site-packages/oslo_config/cfg.py:3545}}
Aug 07 03:51:55.155093 np0000006701 nova-scheduler[96595]: DEBUG cotyledon.oslo_config_glue [-] oslo_limit.insecure = False {{(pid=96595) log_opt_values /opt/stack/data/venv/lib/python3.12/site-packages/oslo_config/cfg.py:3545}}
Aug 07 03:51:55.155093 np0000006701 nova-scheduler[96595]: DEBUG cotyledon.oslo_config_glue [-] oslo_limit.keyfile = None {{(pid=96595) log_opt_values /opt/stack/data/venv/lib/python3.12/site-packages/oslo_config/cfg.py:3545}}
Aug 07 03:51:55.155093 np0000006701 nova-scheduler[96595]: DEBUG cotyledon.oslo_config_glue [-] oslo_limit.max_version = None {{(pid=96595) log_opt_values /opt/stack/data/venv/lib/python3.12/site-packages/oslo_config/cfg.py:3545}}
Aug 07 03:51:55.155093 np0000006701 nova-scheduler[96595]: DEBUG cotyledon.oslo_config_glue [-] oslo_limit.min_version = None {{(pid=96595) log_opt_values /opt/stack/data/venv/lib/python3.12/site-packages/oslo_config/cfg.py:3545}}
Aug 07 03:51:55.155093 np0000006701 nova-scheduler[96595]: DEBUG cotyledon.oslo_config_glue [-] oslo_limit.region_name = None {{(pid=96595) log_opt_values /opt/stack/data/venv/lib/python3.12/site-packages/oslo_config/cfg.py:3545}}
Aug 07 03:51:55.155093 np0000006701 nova-scheduler[96595]: DEBUG cotyledon.oslo_config_glue [-] oslo_limit.retriable_status_codes = None {{(pid=96595) log_opt_values /opt/stack/data/venv/lib/python3.12/site-packages/oslo_config/cfg.py:3545}}
Aug 07 03:51:55.155093 np0000006701 nova-scheduler[96595]: DEBUG cotyledon.oslo_config_glue [-] oslo_limit.service_name = None {{(pid=96595) log_opt_values /opt/stack/data/venv/lib/python3.12/site-packages/oslo_config/cfg.py:3545}}
Aug 07 03:51:55.155344 np0000006701 nova-scheduler[96595]: DEBUG cotyledon.oslo_config_glue [-] oslo_limit.service_type = None {{(pid=96595) log_opt_values /opt/stack/data/venv/lib/python3.12/site-packages/oslo_config/cfg.py:3545}}
Aug 07 03:51:55.155344 np0000006701 nova-scheduler[96595]: DEBUG cotyledon.oslo_config_glue [-] oslo_limit.split_loggers = False {{(pid=96595) log_opt_values /opt/stack/data/venv/lib/python3.12/site-packages/oslo_config/cfg.py:3545}}
Aug 07 03:51:55.155344 np0000006701 nova-scheduler[96595]: DEBUG cotyledon.oslo_config_glue [-] oslo_limit.status_code_retries = None {{(pid=96595) log_opt_values /opt/stack/data/venv/lib/python3.12/site-packages/oslo_config/cfg.py:3545}}
Aug 07 03:51:55.155344 np0000006701 nova-scheduler[96595]: DEBUG cotyledon.oslo_config_glue [-] oslo_limit.status_code_retry_delay = None {{(pid=96595) log_opt_values /opt/stack/data/venv/lib/python3.12/site-packages/oslo_config/cfg.py:3545}}
Aug 07 03:51:55.155344 np0000006701 nova-scheduler[96595]: DEBUG cotyledon.oslo_config_glue [-] oslo_limit.timeout = None {{(pid=96595) log_opt_values /opt/stack/data/venv/lib/python3.12/site-packages/oslo_config/cfg.py:3545}}
Aug 07 03:51:55.155344 np0000006701 nova-scheduler[96595]: DEBUG cotyledon.oslo_config_glue [-] oslo_limit.valid_interfaces = None {{(pid=96595) log_opt_values /opt/stack/data/venv/lib/python3.12/site-packages/oslo_config/cfg.py:3545}}
Aug 07 03:51:55.155344 np0000006701 nova-scheduler[96595]: DEBUG cotyledon.oslo_config_glue [-] oslo_limit.version = None {{(pid=96595) log_opt_values /opt/stack/data/venv/lib/python3.12/site-packages/oslo_config/cfg.py:3545}}
Aug 07 03:51:55.155344 np0000006701 nova-scheduler[96595]: DEBUG cotyledon.oslo_config_glue [-] oslo_reports.file_event_handler = None {{(pid=96595) log_opt_values /opt/stack/data/venv/lib/python3.12/site-packages/oslo_config/cfg.py:3545}}
Aug 07 03:51:55.155344 np0000006701 nova-scheduler[96595]: DEBUG cotyledon.oslo_config_glue [-] oslo_reports.file_event_handler_interval = 1 {{(pid=96595) log_opt_values /opt/stack/data/venv/lib/python3.12/site-packages/oslo_config/cfg.py:3545}}
Aug 07 03:51:55.155589 np0000006701 nova-scheduler[96595]: DEBUG cotyledon.oslo_config_glue [-] oslo_reports.log_dir = None {{(pid=96595) log_opt_values /opt/stack/data/venv/lib/python3.12/site-packages/oslo_config/cfg.py:3545}}
Aug 07 03:51:55.155589 np0000006701 nova-scheduler[96595]: DEBUG cotyledon.oslo_config_glue [-] ******************************************************************************** {{(pid=96595) log_opt_values /opt/stack/data/venv/lib/python3.12/site-packages/oslo_config/cfg.py:3552}}
Aug 07 03:51:55.155589 np0000006701 nova-scheduler[96595]: DEBUG cotyledon._service_worker [-] Run service ServiceWrapper(2) [96595] {{(pid=96595) wait_forever /opt/stack/data/venv/lib/python3.12/site-packages/cotyledon/_service_worker.py:218}}
Aug 07 03:51:55.155589 np0000006701 nova-scheduler[96595]: INFO nova.service [-] Starting scheduler node (version 33.1.0)
Aug 07 03:51:55.155724 np0000006701 nova-scheduler[96591]: DEBUG oslo_db.sqlalchemy.engines [None req-d50a537c-faf1-4ff8-b887-7ad697249c23 None None] MySQL server mode set to STRICT_TRANS_TABLES,STRICT_ALL_TABLES,NO_ZERO_IN_DATE,NO_ZERO_DATE,ERROR_FOR_DIVISION_BY_ZERO,TRADITIONAL,NO_ENGINE_SUBSTITUTION {{(pid=96591) _check_effective_sql_mode /opt/stack/data/venv/lib/python3.12/site-packages/oslo_db/sqlalchemy/engines.py:325}}
Aug 07 03:51:55.155765 np0000006701 nova-scheduler[96595]: INFO dbcounter [None req-ab32ec87-2608-4d22-8ecb-79afdca09ab5 None None] Registered counter for database nova_cell0
Aug 07 03:51:55.163102 np0000006701 nova-scheduler[96591]: DEBUG dbcounter [-] [96591] Writer thread running {{(pid=96591) stat_writer /opt/stack/data/venv/lib/python3.12/site-packages/dbcounter.py:102}}
Aug 07 03:51:55.173028 np0000006701 nova-scheduler[96593]: DEBUG oslo_db.sqlalchemy.engines [None req-9ddae788-31ac-4d35-8844-54ec7494118d None None] MySQL server mode set to STRICT_TRANS_TABLES,STRICT_ALL_TABLES,NO_ZERO_IN_DATE,NO_ZERO_DATE,ERROR_FOR_DIVISION_BY_ZERO,TRADITIONAL,NO_ENGINE_SUBSTITUTION {{(pid=96593) _check_effective_sql_mode /opt/stack/data/venv/lib/python3.12/site-packages/oslo_db/sqlalchemy/engines.py:325}}
Aug 07 03:51:55.179013 np0000006701 nova-scheduler[96591]: DEBUG nova.service [None req-d50a537c-faf1-4ff8-b887-7ad697249c23 None None] Creating RPC server for service: nova-scheduler on topic: scheduler {{(pid=96591) start /opt/stack/nova/nova/service.py:196}}
Aug 07 03:51:55.182617 np0000006701 nova-scheduler[96597]: DEBUG oslo_db.sqlalchemy.engines [None req-bfd9653d-2087-4dcc-a0e2-1521ea634b27 None None] MySQL server mode set to STRICT_TRANS_TABLES,STRICT_ALL_TABLES,NO_ZERO_IN_DATE,NO_ZERO_DATE,ERROR_FOR_DIVISION_BY_ZERO,TRADITIONAL,NO_ENGINE_SUBSTITUTION {{(pid=96597) _check_effective_sql_mode /opt/stack/data/venv/lib/python3.12/site-packages/oslo_db/sqlalchemy/engines.py:325}}
Aug 07 03:51:55.186516 np0000006701 nova-scheduler[96593]: DEBUG dbcounter [-] [96593] Writer thread running {{(pid=96593) stat_writer /opt/stack/data/venv/lib/python3.12/site-packages/dbcounter.py:102}}
Aug 07 03:51:55.189143 np0000006701 nova-scheduler[96597]: DEBUG dbcounter [-] [96597] Writer thread running {{(pid=96597) stat_writer /opt/stack/data/venv/lib/python3.12/site-packages/dbcounter.py:102}}
Aug 07 03:51:55.190449 np0000006701 nova-scheduler[96593]: DEBUG nova.service [None req-9ddae788-31ac-4d35-8844-54ec7494118d None None] Creating RPC server for service: nova-scheduler on topic: scheduler {{(pid=96593) start /opt/stack/nova/nova/service.py:196}}
Aug 07 03:51:55.191876 np0000006701 nova-scheduler[96597]: DEBUG nova.service [None req-bfd9653d-2087-4dcc-a0e2-1521ea634b27 None None] Creating RPC server for service: nova-scheduler on topic: scheduler {{(pid=96597) start /opt/stack/nova/nova/service.py:196}}
Aug 07 03:51:55.196083 np0000006701 nova-scheduler[96595]: DEBUG oslo_db.sqlalchemy.engines [None req-ab32ec87-2608-4d22-8ecb-79afdca09ab5 None None] MySQL server mode set to STRICT_TRANS_TABLES,STRICT_ALL_TABLES,NO_ZERO_IN_DATE,NO_ZERO_DATE,ERROR_FOR_DIVISION_BY_ZERO,TRADITIONAL,NO_ENGINE_SUBSTITUTION {{(pid=96595) _check_effective_sql_mode /opt/stack/data/venv/lib/python3.12/site-packages/oslo_db/sqlalchemy/engines.py:325}}
Aug 07 03:51:55.204966 np0000006701 nova-scheduler[96595]: DEBUG dbcounter [-] [96595] Writer thread running {{(pid=96595) stat_writer /opt/stack/data/venv/lib/python3.12/site-packages/dbcounter.py:102}}
Aug 07 03:51:55.207796 np0000006701 nova-scheduler[96595]: DEBUG nova.service [None req-ab32ec87-2608-4d22-8ecb-79afdca09ab5 None None] Creating RPC server for service: nova-scheduler on topic: scheduler {{(pid=96595) start /opt/stack/nova/nova/service.py:196}}
Aug 07 03:51:55.215873 np0000006701 nova-scheduler[96591]: DEBUG nova.service [None req-d50a537c-faf1-4ff8-b887-7ad697249c23 None None] Join ServiceGroup membership for this service scheduler {{(pid=96591) start /opt/stack/nova/nova/service.py:222}}
Aug 07 03:51:55.215873 np0000006701 nova-scheduler[96591]: DEBUG nova.servicegroup.drivers.db [None req-d50a537c-faf1-4ff8-b887-7ad697249c23 None None] DB_Driver: join new ServiceGroup member np0000006701 to the scheduler group, service = {{(pid=96591) join /opt/stack/nova/nova/servicegroup/drivers/db.py:44}}
Aug 07 03:51:55.224673 np0000006701 nova-scheduler[96593]: DEBUG nova.service [None req-9ddae788-31ac-4d35-8844-54ec7494118d None None] Join ServiceGroup membership for this service scheduler {{(pid=96593) start /opt/stack/nova/nova/service.py:222}}
Aug 07 03:51:55.224673 np0000006701 nova-scheduler[96593]: DEBUG nova.servicegroup.drivers.db [None req-9ddae788-31ac-4d35-8844-54ec7494118d None None] DB_Driver: join new ServiceGroup member np0000006701 to the scheduler group, service = {{(pid=96593) join /opt/stack/nova/nova/servicegroup/drivers/db.py:44}}
Aug 07 03:51:55.227129 np0000006701 nova-scheduler[96597]: DEBUG nova.service [None req-bfd9653d-2087-4dcc-a0e2-1521ea634b27 None None] Join ServiceGroup membership for this service scheduler {{(pid=96597) start /opt/stack/nova/nova/service.py:222}}
Aug 07 03:51:55.227360 np0000006701 nova-scheduler[96597]: DEBUG nova.servicegroup.drivers.db [None req-bfd9653d-2087-4dcc-a0e2-1521ea634b27 None None] DB_Driver: join new ServiceGroup member np0000006701 to the scheduler group, service = {{(pid=96597) join /opt/stack/nova/nova/servicegroup/drivers/db.py:44}}
Aug 07 03:51:55.227920 np0000006701 nova-scheduler[96595]: DEBUG nova.service [None req-ab32ec87-2608-4d22-8ecb-79afdca09ab5 None None] Join ServiceGroup membership for this service scheduler {{(pid=96595) start /opt/stack/nova/nova/service.py:222}}
Aug 07 03:51:55.228166 np0000006701 nova-scheduler[96595]: DEBUG nova.servicegroup.drivers.db [None req-ab32ec87-2608-4d22-8ecb-79afdca09ab5 None None] DB_Driver: join new ServiceGroup member np0000006701 to the scheduler group, service = {{(pid=96595) join /opt/stack/nova/nova/servicegroup/drivers/db.py:44}}
Aug 07 03:52:00.235482 np0000006701 nova-scheduler[96591]: DEBUG oslo.service.backend._threading.loopingcall [-] Fixed interval looping call 'nova.servicegroup.drivers.db.DbDriver._report_state' sleeping for 119.98 seconds {{(pid=96591) _run_loop /opt/stack/data/venv/lib/python3.12/site-packages/oslo_service/backend/_threading/loopingcall.py:125}}
Aug 07 03:52:00.239063 np0000006701 nova-scheduler[96597]: DEBUG oslo.service.backend._threading.loopingcall [-] Fixed interval looping call 'nova.servicegroup.drivers.db.DbDriver._report_state' sleeping for 119.99 seconds {{(pid=96597) _run_loop /opt/stack/data/venv/lib/python3.12/site-packages/oslo_service/backend/_threading/loopingcall.py:125}}
Aug 07 03:52:00.244359 np0000006701 nova-scheduler[96593]: DEBUG oslo.service.backend._threading.loopingcall [-] Fixed interval looping call 'nova.servicegroup.drivers.db.DbDriver._report_state' sleeping for 119.98 seconds {{(pid=96593) _run_loop /opt/stack/data/venv/lib/python3.12/site-packages/oslo_service/backend/_threading/loopingcall.py:125}}
Aug 07 03:52:00.247319 np0000006701 nova-scheduler[96595]: DEBUG oslo.service.backend._threading.loopingcall [-] Fixed interval looping call 'nova.servicegroup.drivers.db.DbDriver._report_state' sleeping for 119.98 seconds {{(pid=96595) _run_loop /opt/stack/data/venv/lib/python3.12/site-packages/oslo_service/backend/_threading/loopingcall.py:125}}
Aug 07 03:52:02.217432 np0000006701 nova-scheduler[96591]: DEBUG oslo.service.backend._threading.loopingcall [None req-777f5438-bca2-4b96-92f9-9b57d46c9db2 None None] Dynamic interval looping call 'nova.service.Service.periodic_tasks' sleeping for 60.00 seconds {{(pid=96591) _run_loop /opt/stack/data/venv/lib/python3.12/site-packages/oslo_service/backend/_threading/loopingcall.py:125}}
Aug 07 03:52:03.759265 np0000006701 nova-scheduler[95385]: DEBUG dbcounter [-] [95385] Writing DB stats nova_api:SELECT=3 {{(pid=95385) stat_writer /opt/stack/data/venv/lib/python3.12/site-packages/dbcounter.py:115}}
Aug 07 03:52:03.880793 np0000006701 nova-scheduler[95385]: DEBUG dbcounter [-] [95385] Writing DB stats nova_cell0:SELECT=1 {{(pid=95385) stat_writer /opt/stack/data/venv/lib/python3.12/site-packages/dbcounter.py:115}}
Aug 07 03:52:03.886001 np0000006701 nova-scheduler[95385]: DEBUG dbcounter [-] [95385] Writing DB stats nova_cell1:SELECT=1 {{(pid=95385) stat_writer /opt/stack/data/venv/lib/python3.12/site-packages/dbcounter.py:115}}
Aug 07 03:52:10.228627 np0000006701 nova-scheduler[96591]: DEBUG dbcounter [-] [96591] Writing DB stats nova_cell0:SELECT=4,nova_cell0:INSERT=1,nova_cell0:UPDATE=1 {{(pid=96591) stat_writer /opt/stack/data/venv/lib/python3.12/site-packages/dbcounter.py:115}}
Aug 07 03:52:10.236262 np0000006701 nova-scheduler[96597]: DEBUG dbcounter [-] [96597] Writing DB stats nova_cell0:SELECT=3 {{(pid=96597) stat_writer /opt/stack/data/venv/lib/python3.12/site-packages/dbcounter.py:115}}
Aug 07 03:52:10.237888 np0000006701 nova-scheduler[96593]: DEBUG dbcounter [-] [96593] Writing DB stats nova_cell0:SELECT=3 {{(pid=96593) stat_writer /opt/stack/data/venv/lib/python3.12/site-packages/dbcounter.py:115}}
Aug 07 03:52:10.243716 np0000006701 nova-scheduler[96595]: DEBUG dbcounter [-] [96595] Writing DB stats nova_cell0:SELECT=3 {{(pid=96595) stat_writer /opt/stack/data/venv/lib/python3.12/site-packages/dbcounter.py:115}}
Aug 07 03:52:27.229769 np0000006701 nova-scheduler[96597]: DEBUG oslo.service.backend._threading.loopingcall [None req-5610a165-0fbb-41cb-8189-d68d125cb32d None None] Dynamic interval looping call 'nova.service.Service.periodic_tasks' sleeping for 60.00 seconds {{(pid=96597) _run_loop /opt/stack/data/venv/lib/python3.12/site-packages/oslo_service/backend/_threading/loopingcall.py:125}}
Aug 07 03:52:35.226550 np0000006701 nova-scheduler[96593]: DEBUG oslo.service.backend._threading.loopingcall [None req-85f224c7-7e0b-4b98-a1a7-94a664d3d668 None None] Dynamic interval looping call 'nova.service.Service.periodic_tasks' sleeping for 60.00 seconds {{(pid=96593) _run_loop /opt/stack/data/venv/lib/python3.12/site-packages/oslo_service/backend/_threading/loopingcall.py:125}}
Aug 07 03:52:37.229962 np0000006701 nova-scheduler[96595]: DEBUG oslo.service.backend._threading.loopingcall [None req-14a35080-47fc-47d0-aa73-a287d34f2c4f None None] Dynamic interval looping call 'nova.service.Service.periodic_tasks' sleeping for 60.00 seconds {{(pid=96595) _run_loop /opt/stack/data/venv/lib/python3.12/site-packages/oslo_service/backend/_threading/loopingcall.py:125}}
Aug 07 03:53:02.218002 np0000006701 nova-scheduler[96591]: DEBUG oslo.service.backend._threading.loopingcall [None req-777f5438-bca2-4b96-92f9-9b57d46c9db2 None None] Dynamic interval looping call 'nova.service.Service.periodic_tasks' sleeping for 60.00 seconds {{(pid=96591) _run_loop /opt/stack/data/venv/lib/python3.12/site-packages/oslo_service/backend/_threading/loopingcall.py:125}}
Aug 07 03:53:27.230271 np0000006701 nova-scheduler[96597]: DEBUG oslo.service.backend._threading.loopingcall [None req-5610a165-0fbb-41cb-8189-d68d125cb32d None None] Dynamic interval looping call 'nova.service.Service.periodic_tasks' sleeping for 60.00 seconds {{(pid=96597) _run_loop /opt/stack/data/venv/lib/python3.12/site-packages/oslo_service/backend/_threading/loopingcall.py:125}}
Aug 07 03:53:35.227062 np0000006701 nova-scheduler[96593]: DEBUG oslo.service.backend._threading.loopingcall [None req-85f224c7-7e0b-4b98-a1a7-94a664d3d668 None None] Dynamic interval looping call 'nova.service.Service.periodic_tasks' sleeping for 60.00 seconds {{(pid=96593) _run_loop /opt/stack/data/venv/lib/python3.12/site-packages/oslo_service/backend/_threading/loopingcall.py:125}}
Aug 07 03:53:37.230411 np0000006701 nova-scheduler[96595]: DEBUG oslo.service.backend._threading.loopingcall [None req-14a35080-47fc-47d0-aa73-a287d34f2c4f None None] Dynamic interval looping call 'nova.service.Service.periodic_tasks' sleeping for 60.00 seconds {{(pid=96595) _run_loop /opt/stack/data/venv/lib/python3.12/site-packages/oslo_service/backend/_threading/loopingcall.py:125}}
Aug 07 03:54:00.222917 np0000006701 nova-scheduler[96591]: DEBUG oslo.service.backend._threading.loopingcall [-] Fixed interval looping call 'nova.servicegroup.drivers.db.DbDriver._report_state' sleeping for 119.99 seconds {{(pid=96591) _run_loop /opt/stack/data/venv/lib/python3.12/site-packages/oslo_service/backend/_threading/loopingcall.py:125}}
Aug 07 03:54:00.228905 np0000006701 nova-scheduler[96593]: DEBUG oslo.service.backend._threading.loopingcall [-] Fixed interval looping call 'nova.servicegroup.drivers.db.DbDriver._report_state' sleeping for 120.00 seconds {{(pid=96593) _run_loop /opt/stack/data/venv/lib/python3.12/site-packages/oslo_service/backend/_threading/loopingcall.py:125}}
Aug 07 03:54:00.233370 np0000006701 nova-scheduler[96595]: DEBUG oslo.service.backend._threading.loopingcall [-] Fixed interval looping call 'nova.servicegroup.drivers.db.DbDriver._report_state' sleeping for 119.99 seconds {{(pid=96595) _run_loop /opt/stack/data/venv/lib/python3.12/site-packages/oslo_service/backend/_threading/loopingcall.py:125}}
Aug 07 03:54:00.233736 np0000006701 nova-scheduler[96597]: DEBUG oslo.service.backend._threading.loopingcall [-] Fixed interval looping call 'nova.servicegroup.drivers.db.DbDriver._report_state' sleeping for 120.00 seconds {{(pid=96597) _run_loop /opt/stack/data/venv/lib/python3.12/site-packages/oslo_service/backend/_threading/loopingcall.py:125}}
Aug 07 03:54:02.218564 np0000006701 nova-scheduler[96591]: DEBUG oslo.service.backend._threading.loopingcall [None req-777f5438-bca2-4b96-92f9-9b57d46c9db2 None None] Dynamic interval looping call 'nova.service.Service.periodic_tasks' sleeping for 60.00 seconds {{(pid=96591) _run_loop /opt/stack/data/venv/lib/python3.12/site-packages/oslo_service/backend/_threading/loopingcall.py:125}}
Aug 07 03:54:10.219138 np0000006701 nova-scheduler[96591]: DEBUG dbcounter [-] [96591] Writing DB stats nova_cell0:SELECT=1,nova_cell0:UPDATE=1 {{(pid=96591) stat_writer /opt/stack/data/venv/lib/python3.12/site-packages/dbcounter.py:115}}
Aug 07 03:54:10.226781 np0000006701 nova-scheduler[96593]: DEBUG dbcounter [-] [96593] Writing DB stats nova_cell0:SELECT=1 {{(pid=96593) stat_writer /opt/stack/data/venv/lib/python3.12/site-packages/dbcounter.py:115}}
Aug 07 03:54:10.230168 np0000006701 nova-scheduler[96595]: DEBUG dbcounter [-] [96595] Writing DB stats nova_cell0:SELECT=1 {{(pid=96595) stat_writer /opt/stack/data/venv/lib/python3.12/site-packages/dbcounter.py:115}}
Aug 07 03:54:10.231696 np0000006701 nova-scheduler[96597]: DEBUG dbcounter [-] [96597] Writing DB stats nova_cell0:SELECT=1 {{(pid=96597) stat_writer /opt/stack/data/venv/lib/python3.12/site-packages/dbcounter.py:115}}
Aug 07 03:54:12.219795 np0000006701 nova-scheduler[96591]: DEBUG nova.scheduler.manager [None req-28d604a2-9228-4f47-a5e6-e74da80ee160 tempest-ServerActionsTestOtherB-259951653 tempest-ServerActionsTestOtherB-259951653-project-member] Starting to schedule for instances: ['905b999f-3020-4f78-b0eb-f5927a3f583a'] {{(pid=96591) select_destinations /opt/stack/nova/nova/scheduler/manager.py:209}}
Aug 07 03:54:12.221020 np0000006701 nova-scheduler[96591]: DEBUG nova.scheduler.request_filter [None req-28d604a2-9228-4f47-a5e6-e74da80ee160 tempest-ServerActionsTestOtherB-259951653 tempest-ServerActionsTestOtherB-259951653-project-member] compute_status_filter request filter added forbidden trait COMPUTE_STATUS_DISABLED {{(pid=96591) compute_status_filter /opt/stack/nova/nova/scheduler/request_filter.py:253}}
Aug 07 03:54:12.221248 np0000006701 nova-scheduler[96591]: DEBUG nova.scheduler.request_filter [None req-28d604a2-9228-4f47-a5e6-e74da80ee160 tempest-ServerActionsTestOtherB-259951653 tempest-ServerActionsTestOtherB-259951653-project-member] Request filter 'compute_status_filter' took 0.0 seconds {{(pid=96591) wrapper /opt/stack/nova/nova/scheduler/request_filter.py:46}}
Aug 07 03:54:12.221555 np0000006701 nova-scheduler[96591]: DEBUG nova.scheduler.request_filter [None req-28d604a2-9228-4f47-a5e6-e74da80ee160 tempest-ServerActionsTestOtherB-259951653 tempest-ServerActionsTestOtherB-259951653-project-member] Request filter 'accelerators_filter' took 0.0 seconds {{(pid=96591) wrapper /opt/stack/nova/nova/scheduler/request_filter.py:46}}
Aug 07 03:54:12.221943 np0000006701 nova-scheduler[96591]: DEBUG nova.scheduler.request_filter [None req-28d604a2-9228-4f47-a5e6-e74da80ee160 tempest-ServerActionsTestOtherB-259951653 tempest-ServerActionsTestOtherB-259951653-project-member] Request filter 'packed_virtqueue_filter' took 0.0 seconds {{(pid=96591) wrapper /opt/stack/nova/nova/scheduler/request_filter.py:46}}
Aug 07 03:54:12.222392 np0000006701 nova-scheduler[96591]: DEBUG nova.scheduler.request_filter [None req-28d604a2-9228-4f47-a5e6-e74da80ee160 tempest-ServerActionsTestOtherB-259951653 tempest-ServerActionsTestOtherB-259951653-project-member] Request filter 'remote_managed_ports_filter' took 0.0 seconds {{(pid=96591) wrapper /opt/stack/nova/nova/scheduler/request_filter.py:46}}
Aug 07 03:54:12.222611 np0000006701 nova-scheduler[96591]: DEBUG nova.scheduler.request_filter [None req-28d604a2-9228-4f47-a5e6-e74da80ee160 tempest-ServerActionsTestOtherB-259951653 tempest-ServerActionsTestOtherB-259951653-project-member] ephemeral_encryption_filter skipped {{(pid=96591) ephemeral_encryption_filter /opt/stack/nova/nova/scheduler/request_filter.py:426}}
Aug 07 03:54:12.223413 np0000006701 nova-scheduler[96591]: DEBUG nova.scheduler.request_filter [None req-28d604a2-9228-4f47-a5e6-e74da80ee160 tempest-ServerActionsTestOtherB-259951653 tempest-ServerActionsTestOtherB-259951653-project-member] virtio_sound_filter skipped {{(pid=96591) virtio_sound_filter /opt/stack/nova/nova/scheduler/request_filter.py:460}}
Aug 07 03:54:12.223646 np0000006701 nova-scheduler[96591]: DEBUG nova.scheduler.request_filter [None req-28d604a2-9228-4f47-a5e6-e74da80ee160 tempest-ServerActionsTestOtherB-259951653 tempest-ServerActionsTestOtherB-259951653-project-member] tpm_secret_security_filter skipped {{(pid=96591) tpm_secret_security_filter /opt/stack/nova/nova/scheduler/request_filter.py:477}}
Aug 07 03:54:12.984580 np0000006701 nova-scheduler[96591]: INFO nova.utils [None req-28d604a2-9228-4f47-a5e6-e74da80ee160 tempest-ServerActionsTestOtherB-259951653 tempest-ServerActionsTestOtherB-259951653-project-member] The cell worker thread pool ForkProcess-1.cell_worker is initialized
Aug 07 03:54:12.984849 np0000006701 nova-scheduler[96591]: DEBUG oslo_concurrency.lockutils [None req-28d604a2-9228-4f47-a5e6-e74da80ee160 tempest-ServerActionsTestOtherB-259951653 tempest-ServerActionsTestOtherB-259951653-project-member] Acquiring lock "6c255b11-3ff5-4e0e-a32d-81aae5f0588e" by "nova.context.set_target_cell..get_or_set_cached_cell_and_set_connections" {{(pid=96591) inner /opt/stack/data/venv/lib/python3.12/site-packages/oslo_concurrency/lockutils.py:512}}
Aug 07 03:54:12.985107 np0000006701 nova-scheduler[96591]: DEBUG oslo_concurrency.lockutils [None req-28d604a2-9228-4f47-a5e6-e74da80ee160 tempest-ServerActionsTestOtherB-259951653 tempest-ServerActionsTestOtherB-259951653-project-member] Lock "6c255b11-3ff5-4e0e-a32d-81aae5f0588e" acquired by "nova.context.set_target_cell..get_or_set_cached_cell_and_set_connections" :: waited 0.000s {{(pid=96591) inner /opt/stack/data/venv/lib/python3.12/site-packages/oslo_concurrency/lockutils.py:525}}
Aug 07 03:54:12.986310 np0000006701 nova-scheduler[96591]: DEBUG oslo_concurrency.lockutils [None req-28d604a2-9228-4f47-a5e6-e74da80ee160 tempest-ServerActionsTestOtherB-259951653 tempest-ServerActionsTestOtherB-259951653-project-member] Lock "6c255b11-3ff5-4e0e-a32d-81aae5f0588e" "released" by "nova.context.set_target_cell..get_or_set_cached_cell_and_set_connections" :: held 0.001s {{(pid=96591) inner /opt/stack/data/venv/lib/python3.12/site-packages/oslo_concurrency/lockutils.py:544}}
Aug 07 03:54:12.987846 np0000006701 nova-scheduler[96591]: INFO dbcounter [None req-28d604a2-9228-4f47-a5e6-e74da80ee160 tempest-ServerActionsTestOtherB-259951653 tempest-ServerActionsTestOtherB-259951653-project-member] Registered counter for database nova_cell1
Aug 07 03:54:13.053821 np0000006701 nova-scheduler[96591]: DEBUG oslo_db.sqlalchemy.engines [None req-28d604a2-9228-4f47-a5e6-e74da80ee160 tempest-ServerActionsTestOtherB-259951653 tempest-ServerActionsTestOtherB-259951653-project-member] MySQL server mode set to STRICT_TRANS_TABLES,STRICT_ALL_TABLES,NO_ZERO_IN_DATE,NO_ZERO_DATE,ERROR_FOR_DIVISION_BY_ZERO,TRADITIONAL,NO_ENGINE_SUBSTITUTION {{(pid=96591) _check_effective_sql_mode /opt/stack/data/venv/lib/python3.12/site-packages/oslo_db/sqlalchemy/engines.py:325}}
Aug 07 03:54:13.061320 np0000006701 nova-scheduler[96591]: DEBUG dbcounter [-] [96591] Writer thread running {{(pid=96591) stat_writer /opt/stack/data/venv/lib/python3.12/site-packages/dbcounter.py:102}}
Aug 07 03:54:13.078267 np0000006701 nova-scheduler[96591]: DEBUG oslo_db.sqlalchemy.engines [None req-28d604a2-9228-4f47-a5e6-e74da80ee160 tempest-ServerActionsTestOtherB-259951653 tempest-ServerActionsTestOtherB-259951653-project-member] Parent process 95385 forked (96591) with an open database connection, which is being discarded and recreated. {{(pid=96591) checkout /opt/stack/data/venv/lib/python3.12/site-packages/oslo_db/sqlalchemy/engines.py:402}}
Aug 07 03:54:13.138812 np0000006701 nova-scheduler[96591]: DEBUG dbcounter [-] [96591] Writer thread running {{(pid=96591) stat_writer /opt/stack/data/venv/lib/python3.12/site-packages/dbcounter.py:102}}
Aug 07 03:54:13.141762 np0000006701 nova-scheduler[96591]: DEBUG oslo_concurrency.lockutils [None req-28d604a2-9228-4f47-a5e6-e74da80ee160 tempest-ServerActionsTestOtherB-259951653 tempest-ServerActionsTestOtherB-259951653-project-member] Acquiring lock "6c255b11-3ff5-4e0e-a32d-81aae5f0588e" by "nova.context.set_target_cell..get_or_set_cached_cell_and_set_connections" {{(pid=96591) inner /opt/stack/data/venv/lib/python3.12/site-packages/oslo_concurrency/lockutils.py:512}}
Aug 07 03:54:13.141934 np0000006701 nova-scheduler[96591]: DEBUG oslo_concurrency.lockutils [None req-28d604a2-9228-4f47-a5e6-e74da80ee160 tempest-ServerActionsTestOtherB-259951653 tempest-ServerActionsTestOtherB-259951653-project-member] Lock "6c255b11-3ff5-4e0e-a32d-81aae5f0588e" acquired by "nova.context.set_target_cell..get_or_set_cached_cell_and_set_connections" :: waited 0.000s {{(pid=96591) inner /opt/stack/data/venv/lib/python3.12/site-packages/oslo_concurrency/lockutils.py:525}}
