Aug 15 00:01:57.622552 np0000007349 devstack@g-api.service[103024]: DEBUG swiftclient [None req-b652c42c-2170-4d50-a035-d73d39d709b1 tempest-VolumesActionsTest-75463709 tempest-VolumesActionsTest-75463709-project-member] RESP HEADERS: {'Date': 'Sat, 15 Aug 2026 00:01:57 GMT', 'Server': 'Apache/2.4.58 (Ubuntu)', 'Content-Type': 'text/html; charset=UTF-8', 'Content-Length': '0', 'Etag': 'eda9a9889837ac4bc81d6387d92c1bec', 'Last-Modified': 'Sat, 15 Aug 2026 00:01:55 GMT', 'X-Trans-Id': 'tx3abf2f05221949379ab4f-006a7fac72', 'X-Openstack-Request-Id': 'tx3abf2f05221949379ab4f-006a7fac72', 'Connection': 'close'} {{(pid=103024) http_log /opt/stack/data/venv/lib/python3.12/site-packages/swiftclient/client.py:162}}
Aug 15 00:01:57.622552 np0000007349 devstack@g-api.service[103024]: DEBUG glance_store._drivers.swift.store [None req-b652c42c-2170-4d50-a035-d73d39d709b1 tempest-VolumesActionsTest-75463709 tempest-VolumesActionsTest-75463709-project-member] Wrote chunk 84710692-431a-4c30-909f-53e98c5f736f-00001 (1/?) of length 204800000 to Swift returning MD5 of content: eda9a9889837ac4bc81d6387d92c1bec {{(pid=103024) add /opt/stack/data/venv/lib/python3.12/site-packages/glance_store/_drivers/swift/store.py:1059}}
Aug 15 00:01:57.887533 np0000007349 devstack@g-api.service[103025]: DEBUG glance.api.middleware.version_negotiation [None req-e16975ed-0666-4ccc-8f44-8068539c9d4b tempest-VolumesActionsTest-75463709 tempest-VolumesActionsTest-75463709-project-member] Determining version of request: GET /v2/images/84710692-431a-4c30-909f-53e98c5f736f Accept: application/json {{(pid=103025) process_request /opt/stack/glance/glance/api/middleware/version_negotiation.py:44}}
Aug 15 00:01:57.887972 np0000007349 devstack@g-api.service[103025]: DEBUG glance.api.middleware.version_negotiation [None req-e16975ed-0666-4ccc-8f44-8068539c9d4b tempest-VolumesActionsTest-75463709 tempest-VolumesActionsTest-75463709-project-member] Using url versioning {{(pid=103025) process_request /opt/stack/glance/glance/api/middleware/version_negotiation.py:57}}
Aug 15 00:01:57.888123 np0000007349 devstack@g-api.service[103025]: DEBUG glance.api.middleware.version_negotiation [None req-e16975ed-0666-4ccc-8f44-8068539c9d4b tempest-VolumesActionsTest-75463709 tempest-VolumesActionsTest-75463709-project-member] Matched version: v2 {{(pid=103025) process_request /opt/stack/glance/glance/api/middleware/version_negotiation.py:69}}
Aug 15 00:01:57.888555 np0000007349 devstack@g-api.service[103025]: DEBUG glance.api.middleware.version_negotiation [None req-e16975ed-0666-4ccc-8f44-8068539c9d4b tempest-VolumesActionsTest-75463709 tempest-VolumesActionsTest-75463709-project-member] new path /v2/images/84710692-431a-4c30-909f-53e98c5f736f {{(pid=103025) process_request /opt/stack/glance/glance/api/middleware/version_negotiation.py:70}}
Aug 15 00:01:57.898915 np0000007349 devstack@g-api.service[103025]: [pid: 103025|app: 0|req: 84/325] 127.0.0.1 () {40 vars in 838 bytes} [Sat Aug 15 00:01:57 2026] GET /v2/images/84710692-431a-4c30-909f-53e98c5f736f => generated 650 bytes in 12 msecs (HTTP/1.1 200) 4 headers in 157 bytes (1 switches on core 0)
Aug 15 00:01:58.909084 np0000007349 devstack@g-api.service[103027]: DEBUG glance.api.middleware.version_negotiation [None req-5e912ecf-2e25-48c4-9caf-33184192fd7a tempest-VolumesActionsTest-75463709 tempest-VolumesActionsTest-75463709-project-member] Determining version of request: GET /v2/images/84710692-431a-4c30-909f-53e98c5f736f Accept: application/json {{(pid=103027) process_request /opt/stack/glance/glance/api/middleware/version_negotiation.py:44}}
Aug 15 00:01:58.909960 np0000007349 devstack@g-api.service[103027]: DEBUG glance.api.middleware.version_negotiation [None req-5e912ecf-2e25-48c4-9caf-33184192fd7a tempest-VolumesActionsTest-75463709 tempest-VolumesActionsTest-75463709-project-member] Using url versioning {{(pid=103027) process_request /opt/stack/glance/glance/api/middleware/version_negotiation.py:57}}
Aug 15 00:01:58.911071 np0000007349 devstack@g-api.service[103027]: DEBUG glance.api.middleware.version_negotiation [None req-5e912ecf-2e25-48c4-9caf-33184192fd7a tempest-VolumesActionsTest-75463709 tempest-VolumesActionsTest-75463709-project-member] Matched version: v2 {{(pid=103027) process_request /opt/stack/glance/glance/api/middleware/version_negotiation.py:69}}
Aug 15 00:01:58.911385 np0000007349 devstack@g-api.service[103027]: DEBUG glance.api.middleware.version_negotiation [None req-5e912ecf-2e25-48c4-9caf-33184192fd7a tempest-VolumesActionsTest-75463709 tempest-VolumesActionsTest-75463709-project-member] new path /v2/images/84710692-431a-4c30-909f-53e98c5f736f {{(pid=103027) process_request /opt/stack/glance/glance/api/middleware/version_negotiation.py:70}}
Aug 15 00:01:58.935261 np0000007349 devstack@g-api.service[103027]: [pid: 103027|app: 0|req: 84/326] 127.0.0.1 () {40 vars in 838 bytes} [Sat Aug 15 00:01:58 2026] GET /v2/images/84710692-431a-4c30-909f-53e98c5f736f => generated 650 bytes in 27 msecs (HTTP/1.1 200) 4 headers in 157 bytes (1 switches on core 0)
Aug 15 00:01:59.948136 np0000007349 devstack@g-api.service[103026]: DEBUG glance.api.middleware.version_negotiation [None req-8d60dce6-0355-4aeb-b1ed-ead7da80ac34 tempest-VolumesActionsTest-75463709 tempest-VolumesActionsTest-75463709-project-member] Determining version of request: GET /v2/images/84710692-431a-4c30-909f-53e98c5f736f Accept: application/json {{(pid=103026) process_request /opt/stack/glance/glance/api/middleware/version_negotiation.py:44}}
Aug 15 00:01:59.948481 np0000007349 devstack@g-api.service[103026]: DEBUG glance.api.middleware.version_negotiation [None req-8d60dce6-0355-4aeb-b1ed-ead7da80ac34 tempest-VolumesActionsTest-75463709 tempest-VolumesActionsTest-75463709-project-member] Using url versioning {{(pid=103026) process_request /opt/stack/glance/glance/api/middleware/version_negotiation.py:57}}
Aug 15 00:01:59.948529 np0000007349 devstack@g-api.service[103026]: DEBUG glance.api.middleware.version_negotiation [None req-8d60dce6-0355-4aeb-b1ed-ead7da80ac34 tempest-VolumesActionsTest-75463709 tempest-VolumesActionsTest-75463709-project-member] Matched version: v2 {{(pid=103026) process_request /opt/stack/glance/glance/api/middleware/version_negotiation.py:69}}
Aug 15 00:01:59.948745 np0000007349 devstack@g-api.service[103026]: DEBUG glance.api.middleware.version_negotiation [None req-8d60dce6-0355-4aeb-b1ed-ead7da80ac34 tempest-VolumesActionsTest-75463709 tempest-VolumesActionsTest-75463709-project-member] new path /v2/images/84710692-431a-4c30-909f-53e98c5f736f {{(pid=103026) process_request /opt/stack/glance/glance/api/middleware/version_negotiation.py:70}}
Aug 15 00:01:59.958647 np0000007349 devstack@g-api.service[103024]: DEBUG swiftclient [None req-b652c42c-2170-4d50-a035-d73d39d709b1 tempest-VolumesActionsTest-75463709 tempest-VolumesActionsTest-75463709-project-member] REQ: curl -i https://10.4.3.101:8080/v1/AUTH_4fe8f77fae244a11b10fec1be859304b/glance/84710692-431a-4c30-909f-53e98c5f736f-00002 -X PUT -H "X-Auth-Token: gAAAAABqf6xyZx7F..." {{(pid=103024) http_log /opt/stack/data/venv/lib/python3.12/site-packages/swiftclient/client.py:160}}
Aug 15 00:01:59.958647 np0000007349 devstack@g-api.service[103024]: DEBUG swiftclient [None req-b652c42c-2170-4d50-a035-d73d39d709b1 tempest-VolumesActionsTest-75463709 tempest-VolumesActionsTest-75463709-project-member] RESP STATUS: 201 Created {{(pid=103024) http_log /opt/stack/data/venv/lib/python3.12/site-packages/swiftclient/client.py:161}}
Aug 15 00:01:59.960062 np0000007349 devstack@g-api.service[103024]: DEBUG swiftclient [None req-b652c42c-2170-4d50-a035-d73d39d709b1 tempest-VolumesActionsTest-75463709 tempest-VolumesActionsTest-75463709-project-member] RESP HEADERS: {'Date': 'Sat, 15 Aug 2026 00:01:59 GMT', 'Server': 'Apache/2.4.58 (Ubuntu)', 'Content-Type': 'text/html; charset=UTF-8', 'Content-Length': '0', 'Etag': 'eda9a9889837ac4bc81d6387d92c1bec', 'Last-Modified': 'Sat, 15 Aug 2026 00:01:58 GMT', 'X-Trans-Id': 'tx6797b5e03b7744e7ab801-006a7fac75', 'X-Openstack-Request-Id': 'tx6797b5e03b7744e7ab801-006a7fac75', 'Connection': 'close'} {{(pid=103024) http_log /opt/stack/data/venv/lib/python3.12/site-packages/swiftclient/client.py:162}}
Aug 15 00:01:59.960062 np0000007349 devstack@g-api.service[103024]: DEBUG glance_store._drivers.swift.store [None req-b652c42c-2170-4d50-a035-d73d39d709b1 tempest-VolumesActionsTest-75463709 tempest-VolumesActionsTest-75463709-project-member] Wrote chunk 84710692-431a-4c30-909f-53e98c5f736f-00002 (2/?) of length 204800000 to Swift returning MD5 of content: eda9a9889837ac4bc81d6387d92c1bec {{(pid=103024) add /opt/stack/data/venv/lib/python3.12/site-packages/glance_store/_drivers/swift/store.py:1059}}
Aug 15 00:01:59.963559 np0000007349 devstack@g-api.service[103026]: [pid: 103026|app: 0|req: 79/327] 127.0.0.1 () {40 vars in 838 bytes} [Sat Aug 15 00:01:59 2026] GET /v2/images/84710692-431a-4c30-909f-53e98c5f736f => generated 650 bytes in 15 msecs (HTTP/1.1 200) 4 headers in 157 bytes (1 switches on core 0)
Aug 15 00:02:00.975378 np0000007349 devstack@g-api.service[103025]: DEBUG glance.api.middleware.version_negotiation [None req-088a9add-51bf-4455-aef9-44883bbbd553 tempest-VolumesActionsTest-75463709 tempest-VolumesActionsTest-75463709-project-member] Determining version of request: GET /v2/images/84710692-431a-4c30-909f-53e98c5f736f Accept: application/json {{(pid=103025) process_request /opt/stack/glance/glance/api/middleware/version_negotiation.py:44}}
Aug 15 00:02:00.975785 np0000007349 devstack@g-api.service[103025]: DEBUG glance.api.middleware.version_negotiation [None req-088a9add-51bf-4455-aef9-44883bbbd553 tempest-VolumesActionsTest-75463709 tempest-VolumesActionsTest-75463709-project-member] Using url versioning {{(pid=103025) process_request /opt/stack/glance/glance/api/middleware/version_negotiation.py:57}}
Aug 15 00:02:00.975785 np0000007349 devstack@g-api.service[103025]: DEBUG glance.api.middleware.version_negotiation [None req-088a9add-51bf-4455-aef9-44883bbbd553 tempest-VolumesActionsTest-75463709 tempest-VolumesActionsTest-75463709-project-member] Matched version: v2 {{(pid=103025) process_request /opt/stack/glance/glance/api/middleware/version_negotiation.py:69}}
Aug 15 00:02:00.975908 np0000007349 devstack@g-api.service[103025]: DEBUG glance.api.middleware.version_negotiation [None req-088a9add-51bf-4455-aef9-44883bbbd553 tempest-VolumesActionsTest-75463709 tempest-VolumesActionsTest-75463709-project-member] new path /v2/images/84710692-431a-4c30-909f-53e98c5f736f {{(pid=103025) process_request /opt/stack/glance/glance/api/middleware/version_negotiation.py:70}}
Aug 15 00:02:00.996879 np0000007349 devstack@g-api.service[103025]: [pid: 103025|app: 0|req: 85/328] 127.0.0.1 () {40 vars in 838 bytes} [Sat Aug 15 00:02:00 2026] GET /v2/images/84710692-431a-4c30-909f-53e98c5f736f => generated 650 bytes in 21 msecs (HTTP/1.1 200) 4 headers in 157 bytes (1 switches on core 0)
Aug 15 00:02:02.011198 np0000007349 devstack@g-api.service[103027]: DEBUG glance.api.middleware.version_negotiation [None req-7b7f149c-ba76-41f1-9d9c-9be7207e023d tempest-VolumesActionsTest-75463709 tempest-VolumesActionsTest-75463709-project-member] Determining version of request: GET /v2/images/84710692-431a-4c30-909f-53e98c5f736f Accept: application/json {{(pid=103027) process_request /opt/stack/glance/glance/api/middleware/version_negotiation.py:44}}
Aug 15 00:02:02.011882 np0000007349 devstack@g-api.service[103027]: DEBUG glance.api.middleware.version_negotiation [None req-7b7f149c-ba76-41f1-9d9c-9be7207e023d tempest-VolumesActionsTest-75463709 tempest-VolumesActionsTest-75463709-project-member] Using url versioning {{(pid=103027) process_request /opt/stack/glance/glance/api/middleware/version_negotiation.py:57}}
Aug 15 00:02:02.011882 np0000007349 devstack@g-api.service[103027]: DEBUG glance.api.middleware.version_negotiation [None req-7b7f149c-ba76-41f1-9d9c-9be7207e023d tempest-VolumesActionsTest-75463709 tempest-VolumesActionsTest-75463709-project-member] Matched version: v2 {{(pid=103027) process_request /opt/stack/glance/glance/api/middleware/version_negotiation.py:69}}
Aug 15 00:02:02.011882 np0000007349 devstack@g-api.service[103027]: DEBUG glance.api.middleware.version_negotiation [None req-7b7f149c-ba76-41f1-9d9c-9be7207e023d tempest-VolumesActionsTest-75463709 tempest-VolumesActionsTest-75463709-project-member] new path /v2/images/84710692-431a-4c30-909f-53e98c5f736f {{(pid=103027) process_request /opt/stack/glance/glance/api/middleware/version_negotiation.py:70}}
Aug 15 00:02:02.033743 np0000007349 devstack@g-api.service[103027]: [pid: 103027|app: 0|req: 85/329] 127.0.0.1 () {40 vars in 838 bytes} [Sat Aug 15 00:02:02 2026] GET /v2/images/84710692-431a-4c30-909f-53e98c5f736f => generated 650 bytes in 22 msecs (HTTP/1.1 200) 4 headers in 157 bytes (1 switches on core 0)
Aug 15 00:02:02.475244 np0000007349 devstack@g-api.service[103024]: DEBUG swiftclient [None req-b652c42c-2170-4d50-a035-d73d39d709b1 tempest-VolumesActionsTest-75463709 tempest-VolumesActionsTest-75463709-project-member] REQ: curl -i https://10.4.3.101:8080/v1/AUTH_4fe8f77fae244a11b10fec1be859304b/glance/84710692-431a-4c30-909f-53e98c5f736f-00003 -X PUT -H "X-Auth-Token: gAAAAABqf6xyZx7F..." {{(pid=103024) http_log /opt/stack/data/venv/lib/python3.12/site-packages/swiftclient/client.py:160}}
Aug 15 00:02:02.475757 np0000007349 devstack@g-api.service[103024]: DEBUG swiftclient [None req-b652c42c-2170-4d50-a035-d73d39d709b1 tempest-VolumesActionsTest-75463709 tempest-VolumesActionsTest-75463709-project-member] RESP STATUS: 201 Created {{(pid=103024) http_log /opt/stack/data/venv/lib/python3.12/site-packages/swiftclient/client.py:161}}
Aug 15 00:02:02.475757 np0000007349 devstack@g-api.service[103024]: DEBUG swiftclient [None req-b652c42c-2170-4d50-a035-d73d39d709b1 tempest-VolumesActionsTest-75463709 tempest-VolumesActionsTest-75463709-project-member] RESP HEADERS: {'Date': 'Sat, 15 Aug 2026 00:02:02 GMT', 'Server': 'Apache/2.4.58 (Ubuntu)', 'Content-Type': 'text/html; charset=UTF-8', 'Content-Length': '0', 'Etag': 'eda9a9889837ac4bc81d6387d92c1bec', 'Last-Modified': 'Sat, 15 Aug 2026 00:02:00 GMT', 'X-Trans-Id': 'tx66f88d98809e4138b726f-006a7fac77', 'X-Openstack-Request-Id': 'tx66f88d98809e4138b726f-006a7fac77', 'Connection': 'close'} {{(pid=103024) http_log /opt/stack/data/venv/lib/python3.12/site-packages/swiftclient/client.py:162}}
Aug 15 00:02:02.475757 np0000007349 devstack@g-api.service[103024]: DEBUG glance_store._drivers.swift.store [None req-b652c42c-2170-4d50-a035-d73d39d709b1 tempest-VolumesActionsTest-75463709 tempest-VolumesActionsTest-75463709-project-member] Wrote chunk 84710692-431a-4c30-909f-53e98c5f736f-00003 (3/?) of length 204800000 to Swift returning MD5 of content: eda9a9889837ac4bc81d6387d92c1bec {{(pid=103024) add /opt/stack/data/venv/lib/python3.12/site-packages/glance_store/_drivers/swift/store.py:1059}}
Aug 15 00:02:02.508264 np0000007349 devstack@g-api.service[103026]: DEBUG glance.api.middleware.version_negotiation [None req-4553ddcf-72bc-4dcf-9434-6fbae6c60a1a tempest-VolumesActionsTest-75463709 tempest-VolumesActionsTest-75463709-project-member] Determining version of request: GET /v2/schemas/image Accept: */* {{(pid=103026) process_request /opt/stack/glance/glance/api/middleware/version_negotiation.py:44}}
Aug 15 00:02:02.508793 np0000007349 devstack@g-api.service[103026]: DEBUG glance.api.middleware.version_negotiation [None req-4553ddcf-72bc-4dcf-9434-6fbae6c60a1a tempest-VolumesActionsTest-75463709 tempest-VolumesActionsTest-75463709-project-member] Using url versioning {{(pid=103026) process_request /opt/stack/glance/glance/api/middleware/version_negotiation.py:57}}
Aug 15 00:02:02.508793 np0000007349 devstack@g-api.service[103026]: DEBUG glance.api.middleware.version_negotiation [None req-4553ddcf-72bc-4dcf-9434-6fbae6c60a1a tempest-VolumesActionsTest-75463709 tempest-VolumesActionsTest-75463709-project-member] Matched version: v2 {{(pid=103026) process_request /opt/stack/glance/glance/api/middleware/version_negotiation.py:69}}
Aug 15 00:02:02.508793 np0000007349 devstack@g-api.service[103026]: DEBUG glance.api.middleware.version_negotiation [None req-4553ddcf-72bc-4dcf-9434-6fbae6c60a1a tempest-VolumesActionsTest-75463709 tempest-VolumesActionsTest-75463709-project-member] new path /v2/schemas/image {{(pid=103026) process_request /opt/stack/glance/glance/api/middleware/version_negotiation.py:70}}
Aug 15 00:02:02.514044 np0000007349 devstack@g-api.service[103026]: [pid: 103026|app: 0|req: 80/330] 127.0.0.1 () {44 vars in 1055 bytes} [Sat Aug 15 00:02:02 2026] GET /v2/schemas/image => generated 6083 bytes in 6 msecs (HTTP/1.1 200) 4 headers in 158 bytes (1 switches on core 0)
Aug 15 00:02:02.575920 np0000007349 devstack@g-api.service[103025]: DEBUG glance.api.middleware.version_negotiation [None req-a8f18ee4-6edb-4e83-a080-4f2c5ec10e8f tempest-VolumesActionsTest-75463709 tempest-VolumesActionsTest-75463709-project-member] Determining version of request: POST /v2/images Accept: */* {{(pid=103025) process_request /opt/stack/glance/glance/api/middleware/version_negotiation.py:44}}
Aug 15 00:02:02.577861 np0000007349 devstack@g-api.service[103025]: DEBUG glance.api.middleware.version_negotiation [None req-a8f18ee4-6edb-4e83-a080-4f2c5ec10e8f tempest-VolumesActionsTest-75463709 tempest-VolumesActionsTest-75463709-project-member] Using url versioning {{(pid=103025) process_request /opt/stack/glance/glance/api/middleware/version_negotiation.py:57}}
Aug 15 00:02:02.577861 np0000007349 devstack@g-api.service[103025]: DEBUG glance.api.middleware.version_negotiation [None req-a8f18ee4-6edb-4e83-a080-4f2c5ec10e8f tempest-VolumesActionsTest-75463709 tempest-VolumesActionsTest-75463709-project-member] Matched version: v2 {{(pid=103025) process_request /opt/stack/glance/glance/api/middleware/version_negotiation.py:69}}
Aug 15 00:02:02.577861 np0000007349 devstack@g-api.service[103025]: DEBUG glance.api.middleware.version_negotiation [None req-a8f18ee4-6edb-4e83-a080-4f2c5ec10e8f tempest-VolumesActionsTest-75463709 tempest-VolumesActionsTest-75463709-project-member] new path /v2/images {{(pid=103025) process_request /opt/stack/glance/glance/api/middleware/version_negotiation.py:70}}
Aug 15 00:02:03.048510 np0000007349 devstack@g-api.service[103027]: DEBUG glance.api.middleware.version_negotiation [None req-aa6bf045-1b56-4e43-bc83-550f9ef07765 tempest-VolumesActionsTest-75463709 tempest-VolumesActionsTest-75463709-project-member] Determining version of request: GET /v2/images/84710692-431a-4c30-909f-53e98c5f736f Accept: application/json {{(pid=103027) process_request /opt/stack/glance/glance/api/middleware/version_negotiation.py:44}}
Aug 15 00:02:03.048968 np0000007349 devstack@g-api.service[103027]: DEBUG glance.api.middleware.version_negotiation [None req-aa6bf045-1b56-4e43-bc83-550f9ef07765 tempest-VolumesActionsTest-75463709 tempest-VolumesActionsTest-75463709-project-member] Using url versioning {{(pid=103027) process_request /opt/stack/glance/glance/api/middleware/version_negotiation.py:57}}
Aug 15 00:02:03.048968 np0000007349 devstack@g-api.service[103027]: DEBUG glance.api.middleware.version_negotiation [None req-aa6bf045-1b56-4e43-bc83-550f9ef07765 tempest-VolumesActionsTest-75463709 tempest-VolumesActionsTest-75463709-project-member] Matched version: v2 {{(pid=103027) process_request /opt/stack/glance/glance/api/middleware/version_negotiation.py:69}}
Aug 15 00:02:03.049044 np0000007349 devstack@g-api.service[103027]: DEBUG glance.api.middleware.version_negotiation [None req-aa6bf045-1b56-4e43-bc83-550f9ef07765 tempest-VolumesActionsTest-75463709 tempest-VolumesActionsTest-75463709-project-member] new path /v2/images/84710692-431a-4c30-909f-53e98c5f736f {{(pid=103027) process_request /opt/stack/glance/glance/api/middleware/version_negotiation.py:70}}
Aug 15 00:02:03.073498 np0000007349 devstack@g-api.service[103027]: [pid: 103027|app: 0|req: 86/331] 127.0.0.1 () {40 vars in 838 bytes} [Sat Aug 15 00:02:03 2026] GET /v2/images/84710692-431a-4c30-909f-53e98c5f736f => generated 650 bytes in 22 msecs (HTTP/1.1 200) 4 headers in 157 bytes (1 switches on core 0)
Aug 15 00:02:03.323204 np0000007349 devstack@g-api.service[103025]: [pid: 103025|app: 0|req: 86/332] 127.0.0.1 () {46 vars in 1056 bytes} [Sat Aug 15 00:02:02 2026] POST /v2/images => generated 1602 bytes in 748 msecs (HTTP/1.1 201) 6 headers in 316 bytes (1 switches on core 0)
Aug 15 00:02:03.372984 np0000007349 devstack@g-api.service[103026]: DEBUG glance.api.middleware.version_negotiation [None req-0bff79f5-b65a-4135-bcfc-e82569446b04 tempest-ImageDependencyTests-82096366 tempest-ImageDependencyTests-82096366-project-member] Determining version of request: PUT /v2/images/32035787-228c-404e-af67-7854c2fc4a48/file Accept: */* {{(pid=103026) process_request /opt/stack/glance/glance/api/middleware/version_negotiation.py:44}}
Aug 15 00:02:03.374355 np0000007349 devstack@g-api.service[103026]: DEBUG glance.api.middleware.version_negotiation [None req-0bff79f5-b65a-4135-bcfc-e82569446b04 tempest-ImageDependencyTests-82096366 tempest-ImageDependencyTests-82096366-project-member] Using url versioning {{(pid=103026) process_request /opt/stack/glance/glance/api/middleware/version_negotiation.py:57}}
Aug 15 00:02:03.374355 np0000007349 devstack@g-api.service[103026]: DEBUG glance.api.middleware.version_negotiation [None req-0bff79f5-b65a-4135-bcfc-e82569446b04 tempest-ImageDependencyTests-82096366 tempest-ImageDependencyTests-82096366-project-member] Matched version: v2 {{(pid=103026) process_request /opt/stack/glance/glance/api/middleware/version_negotiation.py:69}}
Aug 15 00:02:03.374355 np0000007349 devstack@g-api.service[103026]: DEBUG glance.api.middleware.version_negotiation [None req-0bff79f5-b65a-4135-bcfc-e82569446b04 tempest-ImageDependencyTests-82096366 tempest-ImageDependencyTests-82096366-project-member] new path /v2/images/32035787-228c-404e-af67-7854c2fc4a48/file {{(pid=103026) process_request /opt/stack/glance/glance/api/middleware/version_negotiation.py:70}}
Aug 15 00:02:04.083824 np0000007349 devstack@g-api.service[103027]: DEBUG glance.api.middleware.version_negotiation [None req-d9f8768d-8fa1-485e-b89e-874da8661631 tempest-VolumesActionsTest-75463709 tempest-VolumesActionsTest-75463709-project-member] Determining version of request: GET /v2/images/84710692-431a-4c30-909f-53e98c5f736f Accept: application/json {{(pid=103027) process_request /opt/stack/glance/glance/api/middleware/version_negotiation.py:44}}
Aug 15 00:02:04.083824 np0000007349 devstack@g-api.service[103027]: DEBUG glance.api.middleware.version_negotiation [None req-d9f8768d-8fa1-485e-b89e-874da8661631 tempest-VolumesActionsTest-75463709 tempest-VolumesActionsTest-75463709-project-member] Using url versioning {{(pid=103027) process_request /opt/stack/glance/glance/api/middleware/version_negotiation.py:57}}
Aug 15 00:02:04.083824 np0000007349 devstack@g-api.service[103027]: DEBUG glance.api.middleware.version_negotiation [None req-d9f8768d-8fa1-485e-b89e-874da8661631 tempest-VolumesActionsTest-75463709 tempest-VolumesActionsTest-75463709-project-member] Matched version: v2 {{(pid=103027) process_request /opt/stack/glance/glance/api/middleware/version_negotiation.py:69}}
Aug 15 00:02:04.083824 np0000007349 devstack@g-api.service[103027]: DEBUG glance.api.middleware.version_negotiation [None req-d9f8768d-8fa1-485e-b89e-874da8661631 tempest-VolumesActionsTest-75463709 tempest-VolumesActionsTest-75463709-project-member] new path /v2/images/84710692-431a-4c30-909f-53e98c5f736f {{(pid=103027) process_request /opt/stack/glance/glance/api/middleware/version_negotiation.py:70}}
Aug 15 00:02:04.099536 np0000007349 devstack@g-api.service[103027]: [pid: 103027|app: 0|req: 87/333] 127.0.0.1 () {40 vars in 838 bytes} [Sat Aug 15 00:02:04 2026] GET /v2/images/84710692-431a-4c30-909f-53e98c5f736f => generated 650 bytes in 17 msecs (HTTP/1.1 200) 4 headers in 157 bytes (1 switches on core 0)
Aug 15 00:02:04.131335 np0000007349 devstack@g-api.service[103026]: INFO glance.api.v2.image_data [None req-0bff79f5-b65a-4135-bcfc-e82569446b04 tempest-ImageDependencyTests-82096366 tempest-ImageDependencyTests-82096366-project-member] Unable to create trust: no such option collect_timing in group [keystone_authtoken] Use the existing user token.
Aug 15 00:02:04.369975 np0000007349 devstack@g-api.service[103024]: DEBUG dbcounter [-] [103024] Writing DB stats glance:SELECT=16,glance:INSERT=1,glance:UPDATE=1 {{(pid=103024) stat_writer /opt/stack/data/venv/lib/python3.12/site-packages/dbcounter.py:115}}
Aug 15 00:02:04.828597 np0000007349 devstack@g-api.service[103026]: DEBUG glance.location [None req-0bff79f5-b65a-4135-bcfc-e82569446b04 tempest-ImageDependencyTests-82096366 tempest-ImageDependencyTests-82096366-project-member] Enabling in-flight format inspection for raw {{(pid=103026) set_data /opt/stack/glance/glance/location.py:596}}
Aug 15 00:02:04.830225 np0000007349 devstack@g-api.service[103026]: DEBUG glance_store.backend [None req-0bff79f5-b65a-4135-bcfc-e82569446b04 tempest-ImageDependencyTests-82096366 tempest-ImageDependencyTests-82096366-project-member] Attempting to import store swift {{(pid=103026) _load_store /opt/stack/data/venv/lib/python3.12/site-packages/glance_store/backend.py:215}}
Aug 15 00:02:04.831623 np0000007349 devstack@g-api.service[103026]: DEBUG glance_store.capabilities [None req-0bff79f5-b65a-4135-bcfc-e82569446b04 tempest-ImageDependencyTests-82096366 tempest-ImageDependencyTests-82096366-project-member] Store glance_store._drivers.swift.store.SingleTenantStore doesn't support updating dynamic storage capabilities. Please overwrite 'update_capabilities' method of the store to implement updating logics if needed. {{(pid=103026) update_capabilities /opt/stack/data/venv/lib/python3.12/site-packages/glance_store/capabilities.py:91}}
Aug 15 00:02:04.831796 np0000007349 devstack@g-api.service[103026]: DEBUG glance_store.driver [None req-0bff79f5-b65a-4135-bcfc-e82569446b04 tempest-ImageDependencyTests-82096366 tempest-ImageDependencyTests-82096366-project-member] Late loading location class glance_store._drivers.swift.store.StoreLocation {{(pid=103026) get_store_location_class /opt/stack/data/venv/lib/python3.12/site-packages/glance_store/driver.py:134}}
Aug 15 00:02:04.831965 np0000007349 devstack@g-api.service[103026]: DEBUG glance_store.location [None req-0bff79f5-b65a-4135-bcfc-e82569446b04 tempest-ImageDependencyTests-82096366 tempest-ImageDependencyTests-82096366-project-member] Registering scheme swift+https with {'store': , 'location_class': , 'store_entry': 'swift'} {{(pid=103026) register_scheme_map /opt/stack/data/venv/lib/python3.12/site-packages/glance_store/location.py:146}}
Aug 15 00:02:04.832095 np0000007349 devstack@g-api.service[103026]: DEBUG glance_store.location [None req-0bff79f5-b65a-4135-bcfc-e82569446b04 tempest-ImageDependencyTests-82096366 tempest-ImageDependencyTests-82096366-project-member] Registering scheme swift+https with {'store': , 'location_class': , 'store_entry': 'swift'} {{(pid=103026) register_scheme_map /opt/stack/data/venv/lib/python3.12/site-packages/glance_store/location.py:146}}
Aug 15 00:02:04.832297 np0000007349 devstack@g-api.service[103026]: DEBUG glance_store.location [None req-0bff79f5-b65a-4135-bcfc-e82569446b04 tempest-ImageDependencyTests-82096366 tempest-ImageDependencyTests-82096366-project-member] Registering scheme swift with {'store': , 'location_class': , 'store_entry': 'swift'} {{(pid=103026) register_scheme_map /opt/stack/data/venv/lib/python3.12/site-packages/glance_store/location.py:146}}
Aug 15 00:02:04.832383 np0000007349 devstack@g-api.service[103026]: DEBUG glance_store.location [None req-0bff79f5-b65a-4135-bcfc-e82569446b04 tempest-ImageDependencyTests-82096366 tempest-ImageDependencyTests-82096366-project-member] Registering scheme swift+https with {'store': , 'location_class': , 'store_entry': 'swift'} {{(pid=103026) register_scheme_map /opt/stack/data/venv/lib/python3.12/site-packages/glance_store/location.py:146}}
Aug 15 00:02:04.832559 np0000007349 devstack@g-api.service[103026]: DEBUG glance_store.location [None req-0bff79f5-b65a-4135-bcfc-e82569446b04 tempest-ImageDependencyTests-82096366 tempest-ImageDependencyTests-82096366-project-member] Registering scheme swift with {'store': , 'location_class': , 'store_entry': 'swift'} {{(pid=103026) register_scheme_map /opt/stack/data/venv/lib/python3.12/site-packages/glance_store/location.py:146}}
Aug 15 00:02:04.832652 np0000007349 devstack@g-api.service[103026]: DEBUG glance_store.location [None req-0bff79f5-b65a-4135-bcfc-e82569446b04 tempest-ImageDependencyTests-82096366 tempest-ImageDependencyTests-82096366-project-member] Registering scheme swift+http with {'store': , 'location_class': , 'store_entry': 'swift'} {{(pid=103026) register_scheme_map /opt/stack/data/venv/lib/python3.12/site-packages/glance_store/location.py:146}}
Aug 15 00:02:04.832727 np0000007349 devstack@g-api.service[103026]: DEBUG glance_store.location [None req-0bff79f5-b65a-4135-bcfc-e82569446b04 tempest-ImageDependencyTests-82096366 tempest-ImageDependencyTests-82096366-project-member] Registering scheme swift+https with {'store': , 'location_class': , 'store_entry': 'swift'} {{(pid=103026) register_scheme_map /opt/stack/data/venv/lib/python3.12/site-packages/glance_store/location.py:146}}
Aug 15 00:02:04.832855 np0000007349 devstack@g-api.service[103026]: DEBUG glance_store.location [None req-0bff79f5-b65a-4135-bcfc-e82569446b04 tempest-ImageDependencyTests-82096366 tempest-ImageDependencyTests-82096366-project-member] Registering scheme swift with {'store': , 'location_class': , 'store_entry': 'swift'} {{(pid=103026) register_scheme_map /opt/stack/data/venv/lib/python3.12/site-packages/glance_store/location.py:146}}
Aug 15 00:02:04.833097 np0000007349 devstack@g-api.service[103026]: DEBUG glance_store.location [None req-0bff79f5-b65a-4135-bcfc-e82569446b04 tempest-ImageDependencyTests-82096366 tempest-ImageDependencyTests-82096366-project-member] Registering scheme swift+http with {'store': , 'location_class': , 'store_entry': 'swift'} {{(pid=103026) register_scheme_map /opt/stack/data/venv/lib/python3.12/site-packages/glance_store/location.py:146}}
Aug 15 00:02:04.833306 np0000007349 devstack@g-api.service[103026]: DEBUG glance_store.location [None req-0bff79f5-b65a-4135-bcfc-e82569446b04 tempest-ImageDependencyTests-82096366 tempest-ImageDependencyTests-82096366-project-member] Registering scheme swift+config with {'store': , 'location_class': , 'store_entry': 'swift'} {{(pid=103026) register_scheme_map /opt/stack/data/venv/lib/python3.12/site-packages/glance_store/location.py:146}}
Aug 15 00:02:04.856328 np0000007349 devstack@g-api.service[103024]: DEBUG swiftclient [None req-b652c42c-2170-4d50-a035-d73d39d709b1 tempest-VolumesActionsTest-75463709 tempest-VolumesActionsTest-75463709-project-member] REQ: curl -i https://10.4.3.101:8080/v1/AUTH_4fe8f77fae244a11b10fec1be859304b/glance/84710692-431a-4c30-909f-53e98c5f736f-00004 -X PUT -H "X-Auth-Token: gAAAAABqf6xyZx7F..." {{(pid=103024) http_log /opt/stack/data/venv/lib/python3.12/site-packages/swiftclient/client.py:160}}
Aug 15 00:02:04.856447 np0000007349 devstack@g-api.service[103024]: DEBUG swiftclient [None req-b652c42c-2170-4d50-a035-d73d39d709b1 tempest-VolumesActionsTest-75463709 tempest-VolumesActionsTest-75463709-project-member] RESP STATUS: 201 Created {{(pid=103024) http_log /opt/stack/data/venv/lib/python3.12/site-packages/swiftclient/client.py:161}}
Aug 15 00:02:04.856657 np0000007349 devstack@g-api.service[103024]: DEBUG swiftclient [None req-b652c42c-2170-4d50-a035-d73d39d709b1 tempest-VolumesActionsTest-75463709 tempest-VolumesActionsTest-75463709-project-member] RESP HEADERS: {'Date': 'Sat, 15 Aug 2026 00:02:04 GMT', 'Server': 'Apache/2.4.58 (Ubuntu)', 'Content-Type': 'text/html; charset=UTF-8', 'Content-Length': '0', 'Etag': 'eda9a9889837ac4bc81d6387d92c1bec', 'Last-Modified': 'Sat, 15 Aug 2026 00:02:03 GMT', 'X-Trans-Id': 'txa0889d37cbe242fe98d70-006a7fac7a', 'X-Openstack-Request-Id': 'txa0889d37cbe242fe98d70-006a7fac7a', 'Connection': 'close'} {{(pid=103024) http_log /opt/stack/data/venv/lib/python3.12/site-packages/swiftclient/client.py:162}}
Aug 15 00:02:04.856820 np0000007349 devstack@g-api.service[103024]: DEBUG glance_store._drivers.swift.store [None req-b652c42c-2170-4d50-a035-d73d39d709b1 tempest-VolumesActionsTest-75463709 tempest-VolumesActionsTest-75463709-project-member] Wrote chunk 84710692-431a-4c30-909f-53e98c5f736f-00004 (4/?) of length 204800000 to Swift returning MD5 of content: eda9a9889837ac4bc81d6387d92c1bec {{(pid=103024) add /opt/stack/data/venv/lib/python3.12/site-packages/glance_store/_drivers/swift/store.py:1059}}
Aug 15 00:02:05.109612 np0000007349 devstack@g-api.service[103025]: DEBUG glance.api.middleware.version_negotiation [None req-0bff79f5-b65a-4135-bcfc-e82569446b04 tempest-ImageDependencyTests-82096366 tempest-ImageDependencyTests-82096366-project-member] Determining version of request: GET /v2/images/84710692-431a-4c30-909f-53e98c5f736f Accept: application/json {{(pid=103025) process_request /opt/stack/glance/glance/api/middleware/version_negotiation.py:44}}
Aug 15 00:02:05.110250 np0000007349 devstack@g-api.service[103025]: DEBUG glance.api.middleware.version_negotiation [None req-0bff79f5-b65a-4135-bcfc-e82569446b04 tempest-ImageDependencyTests-82096366 tempest-ImageDependencyTests-82096366-project-member] Using url versioning {{(pid=103025) process_request /opt/stack/glance/glance/api/middleware/version_negotiation.py:57}}
Aug 15 00:02:05.110250 np0000007349 devstack@g-api.service[103025]: DEBUG glance.api.middleware.version_negotiation [None req-0bff79f5-b65a-4135-bcfc-e82569446b04 tempest-ImageDependencyTests-82096366 tempest-ImageDependencyTests-82096366-project-member] Matched version: v2 {{(pid=103025) process_request /opt/stack/glance/glance/api/middleware/version_negotiation.py:69}}
Aug 15 00:02:05.110250 np0000007349 devstack@g-api.service[103025]: DEBUG glance.api.middleware.version_negotiation [None req-0bff79f5-b65a-4135-bcfc-e82569446b04 tempest-ImageDependencyTests-82096366 tempest-ImageDependencyTests-82096366-project-member] new path /v2/images/84710692-431a-4c30-909f-53e98c5f736f {{(pid=103025) process_request /opt/stack/glance/glance/api/middleware/version_negotiation.py:70}}
Aug 15 00:02:05.126719 np0000007349 devstack@g-api.service[103025]: [pid: 103025|app: 0|req: 87/334] 127.0.0.1 () {40 vars in 838 bytes} [Sat Aug 15 00:02:05 2026] GET /v2/images/84710692-431a-4c30-909f-53e98c5f736f => generated 650 bytes in 16 msecs (HTTP/1.1 200) 4 headers in 157 bytes (1 switches on core 0)
Aug 15 00:02:05.146027 np0000007349 devstack@g-api.service[103026]: DEBUG swiftclient [None req-0bff79f5-b65a-4135-bcfc-e82569446b04 tempest-ImageDependencyTests-82096366 tempest-ImageDependencyTests-82096366-project-member] REQ: curl -i https://10.4.3.101:8080/v1/AUTH_4fe8f77fae244a11b10fec1be859304b/glance -I -H "X-Auth-Token: gAAAAABqf6x8RIzp..." {{(pid=103026) http_log /opt/stack/data/venv/lib/python3.12/site-packages/swiftclient/client.py:160}}
Aug 15 00:02:05.146027 np0000007349 devstack@g-api.service[103026]: DEBUG swiftclient [None req-0bff79f5-b65a-4135-bcfc-e82569446b04 tempest-ImageDependencyTests-82096366 tempest-ImageDependencyTests-82096366-project-member] RESP STATUS: 204 No Content {{(pid=103026) http_log /opt/stack/data/venv/lib/python3.12/site-packages/swiftclient/client.py:161}}
Aug 15 00:02:05.146770 np0000007349 devstack@g-api.service[103026]: DEBUG swiftclient [None req-0bff79f5-b65a-4135-bcfc-e82569446b04 tempest-ImageDependencyTests-82096366 tempest-ImageDependencyTests-82096366-project-member] RESP HEADERS: {'Date': 'Sat, 15 Aug 2026 00:02:05 GMT', 'Server': 'Apache/2.4.58 (Ubuntu)', 'Content-Type': 'text/plain; charset=utf-8', 'X-Container-Object-Count': '8', 'X-Container-Bytes-Used': '883557376', 'X-Timestamp': '1786751680.63090', 'Last-Modified': 'Fri, 14 Aug 2026 23:54:41 GMT', 'Accept-Ranges': 'bytes', 'X-Storage-Policy': 'Policy-0', 'X-Container-Sharding': 'False', 'Vary': 'Accept', 'X-Trans-Id': 'tx424dcf5b4eb940c086ede-006a7fac7c', 'X-Openstack-Request-Id': 'tx424dcf5b4eb940c086ede-006a7fac7c', 'Connection': 'close'} {{(pid=103026) http_log /opt/stack/data/venv/lib/python3.12/site-packages/swiftclient/client.py:162}}
Aug 15 00:02:05.146770 np0000007349 devstack@g-api.service[103026]: DEBUG glance_store._drivers.swift.store [None req-0bff79f5-b65a-4135-bcfc-e82569446b04 tempest-ImageDependencyTests-82096366 tempest-ImageDependencyTests-82096366-project-member] Adding image object '32035787-228c-404e-af67-7854c2fc4a48' to Swift {{(pid=103026) add /opt/stack/data/venv/lib/python3.12/site-packages/glance_store/_drivers/swift/store.py:970}}
Aug 15 00:02:05.146770 np0000007349 devstack@g-api.service[103026]: DEBUG glance_store._drivers.swift.store [None req-0bff79f5-b65a-4135-bcfc-e82569446b04 tempest-ImageDependencyTests-82096366 tempest-ImageDependencyTests-82096366-project-member] Cannot determine image size because it is either not provided in the request or chunked-transfer encoding is used. Adding image as a segmented object to Swift. {{(pid=103026) add /opt/stack/data/venv/lib/python3.12/site-packages/glance_store/_drivers/swift/store.py:994}}
Aug 15 00:02:05.146770 np0000007349 devstack@g-api.service[103026]: DEBUG glance_store._drivers.swift.store [None req-0bff79f5-b65a-4135-bcfc-e82569446b04 tempest-ImageDependencyTests-82096366 tempest-ImageDependencyTests-82096366-project-member] Not writing zero-length chunk. {{(pid=103026) add /opt/stack/data/venv/lib/python3.12/site-packages/glance_store/_drivers/swift/store.py:1028}}
Aug 15 00:02:05.191182 np0000007349 devstack@g-api.service[103026]: DEBUG swiftclient [None req-0bff79f5-b65a-4135-bcfc-e82569446b04 tempest-ImageDependencyTests-82096366 tempest-ImageDependencyTests-82096366-project-member] REQ: curl -i https://10.4.3.101:8080/v1/AUTH_4fe8f77fae244a11b10fec1be859304b/glance/32035787-228c-404e-af67-7854c2fc4a48 -X PUT -H "X-Object-Manifest: glance/32035787-228c-404e-af67-7854c2fc4a48-" -H "X-Auth-Token: gAAAAABqf6x8RIzp..." -H "Content-Length: 0" {{(pid=103026) http_log /opt/stack/data/venv/lib/python3.12/site-packages/swiftclient/client.py:160}}
Aug 15 00:02:05.191495 np0000007349 devstack@g-api.service[103026]: DEBUG swiftclient [None req-0bff79f5-b65a-4135-bcfc-e82569446b04 tempest-ImageDependencyTests-82096366 tempest-ImageDependencyTests-82096366-project-member] RESP STATUS: 201 Created {{(pid=103026) http_log /opt/stack/data/venv/lib/python3.12/site-packages/swiftclient/client.py:161}}
Aug 15 00:02:05.191833 np0000007349 devstack@g-api.service[103026]: DEBUG swiftclient [None req-0bff79f5-b65a-4135-bcfc-e82569446b04 tempest-ImageDependencyTests-82096366 tempest-ImageDependencyTests-82096366-project-member] RESP HEADERS: {'Date': 'Sat, 15 Aug 2026 00:02:05 GMT', 'Server': 'Apache/2.4.58 (Ubuntu)', 'Content-Type': 'text/html; charset=UTF-8', 'Content-Length': '0', 'Etag': 'd41d8cd98f00b204e9800998ecf8427e', 'Last-Modified': 'Sat, 15 Aug 2026 00:02:06 GMT', 'X-Trans-Id': 'tx43a4c22a27e34f11b2300-006a7fac7d', 'X-Openstack-Request-Id': 'tx43a4c22a27e34f11b2300-006a7fac7d', 'Connection': 'close'} {{(pid=103026) http_log /opt/stack/data/venv/lib/python3.12/site-packages/swiftclient/client.py:162}}
Aug 15 00:02:05.192872 np0000007349 devstack@g-api.service[103026]: INFO glance.location [None req-0bff79f5-b65a-4135-bcfc-e82569446b04 tempest-ImageDependencyTests-82096366 tempest-ImageDependencyTests-82096366-project-member] Image format matched and virtual size computed: 0
Aug 15 00:02:05.274913 np0000007349 devstack@g-api.service[103026]: DEBUG glance_store.backend [None req-0bff79f5-b65a-4135-bcfc-e82569446b04 tempest-ImageDependencyTests-82096366 tempest-ImageDependencyTests-82096366-project-member] Attempting to import store swift {{(pid=103026) _load_store /opt/stack/data/venv/lib/python3.12/site-packages/glance_store/backend.py:215}}
Aug 15 00:02:05.280480 np0000007349 devstack@g-api.service[103026]: DEBUG glance_store.capabilities [None req-0bff79f5-b65a-4135-bcfc-e82569446b04 tempest-ImageDependencyTests-82096366 tempest-ImageDependencyTests-82096366-project-member] Store glance_store._drivers.swift.store.SingleTenantStore doesn't support updating dynamic storage capabilities. Please overwrite 'update_capabilities' method of the store to implement updating logics if needed. {{(pid=103026) update_capabilities /opt/stack/data/venv/lib/python3.12/site-packages/glance_store/capabilities.py:91}}
Aug 15 00:02:05.280480 np0000007349 devstack@g-api.service[103026]: DEBUG glance_store.driver [None req-0bff79f5-b65a-4135-bcfc-e82569446b04 tempest-ImageDependencyTests-82096366 tempest-ImageDependencyTests-82096366-project-member] Late loading location class glance_store._drivers.swift.store.StoreLocation {{(pid=103026) get_store_location_class /opt/stack/data/venv/lib/python3.12/site-packages/glance_store/driver.py:134}}
Aug 15 00:02:05.280480 np0000007349 devstack@g-api.service[103026]: DEBUG glance_store.location [None req-0bff79f5-b65a-4135-bcfc-e82569446b04 tempest-ImageDependencyTests-82096366 tempest-ImageDependencyTests-82096366-project-member] Registering scheme swift+https with {'store': , 'location_class': , 'store_entry': 'swift'} {{(pid=103026) register_scheme_map /opt/stack/data/venv/lib/python3.12/site-packages/glance_store/location.py:146}}
Aug 15 00:02:05.280480 np0000007349 devstack@g-api.service[103026]: DEBUG glance_store.location [None req-0bff79f5-b65a-4135-bcfc-e82569446b04 tempest-ImageDependencyTests-82096366 tempest-ImageDependencyTests-82096366-project-member] Registering scheme swift+https with {'store': , 'location_class': , 'store_entry': 'swift'} {{(pid=103026) register_scheme_map /opt/stack/data/venv/lib/python3.12/site-packages/glance_store/location.py:146}}
Aug 15 00:02:05.280480 np0000007349 devstack@g-api.service[103026]: DEBUG glance_store.location [None req-0bff79f5-b65a-4135-bcfc-e82569446b04 tempest-ImageDependencyTests-82096366 tempest-ImageDependencyTests-82096366-project-member] Registering scheme swift with {'store': , 'location_class': , 'store_entry': 'swift'} {{(pid=103026) register_scheme_map /opt/stack/data/venv/lib/python3.12/site-packages/glance_store/location.py:146}}
Aug 15 00:02:05.280480 np0000007349 devstack@g-api.service[103026]: DEBUG glance_store.location [None req-0bff79f5-b65a-4135-bcfc-e82569446b04 tempest-ImageDependencyTests-82096366 tempest-ImageDependencyTests-82096366-project-member] Registering scheme swift+https with {'store': , 'location_class': , 'store_entry': 'swift'} {{(pid=103026) register_scheme_map /opt/stack/data/venv/lib/python3.12/site-packages/glance_store/location.py:146}}
Aug 15 00:02:05.280480 np0000007349 devstack@g-api.service[103026]: DEBUG glance_store.location [None req-0bff79f5-b65a-4135-bcfc-e82569446b04 tempest-ImageDependencyTests-82096366 tempest-ImageDependencyTests-82096366-project-member] Registering scheme swift with {'store': , 'location_class': , 'store_entry': 'swift'} {{(pid=103026) register_scheme_map /opt/stack/data/venv/lib/python3.12/site-packages/glance_store/location.py:146}}
Aug 15 00:02:05.280480 np0000007349 devstack@g-api.service[103026]: DEBUG glance_store.location [None req-0bff79f5-b65a-4135-bcfc-e82569446b04 tempest-ImageDependencyTests-82096366 tempest-ImageDependencyTests-82096366-project-member] Registering scheme swift+http with {'store': , 'location_class': , 'store_entry': 'swift'} {{(pid=103026) register_scheme_map /opt/stack/data/venv/lib/python3.12/site-packages/glance_store/location.py:146}}
Aug 15 00:02:05.280480 np0000007349 devstack@g-api.service[103026]: DEBUG glance_store.location [None req-0bff79f5-b65a-4135-bcfc-e82569446b04 tempest-ImageDependencyTests-82096366 tempest-ImageDependencyTests-82096366-project-member] Registering scheme swift+https with {'store': , 'location_class': , 'store_entry': 'swift'} {{(pid=103026) register_scheme_map /opt/stack/data/venv/lib/python3.12/site-packages/glance_store/location.py:146}}
Aug 15 00:02:05.280480 np0000007349 devstack@g-api.service[103026]: DEBUG glance_store.location [None req-0bff79f5-b65a-4135-bcfc-e82569446b04 tempest-ImageDependencyTests-82096366 tempest-ImageDependencyTests-82096366-project-member] Registering scheme swift with {'store': , 'location_class': , 'store_entry': 'swift'} {{(pid=103026) register_scheme_map /opt/stack/data/venv/lib/python3.12/site-packages/glance_store/location.py:146}}
Aug 15 00:02:05.280480 np0000007349 devstack@g-api.service[103026]: DEBUG glance_store.location [None req-0bff79f5-b65a-4135-bcfc-e82569446b04 tempest-ImageDependencyTests-82096366 tempest-ImageDependencyTests-82096366-project-member] Registering scheme swift+http with {'store': , 'location_class': , 'store_entry': 'swift'} {{(pid=103026) register_scheme_map /opt/stack/data/venv/lib/python3.12/site-packages/glance_store/location.py:146}}
Aug 15 00:02:05.281469 np0000007349 devstack@g-api.service[103026]: DEBUG glance_store.location [None req-0bff79f5-b65a-4135-bcfc-e82569446b04 tempest-ImageDependencyTests-82096366 tempest-ImageDependencyTests-82096366-project-member] Registering scheme swift+config with {'store': , 'location_class': , 'store_entry': 'swift'} {{(pid=103026) register_scheme_map /opt/stack/data/venv/lib/python3.12/site-packages/glance_store/location.py:146}}
Aug 15 00:02:05.281469 np0000007349 devstack@g-api.service[103026]: DEBUG glance_store.backend [None req-0bff79f5-b65a-4135-bcfc-e82569446b04 tempest-ImageDependencyTests-82096366 tempest-ImageDependencyTests-82096366-project-member] Skipping store.set_acls... not implemented. {{(pid=103026) set_acls /opt/stack/data/venv/lib/python3.12/site-packages/glance_store/backend.py:507}}
Aug 15 00:02:05.281469 np0000007349 devstack@g-api.service[103026]: [pid: 103026|app: 0|req: 81/335] 127.0.0.1 () {46 vars in 1144 bytes} [Sat Aug 15 00:02:03 2026] PUT /v2/images/32035787-228c-404e-af67-7854c2fc4a48/file => generated 0 bytes in 1910 msecs (HTTP/1.1 204) 4 headers in 171 bytes (1 switches on core 0)
Aug 15 00:02:05.336794 np0000007349 devstack@g-api.service[103027]: DEBUG glance.api.middleware.version_negotiation [None req-333a3d75-534d-4ed2-99fc-41ada5c0d2a2 tempest-VolumesActionsTest-75463709 tempest-VolumesActionsTest-75463709-project-member] Determining version of request: GET /v2/images/32035787-228c-404e-af67-7854c2fc4a48 Accept: */* {{(pid=103027) process_request /opt/stack/glance/glance/api/middleware/version_negotiation.py:44}}
Aug 15 00:02:05.337275 np0000007349 devstack@g-api.service[103027]: DEBUG glance.api.middleware.version_negotiation [None req-333a3d75-534d-4ed2-99fc-41ada5c0d2a2 tempest-VolumesActionsTest-75463709 tempest-VolumesActionsTest-75463709-project-member] Using url versioning {{(pid=103027) process_request /opt/stack/glance/glance/api/middleware/version_negotiation.py:57}}
Aug 15 00:02:05.337275 np0000007349 devstack@g-api.service[103027]: DEBUG glance.api.middleware.version_negotiation [None req-333a3d75-534d-4ed2-99fc-41ada5c0d2a2 tempest-VolumesActionsTest-75463709 tempest-VolumesActionsTest-75463709-project-member] Matched version: v2 {{(pid=103027) process_request /opt/stack/glance/glance/api/middleware/version_negotiation.py:69}}
Aug 15 00:02:05.339660 np0000007349 devstack@g-api.service[103027]: DEBUG glance.api.middleware.version_negotiation [None req-333a3d75-534d-4ed2-99fc-41ada5c0d2a2 tempest-VolumesActionsTest-75463709 tempest-VolumesActionsTest-75463709-project-member] new path /v2/images/32035787-228c-404e-af67-7854c2fc4a48 {{(pid=103027) process_request /opt/stack/glance/glance/api/middleware/version_negotiation.py:70}}
Aug 15 00:02:05.358999 np0000007349 devstack@g-api.service[103027]: [pid: 103027|app: 0|req: 88/336] 127.0.0.1 () {44 vars in 1115 bytes} [Sat Aug 15 00:02:05 2026] GET /v2/images/32035787-228c-404e-af67-7854c2fc4a48 => generated 1759 bytes in 23 msecs (HTTP/1.1 200) 4 headers in 158 bytes (1 switches on core 0)
Aug 15 00:02:05.407172 np0000007349 devstack@g-api.service[103025]: DEBUG glance.api.middleware.version_negotiation [None req-e0103f20-5144-44e9-ad43-2511bb3d01b4 tempest-VolumesActionsTest-75463709 tempest-VolumesActionsTest-75463709-project-member] Determining version of request: GET /v2/schemas/image Accept: */* {{(pid=103025) process_request /opt/stack/glance/glance/api/middleware/version_negotiation.py:44}}
Aug 15 00:02:05.407172 np0000007349 devstack@g-api.service[103025]: DEBUG glance.api.middleware.version_negotiation [None req-e0103f20-5144-44e9-ad43-2511bb3d01b4 tempest-VolumesActionsTest-75463709 tempest-VolumesActionsTest-75463709-project-member] Using url versioning {{(pid=103025) process_request /opt/stack/glance/glance/api/middleware/version_negotiation.py:57}}
Aug 15 00:02:05.407172 np0000007349 devstack@g-api.service[103025]: DEBUG glance.api.middleware.version_negotiation [None req-e0103f20-5144-44e9-ad43-2511bb3d01b4 tempest-VolumesActionsTest-75463709 tempest-VolumesActionsTest-75463709-project-member] Matched version: v2 {{(pid=103025) process_request /opt/stack/glance/glance/api/middleware/version_negotiation.py:69}}
Aug 15 00:02:05.407172 np0000007349 devstack@g-api.service[103025]: DEBUG glance.api.middleware.version_negotiation [None req-e0103f20-5144-44e9-ad43-2511bb3d01b4 tempest-VolumesActionsTest-75463709 tempest-VolumesActionsTest-75463709-project-member] new path /v2/schemas/image {{(pid=103025) process_request /opt/stack/glance/glance/api/middleware/version_negotiation.py:70}}
Aug 15 00:02:05.412885 np0000007349 devstack@g-api.service[103025]: [pid: 103025|app: 0|req: 88/337] 127.0.0.1 () {44 vars in 1055 bytes} [Sat Aug 15 00:02:05 2026] GET /v2/schemas/image => generated 6083 bytes in 7 msecs (HTTP/1.1 200) 4 headers in 158 bytes (1 switches on core 0)
