Aug 14 23:54:11.672463 np0000007349 nova-scheduler[96633]: DEBUG cotyledon.oslo_config_glue [-] workarounds.never_download_image_if_on_rbd = False {{(pid=96633) log_opt_values /opt/stack/data/venv/lib/python3.12/site-packages/oslo_config/cfg.py:3560}}
Aug 14 23:54:11.672463 np0000007349 nova-scheduler[96633]: DEBUG cotyledon.oslo_config_glue [-] workarounds.qemu_monitor_announce_self_count = 3 {{(pid=96633) log_opt_values /opt/stack/data/venv/lib/python3.12/site-packages/oslo_config/cfg.py:3560}}
Aug 14 23:54:11.672644 np0000007349 nova-scheduler[96633]: DEBUG cotyledon.oslo_config_glue [-] workarounds.qemu_monitor_announce_self_interval = 1 {{(pid=96633) log_opt_values /opt/stack/data/venv/lib/python3.12/site-packages/oslo_config/cfg.py:3560}}
Aug 14 23:54:11.672667 np0000007349 nova-scheduler[96630]: INFO nova.service [-] Starting scheduler node (version 33.1.0)
Aug 14 23:54:11.672689 np0000007349 nova-scheduler[96633]: DEBUG cotyledon.oslo_config_glue [-] workarounds.reserve_disk_resource_for_image_cache = False {{(pid=96633) log_opt_values /opt/stack/data/venv/lib/python3.12/site-packages/oslo_config/cfg.py:3560}}
Aug 14 23:54:11.672689 np0000007349 nova-scheduler[96633]: DEBUG cotyledon.oslo_config_glue [-] workarounds.skip_cpu_compare_at_startup = False {{(pid=96633) log_opt_values /opt/stack/data/venv/lib/python3.12/site-packages/oslo_config/cfg.py:3560}}
Aug 14 23:54:11.672689 np0000007349 nova-scheduler[96633]: DEBUG cotyledon.oslo_config_glue [-] workarounds.skip_cpu_compare_on_dest = False {{(pid=96633) log_opt_values /opt/stack/data/venv/lib/python3.12/site-packages/oslo_config/cfg.py:3560}}
Aug 14 23:54:11.672689 np0000007349 nova-scheduler[96633]: DEBUG cotyledon.oslo_config_glue [-] workarounds.skip_hypervisor_version_check_on_lm = False {{(pid=96633) log_opt_values /opt/stack/data/venv/lib/python3.12/site-packages/oslo_config/cfg.py:3560}}
Aug 14 23:54:11.672689 np0000007349 nova-scheduler[96633]: DEBUG cotyledon.oslo_config_glue [-] workarounds.skip_reserve_in_use_ironic_nodes = False {{(pid=96633) log_opt_values /opt/stack/data/venv/lib/python3.12/site-packages/oslo_config/cfg.py:3560}}
Aug 14 23:54:11.672689 np0000007349 nova-scheduler[96633]: DEBUG cotyledon.oslo_config_glue [-] workarounds.unified_limits_count_pcpu_as_vcpu = False {{(pid=96633) log_opt_values /opt/stack/data/venv/lib/python3.12/site-packages/oslo_config/cfg.py:3560}}
Aug 14 23:54:11.672689 np0000007349 nova-scheduler[96633]: DEBUG cotyledon.oslo_config_glue [-] workarounds.wait_for_vif_plugged_event_during_hard_reboot = [] {{(pid=96633) log_opt_values /opt/stack/data/venv/lib/python3.12/site-packages/oslo_config/cfg.py:3560}}
Aug 14 23:54:11.672689 np0000007349 nova-scheduler[96633]: DEBUG cotyledon.oslo_config_glue [-] wsgi.api_paste_config = /etc/nova/api-paste.ini {{(pid=96633) log_opt_values /opt/stack/data/venv/lib/python3.12/site-packages/oslo_config/cfg.py:3560}}
Aug 14 23:54:11.672861 np0000007349 nova-scheduler[96633]: DEBUG cotyledon.oslo_config_glue [-] wsgi.secure_proxy_ssl_header = None {{(pid=96633) log_opt_values /opt/stack/data/venv/lib/python3.12/site-packages/oslo_config/cfg.py:3560}}
Aug 14 23:54:11.672861 np0000007349 nova-scheduler[96633]: DEBUG cotyledon.oslo_config_glue [-] zvm.ca_file = None {{(pid=96633) log_opt_values /opt/stack/data/venv/lib/python3.12/site-packages/oslo_config/cfg.py:3560}}
Aug 14 23:54:11.672861 np0000007349 nova-scheduler[96633]: DEBUG cotyledon.oslo_config_glue [-] zvm.cloud_connector_url = None {{(pid=96633) log_opt_values /opt/stack/data/venv/lib/python3.12/site-packages/oslo_config/cfg.py:3560}}
Aug 14 23:54:11.672861 np0000007349 nova-scheduler[96633]: DEBUG cotyledon.oslo_config_glue [-] zvm.image_tmp_path = /opt/stack/data/nova/images {{(pid=96633) log_opt_values /opt/stack/data/venv/lib/python3.12/site-packages/oslo_config/cfg.py:3560}}
Aug 14 23:54:11.672861 np0000007349 nova-scheduler[96633]: DEBUG cotyledon.oslo_config_glue [-] zvm.reachable_timeout = 300 {{(pid=96633) log_opt_values /opt/stack/data/venv/lib/python3.12/site-packages/oslo_config/cfg.py:3560}}
Aug 14 23:54:11.672861 np0000007349 nova-scheduler[96633]: DEBUG cotyledon.oslo_config_glue [-] oslo_versionedobjects.fatal_exception_format_errors = False {{(pid=96633) log_opt_values /opt/stack/data/venv/lib/python3.12/site-packages/oslo_config/cfg.py:3560}}
Aug 14 23:54:11.672861 np0000007349 nova-scheduler[96633]: DEBUG cotyledon.oslo_config_glue [-] oslo_middleware.http_basic_auth_user_file = /etc/htpasswd {{(pid=96633) log_opt_values /opt/stack/data/venv/lib/python3.12/site-packages/oslo_config/cfg.py:3560}}
Aug 14 23:54:11.672861 np0000007349 nova-scheduler[96633]: DEBUG cotyledon.oslo_config_glue [-] oslo_messaging_metrics.metrics_buffer_size = 1000 {{(pid=96633) log_opt_values /opt/stack/data/venv/lib/python3.12/site-packages/oslo_config/cfg.py:3560}}
Aug 14 23:54:11.672861 np0000007349 nova-scheduler[96633]: DEBUG cotyledon.oslo_config_glue [-] oslo_messaging_metrics.metrics_enabled = False {{(pid=96633) log_opt_values /opt/stack/data/venv/lib/python3.12/site-packages/oslo_config/cfg.py:3560}}
Aug 14 23:54:11.673116 np0000007349 nova-scheduler[96633]: DEBUG cotyledon.oslo_config_glue [-] oslo_messaging_metrics.metrics_process_name = {{(pid=96633) log_opt_values /opt/stack/data/venv/lib/python3.12/site-packages/oslo_config/cfg.py:3560}}
Aug 14 23:54:11.673116 np0000007349 nova-scheduler[96633]: DEBUG cotyledon.oslo_config_glue [-] oslo_messaging_metrics.metrics_socket_file = /var/tmp/metrics_collector.sock {{(pid=96633) log_opt_values /opt/stack/data/venv/lib/python3.12/site-packages/oslo_config/cfg.py:3560}}
Aug 14 23:54:11.673116 np0000007349 nova-scheduler[96633]: DEBUG cotyledon.oslo_config_glue [-] oslo_messaging_metrics.metrics_thread_stop_timeout = 10 {{(pid=96633) log_opt_values /opt/stack/data/venv/lib/python3.12/site-packages/oslo_config/cfg.py:3560}}
Aug 14 23:54:11.673116 np0000007349 nova-scheduler[96633]: DEBUG cotyledon.oslo_config_glue [-] profiler.connection_string = messaging:// {{(pid=96633) log_opt_values /opt/stack/data/venv/lib/python3.12/site-packages/oslo_config/cfg.py:3560}}
Aug 14 23:54:11.673116 np0000007349 nova-scheduler[96633]: DEBUG cotyledon.oslo_config_glue [-] profiler.enabled = False {{(pid=96633) log_opt_values /opt/stack/data/venv/lib/python3.12/site-packages/oslo_config/cfg.py:3560}}
Aug 14 23:54:11.673116 np0000007349 nova-scheduler[96633]: DEBUG cotyledon.oslo_config_glue [-] profiler.es_doc_type = notification {{(pid=96633) log_opt_values /opt/stack/data/venv/lib/python3.12/site-packages/oslo_config/cfg.py:3560}}
Aug 14 23:54:11.673116 np0000007349 nova-scheduler[96633]: DEBUG cotyledon.oslo_config_glue [-] profiler.es_scroll_size = 10000 {{(pid=96633) log_opt_values /opt/stack/data/venv/lib/python3.12/site-packages/oslo_config/cfg.py:3560}}
Aug 14 23:54:11.673116 np0000007349 nova-scheduler[96633]: DEBUG cotyledon.oslo_config_glue [-] profiler.es_scroll_time = 2m {{(pid=96633) log_opt_values /opt/stack/data/venv/lib/python3.12/site-packages/oslo_config/cfg.py:3560}}
Aug 14 23:54:11.673116 np0000007349 nova-scheduler[96633]: DEBUG cotyledon.oslo_config_glue [-] profiler.filter_error_trace = False {{(pid=96633) log_opt_values /opt/stack/data/venv/lib/python3.12/site-packages/oslo_config/cfg.py:3560}}
Aug 14 23:54:11.673422 np0000007349 nova-scheduler[96633]: DEBUG cotyledon.oslo_config_glue [-] profiler.hmac_keys = **** {{(pid=96633) log_opt_values /opt/stack/data/venv/lib/python3.12/site-packages/oslo_config/cfg.py:3560}}
Aug 14 23:54:11.673422 np0000007349 nova-scheduler[96633]: DEBUG cotyledon.oslo_config_glue [-] profiler.sentinel_service_name = mymaster {{(pid=96633) log_opt_values /opt/stack/data/venv/lib/python3.12/site-packages/oslo_config/cfg.py:3560}}
Aug 14 23:54:11.673422 np0000007349 nova-scheduler[96633]: DEBUG cotyledon.oslo_config_glue [-] profiler.socket_timeout = 0.1 {{(pid=96633) log_opt_values /opt/stack/data/venv/lib/python3.12/site-packages/oslo_config/cfg.py:3560}}
Aug 14 23:54:11.673422 np0000007349 nova-scheduler[96633]: DEBUG cotyledon.oslo_config_glue [-] profiler.trace_requests = False {{(pid=96633) log_opt_values /opt/stack/data/venv/lib/python3.12/site-packages/oslo_config/cfg.py:3560}}
Aug 14 23:54:11.673422 np0000007349 nova-scheduler[96633]: DEBUG cotyledon.oslo_config_glue [-] profiler.trace_sqlalchemy = False {{(pid=96633) log_opt_values /opt/stack/data/venv/lib/python3.12/site-packages/oslo_config/cfg.py:3560}}
Aug 14 23:54:11.673422 np0000007349 nova-scheduler[96633]: DEBUG cotyledon.oslo_config_glue [-] profiler_jaeger.process_tags = {} {{(pid=96633) log_opt_values /opt/stack/data/venv/lib/python3.12/site-packages/oslo_config/cfg.py:3560}}
Aug 14 23:54:11.673422 np0000007349 nova-scheduler[96633]: DEBUG cotyledon.oslo_config_glue [-] profiler_jaeger.service_name_prefix = None {{(pid=96633) log_opt_values /opt/stack/data/venv/lib/python3.12/site-packages/oslo_config/cfg.py:3560}}
Aug 14 23:54:11.673422 np0000007349 nova-scheduler[96633]: DEBUG cotyledon.oslo_config_glue [-] profiler_otlp.service_name_prefix = None {{(pid=96633) log_opt_values /opt/stack/data/venv/lib/python3.12/site-packages/oslo_config/cfg.py:3560}}
Aug 14 23:54:11.673422 np0000007349 nova-scheduler[96633]: DEBUG cotyledon.oslo_config_glue [-] oslo_messaging_rabbit.amqp_auto_delete = False {{(pid=96633) log_opt_values /opt/stack/data/venv/lib/python3.12/site-packages/oslo_config/cfg.py:3560}}
Aug 14 23:54:11.673710 np0000007349 nova-scheduler[96633]: DEBUG cotyledon.oslo_config_glue [-] oslo_messaging_rabbit.amqp_durable_queues = False {{(pid=96633) log_opt_values /opt/stack/data/venv/lib/python3.12/site-packages/oslo_config/cfg.py:3560}}
Aug 14 23:54:11.673710 np0000007349 nova-scheduler[96633]: DEBUG cotyledon.oslo_config_glue [-] oslo_messaging_rabbit.conn_pool_min_size = 2 {{(pid=96633) log_opt_values /opt/stack/data/venv/lib/python3.12/site-packages/oslo_config/cfg.py:3560}}
Aug 14 23:54:11.673710 np0000007349 nova-scheduler[96633]: DEBUG cotyledon.oslo_config_glue [-] oslo_messaging_rabbit.conn_pool_ttl = 1200 {{(pid=96633) log_opt_values /opt/stack/data/venv/lib/python3.12/site-packages/oslo_config/cfg.py:3560}}
Aug 14 23:54:11.673710 np0000007349 nova-scheduler[96633]: DEBUG cotyledon.oslo_config_glue [-] oslo_messaging_rabbit.direct_mandatory_flag = True {{(pid=96633) log_opt_values /opt/stack/data/venv/lib/python3.12/site-packages/oslo_config/cfg.py:3560}}
Aug 14 23:54:11.673710 np0000007349 nova-scheduler[96633]: DEBUG cotyledon.oslo_config_glue [-] oslo_messaging_rabbit.enable_cancel_on_failover = False {{(pid=96633) log_opt_values /opt/stack/data/venv/lib/python3.12/site-packages/oslo_config/cfg.py:3560}}
Aug 14 23:54:11.673710 np0000007349 nova-scheduler[96633]: DEBUG cotyledon.oslo_config_glue [-] oslo_messaging_rabbit.heartbeat_rate = 3 {{(pid=96633) log_opt_values /opt/stack/data/venv/lib/python3.12/site-packages/oslo_config/cfg.py:3560}}
Aug 14 23:54:11.673710 np0000007349 nova-scheduler[96633]: DEBUG cotyledon.oslo_config_glue [-] oslo_messaging_rabbit.heartbeat_timeout_threshold = 60 {{(pid=96633) log_opt_values /opt/stack/data/venv/lib/python3.12/site-packages/oslo_config/cfg.py:3560}}
Aug 14 23:54:11.673710 np0000007349 nova-scheduler[96633]: DEBUG cotyledon.oslo_config_glue [-] oslo_messaging_rabbit.hostname = np0000007349 {{(pid=96633) log_opt_values /opt/stack/data/venv/lib/python3.12/site-packages/oslo_config/cfg.py:3560}}
Aug 14 23:54:11.673710 np0000007349 nova-scheduler[96633]: DEBUG cotyledon.oslo_config_glue [-] oslo_messaging_rabbit.kombu_compression = None {{(pid=96633) log_opt_values /opt/stack/data/venv/lib/python3.12/site-packages/oslo_config/cfg.py:3560}}
Aug 14 23:54:11.673993 np0000007349 nova-scheduler[96633]: DEBUG cotyledon.oslo_config_glue [-] oslo_messaging_rabbit.kombu_failover_strategy = round-robin {{(pid=96633) log_opt_values /opt/stack/data/venv/lib/python3.12/site-packages/oslo_config/cfg.py:3560}}
Aug 14 23:54:11.673993 np0000007349 nova-scheduler[96633]: DEBUG cotyledon.oslo_config_glue [-] oslo_messaging_rabbit.kombu_missing_consumer_retry_timeout = 60 {{(pid=96633) log_opt_values /opt/stack/data/venv/lib/python3.12/site-packages/oslo_config/cfg.py:3560}}
Aug 14 23:54:11.673993 np0000007349 nova-scheduler[96633]: DEBUG cotyledon.oslo_config_glue [-] oslo_messaging_rabbit.kombu_reconnect_delay = 1.0 {{(pid=96633) log_opt_values /opt/stack/data/venv/lib/python3.12/site-packages/oslo_config/cfg.py:3560}}
Aug 14 23:54:11.673993 np0000007349 nova-scheduler[96633]: DEBUG cotyledon.oslo_config_glue [-] oslo_messaging_rabbit.kombu_reconnect_splay = 0.0 {{(pid=96633) log_opt_values /opt/stack/data/venv/lib/python3.12/site-packages/oslo_config/cfg.py:3560}}
Aug 14 23:54:11.673993 np0000007349 nova-scheduler[96633]: DEBUG cotyledon.oslo_config_glue [-] oslo_messaging_rabbit.processname = nova-scheduler {{(pid=96633) log_opt_values /opt/stack/data/venv/lib/python3.12/site-packages/oslo_config/cfg.py:3560}}
Aug 14 23:54:11.673993 np0000007349 nova-scheduler[96633]: DEBUG cotyledon.oslo_config_glue [-] oslo_messaging_rabbit.rabbit_ha_queues = False {{(pid=96633) log_opt_values /opt/stack/data/venv/lib/python3.12/site-packages/oslo_config/cfg.py:3560}}
Aug 14 23:54:11.673993 np0000007349 nova-scheduler[96633]: DEBUG cotyledon.oslo_config_glue [-] oslo_messaging_rabbit.rabbit_interval_max = 30 {{(pid=96633) log_opt_values /opt/stack/data/venv/lib/python3.12/site-packages/oslo_config/cfg.py:3560}}
Aug 14 23:54:11.673993 np0000007349 nova-scheduler[96633]: DEBUG cotyledon.oslo_config_glue [-] oslo_messaging_rabbit.rabbit_login_method = AMQPLAIN {{(pid=96633) log_opt_values /opt/stack/data/venv/lib/python3.12/site-packages/oslo_config/cfg.py:3560}}
Aug 14 23:54:11.674237 np0000007349 nova-scheduler[96633]: DEBUG cotyledon.oslo_config_glue [-] oslo_messaging_rabbit.rabbit_qos_prefetch_count = 0 {{(pid=96633) log_opt_values /opt/stack/data/venv/lib/python3.12/site-packages/oslo_config/cfg.py:3560}}
Aug 14 23:54:11.674237 np0000007349 nova-scheduler[96633]: DEBUG cotyledon.oslo_config_glue [-] oslo_messaging_rabbit.rabbit_quorum_delivery_limit = 0 {{(pid=96633) log_opt_values /opt/stack/data/venv/lib/python3.12/site-packages/oslo_config/cfg.py:3560}}
Aug 14 23:54:11.674237 np0000007349 nova-scheduler[96633]: DEBUG cotyledon.oslo_config_glue [-] oslo_messaging_rabbit.rabbit_quorum_max_memory_bytes = 0 {{(pid=96633) log_opt_values /opt/stack/data/venv/lib/python3.12/site-packages/oslo_config/cfg.py:3560}}
Aug 14 23:54:11.674237 np0000007349 nova-scheduler[96633]: DEBUG cotyledon.oslo_config_glue [-] oslo_messaging_rabbit.rabbit_quorum_max_memory_length = 0 {{(pid=96633) log_opt_values /opt/stack/data/venv/lib/python3.12/site-packages/oslo_config/cfg.py:3560}}
Aug 14 23:54:11.674237 np0000007349 nova-scheduler[96633]: DEBUG cotyledon.oslo_config_glue [-] oslo_messaging_rabbit.rabbit_quorum_queue = False {{(pid=96633) log_opt_values /opt/stack/data/venv/lib/python3.12/site-packages/oslo_config/cfg.py:3560}}
Aug 14 23:54:11.674237 np0000007349 nova-scheduler[96633]: DEBUG cotyledon.oslo_config_glue [-] oslo_messaging_rabbit.rabbit_retry_backoff = 2 {{(pid=96633) log_opt_values /opt/stack/data/venv/lib/python3.12/site-packages/oslo_config/cfg.py:3560}}
Aug 14 23:54:11.674237 np0000007349 nova-scheduler[96633]: DEBUG cotyledon.oslo_config_glue [-] oslo_messaging_rabbit.rabbit_retry_interval = 1 {{(pid=96633) log_opt_values /opt/stack/data/venv/lib/python3.12/site-packages/oslo_config/cfg.py:3560}}
Aug 14 23:54:11.674237 np0000007349 nova-scheduler[96633]: DEBUG cotyledon.oslo_config_glue [-] oslo_messaging_rabbit.rabbit_stream_fanout = False {{(pid=96633) log_opt_values /opt/stack/data/venv/lib/python3.12/site-packages/oslo_config/cfg.py:3560}}
Aug 14 23:54:11.674508 np0000007349 nova-scheduler[96633]: DEBUG cotyledon.oslo_config_glue [-] oslo_messaging_rabbit.rabbit_transient_queues_ttl = 1800 {{(pid=96633) log_opt_values /opt/stack/data/venv/lib/python3.12/site-packages/oslo_config/cfg.py:3560}}
Aug 14 23:54:11.674508 np0000007349 nova-scheduler[96633]: DEBUG cotyledon.oslo_config_glue [-] oslo_messaging_rabbit.rabbit_transient_quorum_queue = False {{(pid=96633) log_opt_values /opt/stack/data/venv/lib/python3.12/site-packages/oslo_config/cfg.py:3560}}
Aug 14 23:54:11.674508 np0000007349 nova-scheduler[96633]: DEBUG cotyledon.oslo_config_glue [-] oslo_messaging_rabbit.rpc_conn_pool_size = 30 {{(pid=96633) log_opt_values /opt/stack/data/venv/lib/python3.12/site-packages/oslo_config/cfg.py:3560}}
Aug 14 23:54:11.674508 np0000007349 nova-scheduler[96633]: DEBUG cotyledon.oslo_config_glue [-] oslo_messaging_rabbit.ssl = False {{(pid=96633) log_opt_values /opt/stack/data/venv/lib/python3.12/site-packages/oslo_config/cfg.py:3560}}
Aug 14 23:54:11.674508 np0000007349 nova-scheduler[96633]: DEBUG cotyledon.oslo_config_glue [-] oslo_messaging_rabbit.ssl_ca_file = {{(pid=96633) log_opt_values /opt/stack/data/venv/lib/python3.12/site-packages/oslo_config/cfg.py:3560}}
Aug 14 23:54:11.674508 np0000007349 nova-scheduler[96633]: DEBUG cotyledon.oslo_config_glue [-] oslo_messaging_rabbit.ssl_cert_file = {{(pid=96633) log_opt_values /opt/stack/data/venv/lib/python3.12/site-packages/oslo_config/cfg.py:3560}}
Aug 14 23:54:11.674508 np0000007349 nova-scheduler[96633]: DEBUG cotyledon.oslo_config_glue [-] oslo_messaging_rabbit.ssl_enforce_fips_mode = False {{(pid=96633) log_opt_values /opt/stack/data/venv/lib/python3.12/site-packages/oslo_config/cfg.py:3560}}
Aug 14 23:54:11.674508 np0000007349 nova-scheduler[96633]: DEBUG cotyledon.oslo_config_glue [-] oslo_messaging_rabbit.ssl_enforce_hostname_verification = True {{(pid=96633) log_opt_values /opt/stack/data/venv/lib/python3.12/site-packages/oslo_config/cfg.py:3560}}
Aug 14 23:54:11.674508 np0000007349 nova-scheduler[96633]: DEBUG cotyledon.oslo_config_glue [-] oslo_messaging_rabbit.ssl_key_file = {{(pid=96633) log_opt_values /opt/stack/data/venv/lib/python3.12/site-packages/oslo_config/cfg.py:3560}}
Aug 14 23:54:11.674799 np0000007349 nova-scheduler[96633]: DEBUG cotyledon.oslo_config_glue [-] oslo_messaging_rabbit.ssl_version = {{(pid=96633) log_opt_values /opt/stack/data/venv/lib/python3.12/site-packages/oslo_config/cfg.py:3560}}
Aug 14 23:54:11.674799 np0000007349 nova-scheduler[96633]: DEBUG cotyledon.oslo_config_glue [-] oslo_messaging_rabbit.use_queue_manager = False {{(pid=96633) log_opt_values /opt/stack/data/venv/lib/python3.12/site-packages/oslo_config/cfg.py:3560}}
Aug 14 23:54:11.674799 np0000007349 nova-scheduler[96633]: DEBUG cotyledon.oslo_config_glue [-] oslo_messaging_notifications.driver = ['messagingv2'] {{(pid=96633) log_opt_values /opt/stack/data/venv/lib/python3.12/site-packages/oslo_config/cfg.py:3560}}
Aug 14 23:54:11.674799 np0000007349 nova-scheduler[96633]: DEBUG cotyledon.oslo_config_glue [-] oslo_messaging_notifications.retry = -1 {{(pid=96633) log_opt_values /opt/stack/data/venv/lib/python3.12/site-packages/oslo_config/cfg.py:3560}}
Aug 14 23:54:11.674799 np0000007349 nova-scheduler[96633]: DEBUG cotyledon.oslo_config_glue [-] oslo_messaging_notifications.topics = ['notifications'] {{(pid=96633) log_opt_values /opt/stack/data/venv/lib/python3.12/site-packages/oslo_config/cfg.py:3560}}
Aug 14 23:54:11.674799 np0000007349 nova-scheduler[96633]: DEBUG cotyledon.oslo_config_glue [-] oslo_messaging_notifications.transport_url = **** {{(pid=96633) log_opt_values /opt/stack/data/venv/lib/python3.12/site-packages/oslo_config/cfg.py:3560}}
Aug 14 23:54:11.674799 np0000007349 nova-scheduler[96633]: DEBUG cotyledon.oslo_config_glue [-] oslo_limit.auth_section = None {{(pid=96633) log_opt_values /opt/stack/data/venv/lib/python3.12/site-packages/oslo_config/cfg.py:3560}}
Aug 14 23:54:11.674799 np0000007349 nova-scheduler[96633]: DEBUG cotyledon.oslo_config_glue [-] oslo_limit.auth_type = None {{(pid=96633) log_opt_values /opt/stack/data/venv/lib/python3.12/site-packages/oslo_config/cfg.py:3560}}
Aug 14 23:54:11.674799 np0000007349 nova-scheduler[96633]: DEBUG cotyledon.oslo_config_glue [-] oslo_limit.cafile = None {{(pid=96633) log_opt_values /opt/stack/data/venv/lib/python3.12/site-packages/oslo_config/cfg.py:3560}}
Aug 14 23:54:11.675163 np0000007349 nova-scheduler[96633]: DEBUG cotyledon.oslo_config_glue [-] oslo_limit.certfile = None {{(pid=96633) log_opt_values /opt/stack/data/venv/lib/python3.12/site-packages/oslo_config/cfg.py:3560}}
Aug 14 23:54:11.675163 np0000007349 nova-scheduler[96633]: DEBUG cotyledon.oslo_config_glue [-] oslo_limit.collect_timing = False {{(pid=96633) log_opt_values /opt/stack/data/venv/lib/python3.12/site-packages/oslo_config/cfg.py:3560}}
Aug 14 23:54:11.675163 np0000007349 nova-scheduler[96633]: DEBUG cotyledon.oslo_config_glue [-] oslo_limit.connect_retries = None {{(pid=96633) log_opt_values /opt/stack/data/venv/lib/python3.12/site-packages/oslo_config/cfg.py:3560}}
Aug 14 23:54:11.675163 np0000007349 nova-scheduler[96633]: DEBUG cotyledon.oslo_config_glue [-] oslo_limit.connect_retry_delay = None {{(pid=96633) log_opt_values /opt/stack/data/venv/lib/python3.12/site-packages/oslo_config/cfg.py:3560}}
Aug 14 23:54:11.675163 np0000007349 nova-scheduler[96633]: DEBUG cotyledon.oslo_config_glue [-] oslo_limit.endpoint_id = None {{(pid=96633) log_opt_values /opt/stack/data/venv/lib/python3.12/site-packages/oslo_config/cfg.py:3560}}
Aug 14 23:54:11.675163 np0000007349 nova-scheduler[96633]: DEBUG cotyledon.oslo_config_glue [-] oslo_limit.endpoint_interface = public {{(pid=96633) log_opt_values /opt/stack/data/venv/lib/python3.12/site-packages/oslo_config/cfg.py:3560}}
Aug 14 23:54:11.675163 np0000007349 nova-scheduler[96633]: DEBUG cotyledon.oslo_config_glue [-] oslo_limit.endpoint_override = None {{(pid=96633) log_opt_values /opt/stack/data/venv/lib/python3.12/site-packages/oslo_config/cfg.py:3560}}
Aug 14 23:54:11.675163 np0000007349 nova-scheduler[96633]: DEBUG cotyledon.oslo_config_glue [-] oslo_limit.endpoint_region_name = None {{(pid=96633) log_opt_values /opt/stack/data/venv/lib/python3.12/site-packages/oslo_config/cfg.py:3560}}
Aug 14 23:54:11.675163 np0000007349 nova-scheduler[96633]: DEBUG cotyledon.oslo_config_glue [-] oslo_limit.endpoint_service_name = None {{(pid=96633) log_opt_values /opt/stack/data/venv/lib/python3.12/site-packages/oslo_config/cfg.py:3560}}
Aug 14 23:54:11.675918 np0000007349 nova-scheduler[96633]: DEBUG cotyledon.oslo_config_glue [-] oslo_limit.endpoint_service_type = None {{(pid=96633) log_opt_values /opt/stack/data/venv/lib/python3.12/site-packages/oslo_config/cfg.py:3560}}
Aug 14 23:54:11.675918 np0000007349 nova-scheduler[96633]: DEBUG cotyledon.oslo_config_glue [-] oslo_limit.insecure = False {{(pid=96633) log_opt_values /opt/stack/data/venv/lib/python3.12/site-packages/oslo_config/cfg.py:3560}}
Aug 14 23:54:11.675918 np0000007349 nova-scheduler[96633]: DEBUG cotyledon.oslo_config_glue [-] oslo_limit.keyfile = None {{(pid=96633) log_opt_values /opt/stack/data/venv/lib/python3.12/site-packages/oslo_config/cfg.py:3560}}
Aug 14 23:54:11.675918 np0000007349 nova-scheduler[96633]: DEBUG cotyledon.oslo_config_glue [-] oslo_limit.max_version = None {{(pid=96633) log_opt_values /opt/stack/data/venv/lib/python3.12/site-packages/oslo_config/cfg.py:3560}}
Aug 14 23:54:11.675918 np0000007349 nova-scheduler[96633]: DEBUG cotyledon.oslo_config_glue [-] oslo_limit.min_version = None {{(pid=96633) log_opt_values /opt/stack/data/venv/lib/python3.12/site-packages/oslo_config/cfg.py:3560}}
Aug 14 23:54:11.675918 np0000007349 nova-scheduler[96633]: DEBUG cotyledon.oslo_config_glue [-] oslo_limit.region_name = None {{(pid=96633) log_opt_values /opt/stack/data/venv/lib/python3.12/site-packages/oslo_config/cfg.py:3560}}
Aug 14 23:54:11.675918 np0000007349 nova-scheduler[96633]: DEBUG cotyledon.oslo_config_glue [-] oslo_limit.retriable_status_codes = None {{(pid=96633) log_opt_values /opt/stack/data/venv/lib/python3.12/site-packages/oslo_config/cfg.py:3560}}
Aug 14 23:54:11.675918 np0000007349 nova-scheduler[96633]: DEBUG cotyledon.oslo_config_glue [-] oslo_limit.service_name = None {{(pid=96633) log_opt_values /opt/stack/data/venv/lib/python3.12/site-packages/oslo_config/cfg.py:3560}}
Aug 14 23:54:11.675918 np0000007349 nova-scheduler[96633]: DEBUG cotyledon.oslo_config_glue [-] oslo_limit.service_type = None {{(pid=96633) log_opt_values /opt/stack/data/venv/lib/python3.12/site-packages/oslo_config/cfg.py:3560}}
Aug 14 23:54:11.676264 np0000007349 nova-scheduler[96633]: DEBUG cotyledon.oslo_config_glue [-] oslo_limit.split_loggers = False {{(pid=96633) log_opt_values /opt/stack/data/venv/lib/python3.12/site-packages/oslo_config/cfg.py:3560}}
Aug 14 23:54:11.676264 np0000007349 nova-scheduler[96633]: DEBUG cotyledon.oslo_config_glue [-] oslo_limit.status_code_retries = None {{(pid=96633) log_opt_values /opt/stack/data/venv/lib/python3.12/site-packages/oslo_config/cfg.py:3560}}
Aug 14 23:54:11.676264 np0000007349 nova-scheduler[96633]: DEBUG cotyledon.oslo_config_glue [-] oslo_limit.status_code_retry_delay = None {{(pid=96633) log_opt_values /opt/stack/data/venv/lib/python3.12/site-packages/oslo_config/cfg.py:3560}}
Aug 14 23:54:11.676264 np0000007349 nova-scheduler[96633]: DEBUG cotyledon.oslo_config_glue [-] oslo_limit.timeout = None {{(pid=96633) log_opt_values /opt/stack/data/venv/lib/python3.12/site-packages/oslo_config/cfg.py:3560}}
Aug 14 23:54:11.676264 np0000007349 nova-scheduler[96633]: DEBUG cotyledon.oslo_config_glue [-] oslo_limit.valid_interfaces = None {{(pid=96633) log_opt_values /opt/stack/data/venv/lib/python3.12/site-packages/oslo_config/cfg.py:3560}}
Aug 14 23:54:11.676264 np0000007349 nova-scheduler[96633]: DEBUG cotyledon.oslo_config_glue [-] oslo_limit.version = None {{(pid=96633) log_opt_values /opt/stack/data/venv/lib/python3.12/site-packages/oslo_config/cfg.py:3560}}
Aug 14 23:54:11.676264 np0000007349 nova-scheduler[96633]: DEBUG cotyledon.oslo_config_glue [-] oslo_reports.file_event_handler = None {{(pid=96633) log_opt_values /opt/stack/data/venv/lib/python3.12/site-packages/oslo_config/cfg.py:3560}}
Aug 14 23:54:11.676264 np0000007349 nova-scheduler[96633]: DEBUG cotyledon.oslo_config_glue [-] oslo_reports.file_event_handler_interval = 1 {{(pid=96633) log_opt_values /opt/stack/data/venv/lib/python3.12/site-packages/oslo_config/cfg.py:3560}}
Aug 14 23:54:11.676264 np0000007349 nova-scheduler[96633]: DEBUG cotyledon.oslo_config_glue [-] oslo_reports.log_dir = None {{(pid=96633) log_opt_values /opt/stack/data/venv/lib/python3.12/site-packages/oslo_config/cfg.py:3560}}
Aug 14 23:54:11.676557 np0000007349 nova-scheduler[96633]: DEBUG cotyledon.oslo_config_glue [-] ******************************************************************************** {{(pid=96633) log_opt_values /opt/stack/data/venv/lib/python3.12/site-packages/oslo_config/cfg.py:3567}}
Aug 14 23:54:11.676557 np0000007349 nova-scheduler[96633]: DEBUG cotyledon._service_worker [-] Run service ServiceWrapper(3) [96633] {{(pid=96633) wait_forever /opt/stack/data/venv/lib/python3.12/site-packages/cotyledon/_service_worker.py:218}}
Aug 14 23:54:11.676629 np0000007349 nova-scheduler[96628]: INFO dbcounter [None req-9157b638-b796-45f8-94b2-2bb8c5527132 None None] Registered counter for database nova_cell0
Aug 14 23:54:11.676680 np0000007349 nova-scheduler[96630]: INFO dbcounter [None req-94b0d346-d626-4d57-a5c2-8a3122deb5f6 None None] Registered counter for database nova_cell0
Aug 14 23:54:11.676724 np0000007349 nova-scheduler[96633]: INFO nova.service [-] Starting scheduler node (version 33.1.0)
Aug 14 23:54:11.676763 np0000007349 nova-scheduler[96626]: DEBUG oslo_db.sqlalchemy.engines [None req-033137d8-5cda-47bc-b5b2-3027aa4bfe14 None None] MySQL server mode set to STRICT_TRANS_TABLES,STRICT_ALL_TABLES,NO_ZERO_IN_DATE,NO_ZERO_DATE,ERROR_FOR_DIVISION_BY_ZERO,TRADITIONAL,NO_ENGINE_SUBSTITUTION {{(pid=96626) _check_effective_sql_mode /opt/stack/data/venv/lib/python3.12/site-packages/oslo_db/sqlalchemy/engines.py:325}}
Aug 14 23:54:11.676810 np0000007349 nova-scheduler[96633]: INFO dbcounter [None req-780713f1-094b-4e28-8c54-1a4d58d77cc6 None None] Registered counter for database nova_cell0
Aug 14 23:54:11.676846 np0000007349 nova-scheduler[96626]: DEBUG dbcounter [-] [96626] Writer thread running {{(pid=96626) stat_writer /opt/stack/data/venv/lib/python3.12/site-packages/dbcounter.py:102}}
Aug 14 23:54:11.679392 np0000007349 nova-scheduler[96626]: DEBUG nova.service [None req-033137d8-5cda-47bc-b5b2-3027aa4bfe14 None None] Creating RPC server for service: nova-scheduler on topic: scheduler {{(pid=96626) start /opt/stack/nova/nova/service.py:262}}
Aug 14 23:54:11.679922 np0000007349 nova-scheduler[96628]: DEBUG oslo_db.sqlalchemy.engines [None req-9157b638-b796-45f8-94b2-2bb8c5527132 None None] MySQL server mode set to STRICT_TRANS_TABLES,STRICT_ALL_TABLES,NO_ZERO_IN_DATE,NO_ZERO_DATE,ERROR_FOR_DIVISION_BY_ZERO,TRADITIONAL,NO_ENGINE_SUBSTITUTION {{(pid=96628) _check_effective_sql_mode /opt/stack/data/venv/lib/python3.12/site-packages/oslo_db/sqlalchemy/engines.py:325}}
Aug 14 23:54:11.686780 np0000007349 nova-scheduler[96630]: DEBUG oslo_db.sqlalchemy.engines [None req-94b0d346-d626-4d57-a5c2-8a3122deb5f6 None None] MySQL server mode set to STRICT_TRANS_TABLES,STRICT_ALL_TABLES,NO_ZERO_IN_DATE,NO_ZERO_DATE,ERROR_FOR_DIVISION_BY_ZERO,TRADITIONAL,NO_ENGINE_SUBSTITUTION {{(pid=96630) _check_effective_sql_mode /opt/stack/data/venv/lib/python3.12/site-packages/oslo_db/sqlalchemy/engines.py:325}}
Aug 14 23:54:11.693044 np0000007349 nova-scheduler[96628]: DEBUG dbcounter [-] [96628] Writer thread running {{(pid=96628) stat_writer /opt/stack/data/venv/lib/python3.12/site-packages/dbcounter.py:102}}
Aug 14 23:54:11.699465 np0000007349 nova-scheduler[96628]: DEBUG nova.service [None req-9157b638-b796-45f8-94b2-2bb8c5527132 None None] Creating RPC server for service: nova-scheduler on topic: scheduler {{(pid=96628) start /opt/stack/nova/nova/service.py:262}}
Aug 14 23:54:11.699589 np0000007349 nova-scheduler[96630]: DEBUG dbcounter [-] [96630] Writer thread running {{(pid=96630) stat_writer /opt/stack/data/venv/lib/python3.12/site-packages/dbcounter.py:102}}
Aug 14 23:54:11.706550 np0000007349 nova-scheduler[96630]: DEBUG nova.service [None req-94b0d346-d626-4d57-a5c2-8a3122deb5f6 None None] Creating RPC server for service: nova-scheduler on topic: scheduler {{(pid=96630) start /opt/stack/nova/nova/service.py:262}}
Aug 14 23:54:11.713073 np0000007349 nova-scheduler[96626]: DEBUG nova.service [None req-033137d8-5cda-47bc-b5b2-3027aa4bfe14 None None] Join ServiceGroup membership for this service scheduler {{(pid=96626) start /opt/stack/nova/nova/service.py:288}}
Aug 14 23:54:11.713355 np0000007349 nova-scheduler[96626]: DEBUG nova.servicegroup.drivers.db [None req-033137d8-5cda-47bc-b5b2-3027aa4bfe14 None None] DB_Driver: join new ServiceGroup member np0000007349 to the scheduler group, service = {{(pid=96626) join /opt/stack/nova/nova/servicegroup/drivers/db.py:44}}
Aug 14 23:54:11.716279 np0000007349 nova-scheduler[96633]: DEBUG oslo_db.sqlalchemy.engines [None req-780713f1-094b-4e28-8c54-1a4d58d77cc6 None None] MySQL server mode set to STRICT_TRANS_TABLES,STRICT_ALL_TABLES,NO_ZERO_IN_DATE,NO_ZERO_DATE,ERROR_FOR_DIVISION_BY_ZERO,TRADITIONAL,NO_ENGINE_SUBSTITUTION {{(pid=96633) _check_effective_sql_mode /opt/stack/data/venv/lib/python3.12/site-packages/oslo_db/sqlalchemy/engines.py:325}}
Aug 14 23:54:11.718135 np0000007349 nova-scheduler[96628]: DEBUG nova.service [None req-9157b638-b796-45f8-94b2-2bb8c5527132 None None] Join ServiceGroup membership for this service scheduler {{(pid=96628) start /opt/stack/nova/nova/service.py:288}}
Aug 14 23:54:11.718666 np0000007349 nova-scheduler[96628]: DEBUG nova.servicegroup.drivers.db [None req-9157b638-b796-45f8-94b2-2bb8c5527132 None None] DB_Driver: join new ServiceGroup member np0000007349 to the scheduler group, service = {{(pid=96628) join /opt/stack/nova/nova/servicegroup/drivers/db.py:44}}
Aug 14 23:54:11.726292 np0000007349 nova-scheduler[96633]: DEBUG dbcounter [-] [96633] Writer thread running {{(pid=96633) stat_writer /opt/stack/data/venv/lib/python3.12/site-packages/dbcounter.py:102}}
Aug 14 23:54:11.729229 np0000007349 nova-scheduler[96630]: DEBUG nova.service [None req-94b0d346-d626-4d57-a5c2-8a3122deb5f6 None None] Join ServiceGroup membership for this service scheduler {{(pid=96630) start /opt/stack/nova/nova/service.py:288}}
Aug 14 23:54:11.729229 np0000007349 nova-scheduler[96630]: DEBUG nova.servicegroup.drivers.db [None req-94b0d346-d626-4d57-a5c2-8a3122deb5f6 None None] DB_Driver: join new ServiceGroup member np0000007349 to the scheduler group, service = {{(pid=96630) join /opt/stack/nova/nova/servicegroup/drivers/db.py:44}}
Aug 14 23:54:11.729520 np0000007349 nova-scheduler[96633]: DEBUG nova.service [None req-780713f1-094b-4e28-8c54-1a4d58d77cc6 None None] Creating RPC server for service: nova-scheduler on topic: scheduler {{(pid=96633) start /opt/stack/nova/nova/service.py:262}}
Aug 14 23:54:11.750248 np0000007349 nova-scheduler[96633]: DEBUG nova.service [None req-780713f1-094b-4e28-8c54-1a4d58d77cc6 None None] Join ServiceGroup membership for this service scheduler {{(pid=96633) start /opt/stack/nova/nova/service.py:288}}
Aug 14 23:54:11.750597 np0000007349 nova-scheduler[96633]: DEBUG nova.servicegroup.drivers.db [None req-780713f1-094b-4e28-8c54-1a4d58d77cc6 None None] DB_Driver: join new ServiceGroup member np0000007349 to the scheduler group, service = {{(pid=96633) join /opt/stack/nova/nova/servicegroup/drivers/db.py:44}}
Aug 14 23:54:14.752837 np0000007349 nova-scheduler[96633]: DEBUG oslo.service.backend._threading.loopingcall [None req-d4a92f77-dc81-4de8-9416-580b5807caf0 None None] Dynamic interval looping call 'nova.service.Service.periodic_tasks' sleeping for 60.00 seconds {{(pid=96633) _run_loop /opt/stack/data/venv/lib/python3.12/site-packages/oslo_service/backend/_threading/loopingcall.py:125}}
Aug 14 23:54:16.726506 np0000007349 nova-scheduler[96626]: DEBUG oslo.service.backend._threading.loopingcall [-] Fixed interval looping call 'nova.servicegroup.drivers.db.DbDriver._report_state' sleeping for 119.99 seconds {{(pid=96626) _run_loop /opt/stack/data/venv/lib/python3.12/site-packages/oslo_service/backend/_threading/loopingcall.py:125}}
Aug 14 23:54:16.729378 np0000007349 nova-scheduler[96628]: DEBUG oslo.service.backend._threading.loopingcall [-] Fixed interval looping call 'nova.servicegroup.drivers.db.DbDriver._report_state' sleeping for 119.99 seconds {{(pid=96628) _run_loop /opt/stack/data/venv/lib/python3.12/site-packages/oslo_service/backend/_threading/loopingcall.py:125}}
Aug 14 23:54:16.739210 np0000007349 nova-scheduler[96630]: DEBUG oslo.service.backend._threading.loopingcall [-] Fixed interval looping call 'nova.servicegroup.drivers.db.DbDriver._report_state' sleeping for 119.99 seconds {{(pid=96630) _run_loop /opt/stack/data/venv/lib/python3.12/site-packages/oslo_service/backend/_threading/loopingcall.py:125}}
Aug 14 23:54:16.761957 np0000007349 nova-scheduler[96633]: DEBUG oslo.service.backend._threading.loopingcall [-] Fixed interval looping call 'nova.servicegroup.drivers.db.DbDriver._report_state' sleeping for 119.99 seconds {{(pid=96633) _run_loop /opt/stack/data/venv/lib/python3.12/site-packages/oslo_service/backend/_threading/loopingcall.py:125}}
Aug 14 23:54:20.233240 np0000007349 nova-scheduler[95372]: DEBUG dbcounter [-] [95372] Writing DB stats nova_api:SELECT=3 {{(pid=95372) stat_writer /opt/stack/data/venv/lib/python3.12/site-packages/dbcounter.py:115}}
Aug 14 23:54:20.404722 np0000007349 nova-scheduler[95372]: DEBUG dbcounter [-] [95372] Writing DB stats nova_cell1:SELECT=1 {{(pid=95372) stat_writer /opt/stack/data/venv/lib/python3.12/site-packages/dbcounter.py:115}}
Aug 14 23:54:20.405220 np0000007349 nova-scheduler[95372]: DEBUG dbcounter [-] [95372] Writing DB stats nova_cell0:SELECT=1 {{(pid=95372) stat_writer /opt/stack/data/venv/lib/python3.12/site-packages/dbcounter.py:115}}
Aug 14 23:54:23.720488 np0000007349 nova-scheduler[96628]: DEBUG oslo.service.backend._threading.loopingcall [None req-f349bbc1-0d7d-48ca-a49b-61cf54967447 None None] Dynamic interval looping call 'nova.service.Service.periodic_tasks' sleeping for 60.00 seconds {{(pid=96628) _run_loop /opt/stack/data/venv/lib/python3.12/site-packages/oslo_service/backend/_threading/loopingcall.py:125}}
Aug 14 23:54:26.723077 np0000007349 nova-scheduler[96626]: DEBUG dbcounter [-] [96626] Writing DB stats nova_cell0:SELECT=4,nova_cell0:INSERT=1,nova_cell0:UPDATE=1 {{(pid=96626) stat_writer /opt/stack/data/venv/lib/python3.12/site-packages/dbcounter.py:115}}
Aug 14 23:54:26.726716 np0000007349 nova-scheduler[96628]: DEBUG dbcounter [-] [96628] Writing DB stats nova_cell0:SELECT=3 {{(pid=96628) stat_writer /opt/stack/data/venv/lib/python3.12/site-packages/dbcounter.py:115}}
Aug 14 23:54:26.736516 np0000007349 nova-scheduler[96630]: DEBUG dbcounter [-] [96630] Writing DB stats nova_cell0:SELECT=3 {{(pid=96630) stat_writer /opt/stack/data/venv/lib/python3.12/site-packages/dbcounter.py:115}}
Aug 14 23:54:26.759022 np0000007349 nova-scheduler[96633]: DEBUG dbcounter [-] [96633] Writing DB stats nova_cell0:SELECT=3 {{(pid=96633) stat_writer /opt/stack/data/venv/lib/python3.12/site-packages/dbcounter.py:115}}
Aug 14 23:54:36.731084 np0000007349 nova-scheduler[96630]: DEBUG oslo.service.backend._threading.loopingcall [None req-f529e9b1-00dd-46c9-ae9c-1fcaa311b57a None None] Dynamic interval looping call 'nova.service.Service.periodic_tasks' sleeping for 60.00 seconds {{(pid=96630) _run_loop /opt/stack/data/venv/lib/python3.12/site-packages/oslo_service/backend/_threading/loopingcall.py:125}}
Aug 14 23:55:03.715980 np0000007349 nova-scheduler[96626]: DEBUG oslo.service.backend._threading.loopingcall [None req-bbec35c9-d351-4e0e-b24b-96ec2d13de07 None None] Dynamic interval looping call 'nova.service.Service.periodic_tasks' sleeping for 60.00 seconds {{(pid=96626) _run_loop /opt/stack/data/venv/lib/python3.12/site-packages/oslo_service/backend/_threading/loopingcall.py:125}}
Aug 14 23:55:14.753355 np0000007349 nova-scheduler[96633]: DEBUG oslo.service.backend._threading.loopingcall [None req-d4a92f77-dc81-4de8-9416-580b5807caf0 None None] Dynamic interval looping call 'nova.service.Service.periodic_tasks' sleeping for 60.00 seconds {{(pid=96633) _run_loop /opt/stack/data/venv/lib/python3.12/site-packages/oslo_service/backend/_threading/loopingcall.py:125}}
Aug 14 23:55:23.721133 np0000007349 nova-scheduler[96628]: DEBUG oslo.service.backend._threading.loopingcall [None req-f349bbc1-0d7d-48ca-a49b-61cf54967447 None None] Dynamic interval looping call 'nova.service.Service.periodic_tasks' sleeping for 60.00 seconds {{(pid=96628) _run_loop /opt/stack/data/venv/lib/python3.12/site-packages/oslo_service/backend/_threading/loopingcall.py:125}}
Aug 14 23:55:36.731607 np0000007349 nova-scheduler[96630]: DEBUG oslo.service.backend._threading.loopingcall [None req-f529e9b1-00dd-46c9-ae9c-1fcaa311b57a None None] Dynamic interval looping call 'nova.service.Service.periodic_tasks' sleeping for 60.00 seconds {{(pid=96630) _run_loop /opt/stack/data/venv/lib/python3.12/site-packages/oslo_service/backend/_threading/loopingcall.py:125}}
Aug 14 23:56:03.716558 np0000007349 nova-scheduler[96626]: DEBUG oslo.service.backend._threading.loopingcall [None req-bbec35c9-d351-4e0e-b24b-96ec2d13de07 None None] Dynamic interval looping call 'nova.service.Service.periodic_tasks' sleeping for 60.00 seconds {{(pid=96626) _run_loop /opt/stack/data/venv/lib/python3.12/site-packages/oslo_service/backend/_threading/loopingcall.py:125}}
Aug 14 23:56:14.753994 np0000007349 nova-scheduler[96633]: DEBUG oslo.service.backend._threading.loopingcall [None req-d4a92f77-dc81-4de8-9416-580b5807caf0 None None] Dynamic interval looping call 'nova.service.Service.periodic_tasks' sleeping for 60.00 seconds {{(pid=96633) _run_loop /opt/stack/data/venv/lib/python3.12/site-packages/oslo_service/backend/_threading/loopingcall.py:125}}
Aug 14 23:56:16.725548 np0000007349 nova-scheduler[96626]: DEBUG oslo.service.backend._threading.loopingcall [-] Fixed interval looping call 'nova.servicegroup.drivers.db.DbDriver._report_state' sleeping for 119.99 seconds {{(pid=96626) _run_loop /opt/stack/data/venv/lib/python3.12/site-packages/oslo_service/backend/_threading/loopingcall.py:125}}
Aug 14 23:56:16.727389 np0000007349 nova-scheduler[96628]: DEBUG oslo.service.backend._threading.loopingcall [-] Fixed interval looping call 'nova.servicegroup.drivers.db.DbDriver._report_state' sleeping for 119.99 seconds {{(pid=96628) _run_loop /opt/stack/data/venv/lib/python3.12/site-packages/oslo_service/backend/_threading/loopingcall.py:125}}
Aug 14 23:56:16.733271 np0000007349 nova-scheduler[96630]: DEBUG oslo.service.backend._threading.loopingcall [-] Fixed interval looping call 'nova.servicegroup.drivers.db.DbDriver._report_state' sleeping for 120.00 seconds {{(pid=96630) _run_loop /opt/stack/data/venv/lib/python3.12/site-packages/oslo_service/backend/_threading/loopingcall.py:125}}
Aug 14 23:56:16.757058 np0000007349 nova-scheduler[96633]: DEBUG oslo.service.backend._threading.loopingcall [-] Fixed interval looping call 'nova.servicegroup.drivers.db.DbDriver._report_state' sleeping for 120.00 seconds {{(pid=96633) _run_loop /opt/stack/data/venv/lib/python3.12/site-packages/oslo_service/backend/_threading/loopingcall.py:125}}
Aug 14 23:56:23.722032 np0000007349 nova-scheduler[96628]: DEBUG oslo.service.backend._threading.loopingcall [None req-f349bbc1-0d7d-48ca-a49b-61cf54967447 None None] Dynamic interval looping call 'nova.service.Service.periodic_tasks' sleeping for 60.00 seconds {{(pid=96628) _run_loop /opt/stack/data/venv/lib/python3.12/site-packages/oslo_service/backend/_threading/loopingcall.py:125}}
Aug 14 23:56:26.720636 np0000007349 nova-scheduler[96626]: DEBUG dbcounter [-] [96626] Writing DB stats nova_cell0:SELECT=1,nova_cell0:UPDATE=1 {{(pid=96626) stat_writer /opt/stack/data/venv/lib/python3.12/site-packages/dbcounter.py:115}}
Aug 14 23:56:26.725614 np0000007349 nova-scheduler[96628]: DEBUG dbcounter [-] [96628] Writing DB stats nova_cell0:SELECT=1,nova_cell0:UPDATE=1 {{(pid=96628) stat_writer /opt/stack/data/venv/lib/python3.12/site-packages/dbcounter.py:115}}
Aug 14 23:56:26.732378 np0000007349 nova-scheduler[96630]: DEBUG dbcounter [-] [96630] Writing DB stats nova_cell0:SELECT=1 {{(pid=96630) stat_writer /opt/stack/data/venv/lib/python3.12/site-packages/dbcounter.py:115}}
Aug 14 23:56:26.754649 np0000007349 nova-scheduler[96633]: DEBUG dbcounter [-] [96633] Writing DB stats nova_cell0:SELECT=1 {{(pid=96633) stat_writer /opt/stack/data/venv/lib/python3.12/site-packages/dbcounter.py:115}}
Aug 14 23:56:36.732428 np0000007349 nova-scheduler[96630]: DEBUG oslo.service.backend._threading.loopingcall [None req-f529e9b1-00dd-46c9-ae9c-1fcaa311b57a None None] Dynamic interval looping call 'nova.service.Service.periodic_tasks' sleeping for 60.00 seconds {{(pid=96630) _run_loop /opt/stack/data/venv/lib/python3.12/site-packages/oslo_service/backend/_threading/loopingcall.py:125}}
Aug 14 23:56:42.470209 np0000007349 nova-scheduler[96626]: DEBUG nova.scheduler.manager [None req-9ba2955f-40d5-42ae-8ce2-6b70e3cf7f98 tempest-DeleteServersTestJSON-2110175402 tempest-DeleteServersTestJSON-2110175402-project-member] Starting to schedule for instances: ['80179d32-7e0b-49af-9b28-c062ab4885e9'] {{(pid=96626) select_destinations /opt/stack/nova/nova/scheduler/manager.py:197}}
Aug 14 23:56:42.472476 np0000007349 nova-scheduler[96626]: DEBUG nova.scheduler.request_filter [None req-9ba2955f-40d5-42ae-8ce2-6b70e3cf7f98 tempest-DeleteServersTestJSON-2110175402 tempest-DeleteServersTestJSON-2110175402-project-member] compute_status_filter request filter added forbidden trait COMPUTE_STATUS_DISABLED {{(pid=96626) compute_status_filter /opt/stack/nova/nova/scheduler/request_filter.py:253}}
Aug 14 23:56:42.472476 np0000007349 nova-scheduler[96626]: DEBUG nova.scheduler.request_filter [None req-9ba2955f-40d5-42ae-8ce2-6b70e3cf7f98 tempest-DeleteServersTestJSON-2110175402 tempest-DeleteServersTestJSON-2110175402-project-member] Request filter 'compute_status_filter' took 0.0 seconds {{(pid=96626) wrapper /opt/stack/nova/nova/scheduler/request_filter.py:46}}
Aug 14 23:56:42.472476 np0000007349 nova-scheduler[96626]: DEBUG nova.scheduler.request_filter [None req-9ba2955f-40d5-42ae-8ce2-6b70e3cf7f98 tempest-DeleteServersTestJSON-2110175402 tempest-DeleteServersTestJSON-2110175402-project-member] Request filter 'accelerators_filter' took 0.0 seconds {{(pid=96626) wrapper /opt/stack/nova/nova/scheduler/request_filter.py:46}}
Aug 14 23:56:42.472476 np0000007349 nova-scheduler[96626]: DEBUG nova.scheduler.request_filter [None req-9ba2955f-40d5-42ae-8ce2-6b70e3cf7f98 tempest-DeleteServersTestJSON-2110175402 tempest-DeleteServersTestJSON-2110175402-project-member] Request filter 'packed_virtqueue_filter' took 0.0 seconds {{(pid=96626) wrapper /opt/stack/nova/nova/scheduler/request_filter.py:46}}
Aug 14 23:56:42.472961 np0000007349 nova-scheduler[96626]: DEBUG nova.scheduler.request_filter [None req-9ba2955f-40d5-42ae-8ce2-6b70e3cf7f98 tempest-DeleteServersTestJSON-2110175402 tempest-DeleteServersTestJSON-2110175402-project-member] Request filter 'remote_managed_ports_filter' took 0.0 seconds {{(pid=96626) wrapper /opt/stack/nova/nova/scheduler/request_filter.py:46}}
Aug 14 23:56:42.473488 np0000007349 nova-scheduler[96626]: DEBUG nova.scheduler.request_filter [None req-9ba2955f-40d5-42ae-8ce2-6b70e3cf7f98 tempest-DeleteServersTestJSON-2110175402 tempest-DeleteServersTestJSON-2110175402-project-member] ephemeral_encryption_filter skipped {{(pid=96626) ephemeral_encryption_filter /opt/stack/nova/nova/scheduler/request_filter.py:426}}
Aug 14 23:56:42.473772 np0000007349 nova-scheduler[96626]: DEBUG nova.scheduler.request_filter [None req-9ba2955f-40d5-42ae-8ce2-6b70e3cf7f98 tempest-DeleteServersTestJSON-2110175402 tempest-DeleteServersTestJSON-2110175402-project-member] virtio_sound_filter skipped {{(pid=96626) virtio_sound_filter /opt/stack/nova/nova/scheduler/request_filter.py:460}}
Aug 14 23:56:42.474039 np0000007349 nova-scheduler[96626]: DEBUG nova.scheduler.request_filter [None req-9ba2955f-40d5-42ae-8ce2-6b70e3cf7f98 tempest-DeleteServersTestJSON-2110175402 tempest-DeleteServersTestJSON-2110175402-project-member] tpm_secret_security_filter skipped {{(pid=96626) tpm_secret_security_filter /opt/stack/nova/nova/scheduler/request_filter.py:477}}
Aug 14 23:56:43.140738 np0000007349 nova-scheduler[96626]: INFO nova.utils [None req-9ba2955f-40d5-42ae-8ce2-6b70e3cf7f98 tempest-DeleteServersTestJSON-2110175402 tempest-DeleteServersTestJSON-2110175402-project-member] The cell worker thread pool ForkProcess-1.cell_worker is initialized
Aug 14 23:56:43.141120 np0000007349 nova-scheduler[96626]: DEBUG oslo_concurrency.lockutils [None req-9ba2955f-40d5-42ae-8ce2-6b70e3cf7f98 tempest-DeleteServersTestJSON-2110175402 tempest-DeleteServersTestJSON-2110175402-project-member] Acquiring lock "07de843a-8b67-4a87-a2cf-3d832371fb5c" by "nova.context.set_target_cell..get_or_set_cached_cell_and_set_connections" {{(pid=96626) inner /opt/stack/data/venv/lib/python3.12/site-packages/oslo_concurrency/lockutils.py:512}}
Aug 14 23:56:43.141338 np0000007349 nova-scheduler[96626]: DEBUG oslo_concurrency.lockutils [None req-9ba2955f-40d5-42ae-8ce2-6b70e3cf7f98 tempest-DeleteServersTestJSON-2110175402 tempest-DeleteServersTestJSON-2110175402-project-member] Lock "07de843a-8b67-4a87-a2cf-3d832371fb5c" acquired by "nova.context.set_target_cell..get_or_set_cached_cell_and_set_connections" :: waited 0.000s {{(pid=96626) inner /opt/stack/data/venv/lib/python3.12/site-packages/oslo_concurrency/lockutils.py:525}}
Aug 14 23:56:43.143008 np0000007349 nova-scheduler[96626]: DEBUG oslo_concurrency.lockutils [None req-9ba2955f-40d5-42ae-8ce2-6b70e3cf7f98 tempest-DeleteServersTestJSON-2110175402 tempest-DeleteServersTestJSON-2110175402-project-member] Lock "07de843a-8b67-4a87-a2cf-3d832371fb5c" "released" by "nova.context.set_target_cell..get_or_set_cached_cell_and_set_connections" :: held 0.001s {{(pid=96626) inner /opt/stack/data/venv/lib/python3.12/site-packages/oslo_concurrency/lockutils.py:544}}
Aug 14 23:56:43.145093 np0000007349 nova-scheduler[96626]: INFO dbcounter [None req-9ba2955f-40d5-42ae-8ce2-6b70e3cf7f98 tempest-DeleteServersTestJSON-2110175402 tempest-DeleteServersTestJSON-2110175402-project-member] Registered counter for database nova_cell1
Aug 14 23:56:43.199958 np0000007349 nova-scheduler[96626]: DEBUG oslo_db.sqlalchemy.engines [None req-9ba2955f-40d5-42ae-8ce2-6b70e3cf7f98 tempest-DeleteServersTestJSON-2110175402 tempest-DeleteServersTestJSON-2110175402-project-member] MySQL server mode set to STRICT_TRANS_TABLES,STRICT_ALL_TABLES,NO_ZERO_IN_DATE,NO_ZERO_DATE,ERROR_FOR_DIVISION_BY_ZERO,TRADITIONAL,NO_ENGINE_SUBSTITUTION {{(pid=96626) _check_effective_sql_mode /opt/stack/data/venv/lib/python3.12/site-packages/oslo_db/sqlalchemy/engines.py:325}}
Aug 14 23:56:43.206076 np0000007349 nova-scheduler[96626]: DEBUG dbcounter [-] [96626] Writer thread running {{(pid=96626) stat_writer /opt/stack/data/venv/lib/python3.12/site-packages/dbcounter.py:102}}
Aug 14 23:56:43.231257 np0000007349 nova-scheduler[96626]: DEBUG oslo_db.sqlalchemy.engines [None req-9ba2955f-40d5-42ae-8ce2-6b70e3cf7f98 tempest-DeleteServersTestJSON-2110175402 tempest-DeleteServersTestJSON-2110175402-project-member] Parent process 95372 forked (96626) with an open database connection, which is being discarded and recreated. {{(pid=96626) checkout /opt/stack/data/venv/lib/python3.12/site-packages/oslo_db/sqlalchemy/engines.py:402}}
Aug 14 23:56:43.294526 np0000007349 nova-scheduler[96626]: DEBUG dbcounter [-] [96626] Writer thread running {{(pid=96626) stat_writer /opt/stack/data/venv/lib/python3.12/site-packages/dbcounter.py:102}}
