Aug 18 20:56:35.630462 np0000007700 devstack@c-api.service[96888]: INFO cinder.api.openstack.wsgi [None req-bf230a4c-dce8-4a62-a879-6b0a12e7bddd tempest-VolumeTypesAccessTest-2127195010 tempest-VolumeTypesAccessTest-2127195010-project-admin] https://10.4.3.11/volume/v3/types returned with HTTP 200
Aug 18 20:56:35.631066 np0000007700 devstack@c-api.service[96888]: [pid: 96888|app: 0|req: 96/268] 10.4.3.11 () {68 vars in 1246 bytes} [Tue Aug 18 20:56:35 2026] POST /volume/v3/types => generated 228 bytes in 19 msecs (HTTP/1.1 200) 7 headers in 285 bytes (1 switches on core 0)
Aug 18 20:56:35.639926 np0000007700 devstack@c-api.service[96886]: DEBUG cinder.api.middleware.request_id [None req-a2e131aa-d2eb-48ae-89cc-7055291bc052 None None] RequestId filter calling following filter/app {{(pid=96886) _context_setter /opt/stack/cinder/cinder/api/middleware/request_id.py:62}}
Aug 18 20:56:35.641797 np0000007700 devstack@c-api.service[96886]: INFO cinder.api.openstack.wsgi [None req-a2e131aa-d2eb-48ae-89cc-7055291bc052 tempest-VolumeTypesAccessTest-2127195010 tempest-VolumeTypesAccessTest-2127195010-project-admin] POST https://10.4.3.11/volume/v3/types/0d3cbc68-f209-4867-8667-e617b0bae0d3/action
Aug 18 20:56:35.642190 np0000007700 devstack@c-api.service[96886]: DEBUG cinder.api.openstack.wsgi [None req-a2e131aa-d2eb-48ae-89cc-7055291bc052 tempest-VolumeTypesAccessTest-2127195010 tempest-VolumeTypesAccessTest-2127195010-project-admin] Action body: b'{"addProjectAccess": {"project": "d2511b37ba894a4f841a2b928eb31ccb"}}' {{(pid=96886) get_method /opt/stack/cinder/cinder/api/openstack/wsgi.py:993}}
Aug 18 20:56:35.642368 np0000007700 devstack@c-api.service[96886]: DEBUG cinder.api.openstack.wsgi [None req-a2e131aa-d2eb-48ae-89cc-7055291bc052 tempest-VolumeTypesAccessTest-2127195010 tempest-VolumeTypesAccessTest-2127195010-project-admin] Action: 'action', calling method: _addProjectAccess, body: {"addProjectAccess": {"project": "d2511b37ba894a4f841a2b928eb31ccb"}} {{(pid=96886) _process_stack /opt/stack/cinder/cinder/api/openstack/wsgi.py:876}}
Aug 18 20:56:35.653781 np0000007700 devstack@c-api.service[96890]: DEBUG cinder.api.middleware.request_id [None req-18fd218e-f7e5-4a6d-aefa-d549b5e1b8eb None None] RequestId filter calling following filter/app {{(pid=96890) _context_setter /opt/stack/cinder/cinder/api/middleware/request_id.py:62}}
Aug 18 20:56:35.656728 np0000007700 devstack@c-api.service[96890]: INFO cinder.api.openstack.wsgi [None req-18fd218e-f7e5-4a6d-aefa-d549b5e1b8eb tempest-VolumesBackupsV39Test-2068903274 tempest-VolumesBackupsV39Test-2068903274-project-member] GET https://10.4.3.11/volume/v3/backups/cd1c1ee9-0c00-48eb-83b4-bbcd67df6b2c
Aug 18 20:56:35.657429 np0000007700 devstack@c-api.service[96890]: DEBUG cinder.api.openstack.wsgi [None req-18fd218e-f7e5-4a6d-aefa-d549b5e1b8eb tempest-VolumesBackupsV39Test-2068903274 tempest-VolumesBackupsV39Test-2068903274-project-member] Empty body provided in request {{(pid=96890) get_body /opt/stack/cinder/cinder/api/openstack/wsgi.py:725}}
Aug 18 20:56:35.657683 np0000007700 devstack@c-api.service[96890]: DEBUG cinder.api.openstack.wsgi [None req-18fd218e-f7e5-4a6d-aefa-d549b5e1b8eb tempest-VolumesBackupsV39Test-2068903274 tempest-VolumesBackupsV39Test-2068903274-project-member] Calling method 'show' {{(pid=96890) _process_stack /opt/stack/cinder/cinder/api/openstack/wsgi.py:878}}
Aug 18 20:56:35.657948 np0000007700 devstack@c-api.service[96890]: DEBUG cinder.api.v3.backups [None req-18fd218e-f7e5-4a6d-aefa-d549b5e1b8eb tempest-VolumesBackupsV39Test-2068903274 tempest-VolumesBackupsV39Test-2068903274-project-member] Show backup with id cd1c1ee9-0c00-48eb-83b4-bbcd67df6b2c. {{(pid=96890) show /opt/stack/cinder/cinder/api/v3/backups.py:75}}
Aug 18 20:56:35.658182 np0000007700 devstack@c-api.service[96886]: INFO cinder.api.openstack.wsgi [None req-a2e131aa-d2eb-48ae-89cc-7055291bc052 tempest-VolumeTypesAccessTest-2127195010 tempest-VolumeTypesAccessTest-2127195010-project-admin] https://10.4.3.11/volume/v3/types/0d3cbc68-f209-4867-8667-e617b0bae0d3/action returned with HTTP 202
Aug 18 20:56:35.658773 np0000007700 devstack@c-api.service[96886]: [pid: 96886|app: 0|req: 88/269] 10.4.3.11 () {68 vars in 1377 bytes} [Tue Aug 18 20:56:35 2026] POST /volume/v3/types/0d3cbc68-f209-4867-8667-e617b0bae0d3/action => generated 0 bytes in 19 msecs (HTTP/1.1 202) 6 headers in 233 bytes (1 switches on core 0)
Aug 18 20:56:35.667936 np0000007700 devstack@c-api.service[96888]: DEBUG cinder.api.middleware.request_id [None req-7f59d18b-9b79-4f30-81e2-e811d3493e1c None None] RequestId filter calling following filter/app {{(pid=96888) _context_setter /opt/stack/cinder/cinder/api/middleware/request_id.py:62}}
Aug 18 20:56:35.670369 np0000007700 devstack@c-api.service[96888]: INFO cinder.api.openstack.wsgi [None req-7f59d18b-9b79-4f30-81e2-e811d3493e1c tempest-VolumeTypesAccessTest-2127195010 tempest-VolumeTypesAccessTest-2127195010-project-admin] POST https://10.4.3.11/volume/v3/types/0d3cbc68-f209-4867-8667-e617b0bae0d3/action
Aug 18 20:56:35.670598 np0000007700 devstack@c-api.service[96888]: DEBUG cinder.api.openstack.wsgi [None req-7f59d18b-9b79-4f30-81e2-e811d3493e1c tempest-VolumeTypesAccessTest-2127195010 tempest-VolumeTypesAccessTest-2127195010-project-admin] Action body: b'{"addProjectAccess": {"project": "9aee54a95574428da548f6814fc901e0"}}' {{(pid=96888) get_method /opt/stack/cinder/cinder/api/openstack/wsgi.py:993}}
Aug 18 20:56:35.670789 np0000007700 devstack@c-api.service[96888]: DEBUG cinder.api.openstack.wsgi [None req-7f59d18b-9b79-4f30-81e2-e811d3493e1c tempest-VolumeTypesAccessTest-2127195010 tempest-VolumeTypesAccessTest-2127195010-project-admin] Action: 'action', calling method: _addProjectAccess, body: {"addProjectAccess": {"project": "9aee54a95574428da548f6814fc901e0"}} {{(pid=96888) _process_stack /opt/stack/cinder/cinder/api/openstack/wsgi.py:876}}
Aug 18 20:56:35.684535 np0000007700 devstack@c-api.service[96888]: INFO cinder.api.openstack.wsgi [None req-7f59d18b-9b79-4f30-81e2-e811d3493e1c tempest-VolumeTypesAccessTest-2127195010 tempest-VolumeTypesAccessTest-2127195010-project-admin] https://10.4.3.11/volume/v3/types/0d3cbc68-f209-4867-8667-e617b0bae0d3/action returned with HTTP 202
Aug 18 20:56:35.685103 np0000007700 devstack@c-api.service[96888]: [pid: 96888|app: 0|req: 97/270] 10.4.3.11 () {68 vars in 1377 bytes} [Tue Aug 18 20:56:35 2026] POST /volume/v3/types/0d3cbc68-f209-4867-8667-e617b0bae0d3/action => generated 0 bytes in 18 msecs (HTTP/1.1 202) 6 headers in 233 bytes (1 switches on core 0)
Aug 18 20:56:35.687007 np0000007700 devstack@c-api.service[96890]: /opt/stack/data/venv/lib/python3.12/site-packages/oslo_context/context.py:102: DeprecationWarning: Policy enforcement is depending on the value of is_admin. This key is deprecated. Please update your policy file to use the standard policy values.
Aug 18 20:56:35.687007 np0000007700 devstack@c-api.service[96890]: warnings.warn(
Aug 18 20:56:35.688193 np0000007700 devstack@c-api.service[96890]: INFO cinder.api.openstack.wsgi [None req-18fd218e-f7e5-4a6d-aefa-d549b5e1b8eb tempest-VolumesBackupsV39Test-2068903274 tempest-VolumesBackupsV39Test-2068903274-project-member] https://10.4.3.11/volume/v3/backups/cd1c1ee9-0c00-48eb-83b4-bbcd67df6b2c returned with HTTP 200
Aug 18 20:56:35.688733 np0000007700 devstack@c-api.service[96890]: [pid: 96890|app: 0|req: 86/271] 10.4.3.11 () {68 vars in 1381 bytes} [Tue Aug 18 20:56:35 2026] GET /volume/v3/backups/cd1c1ee9-0c00-48eb-83b4-bbcd67df6b2c => generated 794 bytes in 35 msecs (HTTP/1.1 200) 7 headers in 285 bytes (1 switches on core 0)
Aug 18 20:56:35.693489 np0000007700 devstack@c-api.service[96886]: DEBUG cinder.api.middleware.request_id [None req-7f4767a4-5b69-4fdf-853e-a5c5f1c052d4 None None] RequestId filter calling following filter/app {{(pid=96886) _context_setter /opt/stack/cinder/cinder/api/middleware/request_id.py:62}}
Aug 18 20:56:35.695764 np0000007700 devstack@c-api.service[96886]: INFO cinder.api.openstack.wsgi [None req-7f4767a4-5b69-4fdf-853e-a5c5f1c052d4 tempest-VolumeTypesAccessTest-2127195010 tempest-VolumeTypesAccessTest-2127195010-project-admin] GET https://10.4.3.11/volume/v3/types/0d3cbc68-f209-4867-8667-e617b0bae0d3/os-volume-type-access
Aug 18 20:56:35.695974 np0000007700 devstack@c-api.service[96886]: DEBUG cinder.api.openstack.wsgi [None req-7f4767a4-5b69-4fdf-853e-a5c5f1c052d4 tempest-VolumeTypesAccessTest-2127195010 tempest-VolumeTypesAccessTest-2127195010-project-admin] Empty body provided in request {{(pid=96886) get_body /opt/stack/cinder/cinder/api/openstack/wsgi.py:725}}
Aug 18 20:56:35.696205 np0000007700 devstack@c-api.service[96886]: DEBUG cinder.api.openstack.wsgi [None req-7f4767a4-5b69-4fdf-853e-a5c5f1c052d4 tempest-VolumeTypesAccessTest-2127195010 tempest-VolumeTypesAccessTest-2127195010-project-admin] Calling method 'index' {{(pid=96886) _process_stack /opt/stack/cinder/cinder/api/openstack/wsgi.py:878}}
Aug 18 20:56:35.711568 np0000007700 devstack@c-api.service[96886]: INFO cinder.api.openstack.wsgi [None req-7f4767a4-5b69-4fdf-853e-a5c5f1c052d4 tempest-VolumeTypesAccessTest-2127195010 tempest-VolumeTypesAccessTest-2127195010-project-admin] https://10.4.3.11/volume/v3/types/0d3cbc68-f209-4867-8667-e617b0bae0d3/os-volume-type-access returned with HTTP 200
Aug 18 20:56:35.712597 np0000007700 devstack@c-api.service[96886]: [pid: 96886|app: 0|req: 89/272] 10.4.3.11 () {66 vars in 1401 bytes} [Tue Aug 18 20:56:35 2026] GET /volume/v3/types/0d3cbc68-f209-4867-8667-e617b0bae0d3/os-volume-type-access => generated 244 bytes in 20 msecs (HTTP/1.1 200) 7 headers in 285 bytes (1 switches on core 0)
Aug 18 20:56:35.720891 np0000007700 devstack@c-api.service[96888]: DEBUG cinder.api.middleware.request_id [None req-c2678574-6e6a-4e88-9b78-ce447f9d279d None None] RequestId filter calling following filter/app {{(pid=96888) _context_setter /opt/stack/cinder/cinder/api/middleware/request_id.py:62}}
Aug 18 20:56:35.723177 np0000007700 devstack@c-api.service[96888]: INFO cinder.api.openstack.wsgi [None req-c2678574-6e6a-4e88-9b78-ce447f9d279d tempest-VolumeTypesAccessTest-2127195010 tempest-VolumeTypesAccessTest-2127195010-project-admin] POST https://10.4.3.11/volume/v3/types/0d3cbc68-f209-4867-8667-e617b0bae0d3/action
Aug 18 20:56:35.723601 np0000007700 devstack@c-api.service[96888]: DEBUG cinder.api.openstack.wsgi [None req-c2678574-6e6a-4e88-9b78-ce447f9d279d tempest-VolumeTypesAccessTest-2127195010 tempest-VolumeTypesAccessTest-2127195010-project-admin] Action body: b'{"removeProjectAccess": {"project": "9aee54a95574428da548f6814fc901e0"}}' {{(pid=96888) get_method /opt/stack/cinder/cinder/api/openstack/wsgi.py:993}}
Aug 18 20:56:35.723740 np0000007700 devstack@c-api.service[96888]: DEBUG cinder.api.openstack.wsgi [None req-c2678574-6e6a-4e88-9b78-ce447f9d279d tempest-VolumeTypesAccessTest-2127195010 tempest-VolumeTypesAccessTest-2127195010-project-admin] Action: 'action', calling method: _removeProjectAccess, body: {"removeProjectAccess": {"project": "9aee54a95574428da548f6814fc901e0"}} {{(pid=96888) _process_stack /opt/stack/cinder/cinder/api/openstack/wsgi.py:876}}
Aug 18 20:56:35.735795 np0000007700 devstack@c-api.service[96888]: INFO cinder.api.openstack.wsgi [None req-c2678574-6e6a-4e88-9b78-ce447f9d279d tempest-VolumeTypesAccessTest-2127195010 tempest-VolumeTypesAccessTest-2127195010-project-admin] https://10.4.3.11/volume/v3/types/0d3cbc68-f209-4867-8667-e617b0bae0d3/action returned with HTTP 202
Aug 18 20:56:35.736044 np0000007700 devstack@c-api.service[96888]: [pid: 96888|app: 0|req: 98/273] 10.4.3.11 () {68 vars in 1377 bytes} [Tue Aug 18 20:56:35 2026] POST /volume/v3/types/0d3cbc68-f209-4867-8667-e617b0bae0d3/action => generated 0 bytes in 16 msecs (HTTP/1.1 202) 6 headers in 233 bytes (1 switches on core 0)
Aug 18 20:56:35.745460 np0000007700 devstack@c-api.service[96890]: DEBUG cinder.api.middleware.request_id [None req-6aefe15f-0f67-44c6-9cde-b1193625e046 None None] RequestId filter calling following filter/app {{(pid=96890) _context_setter /opt/stack/cinder/cinder/api/middleware/request_id.py:62}}
Aug 18 20:56:35.751502 np0000007700 devstack@c-api.service[96890]: INFO cinder.api.openstack.wsgi [None req-6aefe15f-0f67-44c6-9cde-b1193625e046 tempest-VolumeTypesAccessTest-2127195010 tempest-VolumeTypesAccessTest-2127195010-project-admin] POST https://10.4.3.11/volume/v3/types/0d3cbc68-f209-4867-8667-e617b0bae0d3/action
Aug 18 20:56:35.751932 np0000007700 devstack@c-api.service[96890]: DEBUG cinder.api.openstack.wsgi [None req-6aefe15f-0f67-44c6-9cde-b1193625e046 tempest-VolumeTypesAccessTest-2127195010 tempest-VolumeTypesAccessTest-2127195010-project-admin] Action body: b'{"removeProjectAccess": {"project": "d2511b37ba894a4f841a2b928eb31ccb"}}' {{(pid=96890) get_method /opt/stack/cinder/cinder/api/openstack/wsgi.py:993}}
Aug 18 20:56:35.752080 np0000007700 devstack@c-api.service[96890]: DEBUG cinder.api.openstack.wsgi [None req-6aefe15f-0f67-44c6-9cde-b1193625e046 tempest-VolumeTypesAccessTest-2127195010 tempest-VolumeTypesAccessTest-2127195010-project-admin] Action: 'action', calling method: _removeProjectAccess, body: {"removeProjectAccess": {"project": "d2511b37ba894a4f841a2b928eb31ccb"}} {{(pid=96890) _process_stack /opt/stack/cinder/cinder/api/openstack/wsgi.py:876}}
Aug 18 20:56:35.755002 np0000007700 devstack@c-api.service[96886]: DEBUG cinder.api.middleware.request_id [None req-30dd72d9-66b5-41ad-b961-5d3d43efb8a0 None None] RequestId filter calling following filter/app {{(pid=96886) _context_setter /opt/stack/cinder/cinder/api/middleware/request_id.py:62}}
Aug 18 20:56:35.756827 np0000007700 devstack@c-api.service[96886]: INFO cinder.api.openstack.wsgi [None req-30dd72d9-66b5-41ad-b961-5d3d43efb8a0 tempest-AttachSCSIVolumeTestJSON-1519949440 tempest-AttachSCSIVolumeTestJSON-1519949440-project-member] GET https://10.4.3.11/volume/v3/volumes/4c374def-7cc3-4474-ae6c-4fea2a9ba780
Aug 18 20:56:35.757012 np0000007700 devstack@c-api.service[96886]: DEBUG cinder.api.openstack.wsgi [None req-30dd72d9-66b5-41ad-b961-5d3d43efb8a0 tempest-AttachSCSIVolumeTestJSON-1519949440 tempest-AttachSCSIVolumeTestJSON-1519949440-project-member] Empty body provided in request {{(pid=96886) get_body /opt/stack/cinder/cinder/api/openstack/wsgi.py:725}}
Aug 18 20:56:35.757197 np0000007700 devstack@c-api.service[96886]: DEBUG cinder.api.openstack.wsgi [None req-30dd72d9-66b5-41ad-b961-5d3d43efb8a0 tempest-AttachSCSIVolumeTestJSON-1519949440 tempest-AttachSCSIVolumeTestJSON-1519949440-project-member] Calling method 'show' {{(pid=96886) _process_stack /opt/stack/cinder/cinder/api/openstack/wsgi.py:878}}
Aug 18 20:56:35.766779 np0000007700 devstack@c-api.service[96890]: INFO cinder.api.openstack.wsgi [None req-6aefe15f-0f67-44c6-9cde-b1193625e046 tempest-VolumeTypesAccessTest-2127195010 tempest-VolumeTypesAccessTest-2127195010-project-admin] https://10.4.3.11/volume/v3/types/0d3cbc68-f209-4867-8667-e617b0bae0d3/action returned with HTTP 202
Aug 18 20:56:35.767247 np0000007700 devstack@c-api.service[96890]: [pid: 96890|app: 0|req: 87/274] 10.4.3.11 () {68 vars in 1377 bytes} [Tue Aug 18 20:56:35 2026] POST /volume/v3/types/0d3cbc68-f209-4867-8667-e617b0bae0d3/action => generated 0 bytes in 22 msecs (HTTP/1.1 202) 6 headers in 233 bytes (1 switches on core 0)
Aug 18 20:56:35.768540 np0000007700 devstack@c-api.service[96886]: /opt/stack/data/venv/lib/python3.12/site-packages/oslo_context/context.py:102: DeprecationWarning: Policy enforcement is depending on the value of is_admin. This key is deprecated. Please update your policy file to use the standard policy values.
Aug 18 20:56:35.768540 np0000007700 devstack@c-api.service[96886]: warnings.warn(
Aug 18 20:56:35.775214 np0000007700 devstack@c-api.service[96888]: DEBUG cinder.api.middleware.request_id [None req-0035632d-2643-48bd-8dfd-a22bd499aead None None] RequestId filter calling following filter/app {{(pid=96888) _context_setter /opt/stack/cinder/cinder/api/middleware/request_id.py:62}}
Aug 18 20:56:35.776217 np0000007700 devstack@c-api.service[96886]: INFO cinder.volume.api [None req-30dd72d9-66b5-41ad-b961-5d3d43efb8a0 tempest-AttachSCSIVolumeTestJSON-1519949440 tempest-AttachSCSIVolumeTestJSON-1519949440-project-member] Volume info retrieved successfully.
Aug 18 20:56:35.779842 np0000007700 devstack@c-api.service[96888]: INFO cinder.api.openstack.wsgi [None req-0035632d-2643-48bd-8dfd-a22bd499aead tempest-VolumeTypesAccessTest-2127195010 tempest-VolumeTypesAccessTest-2127195010-project-admin] DELETE https://10.4.3.11/volume/v3/types/0d3cbc68-f209-4867-8667-e617b0bae0d3
Aug 18 20:56:35.780028 np0000007700 devstack@c-api.service[96888]: DEBUG cinder.api.openstack.wsgi [None req-0035632d-2643-48bd-8dfd-a22bd499aead tempest-VolumeTypesAccessTest-2127195010 tempest-VolumeTypesAccessTest-2127195010-project-admin] Empty body provided in request {{(pid=96888) get_body /opt/stack/cinder/cinder/api/openstack/wsgi.py:725}}
Aug 18 20:56:35.780217 np0000007700 devstack@c-api.service[96888]: DEBUG cinder.api.openstack.wsgi [None req-0035632d-2643-48bd-8dfd-a22bd499aead tempest-VolumeTypesAccessTest-2127195010 tempest-VolumeTypesAccessTest-2127195010-project-admin] Calling method '_delete' {{(pid=96888) _process_stack /opt/stack/cinder/cinder/api/openstack/wsgi.py:878}}
Aug 18 20:56:35.786177 np0000007700 devstack@c-api.service[96886]: INFO cinder.api.openstack.wsgi [None req-30dd72d9-66b5-41ad-b961-5d3d43efb8a0 tempest-AttachSCSIVolumeTestJSON-1519949440 tempest-AttachSCSIVolumeTestJSON-1519949440-project-member] https://10.4.3.11/volume/v3/volumes/4c374def-7cc3-4474-ae6c-4fea2a9ba780 returned with HTTP 200
Aug 18 20:56:35.786675 np0000007700 devstack@c-api.service[96886]: [pid: 96886|app: 0|req: 90/275] 10.4.3.11 () {66 vars in 1341 bytes} [Tue Aug 18 20:56:35 2026] GET /volume/v3/volumes/4c374def-7cc3-4474-ae6c-4fea2a9ba780 => generated 1137 bytes in 32 msecs (HTTP/1.1 200) 7 headers in 286 bytes (1 switches on core 0)
Aug 18 20:56:35.799646 np0000007700 devstack@c-api.service[96890]: DEBUG cinder.api.middleware.request_id [None req-cee1594f-be17-408a-9e1e-b64370f92bf2 None None] RequestId filter calling following filter/app {{(pid=96890) _context_setter /opt/stack/cinder/cinder/api/middleware/request_id.py:62}}
Aug 18 20:56:35.803724 np0000007700 devstack@c-api.service[96890]: INFO cinder.api.openstack.wsgi [None req-cee1594f-be17-408a-9e1e-b64370f92bf2 tempest-AttachSCSIVolumeTestJSON-1519949440 tempest-AttachSCSIVolumeTestJSON-1519949440-project-member] GET https://10.4.3.11/volume/v3/volumes/4c374def-7cc3-4474-ae6c-4fea2a9ba780
Aug 18 20:56:35.803903 np0000007700 devstack@c-api.service[96890]: DEBUG cinder.api.openstack.wsgi [None req-cee1594f-be17-408a-9e1e-b64370f92bf2 tempest-AttachSCSIVolumeTestJSON-1519949440 tempest-AttachSCSIVolumeTestJSON-1519949440-project-member] Empty body provided in request {{(pid=96890) get_body /opt/stack/cinder/cinder/api/openstack/wsgi.py:725}}
Aug 18 20:56:35.804081 np0000007700 devstack@c-api.service[96890]: DEBUG cinder.api.openstack.wsgi [None req-cee1594f-be17-408a-9e1e-b64370f92bf2 tempest-AttachSCSIVolumeTestJSON-1519949440 tempest-AttachSCSIVolumeTestJSON-1519949440-project-member] Calling method 'show' {{(pid=96890) _process_stack /opt/stack/cinder/cinder/api/openstack/wsgi.py:878}}
Aug 18 20:56:35.820523 np0000007700 devstack@c-api.service[96890]: /opt/stack/data/venv/lib/python3.12/site-packages/oslo_context/context.py:102: DeprecationWarning: Policy enforcement is depending on the value of is_admin. This key is deprecated. Please update your policy file to use the standard policy values.
Aug 18 20:56:35.820523 np0000007700 devstack@c-api.service[96890]: warnings.warn(
Aug 18 20:56:35.821334 np0000007700 devstack@c-api.service[96888]: INFO cinder.api.openstack.wsgi [None req-0035632d-2643-48bd-8dfd-a22bd499aead tempest-VolumeTypesAccessTest-2127195010 tempest-VolumeTypesAccessTest-2127195010-project-admin] https://10.4.3.11/volume/v3/types/0d3cbc68-f209-4867-8667-e617b0bae0d3 returned with HTTP 202
Aug 18 20:56:35.821960 np0000007700 devstack@c-api.service[96888]: [pid: 96888|app: 0|req: 99/276] 10.4.3.11 () {66 vars in 1338 bytes} [Tue Aug 18 20:56:35 2026] DELETE /volume/v3/types/0d3cbc68-f209-4867-8667-e617b0bae0d3 => generated 0 bytes in 47 msecs (HTTP/1.1 202) 6 headers in 233 bytes (1 switches on core 0)
Aug 18 20:56:35.824629 np0000007700 devstack@c-api.service[96890]: INFO cinder.volume.api [None req-cee1594f-be17-408a-9e1e-b64370f92bf2 tempest-AttachSCSIVolumeTestJSON-1519949440 tempest-AttachSCSIVolumeTestJSON-1519949440-project-member] Volume info retrieved successfully.
Aug 18 20:56:35.831084 np0000007700 devstack@c-api.service[96886]: DEBUG cinder.api.middleware.request_id [None req-4585b6ba-ccf1-46c8-af60-f1f6fa77d8e5 None None] RequestId filter calling following filter/app {{(pid=96886) _context_setter /opt/stack/cinder/cinder/api/middleware/request_id.py:62}}
Aug 18 20:56:35.832845 np0000007700 devstack@c-api.service[96886]: INFO cinder.api.openstack.wsgi [None req-4585b6ba-ccf1-46c8-af60-f1f6fa77d8e5 tempest-VolumeTypesAccessTest-2127195010 tempest-VolumeTypesAccessTest-2127195010-project-admin] GET https://10.4.3.11/volume/v3/types/0d3cbc68-f209-4867-8667-e617b0bae0d3
Aug 18 20:56:35.833017 np0000007700 devstack@c-api.service[96886]: DEBUG cinder.api.openstack.wsgi [None req-4585b6ba-ccf1-46c8-af60-f1f6fa77d8e5 tempest-VolumeTypesAccessTest-2127195010 tempest-VolumeTypesAccessTest-2127195010-project-admin] Empty body provided in request {{(pid=96886) get_body /opt/stack/cinder/cinder/api/openstack/wsgi.py:725}}
Aug 18 20:56:35.833220 np0000007700 devstack@c-api.service[96886]: DEBUG cinder.api.openstack.wsgi [None req-4585b6ba-ccf1-46c8-af60-f1f6fa77d8e5 tempest-VolumeTypesAccessTest-2127195010 tempest-VolumeTypesAccessTest-2127195010-project-admin] Calling method 'show' {{(pid=96886) _process_stack /opt/stack/cinder/cinder/api/openstack/wsgi.py:878}}
Aug 18 20:56:35.834069 np0000007700 devstack@c-api.service[96890]: INFO cinder.api.openstack.wsgi [None req-cee1594f-be17-408a-9e1e-b64370f92bf2 tempest-AttachSCSIVolumeTestJSON-1519949440 tempest-AttachSCSIVolumeTestJSON-1519949440-project-member] https://10.4.3.11/volume/v3/volumes/4c374def-7cc3-4474-ae6c-4fea2a9ba780 returned with HTTP 200
Aug 18 20:56:35.834796 np0000007700 devstack@c-api.service[96890]: [pid: 96890|app: 0|req: 88/277] 10.4.3.11 () {66 vars in 1341 bytes} [Tue Aug 18 20:56:35 2026] GET /volume/v3/volumes/4c374def-7cc3-4474-ae6c-4fea2a9ba780 => generated 1137 bytes in 36 msecs (HTTP/1.1 200) 7 headers in 286 bytes (1 switches on core 0)
Aug 18 20:56:35.838658 np0000007700 devstack@c-api.service[96886]: INFO cinder.api.openstack.wsgi [None req-4585b6ba-ccf1-46c8-af60-f1f6fa77d8e5 tempest-VolumeTypesAccessTest-2127195010 tempest-VolumeTypesAccessTest-2127195010-project-admin] https://10.4.3.11/volume/v3/types/0d3cbc68-f209-4867-8667-e617b0bae0d3 returned with HTTP 404
Aug 18 20:56:35.838658 np0000007700 devstack@c-api.service[96886]: [pid: 96886|app: 0|req: 91/278] 10.4.3.11 () {66 vars in 1335 bytes} [Tue Aug 18 20:56:35 2026] GET /volume/v3/types/0d3cbc68-f209-4867-8667-e617b0bae0d3 => generated 114 bytes in 8 msecs (HTTP/1.1 404) 7 headers in 292 bytes (1 switches on core 0)
Aug 18 20:56:35.850194 np0000007700 devstack@c-api.service[96888]: DEBUG cinder.api.middleware.request_id [None req-b365358d-fe4f-45fd-bd15-642093836eef None None] RequestId filter calling following filter/app {{(pid=96888) _context_setter /opt/stack/cinder/cinder/api/middleware/request_id.py:62}}
Aug 18 20:56:35.853340 np0000007700 devstack@c-api.service[96888]: INFO cinder.api.openstack.wsgi [None req-b365358d-fe4f-45fd-bd15-642093836eef tempest-AttachSCSIVolumeTestJSON-1519949440 tempest-AttachSCSIVolumeTestJSON-1519949440-project-reader] GET https://10.4.3.11/volume/v3/volumes/4c374def-7cc3-4474-ae6c-4fea2a9ba780
Aug 18 20:56:35.856819 np0000007700 devstack@c-api.service[96888]: DEBUG cinder.api.openstack.wsgi [None req-b365358d-fe4f-45fd-bd15-642093836eef tempest-AttachSCSIVolumeTestJSON-1519949440 tempest-AttachSCSIVolumeTestJSON-1519949440-project-reader] Empty body provided in request {{(pid=96888) get_body /opt/stack/cinder/cinder/api/openstack/wsgi.py:725}}
Aug 18 20:56:35.857140 np0000007700 devstack@c-api.service[96888]: DEBUG cinder.api.openstack.wsgi [None req-b365358d-fe4f-45fd-bd15-642093836eef tempest-AttachSCSIVolumeTestJSON-1519949440 tempest-AttachSCSIVolumeTestJSON-1519949440-project-reader] Calling method 'show' {{(pid=96888) _process_stack /opt/stack/cinder/cinder/api/openstack/wsgi.py:878}}
Aug 18 20:56:35.857255 np0000007700 devstack@c-api.service[96890]: DEBUG cinder.api.middleware.request_id [req-ffaafb13-0163-4e2a-b057-4962f2b920a3 req-15fca9c9-74d1-4ad0-91af-4dd8e08773ef None None] RequestId filter calling following filter/app {{(pid=96890) _context_setter /opt/stack/cinder/cinder/api/middleware/request_id.py:62}}
Aug 18 20:56:35.859946 np0000007700 devstack@c-api.service[96890]: INFO cinder.api.openstack.wsgi [req-ffaafb13-0163-4e2a-b057-4962f2b920a3 req-15fca9c9-74d1-4ad0-91af-4dd8e08773ef tempest-TaggedBootDevicesTest-1355193591 tempest-TaggedBootDevicesTest-1355193591-project-member] GET https://10.4.3.11/volume/v3/volumes/459d27bc-9570-47a3-9c65-876b9f2cab8f
Aug 18 20:56:35.861514 np0000007700 devstack@c-api.service[96890]: DEBUG cinder.api.openstack.wsgi [req-ffaafb13-0163-4e2a-b057-4962f2b920a3 req-15fca9c9-74d1-4ad0-91af-4dd8e08773ef tempest-TaggedBootDevicesTest-1355193591 tempest-TaggedBootDevicesTest-1355193591-project-member] Empty body provided in request {{(pid=96890) get_body /opt/stack/cinder/cinder/api/openstack/wsgi.py:725}}
Aug 18 20:56:35.861885 np0000007700 devstack@c-api.service[96890]: DEBUG cinder.api.openstack.wsgi [req-ffaafb13-0163-4e2a-b057-4962f2b920a3 req-15fca9c9-74d1-4ad0-91af-4dd8e08773ef tempest-TaggedBootDevicesTest-1355193591 tempest-TaggedBootDevicesTest-1355193591-project-member] Calling method 'show' {{(pid=96890) _process_stack /opt/stack/cinder/cinder/api/openstack/wsgi.py:878}}
Aug 18 20:56:35.874269 np0000007700 devstack@c-api.service[96888]: /opt/stack/data/venv/lib/python3.12/site-packages/oslo_context/context.py:102: DeprecationWarning: Policy enforcement is depending on the value of is_admin. This key is deprecated. Please update your policy file to use the standard policy values.
Aug 18 20:56:35.874269 np0000007700 devstack@c-api.service[96888]: warnings.warn(
Aug 18 20:56:35.876244 np0000007700 devstack@c-api.service[96890]: /opt/stack/data/venv/lib/python3.12/site-packages/oslo_context/context.py:102: DeprecationWarning: Policy enforcement is depending on the value of is_admin. This key is deprecated. Please update your policy file to use the standard policy values.
Aug 18 20:56:35.876244 np0000007700 devstack@c-api.service[96890]: warnings.warn(
Aug 18 20:56:35.880151 np0000007700 devstack@c-api.service[96888]: INFO cinder.volume.api [None req-b365358d-fe4f-45fd-bd15-642093836eef tempest-AttachSCSIVolumeTestJSON-1519949440 tempest-AttachSCSIVolumeTestJSON-1519949440-project-reader] Volume info retrieved successfully.
Aug 18 20:56:35.882671 np0000007700 devstack@c-api.service[96890]: INFO cinder.volume.api [req-ffaafb13-0163-4e2a-b057-4962f2b920a3 req-15fca9c9-74d1-4ad0-91af-4dd8e08773ef tempest-TaggedBootDevicesTest-1355193591 tempest-TaggedBootDevicesTest-1355193591-project-member] Volume info retrieved successfully.
Aug 18 20:56:35.890527 np0000007700 devstack@c-api.service[96888]: INFO cinder.api.openstack.wsgi [None req-b365358d-fe4f-45fd-bd15-642093836eef tempest-AttachSCSIVolumeTestJSON-1519949440 tempest-AttachSCSIVolumeTestJSON-1519949440-project-reader] https://10.4.3.11/volume/v3/volumes/4c374def-7cc3-4474-ae6c-4fea2a9ba780 returned with HTTP 200
Aug 18 20:56:35.891138 np0000007700 devstack@c-api.service[96888]: [pid: 96888|app: 0|req: 100/279] 10.4.3.11 () {66 vars in 1341 bytes} [Tue Aug 18 20:56:35 2026] GET /volume/v3/volumes/4c374def-7cc3-4474-ae6c-4fea2a9ba780 => generated 1137 bytes in 42 msecs (HTTP/1.1 200) 7 headers in 286 bytes (1 switches on core 0)
Aug 18 20:56:35.893762 np0000007700 devstack@c-api.service[96890]: INFO cinder.api.openstack.wsgi [req-ffaafb13-0163-4e2a-b057-4962f2b920a3 req-15fca9c9-74d1-4ad0-91af-4dd8e08773ef tempest-TaggedBootDevicesTest-1355193591 tempest-TaggedBootDevicesTest-1355193591-project-member] https://10.4.3.11/volume/v3/volumes/459d27bc-9570-47a3-9c65-876b9f2cab8f returned with HTTP 200
Aug 18 20:56:35.894394 np0000007700 devstack@c-api.service[96890]: [pid: 96890|app: 0|req: 89/280] 10.4.3.11 () {68 vars in 1591 bytes} [Tue Aug 18 20:56:35 2026] GET /volume/v3/volumes/459d27bc-9570-47a3-9c65-876b9f2cab8f => generated 1357 bytes in 37 msecs (HTTP/1.1 200) 7 headers in 286 bytes (1 switches on core 0)
Aug 18 20:56:35.906789 np0000007700 devstack@c-api.service[96886]: DEBUG cinder.api.middleware.request_id [req-ffaafb13-0163-4e2a-b057-4962f2b920a3 req-813daa5d-85f3-47fd-9458-f8fd45a14bdf None None] RequestId filter calling following filter/app {{(pid=96886) _context_setter /opt/stack/cinder/cinder/api/middleware/request_id.py:62}}
Aug 18 20:56:35.909503 np0000007700 devstack@c-api.service[96886]: INFO cinder.api.openstack.wsgi [req-ffaafb13-0163-4e2a-b057-4962f2b920a3 req-813daa5d-85f3-47fd-9458-f8fd45a14bdf tempest-TaggedBootDevicesTest-1355193591 tempest-TaggedBootDevicesTest-1355193591-project-member] GET https://10.4.3.11/volume/v3/volumes/af54e59c-14cf-4f1d-b3f6-0436f56e0387
Aug 18 20:56:35.909503 np0000007700 devstack@c-api.service[96886]: DEBUG cinder.api.openstack.wsgi [req-ffaafb13-0163-4e2a-b057-4962f2b920a3 req-813daa5d-85f3-47fd-9458-f8fd45a14bdf tempest-TaggedBootDevicesTest-1355193591 tempest-TaggedBootDevicesTest-1355193591-project-member] Empty body provided in request {{(pid=96886) get_body /opt/stack/cinder/cinder/api/openstack/wsgi.py:725}}
Aug 18 20:56:35.909886 np0000007700 devstack@c-api.service[96886]: DEBUG cinder.api.openstack.wsgi [req-ffaafb13-0163-4e2a-b057-4962f2b920a3 req-813daa5d-85f3-47fd-9458-f8fd45a14bdf tempest-TaggedBootDevicesTest-1355193591 tempest-TaggedBootDevicesTest-1355193591-project-member] Calling method 'show' {{(pid=96886) _process_stack /opt/stack/cinder/cinder/api/openstack/wsgi.py:878}}
Aug 18 20:56:35.917524 np0000007700 devstack@c-api.service[96886]: /opt/stack/data/venv/lib/python3.12/site-packages/oslo_context/context.py:102: DeprecationWarning: Policy enforcement is depending on the value of is_admin. This key is deprecated. Please update your policy file to use the standard policy values.
Aug 18 20:56:35.917524 np0000007700 devstack@c-api.service[96886]: warnings.warn(
Aug 18 20:56:35.922226 np0000007700 devstack@c-api.service[96886]: INFO cinder.volume.api [req-ffaafb13-0163-4e2a-b057-4962f2b920a3 req-813daa5d-85f3-47fd-9458-f8fd45a14bdf tempest-TaggedBootDevicesTest-1355193591 tempest-TaggedBootDevicesTest-1355193591-project-member] Volume info retrieved successfully.
Aug 18 20:56:35.928454 np0000007700 devstack@c-api.service[96886]: INFO cinder.api.openstack.wsgi [req-ffaafb13-0163-4e2a-b057-4962f2b920a3 req-813daa5d-85f3-47fd-9458-f8fd45a14bdf tempest-TaggedBootDevicesTest-1355193591 tempest-TaggedBootDevicesTest-1355193591-project-member] https://10.4.3.11/volume/v3/volumes/af54e59c-14cf-4f1d-b3f6-0436f56e0387 returned with HTTP 200
Aug 18 20:56:35.929382 np0000007700 devstack@c-api.service[96886]: [pid: 96886|app: 0|req: 92/281] 10.4.3.11 () {68 vars in 1591 bytes} [Tue Aug 18 20:56:35 2026] GET /volume/v3/volumes/af54e59c-14cf-4f1d-b3f6-0436f56e0387 => generated 842 bytes in 23 msecs (HTTP/1.1 200) 7 headers in 285 bytes (1 switches on core 0)
Aug 18 20:56:35.937027 np0000007700 devstack@c-api.service[96888]: DEBUG cinder.api.middleware.request_id [req-ffaafb13-0163-4e2a-b057-4962f2b920a3 req-3b3ec934-71f8-42df-a1e2-82a13b0ac22b None None] RequestId filter calling following filter/app {{(pid=96888) _context_setter /opt/stack/cinder/cinder/api/middleware/request_id.py:62}}
Aug 18 20:56:35.939032 np0000007700 devstack@c-api.service[96888]: INFO cinder.api.openstack.wsgi [req-ffaafb13-0163-4e2a-b057-4962f2b920a3 req-3b3ec934-71f8-42df-a1e2-82a13b0ac22b tempest-TaggedBootDevicesTest-1355193591 tempest-TaggedBootDevicesTest-1355193591-project-member] GET https://10.4.3.11/volume/v3/volumes/5f7bef4a-022e-4a50-8435-9034147cff11
Aug 18 20:56:35.939232 np0000007700 devstack@c-api.service[96888]: DEBUG cinder.api.openstack.wsgi [req-ffaafb13-0163-4e2a-b057-4962f2b920a3 req-3b3ec934-71f8-42df-a1e2-82a13b0ac22b tempest-TaggedBootDevicesTest-1355193591 tempest-TaggedBootDevicesTest-1355193591-project-member] Empty body provided in request {{(pid=96888) get_body /opt/stack/cinder/cinder/api/openstack/wsgi.py:725}}
Aug 18 20:56:35.939456 np0000007700 devstack@c-api.service[96888]: DEBUG cinder.api.openstack.wsgi [req-ffaafb13-0163-4e2a-b057-4962f2b920a3 req-3b3ec934-71f8-42df-a1e2-82a13b0ac22b tempest-TaggedBootDevicesTest-1355193591 tempest-TaggedBootDevicesTest-1355193591-project-member] Calling method 'show' {{(pid=96888) _process_stack /opt/stack/cinder/cinder/api/openstack/wsgi.py:878}}
Aug 18 20:56:35.945654 np0000007700 devstack@c-api.service[96888]: /opt/stack/data/venv/lib/python3.12/site-packages/oslo_context/context.py:102: DeprecationWarning: Policy enforcement is depending on the value of is_admin. This key is deprecated. Please update your policy file to use the standard policy values.
Aug 18 20:56:35.945654 np0000007700 devstack@c-api.service[96888]: warnings.warn(
Aug 18 20:56:35.950019 np0000007700 devstack@c-api.service[96888]: INFO cinder.volume.api [req-ffaafb13-0163-4e2a-b057-4962f2b920a3 req-3b3ec934-71f8-42df-a1e2-82a13b0ac22b tempest-TaggedBootDevicesTest-1355193591 tempest-TaggedBootDevicesTest-1355193591-project-member] Volume info retrieved successfully.
Aug 18 20:56:35.955681 np0000007700 devstack@c-api.service[96888]: INFO cinder.api.openstack.wsgi [req-ffaafb13-0163-4e2a-b057-4962f2b920a3 req-3b3ec934-71f8-42df-a1e2-82a13b0ac22b tempest-TaggedBootDevicesTest-1355193591 tempest-TaggedBootDevicesTest-1355193591-project-member] https://10.4.3.11/volume/v3/volumes/5f7bef4a-022e-4a50-8435-9034147cff11 returned with HTTP 200
Aug 18 20:56:35.956075 np0000007700 devstack@c-api.service[96888]: [pid: 96888|app: 0|req: 101/282] 10.4.3.11 () {68 vars in 1591 bytes} [Tue Aug 18 20:56:35 2026] GET /volume/v3/volumes/5f7bef4a-022e-4a50-8435-9034147cff11 => generated 843 bytes in 19 msecs (HTTP/1.1 200) 7 headers in 285 bytes (1 switches on core 0)
Aug 18 20:56:35.966930 np0000007700 devstack@c-api.service[96890]: DEBUG cinder.api.middleware.request_id [None req-c473e5f6-fc7b-42f7-9c8f-fa2ce3f1e062 None None] RequestId filter calling following filter/app {{(pid=96890) _context_setter /opt/stack/cinder/cinder/api/middleware/request_id.py:62}}
Aug 18 20:56:35.967463 np0000007700 devstack@c-api.service[96890]: INFO cinder.api.openstack.wsgi [None req-c473e5f6-fc7b-42f7-9c8f-fa2ce3f1e062 None None] GET https://10.4.3.11/volume//
Aug 18 20:56:35.967689 np0000007700 devstack@c-api.service[96890]: DEBUG cinder.api.openstack.wsgi [None req-c473e5f6-fc7b-42f7-9c8f-fa2ce3f1e062 None None] Empty body provided in request {{(pid=96890) get_body /opt/stack/cinder/cinder/api/openstack/wsgi.py:725}}
Aug 18 20:56:35.967946 np0000007700 devstack@c-api.service[96890]: DEBUG cinder.api.openstack.wsgi [None req-c473e5f6-fc7b-42f7-9c8f-fa2ce3f1e062 None None] Calling method 'all' {{(pid=96890) _process_stack /opt/stack/cinder/cinder/api/openstack/wsgi.py:878}}
Aug 18 20:56:35.968413 np0000007700 devstack@c-api.service[96890]: INFO cinder.api.openstack.wsgi [None req-c473e5f6-fc7b-42f7-9c8f-fa2ce3f1e062 None None] https://10.4.3.11/volume// returned with HTTP 300
Aug 18 20:56:35.968775 np0000007700 devstack@c-api.service[96890]: [pid: 96890|app: 0|req: 90/283] 10.4.3.11 () {66 vars in 1412 bytes} [Tue Aug 18 20:56:35 2026] GET /volume/ => generated 385 bytes in 2 msecs (HTTP/1.1 300) 7 headers in 299 bytes (1 switches on core 0)
Aug 18 20:56:35.978762 np0000007700 devstack@c-api.service[96886]: DEBUG cinder.api.middleware.request_id [req-ffaafb13-0163-4e2a-b057-4962f2b920a3 req-8496609e-b654-413d-ba3e-0c16ece27639 None None] RequestId filter calling following filter/app {{(pid=96886) _context_setter /opt/stack/cinder/cinder/api/middleware/request_id.py:62}}
Aug 18 20:56:35.982821 np0000007700 devstack@c-api.service[96886]: INFO cinder.api.openstack.wsgi [req-ffaafb13-0163-4e2a-b057-4962f2b920a3 req-8496609e-b654-413d-ba3e-0c16ece27639 tempest-TaggedBootDevicesTest-1355193591 tempest-TaggedBootDevicesTest-1355193591-project-member] POST https://10.4.3.11/volume/v3/attachments
Aug 18 20:56:35.983260 np0000007700 devstack@c-api.service[96886]: DEBUG cinder.api.openstack.wsgi [req-ffaafb13-0163-4e2a-b057-4962f2b920a3 req-8496609e-b654-413d-ba3e-0c16ece27639 tempest-TaggedBootDevicesTest-1355193591 tempest-TaggedBootDevicesTest-1355193591-project-member] Action: 'create', calling method: version_select, body: {"attachment": {"volume_uuid": "459d27bc-9570-47a3-9c65-876b9f2cab8f", "connector": null, "instance_uuid": "1e1dd9e3-a39e-4078-b10f-d6220c418100"}} {{(pid=96886) _process_stack /opt/stack/cinder/cinder/api/openstack/wsgi.py:876}}
Aug 18 20:56:35.995312 np0000007700 devstack@c-api.service[96888]: DEBUG cinder.api.middleware.request_id [req-678b4c0b-37ec-4b4b-b82b-36e9ad419f50 req-3d47f768-340a-4814-bfd7-4749c3968aab None None] RequestId filter calling following filter/app {{(pid=96888) _context_setter /opt/stack/cinder/cinder/api/middleware/request_id.py:62}}
Aug 18 20:56:35.997885 np0000007700 devstack@c-api.service[96888]: INFO cinder.api.openstack.wsgi [req-678b4c0b-37ec-4b4b-b82b-36e9ad419f50 req-3d47f768-340a-4814-bfd7-4749c3968aab tempest-AttachSCSIVolumeTestJSON-1519949440 tempest-AttachSCSIVolumeTestJSON-1519949440-project-member] GET https://10.4.3.11/volume/v3/volumes/4c374def-7cc3-4474-ae6c-4fea2a9ba780
Aug 18 20:56:35.998327 np0000007700 devstack@c-api.service[96888]: DEBUG cinder.api.openstack.wsgi [req-678b4c0b-37ec-4b4b-b82b-36e9ad419f50 req-3d47f768-340a-4814-bfd7-4749c3968aab tempest-AttachSCSIVolumeTestJSON-1519949440 tempest-AttachSCSIVolumeTestJSON-1519949440-project-member] Empty body provided in request {{(pid=96888) get_body /opt/stack/cinder/cinder/api/openstack/wsgi.py:725}}
Aug 18 20:56:35.998327 np0000007700 devstack@c-api.service[96888]: DEBUG cinder.api.openstack.wsgi [req-678b4c0b-37ec-4b4b-b82b-36e9ad419f50 req-3d47f768-340a-4814-bfd7-4749c3968aab tempest-AttachSCSIVolumeTestJSON-1519949440 tempest-AttachSCSIVolumeTestJSON-1519949440-project-member] Calling method 'show' {{(pid=96888) _process_stack /opt/stack/cinder/cinder/api/openstack/wsgi.py:878}}
Aug 18 20:56:36.001606 np0000007700 devstack@c-api.service[96886]: /opt/stack/data/venv/lib/python3.12/site-packages/oslo_context/context.py:102: DeprecationWarning: Policy enforcement is depending on the value of is_admin. This key is deprecated. Please update your policy file to use the standard policy values.
Aug 18 20:56:36.001606 np0000007700 devstack@c-api.service[96886]: warnings.warn(
Aug 18 20:56:36.007450 np0000007700 devstack@c-api.service[96888]: /opt/stack/data/venv/lib/python3.12/site-packages/oslo_context/context.py:102: DeprecationWarning: Policy enforcement is depending on the value of is_admin. This key is deprecated. Please update your policy file to use the standard policy values.
Aug 18 20:56:36.007450 np0000007700 devstack@c-api.service[96888]: warnings.warn(
Aug 18 20:56:36.010589 np0000007700 devstack@c-api.service[96888]: INFO cinder.volume.api [req-678b4c0b-37ec-4b4b-b82b-36e9ad419f50 req-3d47f768-340a-4814-bfd7-4749c3968aab tempest-AttachSCSIVolumeTestJSON-1519949440 tempest-AttachSCSIVolumeTestJSON-1519949440-project-member] Volume info retrieved successfully.
Aug 18 20:56:36.014588 np0000007700 devstack@c-api.service[96888]: INFO cinder.api.openstack.wsgi [req-678b4c0b-37ec-4b4b-b82b-36e9ad419f50 req-3d47f768-340a-4814-bfd7-4749c3968aab tempest-AttachSCSIVolumeTestJSON-1519949440 tempest-AttachSCSIVolumeTestJSON-1519949440-project-member] https://10.4.3.11/volume/v3/volumes/4c374def-7cc3-4474-ae6c-4fea2a9ba780 returned with HTTP 200
Aug 18 20:56:36.014927 np0000007700 devstack@c-api.service[96888]: [pid: 96888|app: 0|req: 102/284] 10.4.3.11 () {68 vars in 1591 bytes} [Tue Aug 18 20:56:35 2026] GET /volume/v3/volumes/4c374def-7cc3-4474-ae6c-4fea2a9ba780 => generated 1137 bytes in 20 msecs (HTTP/1.1 200) 7 headers in 286 bytes (1 switches on core 0)
Aug 18 20:56:36.034130 np0000007700 devstack@c-api.service[96886]: INFO cinder.api.openstack.wsgi [req-ffaafb13-0163-4e2a-b057-4962f2b920a3 req-8496609e-b654-413d-ba3e-0c16ece27639 tempest-TaggedBootDevicesTest-1355193591 tempest-TaggedBootDevicesTest-1355193591-project-member] https://10.4.3.11/volume/v3/attachments returned with HTTP 200
Aug 18 20:56:36.034732 np0000007700 devstack@c-api.service[96886]: [pid: 96886|app: 0|req: 93/285] 10.4.3.11 () {74 vars in 1587 bytes} [Tue Aug 18 20:56:35 2026] POST /volume/v3/attachments => generated 273 bytes in 56 msecs (HTTP/1.1 200) 7 headers in 286 bytes (1 switches on core 0)
Aug 18 20:56:36.043266 np0000007700 devstack@c-api.service[96890]: DEBUG cinder.api.middleware.request_id [None req-35177e4d-5342-49f5-99e8-6479ff8d04c8 None None] RequestId filter calling following filter/app {{(pid=96890) _context_setter /opt/stack/cinder/cinder/api/middleware/request_id.py:62}}
Aug 18 20:56:36.043773 np0000007700 devstack@c-api.service[96890]: INFO cinder.api.openstack.wsgi [None req-35177e4d-5342-49f5-99e8-6479ff8d04c8 None None] GET https://10.4.3.11/volume//
Aug 18 20:56:36.044023 np0000007700 devstack@c-api.service[96890]: DEBUG cinder.api.openstack.wsgi [None req-35177e4d-5342-49f5-99e8-6479ff8d04c8 None None] Empty body provided in request {{(pid=96890) get_body /opt/stack/cinder/cinder/api/openstack/wsgi.py:725}}
Aug 18 20:56:36.044293 np0000007700 devstack@c-api.service[96890]: DEBUG cinder.api.openstack.wsgi [None req-35177e4d-5342-49f5-99e8-6479ff8d04c8 None None] Calling method 'all' {{(pid=96890) _process_stack /opt/stack/cinder/cinder/api/openstack/wsgi.py:878}}
Aug 18 20:56:36.044720 np0000007700 devstack@c-api.service[96890]: INFO cinder.api.openstack.wsgi [None req-35177e4d-5342-49f5-99e8-6479ff8d04c8 None None] https://10.4.3.11/volume// returned with HTTP 300
Aug 18 20:56:36.045326 np0000007700 devstack@c-api.service[96890]: [pid: 96890|app: 0|req: 91/286] 10.4.3.11 () {66 vars in 1412 bytes} [Tue Aug 18 20:56:36 2026] GET /volume/ => generated 385 bytes in 2 msecs (HTTP/1.1 300) 7 headers in 299 bytes (1 switches on core 0)
Aug 18 20:56:36.053100 np0000007700 devstack@c-api.service[96888]: DEBUG cinder.api.middleware.request_id [req-ffaafb13-0163-4e2a-b057-4962f2b920a3 req-28796780-968d-453f-8b3b-51eda34f16b5 None None] RequestId filter calling following filter/app {{(pid=96888) _context_setter /opt/stack/cinder/cinder/api/middleware/request_id.py:62}}
Aug 18 20:56:36.055167 np0000007700 devstack@c-api.service[96888]: INFO cinder.api.openstack.wsgi [req-ffaafb13-0163-4e2a-b057-4962f2b920a3 req-28796780-968d-453f-8b3b-51eda34f16b5 tempest-TaggedBootDevicesTest-1355193591 tempest-TaggedBootDevicesTest-1355193591-project-member] POST https://10.4.3.11/volume/v3/attachments
Aug 18 20:56:36.055540 np0000007700 devstack@c-api.service[96888]: DEBUG cinder.api.openstack.wsgi [req-ffaafb13-0163-4e2a-b057-4962f2b920a3 req-28796780-968d-453f-8b3b-51eda34f16b5 tempest-TaggedBootDevicesTest-1355193591 tempest-TaggedBootDevicesTest-1355193591-project-member] Action: 'create', calling method: version_select, body: {"attachment": {"volume_uuid": "af54e59c-14cf-4f1d-b3f6-0436f56e0387", "connector": null, "instance_uuid": "1e1dd9e3-a39e-4078-b10f-d6220c418100"}} {{(pid=96888) _process_stack /opt/stack/cinder/cinder/api/openstack/wsgi.py:876}}
Aug 18 20:56:36.061355 np0000007700 devstack@c-api.service[96886]: DEBUG cinder.api.middleware.request_id [req-678b4c0b-37ec-4b4b-b82b-36e9ad419f50 req-d710742b-490c-4f44-9075-f43006e3b24e None None] RequestId filter calling following filter/app {{(pid=96886) _context_setter /opt/stack/cinder/cinder/api/middleware/request_id.py:62}}
Aug 18 20:56:36.063523 np0000007700 devstack@c-api.service[96886]: INFO cinder.api.openstack.wsgi [req-678b4c0b-37ec-4b4b-b82b-36e9ad419f50 req-d710742b-490c-4f44-9075-f43006e3b24e tempest-AttachSCSIVolumeTestJSON-1519949440 tempest-AttachSCSIVolumeTestJSON-1519949440-project-member] POST https://10.4.3.11/volume/v3/volumes/4c374def-7cc3-4474-ae6c-4fea2a9ba780/action
Aug 18 20:56:36.063902 np0000007700 devstack@c-api.service[96886]: DEBUG cinder.api.openstack.wsgi [req-678b4c0b-37ec-4b4b-b82b-36e9ad419f50 req-d710742b-490c-4f44-9075-f43006e3b24e tempest-AttachSCSIVolumeTestJSON-1519949440 tempest-AttachSCSIVolumeTestJSON-1519949440-project-member] Action body: b'{"os-begin_detaching": null}' {{(pid=96886) get_method /opt/stack/cinder/cinder/api/openstack/wsgi.py:993}}
Aug 18 20:56:36.063990 np0000007700 devstack@c-api.service[96886]: DEBUG cinder.api.openstack.wsgi [req-678b4c0b-37ec-4b4b-b82b-36e9ad419f50 req-d710742b-490c-4f44-9075-f43006e3b24e tempest-AttachSCSIVolumeTestJSON-1519949440 tempest-AttachSCSIVolumeTestJSON-1519949440-project-member] Action: 'action', calling method: _begin_detaching, body: {"os-begin_detaching": null} {{(pid=96886) _process_stack /opt/stack/cinder/cinder/api/openstack/wsgi.py:876}}
Aug 18 20:56:36.064552 np0000007700 devstack@c-api.service[96888]: /opt/stack/data/venv/lib/python3.12/site-packages/oslo_context/context.py:102: DeprecationWarning: Policy enforcement is depending on the value of is_admin. This key is deprecated. Please update your policy file to use the standard policy values.
Aug 18 20:56:36.064552 np0000007700 devstack@c-api.service[96888]: warnings.warn(
Aug 18 20:56:36.080743 np0000007700 devstack@c-api.service[96886]: /opt/stack/data/venv/lib/python3.12/site-packages/oslo_context/context.py:102: DeprecationWarning: Policy enforcement is depending on the value of is_admin. This key is deprecated. Please update your policy file to use the standard policy values.
Aug 18 20:56:36.080743 np0000007700 devstack@c-api.service[96886]: warnings.warn(
Aug 18 20:56:36.081987 np0000007700 devstack@c-api.service[96886]: INFO cinder.volume.api [req-678b4c0b-37ec-4b4b-b82b-36e9ad419f50 req-d710742b-490c-4f44-9075-f43006e3b24e tempest-AttachSCSIVolumeTestJSON-1519949440 tempest-AttachSCSIVolumeTestJSON-1519949440-project-member] Volume info retrieved successfully.
Aug 18 20:56:36.089230 np0000007700 devstack@c-api.service[96886]: INFO cinder.volume.api [req-678b4c0b-37ec-4b4b-b82b-36e9ad419f50 req-d710742b-490c-4f44-9075-f43006e3b24e tempest-AttachSCSIVolumeTestJSON-1519949440 tempest-AttachSCSIVolumeTestJSON-1519949440-project-member] Begin detaching volume completed successfully.
Aug 18 20:56:36.089521 np0000007700 devstack@c-api.service[96886]: INFO cinder.api.openstack.wsgi [req-678b4c0b-37ec-4b4b-b82b-36e9ad419f50 req-d710742b-490c-4f44-9075-f43006e3b24e tempest-AttachSCSIVolumeTestJSON-1519949440 tempest-AttachSCSIVolumeTestJSON-1519949440-project-member] https://10.4.3.11/volume/v3/volumes/4c374def-7cc3-4474-ae6c-4fea2a9ba780/action returned with HTTP 202
Aug 18 20:56:36.090171 np0000007700 devstack@c-api.service[96886]: [pid: 96886|app: 0|req: 94/287] 10.4.3.11 () {72 vars in 1665 bytes} [Tue Aug 18 20:56:36 2026] POST /volume/v3/volumes/4c374def-7cc3-4474-ae6c-4fea2a9ba780/action => generated 0 bytes in 29 msecs (HTTP/1.1 202) 7 headers in 289 bytes (1 switches on core 0)
Aug 18 20:56:36.092174 np0000007700 devstack@c-api.service[96888]: INFO cinder.api.openstack.wsgi [req-ffaafb13-0163-4e2a-b057-4962f2b920a3 req-28796780-968d-453f-8b3b-51eda34f16b5 tempest-TaggedBootDevicesTest-1355193591 tempest-TaggedBootDevicesTest-1355193591-project-member] https://10.4.3.11/volume/v3/attachments returned with HTTP 200
Aug 18 20:56:36.092764 np0000007700 devstack@c-api.service[96888]: [pid: 96888|app: 0|req: 103/288] 10.4.3.11 () {74 vars in 1587 bytes} [Tue Aug 18 20:56:36 2026] POST /volume/v3/attachments => generated 273 bytes in 40 msecs (HTTP/1.1 200) 7 headers in 286 bytes (1 switches on core 0)
Aug 18 20:56:36.107800 np0000007700 devstack@c-api.service[96890]: DEBUG cinder.api.middleware.request_id [None req-fdd404a9-4145-41cd-952a-96dbc8f778a1 None None] RequestId filter calling following filter/app {{(pid=96890) _context_setter /opt/stack/cinder/cinder/api/middleware/request_id.py:62}}
Aug 18 20:56:36.111000 np0000007700 devstack@c-api.service[96890]: INFO cinder.api.openstack.wsgi [None req-fdd404a9-4145-41cd-952a-96dbc8f778a1 None None] GET https://10.4.3.11/volume//
Aug 18 20:56:36.111223 np0000007700 devstack@c-api.service[96890]: DEBUG cinder.api.openstack.wsgi [None req-fdd404a9-4145-41cd-952a-96dbc8f778a1 None None] Empty body provided in request {{(pid=96890) get_body /opt/stack/cinder/cinder/api/openstack/wsgi.py:725}}
Aug 18 20:56:36.111547 np0000007700 devstack@c-api.service[96890]: DEBUG cinder.api.openstack.wsgi [None req-fdd404a9-4145-41cd-952a-96dbc8f778a1 None None] Calling method 'all' {{(pid=96890) _process_stack /opt/stack/cinder/cinder/api/openstack/wsgi.py:878}}
Aug 18 20:56:36.112112 np0000007700 devstack@c-api.service[96890]: INFO cinder.api.openstack.wsgi [None req-fdd404a9-4145-41cd-952a-96dbc8f778a1 None None] https://10.4.3.11/volume// returned with HTTP 300
Aug 18 20:56:36.113841 np0000007700 devstack@c-api.service[96890]: [pid: 96890|app: 0|req: 92/289] 10.4.3.11 () {66 vars in 1412 bytes} [Tue Aug 18 20:56:36 2026] GET /volume/ => generated 385 bytes in 6 msecs (HTTP/1.1 300) 7 headers in 299 bytes (1 switches on core 0)
Aug 18 20:56:36.116322 np0000007700 devstack@c-api.service[96886]: DEBUG cinder.api.middleware.request_id [None req-c2ea6581-ea05-4d49-9e42-caf88881e662 None None] RequestId filter calling following filter/app {{(pid=96886) _context_setter /opt/stack/cinder/cinder/api/middleware/request_id.py:62}}
