Aug 18 20:53:47.833416 np0000007700 devstack@g-api.service[99668]: DEBUG glance_store.location [-] Registering scheme swift with {'store': , 'location_class': , 'store_entry': 'swift'} {{(pid=99668) register_scheme_map /opt/stack/data/venv/lib/python3.12/site-packages/glance_store/location.py:146}}
Aug 18 20:53:47.833441 np0000007700 devstack@g-api.service[99669]: DEBUG glance_store.location [-] Registering scheme swift+https with {'store': , 'location_class': , 'store_entry': 'swift'} {{(pid=99669) register_scheme_map /opt/stack/data/venv/lib/python3.12/site-packages/glance_store/location.py:146}}
Aug 18 20:53:47.833465 np0000007700 devstack@g-api.service[99670]: DEBUG glance_store.location [-] Registering scheme swift+https with {'store': , 'location_class': , 'store_entry': 'swift'} {{(pid=99670) register_scheme_map /opt/stack/data/venv/lib/python3.12/site-packages/glance_store/location.py:146}}
Aug 18 20:53:47.833489 np0000007700 devstack@g-api.service[99668]: DEBUG glance_store.location [-] Registering scheme swift+https with {'store': , 'location_class': , 'store_entry': 'swift'} {{(pid=99668) register_scheme_map /opt/stack/data/venv/lib/python3.12/site-packages/glance_store/location.py:146}}
Aug 18 20:53:47.833513 np0000007700 devstack@g-api.service[99669]: DEBUG glance_store.location [-] Registering scheme swift with {'store': , 'location_class': , 'store_entry': 'swift'} {{(pid=99669) register_scheme_map /opt/stack/data/venv/lib/python3.12/site-packages/glance_store/location.py:146}}
Aug 18 20:53:47.833537 np0000007700 devstack@g-api.service[99670]: DEBUG glance_store.location [-] Registering scheme swift with {'store': , 'location_class': , 'store_entry': 'swift'} {{(pid=99670) register_scheme_map /opt/stack/data/venv/lib/python3.12/site-packages/glance_store/location.py:146}}
Aug 18 20:53:47.833566 np0000007700 devstack@g-api.service[99668]: DEBUG glance_store.location [-] Registering scheme swift with {'store': , 'location_class': , 'store_entry': 'swift'} {{(pid=99668) register_scheme_map /opt/stack/data/venv/lib/python3.12/site-packages/glance_store/location.py:146}}
Aug 18 20:53:47.833591 np0000007700 devstack@g-api.service[99670]: DEBUG glance_store.location [-] Registering scheme swift+http with {'store': , 'location_class': , 'store_entry': 'swift'} {{(pid=99670) register_scheme_map /opt/stack/data/venv/lib/python3.12/site-packages/glance_store/location.py:146}}
Aug 18 20:53:47.833619 np0000007700 devstack@g-api.service[99669]: DEBUG glance_store.location [-] Registering scheme swift+http with {'store': , 'location_class': , 'store_entry': 'swift'} {{(pid=99669) register_scheme_map /opt/stack/data/venv/lib/python3.12/site-packages/glance_store/location.py:146}}
Aug 18 20:53:47.833649 np0000007700 devstack@g-api.service[99668]: DEBUG glance_store.location [-] Registering scheme swift+http with {'store': , 'location_class': , 'store_entry': 'swift'} {{(pid=99668) register_scheme_map /opt/stack/data/venv/lib/python3.12/site-packages/glance_store/location.py:146}}
Aug 18 20:53:47.833687 np0000007700 devstack@g-api.service[99670]: DEBUG glance_store.location [-] Registering scheme swift+https with {'store': , 'location_class': , 'store_entry': 'swift'} {{(pid=99670) register_scheme_map /opt/stack/data/venv/lib/python3.12/site-packages/glance_store/location.py:146}}
Aug 18 20:53:47.833714 np0000007700 devstack@g-api.service[99669]: DEBUG glance_store.location [-] Registering scheme swift+https with {'store': , 'location_class': , 'store_entry': 'swift'} {{(pid=99669) register_scheme_map /opt/stack/data/venv/lib/python3.12/site-packages/glance_store/location.py:146}}
Aug 18 20:53:47.833739 np0000007700 devstack@g-api.service[99668]: DEBUG glance_store.location [-] Registering scheme swift+https with {'store': , 'location_class': , 'store_entry': 'swift'} {{(pid=99668) register_scheme_map /opt/stack/data/venv/lib/python3.12/site-packages/glance_store/location.py:146}}
Aug 18 20:53:47.833760 np0000007700 devstack@g-api.service[99670]: DEBUG glance_store.location [-] Registering scheme swift with {'store': , 'location_class': , 'store_entry': 'swift'} {{(pid=99670) register_scheme_map /opt/stack/data/venv/lib/python3.12/site-packages/glance_store/location.py:146}}
Aug 18 20:53:47.833783 np0000007700 devstack@g-api.service[99668]: DEBUG glance_store.location [-] Registering scheme swift with {'store': , 'location_class': , 'store_entry': 'swift'} {{(pid=99668) register_scheme_map /opt/stack/data/venv/lib/python3.12/site-packages/glance_store/location.py:146}}
Aug 18 20:53:47.833807 np0000007700 devstack@g-api.service[99669]: DEBUG glance_store.location [-] Registering scheme swift with {'store': , 'location_class': , 'store_entry': 'swift'} {{(pid=99669) register_scheme_map /opt/stack/data/venv/lib/python3.12/site-packages/glance_store/location.py:146}}
Aug 18 20:53:47.833831 np0000007700 devstack@g-api.service[99670]: DEBUG glance_store.location [-] Registering scheme swift+http with {'store': , 'location_class': , 'store_entry': 'swift'} {{(pid=99670) register_scheme_map /opt/stack/data/venv/lib/python3.12/site-packages/glance_store/location.py:146}}
Aug 18 20:53:47.833854 np0000007700 devstack@g-api.service[99668]: DEBUG glance_store.location [-] Registering scheme swift+http with {'store': , 'location_class': , 'store_entry': 'swift'} {{(pid=99668) register_scheme_map /opt/stack/data/venv/lib/python3.12/site-packages/glance_store/location.py:146}}
Aug 18 20:53:47.833879 np0000007700 devstack@g-api.service[99669]: DEBUG glance_store.location [-] Registering scheme swift+http with {'store': , 'location_class': , 'store_entry': 'swift'} {{(pid=99669) register_scheme_map /opt/stack/data/venv/lib/python3.12/site-packages/glance_store/location.py:146}}
Aug 18 20:53:47.833903 np0000007700 devstack@g-api.service[99670]: DEBUG glance_store.location [-] Registering scheme swift+config with {'store': , 'location_class': , 'store_entry': 'swift'} {{(pid=99670) register_scheme_map /opt/stack/data/venv/lib/python3.12/site-packages/glance_store/location.py:146}}
Aug 18 20:53:47.833932 np0000007700 devstack@g-api.service[99668]: DEBUG glance_store.location [-] Registering scheme swift+config with {'store': , 'location_class': , 'store_entry': 'swift'} {{(pid=99668) register_scheme_map /opt/stack/data/venv/lib/python3.12/site-packages/glance_store/location.py:146}}
Aug 18 20:53:47.833958 np0000007700 devstack@g-api.service[99669]: DEBUG glance_store.location [-] Registering scheme swift+config with {'store': , 'location_class': , 'store_entry': 'swift'} {{(pid=99669) register_scheme_map /opt/stack/data/venv/lib/python3.12/site-packages/glance_store/location.py:146}}
Aug 18 20:53:47.833986 np0000007700 devstack@g-api.service[99670]: DEBUG glance.sqlite_migration [-] SQLite caching database not located, skipping migration {{(pid=99670) get_db_path /opt/stack/glance/glance/sqlite_migration.py:68}}
Aug 18 20:53:47.834015 np0000007700 devstack@g-api.service[99668]: DEBUG glance.sqlite_migration [-] SQLite caching database not located, skipping migration {{(pid=99668) get_db_path /opt/stack/glance/glance/sqlite_migration.py:68}}
Aug 18 20:53:47.834038 np0000007700 devstack@g-api.service[99669]: DEBUG glance.sqlite_migration [-] SQLite caching database not located, skipping migration {{(pid=99669) get_db_path /opt/stack/glance/glance/sqlite_migration.py:68}}
Aug 18 20:53:47.834062 np0000007700 devstack@g-api.service[99668]: WARNING glance.common.wsgi_app [-] Import methods are enabled but staging directory /tmp/staging/ does not exist; Imports will fail!
Aug 18 20:53:47.834086 np0000007700 devstack@g-api.service[99670]: WARNING glance.common.wsgi_app [-] Import methods are enabled but staging directory /tmp/staging/ does not exist; Imports will fail!
Aug 18 20:53:47.834109 np0000007700 devstack@g-api.service[99669]: WARNING glance.common.wsgi_app [-] Import methods are enabled but staging directory /tmp/staging/ does not exist; Imports will fail!
Aug 18 20:53:47.958666 np0000007700 devstack@g-api.service[99669]: DEBUG glance.common.config [None req-35bddf05-2f7b-4149-ab93-30f270dbeb88 None None] Loading glance-api-keystone+cachemanagement from /etc/glance/glance-api-paste.ini {{(pid=99669) load_paste_app /opt/stack/glance/glance/common/config.py:772}}
Aug 18 20:53:47.960221 np0000007700 devstack@g-api.service[99670]: DEBUG glance.common.config [None req-040a75df-a9c0-43e9-958c-1aee0eb03a13 None None] Loading glance-api-keystone+cachemanagement from /etc/glance/glance-api-paste.ini {{(pid=99670) load_paste_app /opt/stack/glance/glance/common/config.py:772}}
Aug 18 20:53:47.962704 np0000007700 devstack@g-api.service[99668]: DEBUG glance.common.config [None req-b76c0c47-4edb-4f72-8b05-6bc17b12ae37 None None] Loading glance-api-keystone+cachemanagement from /etc/glance/glance-api-paste.ini {{(pid=99668) load_paste_app /opt/stack/glance/glance/common/config.py:772}}
Aug 18 20:53:48.539902 np0000007700 devstack@g-api.service[99670]: INFO glance.image_cache [None req-040a75df-a9c0-43e9-958c-1aee0eb03a13 None None] Image cache loaded driver 'centralized_db'.
Aug 18 20:53:48.544793 np0000007700 devstack@g-api.service[99669]: INFO glance.image_cache [None req-35bddf05-2f7b-4149-ab93-30f270dbeb88 None None] Image cache loaded driver 'centralized_db'.
Aug 18 20:53:48.548723 np0000007700 devstack@g-api.service[99668]: INFO glance.image_cache [None req-b76c0c47-4edb-4f72-8b05-6bc17b12ae37 None None] Image cache loaded driver 'centralized_db'.
Aug 18 20:53:48.584751 np0000007700 devstack@g-api.service[99670]: INFO dbcounter [None req-040a75df-a9c0-43e9-958c-1aee0eb03a13 None None] Registered counter for database glance
Aug 18 20:53:48.601564 np0000007700 devstack@g-api.service[99669]: INFO dbcounter [None req-35bddf05-2f7b-4149-ab93-30f270dbeb88 None None] Registered counter for database glance
Aug 18 20:53:48.602806 np0000007700 devstack@g-api.service[99668]: INFO dbcounter [None req-b76c0c47-4edb-4f72-8b05-6bc17b12ae37 None None] Registered counter for database glance
Aug 18 20:53:48.623209 np0000007700 devstack@g-api.service[99670]: DEBUG oslo_db.sqlalchemy.engines [None req-040a75df-a9c0-43e9-958c-1aee0eb03a13 None None] MySQL server mode set to STRICT_TRANS_TABLES,STRICT_ALL_TABLES,NO_ZERO_IN_DATE,NO_ZERO_DATE,ERROR_FOR_DIVISION_BY_ZERO,TRADITIONAL,NO_ENGINE_SUBSTITUTION {{(pid=99670) _check_effective_sql_mode /opt/stack/data/venv/lib/python3.12/site-packages/oslo_db/sqlalchemy/engines.py:325}}
Aug 18 20:53:48.642991 np0000007700 devstack@g-api.service[99668]: DEBUG oslo_db.sqlalchemy.engines [None req-b76c0c47-4edb-4f72-8b05-6bc17b12ae37 None None] MySQL server mode set to STRICT_TRANS_TABLES,STRICT_ALL_TABLES,NO_ZERO_IN_DATE,NO_ZERO_DATE,ERROR_FOR_DIVISION_BY_ZERO,TRADITIONAL,NO_ENGINE_SUBSTITUTION {{(pid=99668) _check_effective_sql_mode /opt/stack/data/venv/lib/python3.12/site-packages/oslo_db/sqlalchemy/engines.py:325}}
Aug 18 20:53:48.643100 np0000007700 devstack@g-api.service[99670]: DEBUG dbcounter [-] [99670] Writer thread running {{(pid=99670) stat_writer /opt/stack/data/venv/lib/python3.12/site-packages/dbcounter.py:102}}
Aug 18 20:53:48.643928 np0000007700 devstack@g-api.service[99669]: DEBUG oslo_db.sqlalchemy.engines [None req-35bddf05-2f7b-4149-ab93-30f270dbeb88 None None] MySQL server mode set to STRICT_TRANS_TABLES,STRICT_ALL_TABLES,NO_ZERO_IN_DATE,NO_ZERO_DATE,ERROR_FOR_DIVISION_BY_ZERO,TRADITIONAL,NO_ENGINE_SUBSTITUTION {{(pid=99669) _check_effective_sql_mode /opt/stack/data/venv/lib/python3.12/site-packages/oslo_db/sqlalchemy/engines.py:325}}
Aug 18 20:53:48.652489 np0000007700 devstack@g-api.service[99670]: INFO glance.image_cache [None req-040a75df-a9c0-43e9-958c-1aee0eb03a13 None None] Image cache loaded driver 'centralized_db'.
Aug 18 20:53:48.658587 np0000007700 devstack@g-api.service[99670]: DEBUG glance.image_cache.drivers.centralized_db [None req-040a75df-a9c0-43e9-958c-1aee0eb03a13 None None] Node reference is already recorded, ignoring it {{(pid=99670) configure /opt/stack/glance/glance/image_cache/drivers/centralized_db.py:71}}
Aug 18 20:53:48.660298 np0000007700 devstack@g-api.service[99668]: DEBUG dbcounter [-] [99668] Writer thread running {{(pid=99668) stat_writer /opt/stack/data/venv/lib/python3.12/site-packages/dbcounter.py:102}}
Aug 18 20:53:48.662648 np0000007700 devstack@g-api.service[99668]: DEBUG glance.image_cache.drivers.centralized_db [None req-b76c0c47-4edb-4f72-8b05-6bc17b12ae37 None None] Node reference is already recorded, ignoring it {{(pid=99668) configure /opt/stack/glance/glance/image_cache/drivers/centralized_db.py:71}}
Aug 18 20:53:48.664028 np0000007700 devstack@g-api.service[99670]: DEBUG glance.api.v2.cached_images [None req-040a75df-a9c0-43e9-958c-1aee0eb03a13 None None] Started cache worker thread {{(pid=99670) __init__ /opt/stack/glance/glance/api/v2/cached_images.py:71}}
Aug 18 20:53:48.664766 np0000007700 devstack@g-api.service[99670]: INFO glance.image_cache [None req-040a75df-a9c0-43e9-958c-1aee0eb03a13 None None] Image cache loaded driver 'centralized_db'.
Aug 18 20:53:48.665596 np0000007700 devstack@g-api.service[99669]: DEBUG dbcounter [-] [99669] Writer thread running {{(pid=99669) stat_writer /opt/stack/data/venv/lib/python3.12/site-packages/dbcounter.py:102}}
Aug 18 20:53:48.667563 np0000007700 devstack@g-api.service[99668]: INFO glance.image_cache [None req-b76c0c47-4edb-4f72-8b05-6bc17b12ae37 None None] Image cache loaded driver 'centralized_db'.
Aug 18 20:53:48.667921 np0000007700 devstack@g-api.service[99669]: DEBUG glance.image_cache.drivers.centralized_db [None req-35bddf05-2f7b-4149-ab93-30f270dbeb88 None None] Node reference is already recorded, ignoring it {{(pid=99669) configure /opt/stack/glance/glance/image_cache/drivers/centralized_db.py:71}}
Aug 18 20:53:48.673181 np0000007700 devstack@g-api.service[99669]: INFO glance.image_cache [None req-35bddf05-2f7b-4149-ab93-30f270dbeb88 None None] Image cache loaded driver 'centralized_db'.
Aug 18 20:53:48.673260 np0000007700 devstack@g-api.service[99668]: DEBUG glance.image_cache.drivers.centralized_db [None req-b76c0c47-4edb-4f72-8b05-6bc17b12ae37 None None] Node reference is already recorded, ignoring it {{(pid=99668) configure /opt/stack/glance/glance/image_cache/drivers/centralized_db.py:71}}
Aug 18 20:53:48.678434 np0000007700 devstack@g-api.service[99668]: DEBUG glance.api.v2.cached_images [None req-b76c0c47-4edb-4f72-8b05-6bc17b12ae37 None None] Started cache worker thread {{(pid=99668) __init__ /opt/stack/glance/glance/api/v2/cached_images.py:71}}
Aug 18 20:53:48.679074 np0000007700 devstack@g-api.service[99668]: INFO glance.image_cache [None req-b76c0c47-4edb-4f72-8b05-6bc17b12ae37 None None] Image cache loaded driver 'centralized_db'.
Aug 18 20:53:48.679402 np0000007700 devstack@g-api.service[99669]: DEBUG glance.image_cache.drivers.centralized_db [None req-35bddf05-2f7b-4149-ab93-30f270dbeb88 None None] Node reference is already recorded, ignoring it {{(pid=99669) configure /opt/stack/glance/glance/image_cache/drivers/centralized_db.py:71}}
Aug 18 20:53:48.685375 np0000007700 devstack@g-api.service[99669]: DEBUG glance.api.v2.cached_images [None req-35bddf05-2f7b-4149-ab93-30f270dbeb88 None None] Started cache worker thread {{(pid=99669) __init__ /opt/stack/glance/glance/api/v2/cached_images.py:71}}
Aug 18 20:53:48.686092 np0000007700 devstack@g-api.service[99669]: INFO glance.image_cache [None req-35bddf05-2f7b-4149-ab93-30f270dbeb88 None None] Image cache loaded driver 'centralized_db'.
Aug 18 20:53:48.754100 np0000007700 devstack@g-api.service[99670]: DEBUG glance.image_cache.drivers.centralized_db [None req-040a75df-a9c0-43e9-958c-1aee0eb03a13 None None] Node reference is already recorded, ignoring it {{(pid=99670) configure /opt/stack/glance/glance/image_cache/drivers/centralized_db.py:71}}
Aug 18 20:53:48.758587 np0000007700 devstack@g-api.service[99670]: INFO glance.api.middleware.cache_manage [None req-040a75df-a9c0-43e9-958c-1aee0eb03a13 None None] Initialized image cache management middleware
Aug 18 20:53:48.758744 np0000007700 devstack@g-api.service[99670]: INFO glance.image_cache [None req-040a75df-a9c0-43e9-958c-1aee0eb03a13 None None] Image cache loaded driver 'centralized_db'.
Aug 18 20:53:48.764402 np0000007700 devstack@g-api.service[99670]: DEBUG glance.image_cache.drivers.centralized_db [None req-040a75df-a9c0-43e9-958c-1aee0eb03a13 None None] Node reference is already recorded, ignoring it {{(pid=99670) configure /opt/stack/glance/glance/image_cache/drivers/centralized_db.py:71}}
Aug 18 20:53:48.767616 np0000007700 devstack@g-api.service[99670]: INFO glance.api.middleware.cache [None req-040a75df-a9c0-43e9-958c-1aee0eb03a13 None None] Initialized image cache middleware
Aug 18 20:53:48.775611 np0000007700 devstack@g-api.service[99668]: DEBUG glance.image_cache.drivers.centralized_db [None req-b76c0c47-4edb-4f72-8b05-6bc17b12ae37 None None] Node reference is already recorded, ignoring it {{(pid=99668) configure /opt/stack/glance/glance/image_cache/drivers/centralized_db.py:71}}
Aug 18 20:53:48.777773 np0000007700 devstack@g-api.service[99670]: DEBUG glance.common.config [None req-040a75df-a9c0-43e9-958c-1aee0eb03a13 None None] ******************************************************************************** {{(pid=99670) log_opt_values /opt/stack/data/venv/lib/python3.12/site-packages/oslo_config/cfg.py:3533}}
Aug 18 20:53:48.777839 np0000007700 devstack@g-api.service[99670]: DEBUG glance.common.config [None req-040a75df-a9c0-43e9-958c-1aee0eb03a13 None None] Configuration options gathered from: {{(pid=99670) log_opt_values /opt/stack/data/venv/lib/python3.12/site-packages/oslo_config/cfg.py:3534}}
Aug 18 20:53:48.778173 np0000007700 devstack@g-api.service[99670]: DEBUG glance.common.config [None req-040a75df-a9c0-43e9-958c-1aee0eb03a13 None None] command line args: [] {{(pid=99670) log_opt_values /opt/stack/data/venv/lib/python3.12/site-packages/oslo_config/cfg.py:3535}}
Aug 18 20:53:48.778345 np0000007700 devstack@g-api.service[99670]: DEBUG glance.common.config [None req-040a75df-a9c0-43e9-958c-1aee0eb03a13 None None] config files: ['/etc/glance/glance-image-import.conf', '/etc/glance/glance-api.conf'] {{(pid=99670) log_opt_values /opt/stack/data/venv/lib/python3.12/site-packages/oslo_config/cfg.py:3536}}
Aug 18 20:53:48.778427 np0000007700 devstack@g-api.service[99670]: DEBUG glance.common.config [None req-040a75df-a9c0-43e9-958c-1aee0eb03a13 None None] ================================================================================ {{(pid=99670) log_opt_values /opt/stack/data/venv/lib/python3.12/site-packages/oslo_config/cfg.py:3541}}
Aug 18 20:53:48.778574 np0000007700 devstack@g-api.service[99670]: DEBUG glance.common.config [None req-040a75df-a9c0-43e9-958c-1aee0eb03a13 None None] allow_anonymous_access = False {{(pid=99670) log_opt_values /opt/stack/data/venv/lib/python3.12/site-packages/oslo_config/cfg.py:3549}}
Aug 18 20:53:48.778713 np0000007700 devstack@g-api.service[99670]: DEBUG glance.common.config [None req-040a75df-a9c0-43e9-958c-1aee0eb03a13 None None] api_limit_max = 1000 {{(pid=99670) log_opt_values /opt/stack/data/venv/lib/python3.12/site-packages/oslo_config/cfg.py:3549}}
Aug 18 20:53:48.778846 np0000007700 devstack@g-api.service[99670]: DEBUG glance.common.config [None req-040a75df-a9c0-43e9-958c-1aee0eb03a13 None None] config_dir = [] {{(pid=99670) log_opt_values /opt/stack/data/venv/lib/python3.12/site-packages/oslo_config/cfg.py:3549}}
Aug 18 20:53:48.778948 np0000007700 devstack@g-api.service[99670]: DEBUG glance.common.config [None req-040a75df-a9c0-43e9-958c-1aee0eb03a13 None None] config_file = ['/etc/glance/glance-image-import.conf', '/etc/glance/glance-api.conf'] {{(pid=99670) log_opt_values /opt/stack/data/venv/lib/python3.12/site-packages/oslo_config/cfg.py:3549}}
Aug 18 20:53:48.779081 np0000007700 devstack@g-api.service[99670]: DEBUG glance.common.config [None req-040a75df-a9c0-43e9-958c-1aee0eb03a13 None None] config_source = [] {{(pid=99670) log_opt_values /opt/stack/data/venv/lib/python3.12/site-packages/oslo_config/cfg.py:3549}}
Aug 18 20:53:48.779217 np0000007700 devstack@g-api.service[99670]: DEBUG glance.common.config [None req-040a75df-a9c0-43e9-958c-1aee0eb03a13 None None] control_exchange = glance {{(pid=99670) log_opt_values /opt/stack/data/venv/lib/python3.12/site-packages/oslo_config/cfg.py:3549}}
Aug 18 20:53:48.779331 np0000007700 devstack@g-api.service[99670]: DEBUG glance.common.config [None req-040a75df-a9c0-43e9-958c-1aee0eb03a13 None None] debug = True {{(pid=99670) log_opt_values /opt/stack/data/venv/lib/python3.12/site-packages/oslo_config/cfg.py:3549}}
Aug 18 20:53:48.779565 np0000007700 devstack@g-api.service[99670]: DEBUG glance.common.config [None req-040a75df-a9c0-43e9-958c-1aee0eb03a13 None None] default_log_levels = ['amqp=WARN', 'boto=WARN', 'sqlalchemy=WARN', 'suds=INFO', 'oslo.messaging=INFO', 'oslo_messaging=INFO', 'iso8601=WARN', 'requests.packages.urllib3.connectionpool=WARN', 'urllib3.connectionpool=WARN', 'websocket=WARN', 'requests.packages.urllib3.util.retry=WARN', 'urllib3.util.retry=WARN', 'keystonemiddleware=WARN', 'routes.middleware=WARN', 'stevedore=WARN', 'taskflow=WARN', 'keystoneauth=WARN', 'oslo.cache=INFO', 'oslo_policy=INFO', 'dogpile.core.dogpile=INFO'] {{(pid=99670) log_opt_values /opt/stack/data/venv/lib/python3.12/site-packages/oslo_config/cfg.py:3549}}
Aug 18 20:53:48.779720 np0000007700 devstack@g-api.service[99670]: DEBUG glance.common.config [None req-040a75df-a9c0-43e9-958c-1aee0eb03a13 None None] default_publisher_id = image.localhost {{(pid=99670) log_opt_values /opt/stack/data/venv/lib/python3.12/site-packages/oslo_config/cfg.py:3549}}
Aug 18 20:53:48.779844 np0000007700 devstack@g-api.service[99670]: DEBUG glance.common.config [None req-040a75df-a9c0-43e9-958c-1aee0eb03a13 None None] delayed_delete = False {{(pid=99670) log_opt_values /opt/stack/data/venv/lib/python3.12/site-packages/oslo_config/cfg.py:3549}}
Aug 18 20:53:48.779975 np0000007700 devstack@g-api.service[99670]: DEBUG glance.common.config [None req-040a75df-a9c0-43e9-958c-1aee0eb03a13 None None] digest_algorithm = sha256 {{(pid=99670) log_opt_values /opt/stack/data/venv/lib/python3.12/site-packages/oslo_config/cfg.py:3549}}
Aug 18 20:53:48.780006 np0000007700 devstack@g-api.service[99668]: INFO glance.api.middleware.cache_manage [None req-b76c0c47-4edb-4f72-8b05-6bc17b12ae37 None None] Initialized image cache management middleware
Aug 18 20:53:48.780404 np0000007700 devstack@g-api.service[99670]: DEBUG glance.common.config [None req-040a75df-a9c0-43e9-958c-1aee0eb03a13 None None] disabled_notifications = [] {{(pid=99670) log_opt_values /opt/stack/data/venv/lib/python3.12/site-packages/oslo_config/cfg.py:3549}}
Aug 18 20:53:48.780452 np0000007700 devstack@g-api.service[99668]: INFO glance.image_cache [None req-b76c0c47-4edb-4f72-8b05-6bc17b12ae37 None None] Image cache loaded driver 'centralized_db'.
Aug 18 20:53:48.780481 np0000007700 devstack@g-api.service[99670]: DEBUG glance.common.config [None req-040a75df-a9c0-43e9-958c-1aee0eb03a13 None None] do_secure_hash = True {{(pid=99670) log_opt_values /opt/stack/data/venv/lib/python3.12/site-packages/oslo_config/cfg.py:3549}}
Aug 18 20:53:48.780481 np0000007700 devstack@g-api.service[99670]: DEBUG glance.common.config [None req-040a75df-a9c0-43e9-958c-1aee0eb03a13 None None] enabled_backends = None {{(pid=99670) log_opt_values /opt/stack/data/venv/lib/python3.12/site-packages/oslo_config/cfg.py:3549}}
Aug 18 20:53:48.780481 np0000007700 devstack@g-api.service[99670]: DEBUG glance.common.config [None req-040a75df-a9c0-43e9-958c-1aee0eb03a13 None None] enabled_import_methods = ['glance-direct', 'web-download', 'copy-image'] {{(pid=99670) log_opt_values /opt/stack/data/venv/lib/python3.12/site-packages/oslo_config/cfg.py:3549}}
Aug 18 20:53:48.780606 np0000007700 devstack@g-api.service[99670]: DEBUG glance.common.config [None req-040a75df-a9c0-43e9-958c-1aee0eb03a13 None None] fatal_deprecations = False {{(pid=99670) log_opt_values /opt/stack/data/venv/lib/python3.12/site-packages/oslo_config/cfg.py:3549}}
Aug 18 20:53:48.780739 np0000007700 devstack@g-api.service[99670]: DEBUG glance.common.config [None req-040a75df-a9c0-43e9-958c-1aee0eb03a13 None None] hashing_algorithm = sha512 {{(pid=99670) log_opt_values /opt/stack/data/venv/lib/python3.12/site-packages/oslo_config/cfg.py:3549}}
Aug 18 20:53:48.780829 np0000007700 devstack@g-api.service[99670]: DEBUG glance.common.config [None req-040a75df-a9c0-43e9-958c-1aee0eb03a13 None None] http_retries = 3 {{(pid=99670) log_opt_values /opt/stack/data/venv/lib/python3.12/site-packages/oslo_config/cfg.py:3549}}
Aug 18 20:53:48.780927 np0000007700 devstack@g-api.service[99670]: DEBUG glance.common.config [None req-040a75df-a9c0-43e9-958c-1aee0eb03a13 None None] image_cache_dir = /opt/stack/data/glance/cache/ {{(pid=99670) log_opt_values /opt/stack/data/venv/lib/python3.12/site-packages/oslo_config/cfg.py:3549}}
Aug 18 20:53:48.781050 np0000007700 devstack@g-api.service[99670]: DEBUG glance.common.config [None req-040a75df-a9c0-43e9-958c-1aee0eb03a13 None None] image_cache_driver = centralized_db {{(pid=99670) log_opt_values /opt/stack/data/venv/lib/python3.12/site-packages/oslo_config/cfg.py:3549}}
Aug 18 20:53:48.781169 np0000007700 devstack@g-api.service[99670]: DEBUG glance.common.config [None req-040a75df-a9c0-43e9-958c-1aee0eb03a13 None None] image_cache_max_size = 10737418240 {{(pid=99670) log_opt_values /opt/stack/data/venv/lib/python3.12/site-packages/oslo_config/cfg.py:3549}}
Aug 18 20:53:48.781314 np0000007700 devstack@g-api.service[99670]: DEBUG glance.common.config [None req-040a75df-a9c0-43e9-958c-1aee0eb03a13 None None] image_cache_sqlite_db = cache.db {{(pid=99670) log_opt_values /opt/stack/data/venv/lib/python3.12/site-packages/oslo_config/cfg.py:3549}}
Aug 18 20:53:48.781449 np0000007700 devstack@g-api.service[99670]: DEBUG glance.common.config [None req-040a75df-a9c0-43e9-958c-1aee0eb03a13 None None] image_cache_stall_time = 86400 {{(pid=99670) log_opt_values /opt/stack/data/venv/lib/python3.12/site-packages/oslo_config/cfg.py:3549}}
Aug 18 20:53:48.781581 np0000007700 devstack@g-api.service[99670]: DEBUG glance.common.config [None req-040a75df-a9c0-43e9-958c-1aee0eb03a13 None None] image_location_quota = 10 {{(pid=99670) log_opt_values /opt/stack/data/venv/lib/python3.12/site-packages/oslo_config/cfg.py:3549}}
Aug 18 20:53:48.781724 np0000007700 devstack@g-api.service[99670]: DEBUG glance.common.config [None req-040a75df-a9c0-43e9-958c-1aee0eb03a13 None None] image_member_quota = 128 {{(pid=99670) log_opt_values /opt/stack/data/venv/lib/python3.12/site-packages/oslo_config/cfg.py:3549}}
Aug 18 20:53:48.781844 np0000007700 devstack@g-api.service[99670]: DEBUG glance.common.config [None req-040a75df-a9c0-43e9-958c-1aee0eb03a13 None None] image_property_quota = 128 {{(pid=99670) log_opt_values /opt/stack/data/venv/lib/python3.12/site-packages/oslo_config/cfg.py:3549}}
Aug 18 20:53:48.781961 np0000007700 devstack@g-api.service[99670]: DEBUG glance.common.config [None req-040a75df-a9c0-43e9-958c-1aee0eb03a13 None None] image_size_cap = 1099511627776 {{(pid=99670) log_opt_values /opt/stack/data/venv/lib/python3.12/site-packages/oslo_config/cfg.py:3549}}
Aug 18 20:53:48.782089 np0000007700 devstack@g-api.service[99670]: DEBUG glance.common.config [None req-040a75df-a9c0-43e9-958c-1aee0eb03a13 None None] image_tag_quota = 128 {{(pid=99670) log_opt_values /opt/stack/data/venv/lib/python3.12/site-packages/oslo_config/cfg.py:3549}}
Aug 18 20:53:48.782209 np0000007700 devstack@g-api.service[99670]: DEBUG glance.common.config [None req-040a75df-a9c0-43e9-958c-1aee0eb03a13 None None] instance_format = [instance: %(uuid)s] {{(pid=99670) log_opt_values /opt/stack/data/venv/lib/python3.12/site-packages/oslo_config/cfg.py:3549}}
Aug 18 20:53:48.782367 np0000007700 devstack@g-api.service[99670]: DEBUG glance.common.config [None req-040a75df-a9c0-43e9-958c-1aee0eb03a13 None None] instance_uuid_format = [instance: %(uuid)s] {{(pid=99670) log_opt_values /opt/stack/data/venv/lib/python3.12/site-packages/oslo_config/cfg.py:3549}}
Aug 18 20:53:48.782498 np0000007700 devstack@g-api.service[99670]: DEBUG glance.common.config [None req-040a75df-a9c0-43e9-958c-1aee0eb03a13 None None] limit_param_default = 25 {{(pid=99670) log_opt_values /opt/stack/data/venv/lib/python3.12/site-packages/oslo_config/cfg.py:3549}}
Aug 18 20:53:48.782628 np0000007700 devstack@g-api.service[99670]: DEBUG glance.common.config [None req-040a75df-a9c0-43e9-958c-1aee0eb03a13 None None] log_color = False {{(pid=99670) log_opt_values /opt/stack/data/venv/lib/python3.12/site-packages/oslo_config/cfg.py:3549}}
Aug 18 20:53:48.782763 np0000007700 devstack@g-api.service[99670]: DEBUG glance.common.config [None req-040a75df-a9c0-43e9-958c-1aee0eb03a13 None None] log_config_append = None {{(pid=99670) log_opt_values /opt/stack/data/venv/lib/python3.12/site-packages/oslo_config/cfg.py:3549}}
Aug 18 20:53:48.782887 np0000007700 devstack@g-api.service[99670]: DEBUG glance.common.config [None req-040a75df-a9c0-43e9-958c-1aee0eb03a13 None None] log_date_format = %Y-%m-%d %H:%M:%S {{(pid=99670) log_opt_values /opt/stack/data/venv/lib/python3.12/site-packages/oslo_config/cfg.py:3549}}
Aug 18 20:53:48.783009 np0000007700 devstack@g-api.service[99670]: DEBUG glance.common.config [None req-040a75df-a9c0-43e9-958c-1aee0eb03a13 None None] log_dir = None {{(pid=99670) log_opt_values /opt/stack/data/venv/lib/python3.12/site-packages/oslo_config/cfg.py:3549}}
Aug 18 20:53:48.783134 np0000007700 devstack@g-api.service[99670]: DEBUG glance.common.config [None req-040a75df-a9c0-43e9-958c-1aee0eb03a13 None None] log_file = None {{(pid=99670) log_opt_values /opt/stack/data/venv/lib/python3.12/site-packages/oslo_config/cfg.py:3549}}
Aug 18 20:53:48.783360 np0000007700 devstack@g-api.service[99670]: DEBUG glance.common.config [None req-040a75df-a9c0-43e9-958c-1aee0eb03a13 None None] log_rotate_interval = 1 {{(pid=99670) log_opt_values /opt/stack/data/venv/lib/python3.12/site-packages/oslo_config/cfg.py:3549}}
Aug 18 20:53:48.783496 np0000007700 devstack@g-api.service[99670]: DEBUG glance.common.config [None req-040a75df-a9c0-43e9-958c-1aee0eb03a13 None None] log_rotate_interval_type = days {{(pid=99670) log_opt_values /opt/stack/data/venv/lib/python3.12/site-packages/oslo_config/cfg.py:3549}}
Aug 18 20:53:48.783629 np0000007700 devstack@g-api.service[99670]: DEBUG glance.common.config [None req-040a75df-a9c0-43e9-958c-1aee0eb03a13 None None] log_rotation_type = none {{(pid=99670) log_opt_values /opt/stack/data/venv/lib/python3.12/site-packages/oslo_config/cfg.py:3549}}
Aug 18 20:53:48.783813 np0000007700 devstack@g-api.service[99670]: DEBUG glance.common.config [None req-040a75df-a9c0-43e9-958c-1aee0eb03a13 None None] logging_context_format_string = %(color)s%(levelname)s %(name)s [%(global_request_id)s %(request_id)s %(project_name)s %(user_name)s%(color)s] %(instance)s%(color)s%(message)s {{(pid=99670) log_opt_values /opt/stack/data/venv/lib/python3.12/site-packages/oslo_config/cfg.py:3549}}
Aug 18 20:53:48.783875 np0000007700 devstack@g-api.service[99670]: DEBUG glance.common.config [None req-040a75df-a9c0-43e9-958c-1aee0eb03a13 None None] logging_debug_format_suffix = {{(pid=%(process)d) %(funcName)s %(pathname)s:%(lineno)d}} {{(pid=99670) log_opt_values /opt/stack/data/venv/lib/python3.12/site-packages/oslo_config/cfg.py:3549}}
Aug 18 20:53:48.783973 np0000007700 devstack@g-api.service[99670]: DEBUG glance.common.config [None req-040a75df-a9c0-43e9-958c-1aee0eb03a13 None None] logging_default_format_string = %(color)s%(levelname)s %(name)s [-%(color)s] %(instance)s%(color)s%(message)s {{(pid=99670) log_opt_values /opt/stack/data/venv/lib/python3.12/site-packages/oslo_config/cfg.py:3549}}
Aug 18 20:53:48.784107 np0000007700 devstack@g-api.service[99670]: DEBUG glance.common.config [None req-040a75df-a9c0-43e9-958c-1aee0eb03a13 None None] logging_exception_prefix = ERROR %(name)s %(instance)s {{(pid=99670) log_opt_values /opt/stack/data/venv/lib/python3.12/site-packages/oslo_config/cfg.py:3549}}
Aug 18 20:53:48.784324 np0000007700 devstack@g-api.service[99670]: DEBUG glance.common.config [None req-040a75df-a9c0-43e9-958c-1aee0eb03a13 None None] logging_user_identity_format = %(user)s %(project)s %(domain)s %(system_scope)s %(user_domain)s %(project_domain)s {{(pid=99670) log_opt_values /opt/stack/data/venv/lib/python3.12/site-packages/oslo_config/cfg.py:3549}}
Aug 18 20:53:48.784324 np0000007700 devstack@g-api.service[99670]: DEBUG glance.common.config [None req-040a75df-a9c0-43e9-958c-1aee0eb03a13 None None] max_logfile_count = 30 {{(pid=99670) log_opt_values /opt/stack/data/venv/lib/python3.12/site-packages/oslo_config/cfg.py:3549}}
Aug 18 20:53:48.784464 np0000007700 devstack@g-api.service[99670]: DEBUG glance.common.config [None req-040a75df-a9c0-43e9-958c-1aee0eb03a13 None None] max_logfile_size_mb = 200 {{(pid=99670) log_opt_values /opt/stack/data/venv/lib/python3.12/site-packages/oslo_config/cfg.py:3549}}
Aug 18 20:53:48.784726 np0000007700 devstack@g-api.service[99670]: DEBUG glance.common.config [None req-040a75df-a9c0-43e9-958c-1aee0eb03a13 None None] max_request_id_length = 64 {{(pid=99670) log_opt_values /opt/stack/data/venv/lib/python3.12/site-packages/oslo_config/cfg.py:3549}}
Aug 18 20:53:48.784726 np0000007700 devstack@g-api.service[99670]: DEBUG glance.common.config [None req-040a75df-a9c0-43e9-958c-1aee0eb03a13 None None] metadata_encryption_key = **** {{(pid=99670) log_opt_values /opt/stack/data/venv/lib/python3.12/site-packages/oslo_config/cfg.py:3549}}
Aug 18 20:53:48.784831 np0000007700 devstack@g-api.service[99670]: DEBUG glance.common.config [None req-040a75df-a9c0-43e9-958c-1aee0eb03a13 None None] node_staging_uri = file:///tmp/staging/ {{(pid=99670) log_opt_values /opt/stack/data/venv/lib/python3.12/site-packages/oslo_config/cfg.py:3549}}
Aug 18 20:53:48.784968 np0000007700 devstack@g-api.service[99670]: DEBUG glance.common.config [None req-040a75df-a9c0-43e9-958c-1aee0eb03a13 None None] property_protection_file = None {{(pid=99670) log_opt_values /opt/stack/data/venv/lib/python3.12/site-packages/oslo_config/cfg.py:3549}}
Aug 18 20:53:48.785094 np0000007700 devstack@g-api.service[99670]: DEBUG glance.common.config [None req-040a75df-a9c0-43e9-958c-1aee0eb03a13 None None] property_protection_rule_format = roles {{(pid=99670) log_opt_values /opt/stack/data/venv/lib/python3.12/site-packages/oslo_config/cfg.py:3549}}
Aug 18 20:53:48.785217 np0000007700 devstack@g-api.service[99670]: DEBUG glance.common.config [None req-040a75df-a9c0-43e9-958c-1aee0eb03a13 None None] public_endpoint = https://10.4.3.11/image {{(pid=99670) log_opt_values /opt/stack/data/venv/lib/python3.12/site-packages/oslo_config/cfg.py:3549}}
Aug 18 20:53:48.785358 np0000007700 devstack@g-api.service[99670]: DEBUG glance.common.config [None req-040a75df-a9c0-43e9-958c-1aee0eb03a13 None None] publish_errors = False {{(pid=99670) log_opt_values /opt/stack/data/venv/lib/python3.12/site-packages/oslo_config/cfg.py:3549}}
Aug 18 20:53:48.785487 np0000007700 devstack@g-api.service[99670]: DEBUG glance.common.config [None req-040a75df-a9c0-43e9-958c-1aee0eb03a13 None None] pydev_worker_debug_host = None {{(pid=99670) log_opt_values /opt/stack/data/venv/lib/python3.12/site-packages/oslo_config/cfg.py:3549}}
Aug 18 20:53:48.785617 np0000007700 devstack@g-api.service[99670]: DEBUG glance.common.config [None req-040a75df-a9c0-43e9-958c-1aee0eb03a13 None None] pydev_worker_debug_port = 5678 {{(pid=99670) log_opt_values /opt/stack/data/venv/lib/python3.12/site-packages/oslo_config/cfg.py:3549}}
Aug 18 20:53:48.785754 np0000007700 devstack@g-api.service[99670]: DEBUG glance.common.config [None req-040a75df-a9c0-43e9-958c-1aee0eb03a13 None None] rate_limit_burst = 0 {{(pid=99670) log_opt_values /opt/stack/data/venv/lib/python3.12/site-packages/oslo_config/cfg.py:3549}}
Aug 18 20:53:48.785890 np0000007700 devstack@g-api.service[99670]: DEBUG glance.common.config [None req-040a75df-a9c0-43e9-958c-1aee0eb03a13 None None] rate_limit_except_level = CRITICAL {{(pid=99670) log_opt_values /opt/stack/data/venv/lib/python3.12/site-packages/oslo_config/cfg.py:3549}}
Aug 18 20:53:48.785935 np0000007700 devstack@g-api.service[99668]: DEBUG glance.image_cache.drivers.centralized_db [None req-b76c0c47-4edb-4f72-8b05-6bc17b12ae37 None None] Node reference is already recorded, ignoring it {{(pid=99668) configure /opt/stack/glance/glance/image_cache/drivers/centralized_db.py:71}}
Aug 18 20:53:48.786012 np0000007700 devstack@g-api.service[99670]: DEBUG glance.common.config [None req-040a75df-a9c0-43e9-958c-1aee0eb03a13 None None] rate_limit_interval = 0 {{(pid=99670) log_opt_values /opt/stack/data/venv/lib/python3.12/site-packages/oslo_config/cfg.py:3549}}
Aug 18 20:53:48.786139 np0000007700 devstack@g-api.service[99670]: DEBUG glance.common.config [None req-040a75df-a9c0-43e9-958c-1aee0eb03a13 None None] scrub_pool_size = 1 {{(pid=99670) log_opt_values /opt/stack/data/venv/lib/python3.12/site-packages/oslo_config/cfg.py:3549}}
Aug 18 20:53:48.786172 np0000007700 devstack@g-api.service[99669]: DEBUG glance.image_cache.drivers.centralized_db [None req-35bddf05-2f7b-4149-ab93-30f270dbeb88 None None] Node reference is already recorded, ignoring it {{(pid=99669) configure /opt/stack/glance/glance/image_cache/drivers/centralized_db.py:71}}
Aug 18 20:53:48.786261 np0000007700 devstack@g-api.service[99670]: DEBUG glance.common.config [None req-040a75df-a9c0-43e9-958c-1aee0eb03a13 None None] scrub_time = 0 {{(pid=99670) log_opt_values /opt/stack/data/venv/lib/python3.12/site-packages/oslo_config/cfg.py:3549}}
Aug 18 20:53:48.786403 np0000007700 devstack@g-api.service[99670]: DEBUG glance.common.config [None req-040a75df-a9c0-43e9-958c-1aee0eb03a13 None None] shell_completion = None {{(pid=99670) log_opt_values /opt/stack/data/venv/lib/python3.12/site-packages/oslo_config/cfg.py:3549}}
Aug 18 20:53:48.786534 np0000007700 devstack@g-api.service[99670]: DEBUG glance.common.config [None req-040a75df-a9c0-43e9-958c-1aee0eb03a13 None None] show_image_direct_url = False {{(pid=99670) log_opt_values /opt/stack/data/venv/lib/python3.12/site-packages/oslo_config/cfg.py:3549}}
Aug 18 20:53:48.786871 np0000007700 devstack@g-api.service[99670]: WARNING oslo_config.cfg [None req-040a75df-a9c0-43e9-958c-1aee0eb03a13 None None] Deprecated: Option "show_multiple_locations" from group "DEFAULT" is deprecated for removal (Use of this option, deprecated since Newton, is a security risk and will be removed once we figure out a way to satisfy those use cases that currently require it. An earlier announcement that the same functionality can be achieved with greater granularity by using policies is incorrect. You cannot work around this option via policy configuration at the present time, though that is the direction we believe the fix will take. Please keep an eye on the Glance release notes to stay up to date on progress in addressing this issue.). Its value may be silently ignored in the future.
Aug 18 20:53:48.786969 np0000007700 devstack@g-api.service[99670]: DEBUG glance.common.config [None req-040a75df-a9c0-43e9-958c-1aee0eb03a13 None None] show_multiple_locations = False {{(pid=99670) log_opt_values /opt/stack/data/venv/lib/python3.12/site-packages/oslo_config/cfg.py:3549}}
Aug 18 20:53:48.787159 np0000007700 devstack@g-api.service[99670]: DEBUG glance.common.config [None req-040a75df-a9c0-43e9-958c-1aee0eb03a13 None None] syslog_log_facility = LOG_USER {{(pid=99670) log_opt_values /opt/stack/data/venv/lib/python3.12/site-packages/oslo_config/cfg.py:3549}}
Aug 18 20:53:48.787239 np0000007700 devstack@g-api.service[99670]: DEBUG glance.common.config [None req-040a75df-a9c0-43e9-958c-1aee0eb03a13 None None] transport_url = **** {{(pid=99670) log_opt_values /opt/stack/data/venv/lib/python3.12/site-packages/oslo_config/cfg.py:3549}}
Aug 18 20:53:48.787400 np0000007700 devstack@g-api.service[99670]: DEBUG glance.common.config [None req-040a75df-a9c0-43e9-958c-1aee0eb03a13 None None] use_journal = False {{(pid=99670) log_opt_values /opt/stack/data/venv/lib/python3.12/site-packages/oslo_config/cfg.py:3549}}
Aug 18 20:53:48.787547 np0000007700 devstack@g-api.service[99670]: DEBUG glance.common.config [None req-040a75df-a9c0-43e9-958c-1aee0eb03a13 None None] use_json = False {{(pid=99670) log_opt_values /opt/stack/data/venv/lib/python3.12/site-packages/oslo_config/cfg.py:3549}}
Aug 18 20:53:48.787660 np0000007700 devstack@g-api.service[99670]: DEBUG glance.common.config [None req-040a75df-a9c0-43e9-958c-1aee0eb03a13 None None] use_keystone_limits = True {{(pid=99670) log_opt_values /opt/stack/data/venv/lib/python3.12/site-packages/oslo_config/cfg.py:3549}}
Aug 18 20:53:48.787805 np0000007700 devstack@g-api.service[99670]: DEBUG glance.common.config [None req-040a75df-a9c0-43e9-958c-1aee0eb03a13 None None] use_stderr = False {{(pid=99670) log_opt_values /opt/stack/data/venv/lib/python3.12/site-packages/oslo_config/cfg.py:3549}}
Aug 18 20:53:48.787935 np0000007700 devstack@g-api.service[99670]: DEBUG glance.common.config [None req-040a75df-a9c0-43e9-958c-1aee0eb03a13 None None] use_syslog = False {{(pid=99670) log_opt_values /opt/stack/data/venv/lib/python3.12/site-packages/oslo_config/cfg.py:3549}}
Aug 18 20:53:48.788066 np0000007700 devstack@g-api.service[99670]: DEBUG glance.common.config [None req-040a75df-a9c0-43e9-958c-1aee0eb03a13 None None] user_storage_quota = 0 {{(pid=99670) log_opt_values /opt/stack/data/venv/lib/python3.12/site-packages/oslo_config/cfg.py:3549}}
Aug 18 20:53:48.788204 np0000007700 devstack@g-api.service[99670]: DEBUG glance.common.config [None req-040a75df-a9c0-43e9-958c-1aee0eb03a13 None None] worker_self_reference_url = http://127.0.0.1:60999 {{(pid=99670) log_opt_values /opt/stack/data/venv/lib/python3.12/site-packages/oslo_config/cfg.py:3549}}
Aug 18 20:53:48.788375 np0000007700 devstack@g-api.service[99670]: DEBUG glance.common.config [None req-040a75df-a9c0-43e9-958c-1aee0eb03a13 None None] oslo_concurrency.disable_process_locking = False {{(pid=99670) log_opt_values /opt/stack/data/venv/lib/python3.12/site-packages/oslo_config/cfg.py:3560}}
Aug 18 20:53:48.788521 np0000007700 devstack@g-api.service[99670]: DEBUG glance.common.config [None req-040a75df-a9c0-43e9-958c-1aee0eb03a13 None None] oslo_concurrency.lock_path = /opt/stack/data/glance/locks {{(pid=99670) log_opt_values /opt/stack/data/venv/lib/python3.12/site-packages/oslo_config/cfg.py:3560}}
Aug 18 20:53:48.788660 np0000007700 devstack@g-api.service[99670]: DEBUG glance.common.config [None req-040a75df-a9c0-43e9-958c-1aee0eb03a13 None None] oslo_middleware.enable_proxy_headers_parsing = False {{(pid=99670) log_opt_values /opt/stack/data/venv/lib/python3.12/site-packages/oslo_config/cfg.py:3560}}
Aug 18 20:53:48.788803 np0000007700 devstack@g-api.service[99670]: DEBUG glance.common.config [None req-040a75df-a9c0-43e9-958c-1aee0eb03a13 None None] oslo_middleware.http_basic_auth_user_file = /etc/htpasswd {{(pid=99670) log_opt_values /opt/stack/data/venv/lib/python3.12/site-packages/oslo_config/cfg.py:3560}}
Aug 18 20:53:48.788931 np0000007700 devstack@g-api.service[99670]: DEBUG glance.common.config [None req-040a75df-a9c0-43e9-958c-1aee0eb03a13 None None] paste_deploy.config_file = None {{(pid=99670) log_opt_values /opt/stack/data/venv/lib/python3.12/site-packages/oslo_config/cfg.py:3560}}
Aug 18 20:53:48.789061 np0000007700 devstack@g-api.service[99670]: DEBUG glance.common.config [None req-040a75df-a9c0-43e9-958c-1aee0eb03a13 None None] paste_deploy.flavor = keystone+cachemanagement {{(pid=99670) log_opt_values /opt/stack/data/venv/lib/python3.12/site-packages/oslo_config/cfg.py:3560}}
Aug 18 20:53:48.789191 np0000007700 devstack@g-api.service[99668]: INFO glance.api.middleware.cache [None req-b76c0c47-4edb-4f72-8b05-6bc17b12ae37 None None] Initialized image cache middleware
Aug 18 20:53:48.789257 np0000007700 devstack@g-api.service[99670]: DEBUG glance.common.config [None req-040a75df-a9c0-43e9-958c-1aee0eb03a13 None None] image_format.container_formats = ['ami', 'ari', 'aki', 'bare', 'ovf', 'ova', 'docker', 'compressed'] {{(pid=99670) log_opt_values /opt/stack/data/venv/lib/python3.12/site-packages/oslo_config/cfg.py:3560}}
Aug 18 20:53:48.789463 np0000007700 devstack@g-api.service[99670]: DEBUG glance.common.config [None req-040a75df-a9c0-43e9-958c-1aee0eb03a13 None None] image_format.disk_formats = ['ami', 'ari', 'aki', 'vhd', 'vhdx', 'vmdk', 'raw', 'qcow2', 'vdi', 'iso', 'ploop'] {{(pid=99670) log_opt_values /opt/stack/data/venv/lib/python3.12/site-packages/oslo_config/cfg.py:3560}}
Aug 18 20:53:48.789598 np0000007700 devstack@g-api.service[99670]: DEBUG glance.common.config [None req-040a75df-a9c0-43e9-958c-1aee0eb03a13 None None] image_format.gpt_safety_checks_nonfatal = [] {{(pid=99670) log_opt_values /opt/stack/data/venv/lib/python3.12/site-packages/oslo_config/cfg.py:3560}}
Aug 18 20:53:48.789759 np0000007700 devstack@g-api.service[99670]: DEBUG glance.common.config [None req-040a75df-a9c0-43e9-958c-1aee0eb03a13 None None] image_format.require_image_format_match = True {{(pid=99670) log_opt_values /opt/stack/data/venv/lib/python3.12/site-packages/oslo_config/cfg.py:3560}}
Aug 18 20:53:48.789907 np0000007700 devstack@g-api.service[99670]: DEBUG glance.common.config [None req-040a75df-a9c0-43e9-958c-1aee0eb03a13 None None] image_format.vmdk_allowed_types = ['streamOptimized', 'monolithicSparse'] {{(pid=99670) log_opt_values /opt/stack/data/venv/lib/python3.12/site-packages/oslo_config/cfg.py:3560}}
Aug 18 20:53:48.790047 np0000007700 devstack@g-api.service[99670]: DEBUG glance.common.config [None req-040a75df-a9c0-43e9-958c-1aee0eb03a13 None None] task.task_executor = taskflow {{(pid=99670) log_opt_values /opt/stack/data/venv/lib/python3.12/site-packages/oslo_config/cfg.py:3560}}
Aug 18 20:53:48.790178 np0000007700 devstack@g-api.service[99670]: DEBUG glance.common.config [None req-040a75df-a9c0-43e9-958c-1aee0eb03a13 None None] task.task_time_to_live = 48 {{(pid=99670) log_opt_values /opt/stack/data/venv/lib/python3.12/site-packages/oslo_config/cfg.py:3560}}
Aug 18 20:53:48.790316 np0000007700 devstack@g-api.service[99670]: DEBUG glance.common.config [None req-040a75df-a9c0-43e9-958c-1aee0eb03a13 None None] task.work_dir = None {{(pid=99670) log_opt_values /opt/stack/data/venv/lib/python3.12/site-packages/oslo_config/cfg.py:3560}}
Aug 18 20:53:48.790456 np0000007700 devstack@g-api.service[99670]: DEBUG glance.common.config [None req-040a75df-a9c0-43e9-958c-1aee0eb03a13 None None] wsgi.python_interpreter = /opt/stack/data/venv/bin/python3 {{(pid=99670) log_opt_values /opt/stack/data/venv/lib/python3.12/site-packages/oslo_config/cfg.py:3560}}
Aug 18 20:53:48.790581 np0000007700 devstack@g-api.service[99670]: DEBUG glance.common.config [None req-040a75df-a9c0-43e9-958c-1aee0eb03a13 None None] wsgi.task_pool_threads = 16 {{(pid=99670) log_opt_values /opt/stack/data/venv/lib/python3.12/site-packages/oslo_config/cfg.py:3560}}
Aug 18 20:53:48.790727 np0000007700 devstack@g-api.service[99670]: DEBUG glance.common.config [None req-040a75df-a9c0-43e9-958c-1aee0eb03a13 None None] import_filtering_opts.allowed_hosts = [] {{(pid=99670) log_opt_values /opt/stack/data/venv/lib/python3.12/site-packages/oslo_config/cfg.py:3560}}
Aug 18 20:53:48.790777 np0000007700 devstack@g-api.service[99669]: INFO glance.api.middleware.cache_manage [None req-35bddf05-2f7b-4149-ab93-30f270dbeb88 None None] Initialized image cache management middleware
Aug 18 20:53:48.790861 np0000007700 devstack@g-api.service[99670]: DEBUG glance.common.config [None req-040a75df-a9c0-43e9-958c-1aee0eb03a13 None None] import_filtering_opts.allowed_ports = [80, 443] {{(pid=99670) log_opt_values /opt/stack/data/venv/lib/python3.12/site-packages/oslo_config/cfg.py:3560}}
Aug 18 20:53:48.790916 np0000007700 devstack@g-api.service[99669]: INFO glance.image_cache [None req-35bddf05-2f7b-4149-ab93-30f270dbeb88 None None] Image cache loaded driver 'centralized_db'.
Aug 18 20:53:48.791005 np0000007700 devstack@g-api.service[99670]: DEBUG glance.common.config [None req-040a75df-a9c0-43e9-958c-1aee0eb03a13 None None] import_filtering_opts.allowed_schemes = ['http', 'https'] {{(pid=99670) log_opt_values /opt/stack/data/venv/lib/python3.12/site-packages/oslo_config/cfg.py:3560}}
Aug 18 20:53:48.791131 np0000007700 devstack@g-api.service[99670]: DEBUG glance.common.config [None req-040a75df-a9c0-43e9-958c-1aee0eb03a13 None None] import_filtering_opts.disallowed_hosts = [] {{(pid=99670) log_opt_values /opt/stack/data/venv/lib/python3.12/site-packages/oslo_config/cfg.py:3560}}
Aug 18 20:53:48.791256 np0000007700 devstack@g-api.service[99670]: DEBUG glance.common.config [None req-040a75df-a9c0-43e9-958c-1aee0eb03a13 None None] import_filtering_opts.disallowed_ports = [] {{(pid=99670) log_opt_values /opt/stack/data/venv/lib/python3.12/site-packages/oslo_config/cfg.py:3560}}
Aug 18 20:53:48.791403 np0000007700 devstack@g-api.service[99670]: DEBUG glance.common.config [None req-040a75df-a9c0-43e9-958c-1aee0eb03a13 None None] import_filtering_opts.disallowed_schemes = [] {{(pid=99670) log_opt_values /opt/stack/data/venv/lib/python3.12/site-packages/oslo_config/cfg.py:3560}}
Aug 18 20:53:48.791545 np0000007700 devstack@g-api.service[99670]: DEBUG glance.common.config [None req-040a75df-a9c0-43e9-958c-1aee0eb03a13 None None] oslo_messaging_metrics.metrics_buffer_size = 1000 {{(pid=99670) log_opt_values /opt/stack/data/venv/lib/python3.12/site-packages/oslo_config/cfg.py:3560}}
Aug 18 20:53:48.791669 np0000007700 devstack@g-api.service[99670]: DEBUG glance.common.config [None req-040a75df-a9c0-43e9-958c-1aee0eb03a13 None None] oslo_messaging_metrics.metrics_enabled = False {{(pid=99670) log_opt_values /opt/stack/data/venv/lib/python3.12/site-packages/oslo_config/cfg.py:3560}}
