Jul 16 14:26:19.846070 np0000005249 devstack@g-api.service[102912]: DEBUG glance.api.middleware.version_negotiation [None req-422d846a-c41b-4df6-8e7b-40032e68d28f tempest-ServerActionsTestOtherA-1321415374 tempest-ServerActionsTestOtherA-1321415374-project-member] new path /v2/images {{(pid=102912) process_request /opt/stack/glance/glance/api/middleware/version_negotiation.py:70}}
Jul 16 14:26:20.493330 np0000005249 devstack@g-api.service[102912]: [pid: 102912|app: 0|req: 93/360] 127.0.0.1 () {46 vars in 1051 bytes} [Thu Jul 16 14:26:19 2026] POST /v2/images => generated 650 bytes in 650 msecs (HTTP/1.1 201) 6 headers in 315 bytes (1 switches on core 0)
Jul 16 14:26:20.509457 np0000005249 devstack@g-api.service[102911]: DEBUG glance.api.middleware.version_negotiation [None req-422d846a-c41b-4df6-8e7b-40032e68d28f tempest-ServerActionsTestOtherA-1321415374 tempest-ServerActionsTestOtherA-1321415374-project-member] Determining version of request: GET /v2/images/891303ef-d69f-4608-80dd-45db7e2f4362 Accept: application/json {{(pid=102911) process_request /opt/stack/glance/glance/api/middleware/version_negotiation.py:44}}
Jul 16 14:26:20.509832 np0000005249 devstack@g-api.service[102911]: DEBUG glance.api.middleware.version_negotiation [None req-422d846a-c41b-4df6-8e7b-40032e68d28f tempest-ServerActionsTestOtherA-1321415374 tempest-ServerActionsTestOtherA-1321415374-project-member] Using url versioning {{(pid=102911) process_request /opt/stack/glance/glance/api/middleware/version_negotiation.py:57}}
Jul 16 14:26:20.509950 np0000005249 devstack@g-api.service[102911]: DEBUG glance.api.middleware.version_negotiation [None req-422d846a-c41b-4df6-8e7b-40032e68d28f tempest-ServerActionsTestOtherA-1321415374 tempest-ServerActionsTestOtherA-1321415374-project-member] Matched version: v2 {{(pid=102911) process_request /opt/stack/glance/glance/api/middleware/version_negotiation.py:69}}
Jul 16 14:26:20.510098 np0000005249 devstack@g-api.service[102911]: DEBUG glance.api.middleware.version_negotiation [None req-422d846a-c41b-4df6-8e7b-40032e68d28f tempest-ServerActionsTestOtherA-1321415374 tempest-ServerActionsTestOtherA-1321415374-project-member] new path /v2/images/891303ef-d69f-4608-80dd-45db7e2f4362 {{(pid=102911) process_request /opt/stack/glance/glance/api/middleware/version_negotiation.py:70}}
Jul 16 14:26:20.521713 np0000005249 devstack@g-api.service[102911]: [pid: 102911|app: 0|req: 94/361] 127.0.0.1 () {40 vars in 834 bytes} [Thu Jul 16 14:26:20 2026] GET /v2/images/891303ef-d69f-4608-80dd-45db7e2f4362 => generated 650 bytes in 12 msecs (HTTP/1.1 200) 4 headers in 157 bytes (1 switches on core 0)
Jul 16 14:26:21.530602 np0000005249 devstack@g-api.service[102909]: DEBUG glance.api.middleware.version_negotiation [None req-5d2991a4-83b3-4bf0-a752-f25ad7813763 tempest-AttachVolumeShelveTestJSON-1725282014 tempest-AttachVolumeShelveTestJSON-1725282014-project-member] Determining version of request: GET /v2/images/891303ef-d69f-4608-80dd-45db7e2f4362 Accept: application/json {{(pid=102909) process_request /opt/stack/glance/glance/api/middleware/version_negotiation.py:44}}
Jul 16 14:26:21.531022 np0000005249 devstack@g-api.service[102909]: DEBUG glance.api.middleware.version_negotiation [None req-5d2991a4-83b3-4bf0-a752-f25ad7813763 tempest-AttachVolumeShelveTestJSON-1725282014 tempest-AttachVolumeShelveTestJSON-1725282014-project-member] Using url versioning {{(pid=102909) process_request /opt/stack/glance/glance/api/middleware/version_negotiation.py:57}}
Jul 16 14:26:21.531022 np0000005249 devstack@g-api.service[102909]: DEBUG glance.api.middleware.version_negotiation [None req-5d2991a4-83b3-4bf0-a752-f25ad7813763 tempest-AttachVolumeShelveTestJSON-1725282014 tempest-AttachVolumeShelveTestJSON-1725282014-project-member] Matched version: v2 {{(pid=102909) process_request /opt/stack/glance/glance/api/middleware/version_negotiation.py:69}}
Jul 16 14:26:21.531114 np0000005249 devstack@g-api.service[102909]: DEBUG glance.api.middleware.version_negotiation [None req-5d2991a4-83b3-4bf0-a752-f25ad7813763 tempest-AttachVolumeShelveTestJSON-1725282014 tempest-AttachVolumeShelveTestJSON-1725282014-project-member] new path /v2/images/891303ef-d69f-4608-80dd-45db7e2f4362 {{(pid=102909) process_request /opt/stack/glance/glance/api/middleware/version_negotiation.py:70}}
Jul 16 14:26:21.539605 np0000005249 devstack@g-api.service[102909]: [pid: 102909|app: 0|req: 89/362] 127.0.0.1 () {40 vars in 834 bytes} [Thu Jul 16 14:26:21 2026] GET /v2/images/891303ef-d69f-4608-80dd-45db7e2f4362 => generated 650 bytes in 9 msecs (HTTP/1.1 200) 4 headers in 157 bytes (1 switches on core 0)
Jul 16 14:26:22.548993 np0000005249 devstack@g-api.service[102910]: DEBUG glance.api.middleware.version_negotiation [None req-5d5f1fe1-a32a-4bc8-ac3c-25319f8232ed tempest-VolumesActionsTest-850288194 tempest-VolumesActionsTest-850288194-project-member] Determining version of request: GET /v2/images/891303ef-d69f-4608-80dd-45db7e2f4362 Accept: application/json {{(pid=102910) process_request /opt/stack/glance/glance/api/middleware/version_negotiation.py:44}}
Jul 16 14:26:22.549292 np0000005249 devstack@g-api.service[102910]: DEBUG glance.api.middleware.version_negotiation [None req-5d5f1fe1-a32a-4bc8-ac3c-25319f8232ed tempest-VolumesActionsTest-850288194 tempest-VolumesActionsTest-850288194-project-member] Using url versioning {{(pid=102910) process_request /opt/stack/glance/glance/api/middleware/version_negotiation.py:57}}
Jul 16 14:26:22.549326 np0000005249 devstack@g-api.service[102910]: DEBUG glance.api.middleware.version_negotiation [None req-5d5f1fe1-a32a-4bc8-ac3c-25319f8232ed tempest-VolumesActionsTest-850288194 tempest-VolumesActionsTest-850288194-project-member] Matched version: v2 {{(pid=102910) process_request /opt/stack/glance/glance/api/middleware/version_negotiation.py:69}}
Jul 16 14:26:22.549408 np0000005249 devstack@g-api.service[102910]: DEBUG glance.api.middleware.version_negotiation [None req-5d5f1fe1-a32a-4bc8-ac3c-25319f8232ed tempest-VolumesActionsTest-850288194 tempest-VolumesActionsTest-850288194-project-member] new path /v2/images/891303ef-d69f-4608-80dd-45db7e2f4362 {{(pid=102910) process_request /opt/stack/glance/glance/api/middleware/version_negotiation.py:70}}
Jul 16 14:26:22.558877 np0000005249 devstack@g-api.service[102910]: [pid: 102910|app: 0|req: 87/363] 127.0.0.1 () {40 vars in 834 bytes} [Thu Jul 16 14:26:22 2026] GET /v2/images/891303ef-d69f-4608-80dd-45db7e2f4362 => generated 650 bytes in 10 msecs (HTTP/1.1 200) 4 headers in 157 bytes (1 switches on core 0)
Jul 16 14:26:23.566086 np0000005249 devstack@g-api.service[102912]: DEBUG glance.api.middleware.version_negotiation [None req-5d5f1fe1-a32a-4bc8-ac3c-25319f8232ed tempest-VolumesActionsTest-850288194 tempest-VolumesActionsTest-850288194-project-member] Determining version of request: GET /v2/images/891303ef-d69f-4608-80dd-45db7e2f4362 Accept: application/json {{(pid=102912) process_request /opt/stack/glance/glance/api/middleware/version_negotiation.py:44}}
Jul 16 14:26:23.566596 np0000005249 devstack@g-api.service[102912]: DEBUG glance.api.middleware.version_negotiation [None req-5d5f1fe1-a32a-4bc8-ac3c-25319f8232ed tempest-VolumesActionsTest-850288194 tempest-VolumesActionsTest-850288194-project-member] Using url versioning {{(pid=102912) process_request /opt/stack/glance/glance/api/middleware/version_negotiation.py:57}}
Jul 16 14:26:23.566596 np0000005249 devstack@g-api.service[102912]: DEBUG glance.api.middleware.version_negotiation [None req-5d5f1fe1-a32a-4bc8-ac3c-25319f8232ed tempest-VolumesActionsTest-850288194 tempest-VolumesActionsTest-850288194-project-member] Matched version: v2 {{(pid=102912) process_request /opt/stack/glance/glance/api/middleware/version_negotiation.py:69}}
Jul 16 14:26:23.566596 np0000005249 devstack@g-api.service[102912]: DEBUG glance.api.middleware.version_negotiation [None req-5d5f1fe1-a32a-4bc8-ac3c-25319f8232ed tempest-VolumesActionsTest-850288194 tempest-VolumesActionsTest-850288194-project-member] new path /v2/images/891303ef-d69f-4608-80dd-45db7e2f4362 {{(pid=102912) process_request /opt/stack/glance/glance/api/middleware/version_negotiation.py:70}}
Jul 16 14:26:23.576908 np0000005249 devstack@g-api.service[102912]: [pid: 102912|app: 0|req: 94/364] 127.0.0.1 () {40 vars in 834 bytes} [Thu Jul 16 14:26:23 2026] GET /v2/images/891303ef-d69f-4608-80dd-45db7e2f4362 => generated 650 bytes in 11 msecs (HTTP/1.1 200) 4 headers in 157 bytes (1 switches on core 0)
Jul 16 14:26:23.806318 np0000005249 devstack@g-api.service[102911]: DEBUG glance.api.middleware.version_negotiation [None req-ffe3f480-3058-4695-8abb-8f1ac969e7d3 tempest-VolumesActionsTest-850288194 tempest-VolumesActionsTest-850288194-project-member] Determining version of request: PUT /v2/images/891303ef-d69f-4608-80dd-45db7e2f4362/file Accept: */* {{(pid=102911) process_request /opt/stack/glance/glance/api/middleware/version_negotiation.py:44}}
Jul 16 14:26:23.806318 np0000005249 devstack@g-api.service[102911]: DEBUG glance.api.middleware.version_negotiation [None req-ffe3f480-3058-4695-8abb-8f1ac969e7d3 tempest-VolumesActionsTest-850288194 tempest-VolumesActionsTest-850288194-project-member] Using url versioning {{(pid=102911) process_request /opt/stack/glance/glance/api/middleware/version_negotiation.py:57}}
Jul 16 14:26:23.806318 np0000005249 devstack@g-api.service[102911]: DEBUG glance.api.middleware.version_negotiation [None req-ffe3f480-3058-4695-8abb-8f1ac969e7d3 tempest-VolumesActionsTest-850288194 tempest-VolumesActionsTest-850288194-project-member] Matched version: v2 {{(pid=102911) process_request /opt/stack/glance/glance/api/middleware/version_negotiation.py:69}}
Jul 16 14:26:23.806318 np0000005249 devstack@g-api.service[102911]: DEBUG glance.api.middleware.version_negotiation [None req-ffe3f480-3058-4695-8abb-8f1ac969e7d3 tempest-VolumesActionsTest-850288194 tempest-VolumesActionsTest-850288194-project-member] new path /v2/images/891303ef-d69f-4608-80dd-45db7e2f4362/file {{(pid=102911) process_request /opt/stack/glance/glance/api/middleware/version_negotiation.py:70}}
Jul 16 14:26:24.493706 np0000005249 devstack@g-api.service[102911]: INFO glance.api.v2.image_data [None req-5d5f1fe1-a32a-4bc8-ac3c-25319f8232ed tempest-VolumesActionsTest-850288194 tempest-VolumesActionsTest-850288194-project-member] Unable to create trust: no such option collect_timing in group [keystone_authtoken] Use the existing user token.
Jul 16 14:26:24.589880 np0000005249 devstack@g-api.service[102909]: DEBUG glance.api.middleware.version_negotiation [None req-29fed373-1ebd-48ff-a451-501bc2efac48 tempest-VolumesActionsTest-850288194 tempest-VolumesActionsTest-850288194-project-member] Determining version of request: GET /v2/images/891303ef-d69f-4608-80dd-45db7e2f4362 Accept: application/json {{(pid=102909) process_request /opt/stack/glance/glance/api/middleware/version_negotiation.py:44}}
Jul 16 14:26:24.589880 np0000005249 devstack@g-api.service[102909]: DEBUG glance.api.middleware.version_negotiation [None req-29fed373-1ebd-48ff-a451-501bc2efac48 tempest-VolumesActionsTest-850288194 tempest-VolumesActionsTest-850288194-project-member] Using url versioning {{(pid=102909) process_request /opt/stack/glance/glance/api/middleware/version_negotiation.py:57}}
Jul 16 14:26:24.589880 np0000005249 devstack@g-api.service[102909]: DEBUG glance.api.middleware.version_negotiation [None req-29fed373-1ebd-48ff-a451-501bc2efac48 tempest-VolumesActionsTest-850288194 tempest-VolumesActionsTest-850288194-project-member] Matched version: v2 {{(pid=102909) process_request /opt/stack/glance/glance/api/middleware/version_negotiation.py:69}}
Jul 16 14:26:24.589880 np0000005249 devstack@g-api.service[102909]: DEBUG glance.api.middleware.version_negotiation [None req-29fed373-1ebd-48ff-a451-501bc2efac48 tempest-VolumesActionsTest-850288194 tempest-VolumesActionsTest-850288194-project-member] new path /v2/images/891303ef-d69f-4608-80dd-45db7e2f4362 {{(pid=102909) process_request /opt/stack/glance/glance/api/middleware/version_negotiation.py:70}}
Jul 16 14:26:24.596771 np0000005249 devstack@g-api.service[102909]: [pid: 102909|app: 0|req: 90/365] 127.0.0.1 () {40 vars in 834 bytes} [Thu Jul 16 14:26:24 2026] GET /v2/images/891303ef-d69f-4608-80dd-45db7e2f4362 => generated 650 bytes in 10 msecs (HTTP/1.1 200) 4 headers in 157 bytes (1 switches on core 0)
Jul 16 14:26:24.987279 np0000005249 devstack@g-api.service[102911]: DEBUG glance.location [None req-5d5f1fe1-a32a-4bc8-ac3c-25319f8232ed tempest-VolumesActionsTest-850288194 tempest-VolumesActionsTest-850288194-project-member] Enabling in-flight format inspection for raw {{(pid=102911) set_data /opt/stack/glance/glance/location.py:596}}
Jul 16 14:26:24.987764 np0000005249 devstack@g-api.service[102911]: DEBUG glance_store.backend [None req-5d5f1fe1-a32a-4bc8-ac3c-25319f8232ed tempest-VolumesActionsTest-850288194 tempest-VolumesActionsTest-850288194-project-member] Attempting to import store swift {{(pid=102911) _load_store /opt/stack/data/venv/lib/python3.12/site-packages/glance_store/backend.py:215}}
Jul 16 14:26:24.989229 np0000005249 devstack@g-api.service[102911]: DEBUG glance_store.capabilities [None req-5d5f1fe1-a32a-4bc8-ac3c-25319f8232ed tempest-VolumesActionsTest-850288194 tempest-VolumesActionsTest-850288194-project-member] Store glance_store._drivers.swift.store.SingleTenantStore doesn't support updating dynamic storage capabilities. Please overwrite 'update_capabilities' method of the store to implement updating logics if needed. {{(pid=102911) update_capabilities /opt/stack/data/venv/lib/python3.12/site-packages/glance_store/capabilities.py:91}}
Jul 16 14:26:24.989376 np0000005249 devstack@g-api.service[102911]: DEBUG glance_store.driver [None req-5d5f1fe1-a32a-4bc8-ac3c-25319f8232ed tempest-VolumesActionsTest-850288194 tempest-VolumesActionsTest-850288194-project-member] Late loading location class glance_store._drivers.swift.store.StoreLocation {{(pid=102911) get_store_location_class /opt/stack/data/venv/lib/python3.12/site-packages/glance_store/driver.py:134}}
Jul 16 14:26:24.989376 np0000005249 devstack@g-api.service[102911]: DEBUG glance_store.location [None req-5d5f1fe1-a32a-4bc8-ac3c-25319f8232ed tempest-VolumesActionsTest-850288194 tempest-VolumesActionsTest-850288194-project-member] Registering scheme swift+https with {'store': , 'location_class': , 'store_entry': 'swift'} {{(pid=102911) register_scheme_map /opt/stack/data/venv/lib/python3.12/site-packages/glance_store/location.py:146}}
Jul 16 14:26:24.989452 np0000005249 devstack@g-api.service[102911]: DEBUG glance_store.location [None req-5d5f1fe1-a32a-4bc8-ac3c-25319f8232ed tempest-VolumesActionsTest-850288194 tempest-VolumesActionsTest-850288194-project-member] Registering scheme swift+https with {'store': , 'location_class': , 'store_entry': 'swift'} {{(pid=102911) register_scheme_map /opt/stack/data/venv/lib/python3.12/site-packages/glance_store/location.py:146}}
Jul 16 14:26:24.989538 np0000005249 devstack@g-api.service[102911]: DEBUG glance_store.location [None req-5d5f1fe1-a32a-4bc8-ac3c-25319f8232ed tempest-VolumesActionsTest-850288194 tempest-VolumesActionsTest-850288194-project-member] Registering scheme swift with {'store': , 'location_class': , 'store_entry': 'swift'} {{(pid=102911) register_scheme_map /opt/stack/data/venv/lib/python3.12/site-packages/glance_store/location.py:146}}
Jul 16 14:26:24.989654 np0000005249 devstack@g-api.service[102911]: DEBUG glance_store.location [None req-5d5f1fe1-a32a-4bc8-ac3c-25319f8232ed tempest-VolumesActionsTest-850288194 tempest-VolumesActionsTest-850288194-project-member] Registering scheme swift+https with {'store': , 'location_class': , 'store_entry': 'swift'} {{(pid=102911) register_scheme_map /opt/stack/data/venv/lib/python3.12/site-packages/glance_store/location.py:146}}
Jul 16 14:26:24.989764 np0000005249 devstack@g-api.service[102911]: DEBUG glance_store.location [None req-5d5f1fe1-a32a-4bc8-ac3c-25319f8232ed tempest-VolumesActionsTest-850288194 tempest-VolumesActionsTest-850288194-project-member] Registering scheme swift with {'store': , 'location_class': , 'store_entry': 'swift'} {{(pid=102911) register_scheme_map /opt/stack/data/venv/lib/python3.12/site-packages/glance_store/location.py:146}}
Jul 16 14:26:24.989933 np0000005249 devstack@g-api.service[102911]: DEBUG glance_store.location [None req-5d5f1fe1-a32a-4bc8-ac3c-25319f8232ed tempest-VolumesActionsTest-850288194 tempest-VolumesActionsTest-850288194-project-member] Registering scheme swift+http with {'store': , 'location_class': , 'store_entry': 'swift'} {{(pid=102911) register_scheme_map /opt/stack/data/venv/lib/python3.12/site-packages/glance_store/location.py:146}}
Jul 16 14:26:24.990043 np0000005249 devstack@g-api.service[102911]: DEBUG glance_store.location [None req-5d5f1fe1-a32a-4bc8-ac3c-25319f8232ed tempest-VolumesActionsTest-850288194 tempest-VolumesActionsTest-850288194-project-member] Registering scheme swift+https with {'store': , 'location_class': , 'store_entry': 'swift'} {{(pid=102911) register_scheme_map /opt/stack/data/venv/lib/python3.12/site-packages/glance_store/location.py:146}}
Jul 16 14:26:24.990134 np0000005249 devstack@g-api.service[102911]: DEBUG glance_store.location [None req-5d5f1fe1-a32a-4bc8-ac3c-25319f8232ed tempest-VolumesActionsTest-850288194 tempest-VolumesActionsTest-850288194-project-member] Registering scheme swift with {'store': , 'location_class': , 'store_entry': 'swift'} {{(pid=102911) register_scheme_map /opt/stack/data/venv/lib/python3.12/site-packages/glance_store/location.py:146}}
Jul 16 14:26:24.990228 np0000005249 devstack@g-api.service[102911]: DEBUG glance_store.location [None req-5d5f1fe1-a32a-4bc8-ac3c-25319f8232ed tempest-VolumesActionsTest-850288194 tempest-VolumesActionsTest-850288194-project-member] Registering scheme swift+http with {'store': , 'location_class': , 'store_entry': 'swift'} {{(pid=102911) register_scheme_map /opt/stack/data/venv/lib/python3.12/site-packages/glance_store/location.py:146}}
Jul 16 14:26:24.990302 np0000005249 devstack@g-api.service[102911]: DEBUG glance_store.location [None req-5d5f1fe1-a32a-4bc8-ac3c-25319f8232ed tempest-VolumesActionsTest-850288194 tempest-VolumesActionsTest-850288194-project-member] Registering scheme swift+config with {'store': , 'location_class': , 'store_entry': 'swift'} {{(pid=102911) register_scheme_map /opt/stack/data/venv/lib/python3.12/site-packages/glance_store/location.py:146}}
Jul 16 14:26:25.214455 np0000005249 devstack@g-api.service[102911]: DEBUG swiftclient [None req-5d5f1fe1-a32a-4bc8-ac3c-25319f8232ed tempest-VolumesActionsTest-850288194 tempest-VolumesActionsTest-850288194-project-member] REQ: curl -i https://10.4.3.31:8080/v1/AUTH_b9aecf1ff1fb4556990bd7144b8da36b/glance -I -H "X-Auth-Token: gAAAAABqWOoR9Nsd..." {{(pid=102911) http_log /opt/stack/data/venv/lib/python3.12/site-packages/swiftclient/client.py:160}}
Jul 16 14:26:25.214691 np0000005249 devstack@g-api.service[102911]: DEBUG swiftclient [None req-5d5f1fe1-a32a-4bc8-ac3c-25319f8232ed tempest-VolumesActionsTest-850288194 tempest-VolumesActionsTest-850288194-project-member] RESP STATUS: 204 No Content {{(pid=102911) http_log /opt/stack/data/venv/lib/python3.12/site-packages/swiftclient/client.py:161}}
Jul 16 14:26:25.214940 np0000005249 devstack@g-api.service[102911]: DEBUG swiftclient [None req-5d5f1fe1-a32a-4bc8-ac3c-25319f8232ed tempest-VolumesActionsTest-850288194 tempest-VolumesActionsTest-850288194-project-member] RESP HEADERS: {'Date': 'Thu, 16 Jul 2026 14:26:25 GMT', 'Server': 'Apache/2.4.58 (Ubuntu)', 'Content-Type': 'text/plain; charset=utf-8', 'X-Container-Object-Count': '5', 'X-Container-Bytes-Used': '86048768', 'X-Timestamp': '1784211571.24583', 'Last-Modified': 'Thu, 16 Jul 2026 14:19:32 GMT', 'Accept-Ranges': 'bytes', 'X-Storage-Policy': 'Policy-0', 'X-Container-Sharding': 'False', 'Vary': 'Accept', 'X-Trans-Id': 'tx697d644cc0574dfaab834-006a58ea11', 'X-Openstack-Request-Id': 'tx697d644cc0574dfaab834-006a58ea11', 'Connection': 'close'} {{(pid=102911) http_log /opt/stack/data/venv/lib/python3.12/site-packages/swiftclient/client.py:162}}
Jul 16 14:26:25.215184 np0000005249 devstack@g-api.service[102911]: DEBUG glance_store._drivers.swift.store [None req-5d5f1fe1-a32a-4bc8-ac3c-25319f8232ed tempest-VolumesActionsTest-850288194 tempest-VolumesActionsTest-850288194-project-member] Adding image object '891303ef-d69f-4608-80dd-45db7e2f4362' to Swift {{(pid=102911) add /opt/stack/data/venv/lib/python3.12/site-packages/glance_store/_drivers/swift/store.py:970}}
Jul 16 14:26:25.215308 np0000005249 devstack@g-api.service[102911]: DEBUG glance_store._drivers.swift.store [None req-5d5f1fe1-a32a-4bc8-ac3c-25319f8232ed tempest-VolumesActionsTest-850288194 tempest-VolumesActionsTest-850288194-project-member] Cannot determine image size because it is either not provided in the request or chunked-transfer encoding is used. Adding image as a segmented object to Swift. {{(pid=102911) add /opt/stack/data/venv/lib/python3.12/site-packages/glance_store/_drivers/swift/store.py:994}}
Jul 16 14:26:25.222473 np0000005249 devstack@g-api.service[102911]: DEBUG oslo_utils.imageutils.format_inspector [None req-5d5f1fe1-a32a-4bc8-ac3c-25319f8232ed tempest-VolumesActionsTest-850288194 tempest-VolumesActionsTest-850288194-project-member] Format inspector for vmdk does not match, excluding from consideration (Signature KDMV not found: b'\x00\x00\x00\x00') {{(pid=102911) _process_chunk /opt/stack/data/venv/lib/python3.12/site-packages/oslo_utils/imageutils/format_inspector.py:1758}}
Jul 16 14:26:25.228610 np0000005249 devstack@g-api.service[102911]: DEBUG oslo_utils.imageutils.format_inspector [None req-5d5f1fe1-a32a-4bc8-ac3c-25319f8232ed tempest-VolumesActionsTest-850288194 tempest-VolumesActionsTest-850288194-project-member] Format inspector for vhdx does not match, excluding from consideration (Region signature not found at 30000) {{(pid=102911) _process_chunk /opt/stack/data/venv/lib/python3.12/site-packages/oslo_utils/imageutils/format_inspector.py:1758}}
Jul 16 14:26:25.604892 np0000005249 devstack@g-api.service[102910]: DEBUG glance.api.middleware.version_negotiation [None req-cc59f0ca-fe63-46ba-8ddb-07c8c09e4824 tempest-VolumesActionsTest-850288194 tempest-VolumesActionsTest-850288194-project-member] Determining version of request: GET /v2/images/891303ef-d69f-4608-80dd-45db7e2f4362 Accept: application/json {{(pid=102910) process_request /opt/stack/glance/glance/api/middleware/version_negotiation.py:44}}
Jul 16 14:26:25.604892 np0000005249 devstack@g-api.service[102910]: DEBUG glance.api.middleware.version_negotiation [None req-cc59f0ca-fe63-46ba-8ddb-07c8c09e4824 tempest-VolumesActionsTest-850288194 tempest-VolumesActionsTest-850288194-project-member] Using url versioning {{(pid=102910) process_request /opt/stack/glance/glance/api/middleware/version_negotiation.py:57}}
Jul 16 14:26:25.604892 np0000005249 devstack@g-api.service[102910]: DEBUG glance.api.middleware.version_negotiation [None req-cc59f0ca-fe63-46ba-8ddb-07c8c09e4824 tempest-VolumesActionsTest-850288194 tempest-VolumesActionsTest-850288194-project-member] Matched version: v2 {{(pid=102910) process_request /opt/stack/glance/glance/api/middleware/version_negotiation.py:69}}
Jul 16 14:26:25.604892 np0000005249 devstack@g-api.service[102910]: DEBUG glance.api.middleware.version_negotiation [None req-cc59f0ca-fe63-46ba-8ddb-07c8c09e4824 tempest-VolumesActionsTest-850288194 tempest-VolumesActionsTest-850288194-project-member] new path /v2/images/891303ef-d69f-4608-80dd-45db7e2f4362 {{(pid=102910) process_request /opt/stack/glance/glance/api/middleware/version_negotiation.py:70}}
Jul 16 14:26:25.620001 np0000005249 devstack@g-api.service[102910]: [pid: 102910|app: 0|req: 88/366] 127.0.0.1 () {40 vars in 834 bytes} [Thu Jul 16 14:26:25 2026] GET /v2/images/891303ef-d69f-4608-80dd-45db7e2f4362 => generated 650 bytes in 16 msecs (HTTP/1.1 200) 4 headers in 157 bytes (1 switches on core 0)
Jul 16 14:26:26.629750 np0000005249 devstack@g-api.service[102912]: DEBUG glance.api.middleware.version_negotiation [None req-763d31a2-49f5-4d5f-adf8-06fa8d8500a9 tempest-VolumesActionsTest-850288194 tempest-VolumesActionsTest-850288194-project-member] Determining version of request: GET /v2/images/891303ef-d69f-4608-80dd-45db7e2f4362 Accept: application/json {{(pid=102912) process_request /opt/stack/glance/glance/api/middleware/version_negotiation.py:44}}
Jul 16 14:26:26.630299 np0000005249 devstack@g-api.service[102912]: DEBUG glance.api.middleware.version_negotiation [None req-763d31a2-49f5-4d5f-adf8-06fa8d8500a9 tempest-VolumesActionsTest-850288194 tempest-VolumesActionsTest-850288194-project-member] Using url versioning {{(pid=102912) process_request /opt/stack/glance/glance/api/middleware/version_negotiation.py:57}}
Jul 16 14:26:26.630299 np0000005249 devstack@g-api.service[102912]: DEBUG glance.api.middleware.version_negotiation [None req-763d31a2-49f5-4d5f-adf8-06fa8d8500a9 tempest-VolumesActionsTest-850288194 tempest-VolumesActionsTest-850288194-project-member] Matched version: v2 {{(pid=102912) process_request /opt/stack/glance/glance/api/middleware/version_negotiation.py:69}}
Jul 16 14:26:26.630299 np0000005249 devstack@g-api.service[102912]: DEBUG glance.api.middleware.version_negotiation [None req-763d31a2-49f5-4d5f-adf8-06fa8d8500a9 tempest-VolumesActionsTest-850288194 tempest-VolumesActionsTest-850288194-project-member] new path /v2/images/891303ef-d69f-4608-80dd-45db7e2f4362 {{(pid=102912) process_request /opt/stack/glance/glance/api/middleware/version_negotiation.py:70}}
Jul 16 14:26:26.641639 np0000005249 devstack@g-api.service[102912]: [pid: 102912|app: 0|req: 95/367] 127.0.0.1 () {40 vars in 834 bytes} [Thu Jul 16 14:26:26 2026] GET /v2/images/891303ef-d69f-4608-80dd-45db7e2f4362 => generated 650 bytes in 12 msecs (HTTP/1.1 200) 4 headers in 157 bytes (1 switches on core 0)
Jul 16 14:26:27.393130 np0000005249 devstack@g-api.service[102911]: DEBUG swiftclient [None req-5d5f1fe1-a32a-4bc8-ac3c-25319f8232ed tempest-VolumesActionsTest-850288194 tempest-VolumesActionsTest-850288194-project-member] REQ: curl -i https://10.4.3.31:8080/v1/AUTH_b9aecf1ff1fb4556990bd7144b8da36b/glance/891303ef-d69f-4608-80dd-45db7e2f4362-00001 -X PUT -H "X-Auth-Token: gAAAAABqWOoR9Nsd..." {{(pid=102911) http_log /opt/stack/data/venv/lib/python3.12/site-packages/swiftclient/client.py:160}}
Jul 16 14:26:27.393461 np0000005249 devstack@g-api.service[102911]: DEBUG swiftclient [None req-5d5f1fe1-a32a-4bc8-ac3c-25319f8232ed tempest-VolumesActionsTest-850288194 tempest-VolumesActionsTest-850288194-project-member] RESP STATUS: 201 Created {{(pid=102911) http_log /opt/stack/data/venv/lib/python3.12/site-packages/swiftclient/client.py:161}}
Jul 16 14:26:27.393461 np0000005249 devstack@g-api.service[102911]: DEBUG swiftclient [None req-5d5f1fe1-a32a-4bc8-ac3c-25319f8232ed tempest-VolumesActionsTest-850288194 tempest-VolumesActionsTest-850288194-project-member] RESP HEADERS: {'Date': 'Thu, 16 Jul 2026 14:26:27 GMT', 'Server': 'Apache/2.4.58 (Ubuntu)', 'Content-Type': 'text/html; charset=UTF-8', 'Content-Length': '0', 'Etag': 'eda9a9889837ac4bc81d6387d92c1bec', 'Last-Modified': 'Thu, 16 Jul 2026 14:26:26 GMT', 'X-Trans-Id': 'tx3115cc0e5da54ad3bda32-006a58ea11', 'X-Openstack-Request-Id': 'tx3115cc0e5da54ad3bda32-006a58ea11', 'Connection': 'close'} {{(pid=102911) http_log /opt/stack/data/venv/lib/python3.12/site-packages/swiftclient/client.py:162}}
Jul 16 14:26:27.393654 np0000005249 devstack@g-api.service[102911]: DEBUG glance_store._drivers.swift.store [None req-5d5f1fe1-a32a-4bc8-ac3c-25319f8232ed tempest-VolumesActionsTest-850288194 tempest-VolumesActionsTest-850288194-project-member] Wrote chunk 891303ef-d69f-4608-80dd-45db7e2f4362-00001 (1/?) of length 204800000 to Swift returning MD5 of content: eda9a9889837ac4bc81d6387d92c1bec {{(pid=102911) add /opt/stack/data/venv/lib/python3.12/site-packages/glance_store/_drivers/swift/store.py:1059}}
Jul 16 14:26:27.653442 np0000005249 devstack@g-api.service[102909]: DEBUG glance.api.middleware.version_negotiation [None req-24a93e96-0542-4e78-90cb-084c6bfe7f9f tempest-VolumesActionsTest-850288194 tempest-VolumesActionsTest-850288194-project-member] Determining version of request: GET /v2/images/891303ef-d69f-4608-80dd-45db7e2f4362 Accept: application/json {{(pid=102909) process_request /opt/stack/glance/glance/api/middleware/version_negotiation.py:44}}
Jul 16 14:26:27.653963 np0000005249 devstack@g-api.service[102909]: DEBUG glance.api.middleware.version_negotiation [None req-24a93e96-0542-4e78-90cb-084c6bfe7f9f tempest-VolumesActionsTest-850288194 tempest-VolumesActionsTest-850288194-project-member] Using url versioning {{(pid=102909) process_request /opt/stack/glance/glance/api/middleware/version_negotiation.py:57}}
Jul 16 14:26:27.653963 np0000005249 devstack@g-api.service[102909]: DEBUG glance.api.middleware.version_negotiation [None req-24a93e96-0542-4e78-90cb-084c6bfe7f9f tempest-VolumesActionsTest-850288194 tempest-VolumesActionsTest-850288194-project-member] Matched version: v2 {{(pid=102909) process_request /opt/stack/glance/glance/api/middleware/version_negotiation.py:69}}
Jul 16 14:26:27.653963 np0000005249 devstack@g-api.service[102909]: DEBUG glance.api.middleware.version_negotiation [None req-24a93e96-0542-4e78-90cb-084c6bfe7f9f tempest-VolumesActionsTest-850288194 tempest-VolumesActionsTest-850288194-project-member] new path /v2/images/891303ef-d69f-4608-80dd-45db7e2f4362 {{(pid=102909) process_request /opt/stack/glance/glance/api/middleware/version_negotiation.py:70}}
Jul 16 14:26:27.663450 np0000005249 devstack@g-api.service[102909]: [pid: 102909|app: 0|req: 91/368] 127.0.0.1 () {40 vars in 834 bytes} [Thu Jul 16 14:26:27 2026] GET /v2/images/891303ef-d69f-4608-80dd-45db7e2f4362 => generated 650 bytes in 10 msecs (HTTP/1.1 200) 4 headers in 157 bytes (1 switches on core 0)
Jul 16 14:26:28.678403 np0000005249 devstack@g-api.service[102910]: DEBUG glance.api.middleware.version_negotiation [None req-dd386b04-f82b-425b-a7d1-45819f996c77 tempest-VolumesActionsTest-850288194 tempest-VolumesActionsTest-850288194-project-member] Determining version of request: GET /v2/images/891303ef-d69f-4608-80dd-45db7e2f4362 Accept: application/json {{(pid=102910) process_request /opt/stack/glance/glance/api/middleware/version_negotiation.py:44}}
Jul 16 14:26:28.678403 np0000005249 devstack@g-api.service[102910]: DEBUG glance.api.middleware.version_negotiation [None req-dd386b04-f82b-425b-a7d1-45819f996c77 tempest-VolumesActionsTest-850288194 tempest-VolumesActionsTest-850288194-project-member] Using url versioning {{(pid=102910) process_request /opt/stack/glance/glance/api/middleware/version_negotiation.py:57}}
Jul 16 14:26:28.678795 np0000005249 devstack@g-api.service[102910]: DEBUG glance.api.middleware.version_negotiation [None req-dd386b04-f82b-425b-a7d1-45819f996c77 tempest-VolumesActionsTest-850288194 tempest-VolumesActionsTest-850288194-project-member] Matched version: v2 {{(pid=102910) process_request /opt/stack/glance/glance/api/middleware/version_negotiation.py:69}}
Jul 16 14:26:28.678795 np0000005249 devstack@g-api.service[102910]: DEBUG glance.api.middleware.version_negotiation [None req-dd386b04-f82b-425b-a7d1-45819f996c77 tempest-VolumesActionsTest-850288194 tempest-VolumesActionsTest-850288194-project-member] new path /v2/images/891303ef-d69f-4608-80dd-45db7e2f4362 {{(pid=102910) process_request /opt/stack/glance/glance/api/middleware/version_negotiation.py:70}}
Jul 16 14:26:28.689497 np0000005249 devstack@g-api.service[102910]: [pid: 102910|app: 0|req: 89/369] 127.0.0.1 () {40 vars in 834 bytes} [Thu Jul 16 14:26:28 2026] GET /v2/images/891303ef-d69f-4608-80dd-45db7e2f4362 => generated 650 bytes in 11 msecs (HTTP/1.1 200) 4 headers in 157 bytes (1 switches on core 0)
Jul 16 14:26:29.281204 np0000005249 devstack@g-api.service[102911]: DEBUG swiftclient [None req-5d5f1fe1-a32a-4bc8-ac3c-25319f8232ed tempest-VolumesActionsTest-850288194 tempest-VolumesActionsTest-850288194-project-member] REQ: curl -i https://10.4.3.31:8080/v1/AUTH_b9aecf1ff1fb4556990bd7144b8da36b/glance/891303ef-d69f-4608-80dd-45db7e2f4362-00002 -X PUT -H "X-Auth-Token: gAAAAABqWOoR9Nsd..." {{(pid=102911) http_log /opt/stack/data/venv/lib/python3.12/site-packages/swiftclient/client.py:160}}
Jul 16 14:26:29.282366 np0000005249 devstack@g-api.service[102911]: DEBUG swiftclient [None req-5d5f1fe1-a32a-4bc8-ac3c-25319f8232ed tempest-VolumesActionsTest-850288194 tempest-VolumesActionsTest-850288194-project-member] RESP STATUS: 201 Created {{(pid=102911) http_log /opt/stack/data/venv/lib/python3.12/site-packages/swiftclient/client.py:161}}
Jul 16 14:26:29.282366 np0000005249 devstack@g-api.service[102911]: DEBUG swiftclient [None req-5d5f1fe1-a32a-4bc8-ac3c-25319f8232ed tempest-VolumesActionsTest-850288194 tempest-VolumesActionsTest-850288194-project-member] RESP HEADERS: {'Date': 'Thu, 16 Jul 2026 14:26:29 GMT', 'Server': 'Apache/2.4.58 (Ubuntu)', 'Content-Type': 'text/html; charset=UTF-8', 'Content-Length': '0', 'Etag': 'eda9a9889837ac4bc81d6387d92c1bec', 'Last-Modified': 'Thu, 16 Jul 2026 14:26:28 GMT', 'X-Trans-Id': 'tx653f02efa342467c82f08-006a58ea13', 'X-Openstack-Request-Id': 'tx653f02efa342467c82f08-006a58ea13', 'Connection': 'close'} {{(pid=102911) http_log /opt/stack/data/venv/lib/python3.12/site-packages/swiftclient/client.py:162}}
Jul 16 14:26:29.282366 np0000005249 devstack@g-api.service[102911]: DEBUG glance_store._drivers.swift.store [None req-5d5f1fe1-a32a-4bc8-ac3c-25319f8232ed tempest-VolumesActionsTest-850288194 tempest-VolumesActionsTest-850288194-project-member] Wrote chunk 891303ef-d69f-4608-80dd-45db7e2f4362-00002 (2/?) of length 204800000 to Swift returning MD5 of content: eda9a9889837ac4bc81d6387d92c1bec {{(pid=102911) add /opt/stack/data/venv/lib/python3.12/site-packages/glance_store/_drivers/swift/store.py:1059}}
Jul 16 14:26:29.702393 np0000005249 devstack@g-api.service[102912]: DEBUG glance.api.middleware.version_negotiation [None req-c6ded25f-4016-43c8-8de1-ceeb9e6e4f78 tempest-VolumesActionsTest-850288194 tempest-VolumesActionsTest-850288194-project-member] Determining version of request: GET /v2/images/891303ef-d69f-4608-80dd-45db7e2f4362 Accept: application/json {{(pid=102912) process_request /opt/stack/glance/glance/api/middleware/version_negotiation.py:44}}
Jul 16 14:26:29.702393 np0000005249 devstack@g-api.service[102912]: DEBUG glance.api.middleware.version_negotiation [None req-c6ded25f-4016-43c8-8de1-ceeb9e6e4f78 tempest-VolumesActionsTest-850288194 tempest-VolumesActionsTest-850288194-project-member] Using url versioning {{(pid=102912) process_request /opt/stack/glance/glance/api/middleware/version_negotiation.py:57}}
Jul 16 14:26:29.703545 np0000005249 devstack@g-api.service[102912]: DEBUG glance.api.middleware.version_negotiation [None req-c6ded25f-4016-43c8-8de1-ceeb9e6e4f78 tempest-VolumesActionsTest-850288194 tempest-VolumesActionsTest-850288194-project-member] Matched version: v2 {{(pid=102912) process_request /opt/stack/glance/glance/api/middleware/version_negotiation.py:69}}
Jul 16 14:26:29.703545 np0000005249 devstack@g-api.service[102912]: DEBUG glance.api.middleware.version_negotiation [None req-c6ded25f-4016-43c8-8de1-ceeb9e6e4f78 tempest-VolumesActionsTest-850288194 tempest-VolumesActionsTest-850288194-project-member] new path /v2/images/891303ef-d69f-4608-80dd-45db7e2f4362 {{(pid=102912) process_request /opt/stack/glance/glance/api/middleware/version_negotiation.py:70}}
Jul 16 14:26:29.713299 np0000005249 devstack@g-api.service[102912]: [pid: 102912|app: 0|req: 96/370] 127.0.0.1 () {40 vars in 834 bytes} [Thu Jul 16 14:26:29 2026] GET /v2/images/891303ef-d69f-4608-80dd-45db7e2f4362 => generated 650 bytes in 11 msecs (HTTP/1.1 200) 4 headers in 157 bytes (1 switches on core 0)
Jul 16 14:26:30.723342 np0000005249 devstack@g-api.service[102909]: DEBUG glance.api.middleware.version_negotiation [None req-ae4fa40a-d7fc-4e10-9276-e09d87164869 tempest-VolumesActionsTest-850288194 tempest-VolumesActionsTest-850288194-project-member] Determining version of request: GET /v2/images/891303ef-d69f-4608-80dd-45db7e2f4362 Accept: application/json {{(pid=102909) process_request /opt/stack/glance/glance/api/middleware/version_negotiation.py:44}}
Jul 16 14:26:30.723671 np0000005249 devstack@g-api.service[102909]: DEBUG glance.api.middleware.version_negotiation [None req-ae4fa40a-d7fc-4e10-9276-e09d87164869 tempest-VolumesActionsTest-850288194 tempest-VolumesActionsTest-850288194-project-member] Using url versioning {{(pid=102909) process_request /opt/stack/glance/glance/api/middleware/version_negotiation.py:57}}
Jul 16 14:26:30.723671 np0000005249 devstack@g-api.service[102909]: DEBUG glance.api.middleware.version_negotiation [None req-ae4fa40a-d7fc-4e10-9276-e09d87164869 tempest-VolumesActionsTest-850288194 tempest-VolumesActionsTest-850288194-project-member] Matched version: v2 {{(pid=102909) process_request /opt/stack/glance/glance/api/middleware/version_negotiation.py:69}}
Jul 16 14:26:30.723671 np0000005249 devstack@g-api.service[102909]: DEBUG glance.api.middleware.version_negotiation [None req-ae4fa40a-d7fc-4e10-9276-e09d87164869 tempest-VolumesActionsTest-850288194 tempest-VolumesActionsTest-850288194-project-member] new path /v2/images/891303ef-d69f-4608-80dd-45db7e2f4362 {{(pid=102909) process_request /opt/stack/glance/glance/api/middleware/version_negotiation.py:70}}
Jul 16 14:26:30.739430 np0000005249 devstack@g-api.service[102909]: [pid: 102909|app: 0|req: 92/371] 127.0.0.1 () {40 vars in 834 bytes} [Thu Jul 16 14:26:30 2026] GET /v2/images/891303ef-d69f-4608-80dd-45db7e2f4362 => generated 650 bytes in 16 msecs (HTTP/1.1 200) 4 headers in 157 bytes (1 switches on core 0)
Jul 16 14:26:31.222075 np0000005249 devstack@g-api.service[102911]: DEBUG swiftclient [None req-5d5f1fe1-a32a-4bc8-ac3c-25319f8232ed tempest-VolumesActionsTest-850288194 tempest-VolumesActionsTest-850288194-project-member] REQ: curl -i https://10.4.3.31:8080/v1/AUTH_b9aecf1ff1fb4556990bd7144b8da36b/glance/891303ef-d69f-4608-80dd-45db7e2f4362-00003 -X PUT -H "X-Auth-Token: gAAAAABqWOoR9Nsd..." {{(pid=102911) http_log /opt/stack/data/venv/lib/python3.12/site-packages/swiftclient/client.py:160}}
Jul 16 14:26:31.222318 np0000005249 devstack@g-api.service[102911]: DEBUG swiftclient [None req-5d5f1fe1-a32a-4bc8-ac3c-25319f8232ed tempest-VolumesActionsTest-850288194 tempest-VolumesActionsTest-850288194-project-member] RESP STATUS: 201 Created {{(pid=102911) http_log /opt/stack/data/venv/lib/python3.12/site-packages/swiftclient/client.py:161}}
Jul 16 14:26:31.222450 np0000005249 devstack@g-api.service[102911]: DEBUG swiftclient [None req-5d5f1fe1-a32a-4bc8-ac3c-25319f8232ed tempest-VolumesActionsTest-850288194 tempest-VolumesActionsTest-850288194-project-member] RESP HEADERS: {'Date': 'Thu, 16 Jul 2026 14:26:31 GMT', 'Server': 'Apache/2.4.58 (Ubuntu)', 'Content-Type': 'text/html; charset=UTF-8', 'Content-Length': '0', 'Etag': 'eda9a9889837ac4bc81d6387d92c1bec', 'Last-Modified': 'Thu, 16 Jul 2026 14:26:30 GMT', 'X-Trans-Id': 'txf1feaea0995446d480a92-006a58ea15', 'X-Openstack-Request-Id': 'txf1feaea0995446d480a92-006a58ea15', 'Connection': 'close'} {{(pid=102911) http_log /opt/stack/data/venv/lib/python3.12/site-packages/swiftclient/client.py:162}}
Jul 16 14:26:31.222526 np0000005249 devstack@g-api.service[102911]: DEBUG glance_store._drivers.swift.store [None req-5d5f1fe1-a32a-4bc8-ac3c-25319f8232ed tempest-VolumesActionsTest-850288194 tempest-VolumesActionsTest-850288194-project-member] Wrote chunk 891303ef-d69f-4608-80dd-45db7e2f4362-00003 (3/?) of length 204800000 to Swift returning MD5 of content: eda9a9889837ac4bc81d6387d92c1bec {{(pid=102911) add /opt/stack/data/venv/lib/python3.12/site-packages/glance_store/_drivers/swift/store.py:1059}}
Jul 16 14:26:31.751678 np0000005249 devstack@g-api.service[102910]: DEBUG glance.api.middleware.version_negotiation [None req-c56a86d8-d903-4881-8ca6-b5479e4a23ae tempest-VolumesActionsTest-850288194 tempest-VolumesActionsTest-850288194-project-member] Determining version of request: GET /v2/images/891303ef-d69f-4608-80dd-45db7e2f4362 Accept: application/json {{(pid=102910) process_request /opt/stack/glance/glance/api/middleware/version_negotiation.py:44}}
Jul 16 14:26:31.752171 np0000005249 devstack@g-api.service[102910]: DEBUG glance.api.middleware.version_negotiation [None req-c56a86d8-d903-4881-8ca6-b5479e4a23ae tempest-VolumesActionsTest-850288194 tempest-VolumesActionsTest-850288194-project-member] Using url versioning {{(pid=102910) process_request /opt/stack/glance/glance/api/middleware/version_negotiation.py:57}}
Jul 16 14:26:31.752171 np0000005249 devstack@g-api.service[102910]: DEBUG glance.api.middleware.version_negotiation [None req-c56a86d8-d903-4881-8ca6-b5479e4a23ae tempest-VolumesActionsTest-850288194 tempest-VolumesActionsTest-850288194-project-member] Matched version: v2 {{(pid=102910) process_request /opt/stack/glance/glance/api/middleware/version_negotiation.py:69}}
Jul 16 14:26:31.752171 np0000005249 devstack@g-api.service[102910]: DEBUG glance.api.middleware.version_negotiation [None req-c56a86d8-d903-4881-8ca6-b5479e4a23ae tempest-VolumesActionsTest-850288194 tempest-VolumesActionsTest-850288194-project-member] new path /v2/images/891303ef-d69f-4608-80dd-45db7e2f4362 {{(pid=102910) process_request /opt/stack/glance/glance/api/middleware/version_negotiation.py:70}}
Jul 16 14:26:31.761182 np0000005249 devstack@g-api.service[102910]: [pid: 102910|app: 0|req: 90/372] 127.0.0.1 () {40 vars in 834 bytes} [Thu Jul 16 14:26:31 2026] GET /v2/images/891303ef-d69f-4608-80dd-45db7e2f4362 => generated 650 bytes in 10 msecs (HTTP/1.1 200) 4 headers in 157 bytes (1 switches on core 0)
Jul 16 14:26:32.772160 np0000005249 devstack@g-api.service[102912]: DEBUG glance.api.middleware.version_negotiation [None req-d09c482c-7cd1-4d53-aa2a-e8c86933eb93 tempest-VolumesActionsTest-850288194 tempest-VolumesActionsTest-850288194-project-member] Determining version of request: GET /v2/images/891303ef-d69f-4608-80dd-45db7e2f4362 Accept: application/json {{(pid=102912) process_request /opt/stack/glance/glance/api/middleware/version_negotiation.py:44}}
Jul 16 14:26:32.772582 np0000005249 devstack@g-api.service[102912]: DEBUG glance.api.middleware.version_negotiation [None req-d09c482c-7cd1-4d53-aa2a-e8c86933eb93 tempest-VolumesActionsTest-850288194 tempest-VolumesActionsTest-850288194-project-member] Using url versioning {{(pid=102912) process_request /opt/stack/glance/glance/api/middleware/version_negotiation.py:57}}
Jul 16 14:26:32.772582 np0000005249 devstack@g-api.service[102912]: DEBUG glance.api.middleware.version_negotiation [None req-d09c482c-7cd1-4d53-aa2a-e8c86933eb93 tempest-VolumesActionsTest-850288194 tempest-VolumesActionsTest-850288194-project-member] Matched version: v2 {{(pid=102912) process_request /opt/stack/glance/glance/api/middleware/version_negotiation.py:69}}
Jul 16 14:26:32.772705 np0000005249 devstack@g-api.service[102912]: DEBUG glance.api.middleware.version_negotiation [None req-d09c482c-7cd1-4d53-aa2a-e8c86933eb93 tempest-VolumesActionsTest-850288194 tempest-VolumesActionsTest-850288194-project-member] new path /v2/images/891303ef-d69f-4608-80dd-45db7e2f4362 {{(pid=102912) process_request /opt/stack/glance/glance/api/middleware/version_negotiation.py:70}}
Jul 16 14:26:32.787040 np0000005249 devstack@g-api.service[102912]: [pid: 102912|app: 0|req: 97/373] 127.0.0.1 () {40 vars in 834 bytes} [Thu Jul 16 14:26:32 2026] GET /v2/images/891303ef-d69f-4608-80dd-45db7e2f4362 => generated 650 bytes in 13 msecs (HTTP/1.1 200) 4 headers in 157 bytes (1 switches on core 0)
Jul 16 14:26:33.157312 np0000005249 devstack@g-api.service[102911]: DEBUG swiftclient [None req-5d5f1fe1-a32a-4bc8-ac3c-25319f8232ed tempest-VolumesActionsTest-850288194 tempest-VolumesActionsTest-850288194-project-member] REQ: curl -i https://10.4.3.31:8080/v1/AUTH_b9aecf1ff1fb4556990bd7144b8da36b/glance/891303ef-d69f-4608-80dd-45db7e2f4362-00004 -X PUT -H "X-Auth-Token: gAAAAABqWOoR9Nsd..." {{(pid=102911) http_log /opt/stack/data/venv/lib/python3.12/site-packages/swiftclient/client.py:160}}
Jul 16 14:26:33.157581 np0000005249 devstack@g-api.service[102911]: DEBUG swiftclient [None req-5d5f1fe1-a32a-4bc8-ac3c-25319f8232ed tempest-VolumesActionsTest-850288194 tempest-VolumesActionsTest-850288194-project-member] RESP STATUS: 201 Created {{(pid=102911) http_log /opt/stack/data/venv/lib/python3.12/site-packages/swiftclient/client.py:161}}
Jul 16 14:26:33.157581 np0000005249 devstack@g-api.service[102911]: DEBUG swiftclient [None req-5d5f1fe1-a32a-4bc8-ac3c-25319f8232ed tempest-VolumesActionsTest-850288194 tempest-VolumesActionsTest-850288194-project-member] RESP HEADERS: {'Date': 'Thu, 16 Jul 2026 14:26:33 GMT', 'Server': 'Apache/2.4.58 (Ubuntu)', 'Content-Type': 'text/html; charset=UTF-8', 'Content-Length': '0', 'Etag': 'eda9a9889837ac4bc81d6387d92c1bec', 'Last-Modified': 'Thu, 16 Jul 2026 14:26:32 GMT', 'X-Trans-Id': 'txaf61d11c3c764b9aaf4d7-006a58ea17', 'X-Openstack-Request-Id': 'txaf61d11c3c764b9aaf4d7-006a58ea17', 'Connection': 'close'} {{(pid=102911) http_log /opt/stack/data/venv/lib/python3.12/site-packages/swiftclient/client.py:162}}
Jul 16 14:26:33.157725 np0000005249 devstack@g-api.service[102911]: DEBUG glance_store._drivers.swift.store [None req-5d5f1fe1-a32a-4bc8-ac3c-25319f8232ed tempest-VolumesActionsTest-850288194 tempest-VolumesActionsTest-850288194-project-member] Wrote chunk 891303ef-d69f-4608-80dd-45db7e2f4362-00004 (4/?) of length 204800000 to Swift returning MD5 of content: eda9a9889837ac4bc81d6387d92c1bec {{(pid=102911) add /opt/stack/data/venv/lib/python3.12/site-packages/glance_store/_drivers/swift/store.py:1059}}
Jul 16 14:26:34.235044 np0000005249 devstack@g-api.service[102909]: DEBUG glance.api.middleware.version_negotiation [None req-6c8b70f2-e348-4133-b203-c7c204af4fb8 tempest-VolumesActionsTest-850288194 tempest-VolumesActionsTest-850288194-project-member] Determining version of request: GET /v2/images/891303ef-d69f-4608-80dd-45db7e2f4362 Accept: application/json {{(pid=102909) process_request /opt/stack/glance/glance/api/middleware/version_negotiation.py:44}}
Jul 16 14:26:34.235044 np0000005249 devstack@g-api.service[102909]: DEBUG glance.api.middleware.version_negotiation [None req-6c8b70f2-e348-4133-b203-c7c204af4fb8 tempest-VolumesActionsTest-850288194 tempest-VolumesActionsTest-850288194-project-member] Using url versioning {{(pid=102909) process_request /opt/stack/glance/glance/api/middleware/version_negotiation.py:57}}
Jul 16 14:26:34.235044 np0000005249 devstack@g-api.service[102909]: DEBUG glance.api.middleware.version_negotiation [None req-6c8b70f2-e348-4133-b203-c7c204af4fb8 tempest-VolumesActionsTest-850288194 tempest-VolumesActionsTest-850288194-project-member] Matched version: v2 {{(pid=102909) process_request /opt/stack/glance/glance/api/middleware/version_negotiation.py:69}}
Jul 16 14:26:34.235044 np0000005249 devstack@g-api.service[102909]: DEBUG glance.api.middleware.version_negotiation [None req-6c8b70f2-e348-4133-b203-c7c204af4fb8 tempest-VolumesActionsTest-850288194 tempest-VolumesActionsTest-850288194-project-member] new path /v2/images/891303ef-d69f-4608-80dd-45db7e2f4362 {{(pid=102909) process_request /opt/stack/glance/glance/api/middleware/version_negotiation.py:70}}
Jul 16 14:26:34.235044 np0000005249 devstack@g-api.service[102909]: [pid: 102909|app: 0|req: 93/374] 127.0.0.1 () {40 vars in 834 bytes} [Thu Jul 16 14:26:33 2026] GET /v2/images/891303ef-d69f-4608-80dd-45db7e2f4362 => generated 650 bytes in 19 msecs (HTTP/1.1 200) 4 headers in 157 bytes (1 switches on core 0)
Jul 16 14:26:34.824614 np0000005249 devstack@g-api.service[102910]: DEBUG glance.api.middleware.version_negotiation [None req-b21a2e91-a0d6-4b7d-8ede-b2ec6b2f3b70 tempest-VolumesActionsTest-850288194 tempest-VolumesActionsTest-850288194-project-member] Determining version of request: GET /v2/images/891303ef-d69f-4608-80dd-45db7e2f4362 Accept: application/json {{(pid=102910) process_request /opt/stack/glance/glance/api/middleware/version_negotiation.py:44}}
Jul 16 14:26:34.825045 np0000005249 devstack@g-api.service[102910]: DEBUG glance.api.middleware.version_negotiation [None req-b21a2e91-a0d6-4b7d-8ede-b2ec6b2f3b70 tempest-VolumesActionsTest-850288194 tempest-VolumesActionsTest-850288194-project-member] Using url versioning {{(pid=102910) process_request /opt/stack/glance/glance/api/middleware/version_negotiation.py:57}}
Jul 16 14:26:34.825045 np0000005249 devstack@g-api.service[102910]: DEBUG glance.api.middleware.version_negotiation [None req-b21a2e91-a0d6-4b7d-8ede-b2ec6b2f3b70 tempest-VolumesActionsTest-850288194 tempest-VolumesActionsTest-850288194-project-member] Matched version: v2 {{(pid=102910) process_request /opt/stack/glance/glance/api/middleware/version_negotiation.py:69}}
Jul 16 14:26:34.825154 np0000005249 devstack@g-api.service[102910]: DEBUG glance.api.middleware.version_negotiation [None req-b21a2e91-a0d6-4b7d-8ede-b2ec6b2f3b70 tempest-VolumesActionsTest-850288194 tempest-VolumesActionsTest-850288194-project-member] new path /v2/images/891303ef-d69f-4608-80dd-45db7e2f4362 {{(pid=102910) process_request /opt/stack/glance/glance/api/middleware/version_negotiation.py:70}}
Jul 16 14:26:34.836057 np0000005249 devstack@g-api.service[102910]: [pid: 102910|app: 0|req: 91/375] 127.0.0.1 () {40 vars in 834 bytes} [Thu Jul 16 14:26:34 2026] GET /v2/images/891303ef-d69f-4608-80dd-45db7e2f4362 => generated 650 bytes in 11 msecs (HTTP/1.1 200) 4 headers in 157 bytes (1 switches on core 0)
Jul 16 14:26:34.984499 np0000005249 devstack@g-api.service[102911]: DEBUG dbcounter [-] [102911] Writing DB stats glance:SELECT=12,glance:UPDATE=1 {{(pid=102911) stat_writer /opt/stack/data/venv/lib/python3.12/site-packages/dbcounter.py:115}}
