Jul 16 14:19:05.771402 np0000005249 nova-conductor[98951]: DEBUG cotyledon.oslo_config_glue [-] vnc.vencrypt_client_key = None {{(pid=98951) log_opt_values /opt/stack/data/venv/lib/python3.12/site-packages/oslo_config/cfg.py:3253}}
Jul 16 14:19:05.771402 np0000005249 nova-conductor[98951]: DEBUG cotyledon.oslo_config_glue [-] workarounds.disable_compute_service_check_for_ffu = False {{(pid=98951) log_opt_values /opt/stack/data/venv/lib/python3.12/site-packages/oslo_config/cfg.py:3253}}
Jul 16 14:19:05.771402 np0000005249 nova-conductor[98951]: DEBUG cotyledon.oslo_config_glue [-] workarounds.disable_deep_image_inspection = False {{(pid=98951) log_opt_values /opt/stack/data/venv/lib/python3.12/site-packages/oslo_config/cfg.py:3253}}
Jul 16 14:19:05.771402 np0000005249 nova-conductor[98951]: DEBUG cotyledon.oslo_config_glue [-] workarounds.disable_fallback_pcpu_query = False {{(pid=98951) log_opt_values /opt/stack/data/venv/lib/python3.12/site-packages/oslo_config/cfg.py:3253}}
Jul 16 14:19:05.771402 np0000005249 nova-conductor[98951]: DEBUG cotyledon.oslo_config_glue [-] workarounds.disable_group_policy_check_upcall = False {{(pid=98951) log_opt_values /opt/stack/data/venv/lib/python3.12/site-packages/oslo_config/cfg.py:3253}}
Jul 16 14:19:05.771402 np0000005249 nova-conductor[98951]: DEBUG cotyledon.oslo_config_glue [-] workarounds.disable_libvirt_livesnapshot = False {{(pid=98951) log_opt_values /opt/stack/data/venv/lib/python3.12/site-packages/oslo_config/cfg.py:3253}}
Jul 16 14:19:05.771402 np0000005249 nova-conductor[98951]: DEBUG cotyledon.oslo_config_glue [-] workarounds.disable_rootwrap = False {{(pid=98951) log_opt_values /opt/stack/data/venv/lib/python3.12/site-packages/oslo_config/cfg.py:3253}}
Jul 16 14:19:05.771402 np0000005249 nova-conductor[98951]: DEBUG cotyledon.oslo_config_glue [-] workarounds.enable_numa_live_migration = False {{(pid=98951) log_opt_values /opt/stack/data/venv/lib/python3.12/site-packages/oslo_config/cfg.py:3253}}
Jul 16 14:19:05.772177 np0000005249 nova-conductor[98951]: DEBUG cotyledon.oslo_config_glue [-] workarounds.enable_qemu_monitor_announce_self = False {{(pid=98951) log_opt_values /opt/stack/data/venv/lib/python3.12/site-packages/oslo_config/cfg.py:3253}}
Jul 16 14:19:05.772177 np0000005249 nova-conductor[98951]: DEBUG cotyledon.oslo_config_glue [-] workarounds.ensure_libvirt_rbd_instance_dir_cleanup = False {{(pid=98951) log_opt_values /opt/stack/data/venv/lib/python3.12/site-packages/oslo_config/cfg.py:3253}}
Jul 16 14:19:05.772177 np0000005249 nova-conductor[98951]: DEBUG cotyledon.oslo_config_glue [-] workarounds.handle_virt_lifecycle_events = True {{(pid=98951) log_opt_values /opt/stack/data/venv/lib/python3.12/site-packages/oslo_config/cfg.py:3253}}
Jul 16 14:19:05.772177 np0000005249 nova-conductor[98951]: DEBUG cotyledon.oslo_config_glue [-] workarounds.libvirt_disable_apic = False {{(pid=98951) log_opt_values /opt/stack/data/venv/lib/python3.12/site-packages/oslo_config/cfg.py:3253}}
Jul 16 14:19:05.772177 np0000005249 nova-conductor[98951]: DEBUG cotyledon.oslo_config_glue [-] workarounds.never_download_image_if_on_rbd = False {{(pid=98951) log_opt_values /opt/stack/data/venv/lib/python3.12/site-packages/oslo_config/cfg.py:3253}}
Jul 16 14:19:05.772177 np0000005249 nova-conductor[98951]: DEBUG cotyledon.oslo_config_glue [-] workarounds.qemu_monitor_announce_self_count = 3 {{(pid=98951) log_opt_values /opt/stack/data/venv/lib/python3.12/site-packages/oslo_config/cfg.py:3253}}
Jul 16 14:19:05.772177 np0000005249 nova-conductor[98951]: DEBUG cotyledon.oslo_config_glue [-] workarounds.qemu_monitor_announce_self_interval = 1 {{(pid=98951) log_opt_values /opt/stack/data/venv/lib/python3.12/site-packages/oslo_config/cfg.py:3253}}
Jul 16 14:19:05.772177 np0000005249 nova-conductor[98951]: DEBUG cotyledon.oslo_config_glue [-] workarounds.reserve_disk_resource_for_image_cache = False {{(pid=98951) log_opt_values /opt/stack/data/venv/lib/python3.12/site-packages/oslo_config/cfg.py:3253}}
Jul 16 14:19:05.772177 np0000005249 nova-conductor[98951]: DEBUG cotyledon.oslo_config_glue [-] workarounds.skip_cpu_compare_at_startup = False {{(pid=98951) log_opt_values /opt/stack/data/venv/lib/python3.12/site-packages/oslo_config/cfg.py:3253}}
Jul 16 14:19:05.772396 np0000005249 nova-conductor[98951]: DEBUG cotyledon.oslo_config_glue [-] workarounds.skip_cpu_compare_on_dest = False {{(pid=98951) log_opt_values /opt/stack/data/venv/lib/python3.12/site-packages/oslo_config/cfg.py:3253}}
Jul 16 14:19:05.772396 np0000005249 nova-conductor[98951]: DEBUG cotyledon.oslo_config_glue [-] workarounds.skip_hypervisor_version_check_on_lm = False {{(pid=98951) log_opt_values /opt/stack/data/venv/lib/python3.12/site-packages/oslo_config/cfg.py:3253}}
Jul 16 14:19:05.772396 np0000005249 nova-conductor[98951]: DEBUG cotyledon.oslo_config_glue [-] workarounds.skip_reserve_in_use_ironic_nodes = False {{(pid=98951) log_opt_values /opt/stack/data/venv/lib/python3.12/site-packages/oslo_config/cfg.py:3253}}
Jul 16 14:19:05.772396 np0000005249 nova-conductor[98951]: DEBUG cotyledon.oslo_config_glue [-] workarounds.unified_limits_count_pcpu_as_vcpu = False {{(pid=98951) log_opt_values /opt/stack/data/venv/lib/python3.12/site-packages/oslo_config/cfg.py:3253}}
Jul 16 14:19:05.772805 np0000005249 nova-conductor[98944]: INFO nova.service [-] Starting conductor node (version 33.1.0)
Jul 16 14:19:05.772839 np0000005249 nova-conductor[98951]: DEBUG cotyledon.oslo_config_glue [-] workarounds.wait_for_vif_plugged_event_during_hard_reboot = [] {{(pid=98951) log_opt_values /opt/stack/data/venv/lib/python3.12/site-packages/oslo_config/cfg.py:3253}}
Jul 16 14:19:05.772839 np0000005249 nova-conductor[98951]: DEBUG cotyledon.oslo_config_glue [-] wsgi.api_paste_config = /etc/nova/api-paste.ini {{(pid=98951) log_opt_values /opt/stack/data/venv/lib/python3.12/site-packages/oslo_config/cfg.py:3253}}
Jul 16 14:19:05.772839 np0000005249 nova-conductor[98951]: DEBUG cotyledon.oslo_config_glue [-] wsgi.secure_proxy_ssl_header = None {{(pid=98951) log_opt_values /opt/stack/data/venv/lib/python3.12/site-packages/oslo_config/cfg.py:3253}}
Jul 16 14:19:05.772839 np0000005249 nova-conductor[98951]: DEBUG cotyledon.oslo_config_glue [-] zvm.ca_file = None {{(pid=98951) log_opt_values /opt/stack/data/venv/lib/python3.12/site-packages/oslo_config/cfg.py:3253}}
Jul 16 14:19:05.772839 np0000005249 nova-conductor[98951]: DEBUG cotyledon.oslo_config_glue [-] zvm.cloud_connector_url = None {{(pid=98951) log_opt_values /opt/stack/data/venv/lib/python3.12/site-packages/oslo_config/cfg.py:3253}}
Jul 16 14:19:05.772839 np0000005249 nova-conductor[98951]: DEBUG cotyledon.oslo_config_glue [-] zvm.image_tmp_path = /opt/stack/data/nova/images {{(pid=98951) log_opt_values /opt/stack/data/venv/lib/python3.12/site-packages/oslo_config/cfg.py:3253}}
Jul 16 14:19:05.772839 np0000005249 nova-conductor[98951]: DEBUG cotyledon.oslo_config_glue [-] zvm.reachable_timeout = 300 {{(pid=98951) log_opt_values /opt/stack/data/venv/lib/python3.12/site-packages/oslo_config/cfg.py:3253}}
Jul 16 14:19:05.772839 np0000005249 nova-conductor[98951]: DEBUG cotyledon.oslo_config_glue [-] oslo_versionedobjects.fatal_exception_format_errors = False {{(pid=98951) log_opt_values /opt/stack/data/venv/lib/python3.12/site-packages/oslo_config/cfg.py:3253}}
Jul 16 14:19:05.772839 np0000005249 nova-conductor[98951]: DEBUG cotyledon.oslo_config_glue [-] oslo_middleware.http_basic_auth_user_file = /etc/htpasswd {{(pid=98951) log_opt_values /opt/stack/data/venv/lib/python3.12/site-packages/oslo_config/cfg.py:3253}}
Jul 16 14:19:05.773066 np0000005249 nova-conductor[98951]: DEBUG cotyledon.oslo_config_glue [-] profiler.connection_string = messaging:// {{(pid=98951) log_opt_values /opt/stack/data/venv/lib/python3.12/site-packages/oslo_config/cfg.py:3253}}
Jul 16 14:19:05.773066 np0000005249 nova-conductor[98951]: DEBUG cotyledon.oslo_config_glue [-] profiler.enabled = False {{(pid=98951) log_opt_values /opt/stack/data/venv/lib/python3.12/site-packages/oslo_config/cfg.py:3253}}
Jul 16 14:19:05.773066 np0000005249 nova-conductor[98951]: DEBUG cotyledon.oslo_config_glue [-] profiler.es_doc_type = notification {{(pid=98951) log_opt_values /opt/stack/data/venv/lib/python3.12/site-packages/oslo_config/cfg.py:3253}}
Jul 16 14:19:05.773066 np0000005249 nova-conductor[98951]: DEBUG cotyledon.oslo_config_glue [-] profiler.es_scroll_size = 10000 {{(pid=98951) log_opt_values /opt/stack/data/venv/lib/python3.12/site-packages/oslo_config/cfg.py:3253}}
Jul 16 14:19:05.773066 np0000005249 nova-conductor[98951]: DEBUG cotyledon.oslo_config_glue [-] profiler.es_scroll_time = 2m {{(pid=98951) log_opt_values /opt/stack/data/venv/lib/python3.12/site-packages/oslo_config/cfg.py:3253}}
Jul 16 14:19:05.773066 np0000005249 nova-conductor[98951]: DEBUG cotyledon.oslo_config_glue [-] profiler.filter_error_trace = False {{(pid=98951) log_opt_values /opt/stack/data/venv/lib/python3.12/site-packages/oslo_config/cfg.py:3253}}
Jul 16 14:19:05.773066 np0000005249 nova-conductor[98951]: DEBUG cotyledon.oslo_config_glue [-] profiler.hmac_keys = **** {{(pid=98951) log_opt_values /opt/stack/data/venv/lib/python3.12/site-packages/oslo_config/cfg.py:3253}}
Jul 16 14:19:05.773066 np0000005249 nova-conductor[98951]: DEBUG cotyledon.oslo_config_glue [-] profiler.sentinel_service_name = mymaster {{(pid=98951) log_opt_values /opt/stack/data/venv/lib/python3.12/site-packages/oslo_config/cfg.py:3253}}
Jul 16 14:19:05.773066 np0000005249 nova-conductor[98951]: DEBUG cotyledon.oslo_config_glue [-] profiler.socket_timeout = 0.1 {{(pid=98951) log_opt_values /opt/stack/data/venv/lib/python3.12/site-packages/oslo_config/cfg.py:3253}}
Jul 16 14:19:05.773256 np0000005249 nova-conductor[98951]: DEBUG cotyledon.oslo_config_glue [-] profiler.trace_requests = False {{(pid=98951) log_opt_values /opt/stack/data/venv/lib/python3.12/site-packages/oslo_config/cfg.py:3253}}
Jul 16 14:19:05.773256 np0000005249 nova-conductor[98951]: DEBUG cotyledon.oslo_config_glue [-] profiler.trace_sqlalchemy = False {{(pid=98951) log_opt_values /opt/stack/data/venv/lib/python3.12/site-packages/oslo_config/cfg.py:3253}}
Jul 16 14:19:05.773256 np0000005249 nova-conductor[98951]: DEBUG cotyledon.oslo_config_glue [-] profiler_jaeger.process_tags = {} {{(pid=98951) log_opt_values /opt/stack/data/venv/lib/python3.12/site-packages/oslo_config/cfg.py:3253}}
Jul 16 14:19:05.773256 np0000005249 nova-conductor[98951]: DEBUG cotyledon.oslo_config_glue [-] profiler_jaeger.service_name_prefix = None {{(pid=98951) log_opt_values /opt/stack/data/venv/lib/python3.12/site-packages/oslo_config/cfg.py:3253}}
Jul 16 14:19:05.773256 np0000005249 nova-conductor[98951]: DEBUG cotyledon.oslo_config_glue [-] profiler_otlp.service_name_prefix = None {{(pid=98951) log_opt_values /opt/stack/data/venv/lib/python3.12/site-packages/oslo_config/cfg.py:3253}}
Jul 16 14:19:05.773256 np0000005249 nova-conductor[98951]: DEBUG cotyledon.oslo_config_glue [-] oslo_messaging_rabbit.amqp_auto_delete = False {{(pid=98951) log_opt_values /opt/stack/data/venv/lib/python3.12/site-packages/oslo_config/cfg.py:3253}}
Jul 16 14:19:05.773256 np0000005249 nova-conductor[98951]: DEBUG cotyledon.oslo_config_glue [-] oslo_messaging_rabbit.amqp_durable_queues = False {{(pid=98951) log_opt_values /opt/stack/data/venv/lib/python3.12/site-packages/oslo_config/cfg.py:3253}}
Jul 16 14:19:05.773256 np0000005249 nova-conductor[98951]: DEBUG cotyledon.oslo_config_glue [-] oslo_messaging_rabbit.conn_pool_min_size = 2 {{(pid=98951) log_opt_values /opt/stack/data/venv/lib/python3.12/site-packages/oslo_config/cfg.py:3253}}
Jul 16 14:19:05.773256 np0000005249 nova-conductor[98951]: DEBUG cotyledon.oslo_config_glue [-] oslo_messaging_rabbit.conn_pool_ttl = 1200 {{(pid=98951) log_opt_values /opt/stack/data/venv/lib/python3.12/site-packages/oslo_config/cfg.py:3253}}
Jul 16 14:19:05.773477 np0000005249 nova-conductor[98951]: DEBUG cotyledon.oslo_config_glue [-] oslo_messaging_rabbit.direct_mandatory_flag = True {{(pid=98951) log_opt_values /opt/stack/data/venv/lib/python3.12/site-packages/oslo_config/cfg.py:3253}}
Jul 16 14:19:05.773477 np0000005249 nova-conductor[98951]: DEBUG cotyledon.oslo_config_glue [-] oslo_messaging_rabbit.enable_cancel_on_failover = False {{(pid=98951) log_opt_values /opt/stack/data/venv/lib/python3.12/site-packages/oslo_config/cfg.py:3253}}
Jul 16 14:19:05.773477 np0000005249 nova-conductor[98951]: DEBUG cotyledon.oslo_config_glue [-] oslo_messaging_rabbit.heartbeat_rate = 3 {{(pid=98951) log_opt_values /opt/stack/data/venv/lib/python3.12/site-packages/oslo_config/cfg.py:3253}}
Jul 16 14:19:05.773477 np0000005249 nova-conductor[98951]: DEBUG cotyledon.oslo_config_glue [-] oslo_messaging_rabbit.heartbeat_timeout_threshold = 60 {{(pid=98951) log_opt_values /opt/stack/data/venv/lib/python3.12/site-packages/oslo_config/cfg.py:3253}}
Jul 16 14:19:05.773477 np0000005249 nova-conductor[98951]: DEBUG cotyledon.oslo_config_glue [-] oslo_messaging_rabbit.hostname = np0000005249 {{(pid=98951) log_opt_values /opt/stack/data/venv/lib/python3.12/site-packages/oslo_config/cfg.py:3253}}
Jul 16 14:19:05.773477 np0000005249 nova-conductor[98951]: DEBUG cotyledon.oslo_config_glue [-] oslo_messaging_rabbit.kombu_compression = None {{(pid=98951) log_opt_values /opt/stack/data/venv/lib/python3.12/site-packages/oslo_config/cfg.py:3253}}
Jul 16 14:19:05.773477 np0000005249 nova-conductor[98951]: DEBUG cotyledon.oslo_config_glue [-] oslo_messaging_rabbit.kombu_failover_strategy = round-robin {{(pid=98951) log_opt_values /opt/stack/data/venv/lib/python3.12/site-packages/oslo_config/cfg.py:3253}}
Jul 16 14:19:05.773477 np0000005249 nova-conductor[98951]: DEBUG cotyledon.oslo_config_glue [-] oslo_messaging_rabbit.kombu_missing_consumer_retry_timeout = 60 {{(pid=98951) log_opt_values /opt/stack/data/venv/lib/python3.12/site-packages/oslo_config/cfg.py:3253}}
Jul 16 14:19:05.773477 np0000005249 nova-conductor[98951]: DEBUG cotyledon.oslo_config_glue [-] oslo_messaging_rabbit.kombu_reconnect_delay = 1.0 {{(pid=98951) log_opt_values /opt/stack/data/venv/lib/python3.12/site-packages/oslo_config/cfg.py:3253}}
Jul 16 14:19:05.773673 np0000005249 nova-conductor[98951]: DEBUG cotyledon.oslo_config_glue [-] oslo_messaging_rabbit.kombu_reconnect_splay = 0.0 {{(pid=98951) log_opt_values /opt/stack/data/venv/lib/python3.12/site-packages/oslo_config/cfg.py:3253}}
Jul 16 14:19:05.773673 np0000005249 nova-conductor[98951]: DEBUG cotyledon.oslo_config_glue [-] oslo_messaging_rabbit.processname = nova-conductor {{(pid=98951) log_opt_values /opt/stack/data/venv/lib/python3.12/site-packages/oslo_config/cfg.py:3253}}
Jul 16 14:19:05.773673 np0000005249 nova-conductor[98951]: DEBUG cotyledon.oslo_config_glue [-] oslo_messaging_rabbit.rabbit_ha_queues = False {{(pid=98951) log_opt_values /opt/stack/data/venv/lib/python3.12/site-packages/oslo_config/cfg.py:3253}}
Jul 16 14:19:05.773673 np0000005249 nova-conductor[98951]: DEBUG cotyledon.oslo_config_glue [-] oslo_messaging_rabbit.rabbit_interval_max = 30 {{(pid=98951) log_opt_values /opt/stack/data/venv/lib/python3.12/site-packages/oslo_config/cfg.py:3253}}
Jul 16 14:19:05.773673 np0000005249 nova-conductor[98951]: DEBUG cotyledon.oslo_config_glue [-] oslo_messaging_rabbit.rabbit_login_method = AMQPLAIN {{(pid=98951) log_opt_values /opt/stack/data/venv/lib/python3.12/site-packages/oslo_config/cfg.py:3253}}
Jul 16 14:19:05.773673 np0000005249 nova-conductor[98951]: DEBUG cotyledon.oslo_config_glue [-] oslo_messaging_rabbit.rabbit_qos_prefetch_count = 0 {{(pid=98951) log_opt_values /opt/stack/data/venv/lib/python3.12/site-packages/oslo_config/cfg.py:3253}}
Jul 16 14:19:05.773673 np0000005249 nova-conductor[98951]: DEBUG cotyledon.oslo_config_glue [-] oslo_messaging_rabbit.rabbit_quorum_delivery_limit = 0 {{(pid=98951) log_opt_values /opt/stack/data/venv/lib/python3.12/site-packages/oslo_config/cfg.py:3253}}
Jul 16 14:19:05.773673 np0000005249 nova-conductor[98951]: DEBUG cotyledon.oslo_config_glue [-] oslo_messaging_rabbit.rabbit_quorum_max_memory_bytes = 0 {{(pid=98951) log_opt_values /opt/stack/data/venv/lib/python3.12/site-packages/oslo_config/cfg.py:3253}}
Jul 16 14:19:05.773673 np0000005249 nova-conductor[98951]: DEBUG cotyledon.oslo_config_glue [-] oslo_messaging_rabbit.rabbit_quorum_max_memory_length = 0 {{(pid=98951) log_opt_values /opt/stack/data/venv/lib/python3.12/site-packages/oslo_config/cfg.py:3253}}
Jul 16 14:19:05.773892 np0000005249 nova-conductor[98951]: DEBUG cotyledon.oslo_config_glue [-] oslo_messaging_rabbit.rabbit_quorum_queue = False {{(pid=98951) log_opt_values /opt/stack/data/venv/lib/python3.12/site-packages/oslo_config/cfg.py:3253}}
Jul 16 14:19:05.773892 np0000005249 nova-conductor[98951]: DEBUG cotyledon.oslo_config_glue [-] oslo_messaging_rabbit.rabbit_retry_backoff = 2 {{(pid=98951) log_opt_values /opt/stack/data/venv/lib/python3.12/site-packages/oslo_config/cfg.py:3253}}
Jul 16 14:19:05.773892 np0000005249 nova-conductor[98951]: DEBUG cotyledon.oslo_config_glue [-] oslo_messaging_rabbit.rabbit_retry_interval = 1 {{(pid=98951) log_opt_values /opt/stack/data/venv/lib/python3.12/site-packages/oslo_config/cfg.py:3253}}
Jul 16 14:19:05.773892 np0000005249 nova-conductor[98951]: DEBUG cotyledon.oslo_config_glue [-] oslo_messaging_rabbit.rabbit_stream_fanout = False {{(pid=98951) log_opt_values /opt/stack/data/venv/lib/python3.12/site-packages/oslo_config/cfg.py:3253}}
Jul 16 14:19:05.773892 np0000005249 nova-conductor[98951]: DEBUG cotyledon.oslo_config_glue [-] oslo_messaging_rabbit.rabbit_transient_queues_ttl = 1800 {{(pid=98951) log_opt_values /opt/stack/data/venv/lib/python3.12/site-packages/oslo_config/cfg.py:3253}}
Jul 16 14:19:05.773892 np0000005249 nova-conductor[98951]: DEBUG cotyledon.oslo_config_glue [-] oslo_messaging_rabbit.rabbit_transient_quorum_queue = False {{(pid=98951) log_opt_values /opt/stack/data/venv/lib/python3.12/site-packages/oslo_config/cfg.py:3253}}
Jul 16 14:19:05.773892 np0000005249 nova-conductor[98951]: DEBUG cotyledon.oslo_config_glue [-] oslo_messaging_rabbit.rpc_conn_pool_size = 30 {{(pid=98951) log_opt_values /opt/stack/data/venv/lib/python3.12/site-packages/oslo_config/cfg.py:3253}}
Jul 16 14:19:05.773892 np0000005249 nova-conductor[98951]: DEBUG cotyledon.oslo_config_glue [-] oslo_messaging_rabbit.ssl = False {{(pid=98951) log_opt_values /opt/stack/data/venv/lib/python3.12/site-packages/oslo_config/cfg.py:3253}}
Jul 16 14:19:05.773892 np0000005249 nova-conductor[98951]: DEBUG cotyledon.oslo_config_glue [-] oslo_messaging_rabbit.ssl_ca_file = {{(pid=98951) log_opt_values /opt/stack/data/venv/lib/python3.12/site-packages/oslo_config/cfg.py:3253}}
Jul 16 14:19:05.774096 np0000005249 nova-conductor[98951]: DEBUG cotyledon.oslo_config_glue [-] oslo_messaging_rabbit.ssl_cert_file = {{(pid=98951) log_opt_values /opt/stack/data/venv/lib/python3.12/site-packages/oslo_config/cfg.py:3253}}
Jul 16 14:19:05.774096 np0000005249 nova-conductor[98951]: DEBUG cotyledon.oslo_config_glue [-] oslo_messaging_rabbit.ssl_enforce_fips_mode = False {{(pid=98951) log_opt_values /opt/stack/data/venv/lib/python3.12/site-packages/oslo_config/cfg.py:3253}}
Jul 16 14:19:05.774096 np0000005249 nova-conductor[98951]: DEBUG cotyledon.oslo_config_glue [-] oslo_messaging_rabbit.ssl_enforce_hostname_verification = True {{(pid=98951) log_opt_values /opt/stack/data/venv/lib/python3.12/site-packages/oslo_config/cfg.py:3253}}
Jul 16 14:19:05.774096 np0000005249 nova-conductor[98951]: DEBUG cotyledon.oslo_config_glue [-] oslo_messaging_rabbit.ssl_key_file = {{(pid=98951) log_opt_values /opt/stack/data/venv/lib/python3.12/site-packages/oslo_config/cfg.py:3253}}
Jul 16 14:19:05.774096 np0000005249 nova-conductor[98951]: DEBUG cotyledon.oslo_config_glue [-] oslo_messaging_rabbit.ssl_version = {{(pid=98951) log_opt_values /opt/stack/data/venv/lib/python3.12/site-packages/oslo_config/cfg.py:3253}}
Jul 16 14:19:05.774096 np0000005249 nova-conductor[98951]: DEBUG cotyledon.oslo_config_glue [-] oslo_messaging_rabbit.use_queue_manager = False {{(pid=98951) log_opt_values /opt/stack/data/venv/lib/python3.12/site-packages/oslo_config/cfg.py:3253}}
Jul 16 14:19:05.774096 np0000005249 nova-conductor[98951]: DEBUG cotyledon.oslo_config_glue [-] oslo_messaging_notifications.driver = ['messagingv2'] {{(pid=98951) log_opt_values /opt/stack/data/venv/lib/python3.12/site-packages/oslo_config/cfg.py:3253}}
Jul 16 14:19:05.774096 np0000005249 nova-conductor[98951]: DEBUG cotyledon.oslo_config_glue [-] oslo_messaging_notifications.retry = -1 {{(pid=98951) log_opt_values /opt/stack/data/venv/lib/python3.12/site-packages/oslo_config/cfg.py:3253}}
Jul 16 14:19:05.774096 np0000005249 nova-conductor[98951]: DEBUG cotyledon.oslo_config_glue [-] oslo_messaging_notifications.topics = ['notifications'] {{(pid=98951) log_opt_values /opt/stack/data/venv/lib/python3.12/site-packages/oslo_config/cfg.py:3253}}
Jul 16 14:19:05.774276 np0000005249 nova-conductor[98951]: DEBUG cotyledon.oslo_config_glue [-] oslo_messaging_notifications.transport_url = **** {{(pid=98951) log_opt_values /opt/stack/data/venv/lib/python3.12/site-packages/oslo_config/cfg.py:3253}}
Jul 16 14:19:05.774276 np0000005249 nova-conductor[98951]: DEBUG cotyledon.oslo_config_glue [-] oslo_limit.auth_section = None {{(pid=98951) log_opt_values /opt/stack/data/venv/lib/python3.12/site-packages/oslo_config/cfg.py:3253}}
Jul 16 14:19:05.774276 np0000005249 nova-conductor[98951]: DEBUG cotyledon.oslo_config_glue [-] oslo_limit.auth_type = None {{(pid=98951) log_opt_values /opt/stack/data/venv/lib/python3.12/site-packages/oslo_config/cfg.py:3253}}
Jul 16 14:19:05.774276 np0000005249 nova-conductor[98951]: DEBUG cotyledon.oslo_config_glue [-] oslo_limit.cafile = None {{(pid=98951) log_opt_values /opt/stack/data/venv/lib/python3.12/site-packages/oslo_config/cfg.py:3253}}
Jul 16 14:19:05.774276 np0000005249 nova-conductor[98951]: DEBUG cotyledon.oslo_config_glue [-] oslo_limit.certfile = None {{(pid=98951) log_opt_values /opt/stack/data/venv/lib/python3.12/site-packages/oslo_config/cfg.py:3253}}
Jul 16 14:19:05.774276 np0000005249 nova-conductor[98951]: DEBUG cotyledon.oslo_config_glue [-] oslo_limit.collect_timing = False {{(pid=98951) log_opt_values /opt/stack/data/venv/lib/python3.12/site-packages/oslo_config/cfg.py:3253}}
Jul 16 14:19:05.774276 np0000005249 nova-conductor[98951]: DEBUG cotyledon.oslo_config_glue [-] oslo_limit.connect_retries = None {{(pid=98951) log_opt_values /opt/stack/data/venv/lib/python3.12/site-packages/oslo_config/cfg.py:3253}}
Jul 16 14:19:05.774276 np0000005249 nova-conductor[98951]: DEBUG cotyledon.oslo_config_glue [-] oslo_limit.connect_retry_delay = None {{(pid=98951) log_opt_values /opt/stack/data/venv/lib/python3.12/site-packages/oslo_config/cfg.py:3253}}
Jul 16 14:19:05.774276 np0000005249 nova-conductor[98951]: DEBUG cotyledon.oslo_config_glue [-] oslo_limit.endpoint_id = None {{(pid=98951) log_opt_values /opt/stack/data/venv/lib/python3.12/site-packages/oslo_config/cfg.py:3253}}
Jul 16 14:19:05.774468 np0000005249 nova-conductor[98951]: DEBUG cotyledon.oslo_config_glue [-] oslo_limit.endpoint_interface = public {{(pid=98951) log_opt_values /opt/stack/data/venv/lib/python3.12/site-packages/oslo_config/cfg.py:3253}}
Jul 16 14:19:05.774468 np0000005249 nova-conductor[98951]: DEBUG cotyledon.oslo_config_glue [-] oslo_limit.endpoint_override = None {{(pid=98951) log_opt_values /opt/stack/data/venv/lib/python3.12/site-packages/oslo_config/cfg.py:3253}}
Jul 16 14:19:05.774468 np0000005249 nova-conductor[98951]: DEBUG cotyledon.oslo_config_glue [-] oslo_limit.endpoint_region_name = None {{(pid=98951) log_opt_values /opt/stack/data/venv/lib/python3.12/site-packages/oslo_config/cfg.py:3253}}
Jul 16 14:19:05.774468 np0000005249 nova-conductor[98951]: DEBUG cotyledon.oslo_config_glue [-] oslo_limit.endpoint_service_name = None {{(pid=98951) log_opt_values /opt/stack/data/venv/lib/python3.12/site-packages/oslo_config/cfg.py:3253}}
Jul 16 14:19:05.774468 np0000005249 nova-conductor[98951]: DEBUG cotyledon.oslo_config_glue [-] oslo_limit.endpoint_service_type = None {{(pid=98951) log_opt_values /opt/stack/data/venv/lib/python3.12/site-packages/oslo_config/cfg.py:3253}}
Jul 16 14:19:05.774468 np0000005249 nova-conductor[98951]: DEBUG cotyledon.oslo_config_glue [-] oslo_limit.insecure = False {{(pid=98951) log_opt_values /opt/stack/data/venv/lib/python3.12/site-packages/oslo_config/cfg.py:3253}}
Jul 16 14:19:05.774468 np0000005249 nova-conductor[98951]: DEBUG cotyledon.oslo_config_glue [-] oslo_limit.keyfile = None {{(pid=98951) log_opt_values /opt/stack/data/venv/lib/python3.12/site-packages/oslo_config/cfg.py:3253}}
Jul 16 14:19:05.774468 np0000005249 nova-conductor[98951]: DEBUG cotyledon.oslo_config_glue [-] oslo_limit.max_version = None {{(pid=98951) log_opt_values /opt/stack/data/venv/lib/python3.12/site-packages/oslo_config/cfg.py:3253}}
Jul 16 14:19:05.774468 np0000005249 nova-conductor[98951]: DEBUG cotyledon.oslo_config_glue [-] oslo_limit.min_version = None {{(pid=98951) log_opt_values /opt/stack/data/venv/lib/python3.12/site-packages/oslo_config/cfg.py:3253}}
Jul 16 14:19:05.774639 np0000005249 nova-conductor[98951]: DEBUG cotyledon.oslo_config_glue [-] oslo_limit.region_name = None {{(pid=98951) log_opt_values /opt/stack/data/venv/lib/python3.12/site-packages/oslo_config/cfg.py:3253}}
Jul 16 14:19:05.774639 np0000005249 nova-conductor[98951]: DEBUG cotyledon.oslo_config_glue [-] oslo_limit.retriable_status_codes = None {{(pid=98951) log_opt_values /opt/stack/data/venv/lib/python3.12/site-packages/oslo_config/cfg.py:3253}}
Jul 16 14:19:05.774639 np0000005249 nova-conductor[98951]: DEBUG cotyledon.oslo_config_glue [-] oslo_limit.service_name = None {{(pid=98951) log_opt_values /opt/stack/data/venv/lib/python3.12/site-packages/oslo_config/cfg.py:3253}}
Jul 16 14:19:05.774639 np0000005249 nova-conductor[98951]: DEBUG cotyledon.oslo_config_glue [-] oslo_limit.service_type = None {{(pid=98951) log_opt_values /opt/stack/data/venv/lib/python3.12/site-packages/oslo_config/cfg.py:3253}}
Jul 16 14:19:05.774639 np0000005249 nova-conductor[98951]: DEBUG cotyledon.oslo_config_glue [-] oslo_limit.split_loggers = False {{(pid=98951) log_opt_values /opt/stack/data/venv/lib/python3.12/site-packages/oslo_config/cfg.py:3253}}
Jul 16 14:19:05.774639 np0000005249 nova-conductor[98951]: DEBUG cotyledon.oslo_config_glue [-] oslo_limit.status_code_retries = None {{(pid=98951) log_opt_values /opt/stack/data/venv/lib/python3.12/site-packages/oslo_config/cfg.py:3253}}
Jul 16 14:19:05.774639 np0000005249 nova-conductor[98951]: DEBUG cotyledon.oslo_config_glue [-] oslo_limit.status_code_retry_delay = None {{(pid=98951) log_opt_values /opt/stack/data/venv/lib/python3.12/site-packages/oslo_config/cfg.py:3253}}
Jul 16 14:19:05.774639 np0000005249 nova-conductor[98951]: DEBUG cotyledon.oslo_config_glue [-] oslo_limit.timeout = None {{(pid=98951) log_opt_values /opt/stack/data/venv/lib/python3.12/site-packages/oslo_config/cfg.py:3253}}
Jul 16 14:19:05.774639 np0000005249 nova-conductor[98951]: DEBUG cotyledon.oslo_config_glue [-] oslo_limit.valid_interfaces = None {{(pid=98951) log_opt_values /opt/stack/data/venv/lib/python3.12/site-packages/oslo_config/cfg.py:3253}}
Jul 16 14:19:05.774805 np0000005249 nova-conductor[98951]: DEBUG cotyledon.oslo_config_glue [-] oslo_limit.version = None {{(pid=98951) log_opt_values /opt/stack/data/venv/lib/python3.12/site-packages/oslo_config/cfg.py:3253}}
Jul 16 14:19:05.774805 np0000005249 nova-conductor[98951]: DEBUG cotyledon.oslo_config_glue [-] oslo_reports.file_event_handler = None {{(pid=98951) log_opt_values /opt/stack/data/venv/lib/python3.12/site-packages/oslo_config/cfg.py:3253}}
Jul 16 14:19:05.774805 np0000005249 nova-conductor[98951]: DEBUG cotyledon.oslo_config_glue [-] oslo_reports.file_event_handler_interval = 1 {{(pid=98951) log_opt_values /opt/stack/data/venv/lib/python3.12/site-packages/oslo_config/cfg.py:3253}}
Jul 16 14:19:05.774805 np0000005249 nova-conductor[98951]: DEBUG cotyledon.oslo_config_glue [-] oslo_reports.log_dir = None {{(pid=98951) log_opt_values /opt/stack/data/venv/lib/python3.12/site-packages/oslo_config/cfg.py:3253}}
Jul 16 14:19:05.774805 np0000005249 nova-conductor[98951]: DEBUG cotyledon.oslo_config_glue [-] ******************************************************************************** {{(pid=98951) log_opt_values /opt/stack/data/venv/lib/python3.12/site-packages/oslo_config/cfg.py:3260}}
Jul 16 14:19:05.774805 np0000005249 nova-conductor[98951]: DEBUG cotyledon._service_worker [-] Run service ServiceWrapper(3) [98951] {{(pid=98951) wait_forever /opt/stack/data/venv/lib/python3.12/site-packages/cotyledon/_service_worker.py:218}}
Jul 16 14:19:05.774805 np0000005249 nova-conductor[98951]: INFO nova.service [-] Starting conductor node (version 33.1.0)
Jul 16 14:19:05.774961 np0000005249 nova-conductor[98944]: INFO dbcounter [None req-83b99743-bfff-43ba-9d94-59c1caf6ab70 None None] Registered counter for database nova_cell0
Jul 16 14:19:05.774999 np0000005249 nova-conductor[98951]: INFO dbcounter [None req-60f0e796-e703-4f75-8bb2-9a8b4485b67b None None] Registered counter for database nova_cell0
Jul 16 14:19:05.775035 np0000005249 nova-conductor[98922]: DEBUG oslo_db.sqlalchemy.engines [None req-24c454c5-7a0a-46d6-b05c-0967e00b0694 None None] MySQL server mode set to STRICT_TRANS_TABLES,STRICT_ALL_TABLES,NO_ZERO_IN_DATE,NO_ZERO_DATE,ERROR_FOR_DIVISION_BY_ZERO,TRADITIONAL,NO_ENGINE_SUBSTITUTION {{(pid=98922) _check_effective_sql_mode /opt/stack/data/venv/lib/python3.12/site-packages/oslo_db/sqlalchemy/engines.py:325}}
Jul 16 14:19:05.775035 np0000005249 nova-conductor[98922]: DEBUG dbcounter [-] [98922] Writer thread running {{(pid=98922) stat_writer /opt/stack/data/venv/lib/python3.12/site-packages/dbcounter.py:102}}
Jul 16 14:19:05.786465 np0000005249 nova-conductor[98922]: DEBUG nova.service [None req-24c454c5-7a0a-46d6-b05c-0967e00b0694 None None] Creating RPC server for service: nova-conductor on topic: conductor {{(pid=98922) start /opt/stack/nova/nova/service.py:196}}
Jul 16 14:19:05.792176 np0000005249 nova-conductor[98944]: DEBUG oslo_db.sqlalchemy.engines [None req-83b99743-bfff-43ba-9d94-59c1caf6ab70 None None] MySQL server mode set to STRICT_TRANS_TABLES,STRICT_ALL_TABLES,NO_ZERO_IN_DATE,NO_ZERO_DATE,ERROR_FOR_DIVISION_BY_ZERO,TRADITIONAL,NO_ENGINE_SUBSTITUTION {{(pid=98944) _check_effective_sql_mode /opt/stack/data/venv/lib/python3.12/site-packages/oslo_db/sqlalchemy/engines.py:325}}
Jul 16 14:19:05.797001 np0000005249 nova-conductor[98936]: DEBUG oslo_db.sqlalchemy.engines [None req-032f4ea2-09f7-488e-9cc1-cb18c6f8b3c7 None None] MySQL server mode set to STRICT_TRANS_TABLES,STRICT_ALL_TABLES,NO_ZERO_IN_DATE,NO_ZERO_DATE,ERROR_FOR_DIVISION_BY_ZERO,TRADITIONAL,NO_ENGINE_SUBSTITUTION {{(pid=98936) _check_effective_sql_mode /opt/stack/data/venv/lib/python3.12/site-packages/oslo_db/sqlalchemy/engines.py:325}}
Jul 16 14:19:05.803236 np0000005249 nova-conductor[98944]: DEBUG dbcounter [-] [98944] Writer thread running {{(pid=98944) stat_writer /opt/stack/data/venv/lib/python3.12/site-packages/dbcounter.py:102}}
Jul 16 14:19:05.803741 np0000005249 nova-conductor[98951]: DEBUG oslo_db.sqlalchemy.engines [None req-60f0e796-e703-4f75-8bb2-9a8b4485b67b None None] MySQL server mode set to STRICT_TRANS_TABLES,STRICT_ALL_TABLES,NO_ZERO_IN_DATE,NO_ZERO_DATE,ERROR_FOR_DIVISION_BY_ZERO,TRADITIONAL,NO_ENGINE_SUBSTITUTION {{(pid=98951) _check_effective_sql_mode /opt/stack/data/venv/lib/python3.12/site-packages/oslo_db/sqlalchemy/engines.py:325}}
Jul 16 14:19:05.806786 np0000005249 nova-conductor[98944]: DEBUG nova.service [None req-83b99743-bfff-43ba-9d94-59c1caf6ab70 None None] Creating RPC server for service: nova-conductor on topic: conductor {{(pid=98944) start /opt/stack/nova/nova/service.py:196}}
Jul 16 14:19:05.810444 np0000005249 nova-conductor[98936]: DEBUG dbcounter [-] [98936] Writer thread running {{(pid=98936) stat_writer /opt/stack/data/venv/lib/python3.12/site-packages/dbcounter.py:102}}
Jul 16 14:19:05.814164 np0000005249 nova-conductor[98951]: DEBUG dbcounter [-] [98951] Writer thread running {{(pid=98951) stat_writer /opt/stack/data/venv/lib/python3.12/site-packages/dbcounter.py:102}}
Jul 16 14:19:05.814311 np0000005249 nova-conductor[98936]: DEBUG nova.service [None req-032f4ea2-09f7-488e-9cc1-cb18c6f8b3c7 None None] Creating RPC server for service: nova-conductor on topic: conductor {{(pid=98936) start /opt/stack/nova/nova/service.py:196}}
Jul 16 14:19:05.817387 np0000005249 nova-conductor[98951]: DEBUG nova.service [None req-60f0e796-e703-4f75-8bb2-9a8b4485b67b None None] Creating RPC server for service: nova-conductor on topic: conductor {{(pid=98951) start /opt/stack/nova/nova/service.py:196}}
Jul 16 14:19:05.818351 np0000005249 nova-conductor[98922]: DEBUG nova.service [None req-24c454c5-7a0a-46d6-b05c-0967e00b0694 None None] Join ServiceGroup membership for this service conductor {{(pid=98922) start /opt/stack/nova/nova/service.py:222}}
Jul 16 14:19:05.818575 np0000005249 nova-conductor[98922]: DEBUG nova.servicegroup.drivers.db [None req-24c454c5-7a0a-46d6-b05c-0967e00b0694 None None] DB_Driver: join new ServiceGroup member np0000005249 to the conductor group, service = {{(pid=98922) join /opt/stack/nova/nova/servicegroup/drivers/db.py:44}}
Jul 16 14:19:05.827485 np0000005249 nova-conductor[98944]: DEBUG nova.service [None req-83b99743-bfff-43ba-9d94-59c1caf6ab70 None None] Join ServiceGroup membership for this service conductor {{(pid=98944) start /opt/stack/nova/nova/service.py:222}}
Jul 16 14:19:05.827721 np0000005249 nova-conductor[98944]: DEBUG nova.servicegroup.drivers.db [None req-83b99743-bfff-43ba-9d94-59c1caf6ab70 None None] DB_Driver: join new ServiceGroup member np0000005249 to the conductor group, service = {{(pid=98944) join /opt/stack/nova/nova/servicegroup/drivers/db.py:44}}
Jul 16 14:19:05.835019 np0000005249 nova-conductor[98936]: DEBUG nova.service [None req-032f4ea2-09f7-488e-9cc1-cb18c6f8b3c7 None None] Join ServiceGroup membership for this service conductor {{(pid=98936) start /opt/stack/nova/nova/service.py:222}}
Jul 16 14:19:05.835176 np0000005249 nova-conductor[98936]: DEBUG nova.servicegroup.drivers.db [None req-032f4ea2-09f7-488e-9cc1-cb18c6f8b3c7 None None] DB_Driver: join new ServiceGroup member np0000005249 to the conductor group, service = {{(pid=98936) join /opt/stack/nova/nova/servicegroup/drivers/db.py:44}}
Jul 16 14:19:05.835234 np0000005249 nova-conductor[98951]: DEBUG nova.service [None req-60f0e796-e703-4f75-8bb2-9a8b4485b67b None None] Join ServiceGroup membership for this service conductor {{(pid=98951) start /opt/stack/nova/nova/service.py:222}}
Jul 16 14:19:05.835497 np0000005249 nova-conductor[98951]: DEBUG nova.servicegroup.drivers.db [None req-60f0e796-e703-4f75-8bb2-9a8b4485b67b None None] DB_Driver: join new ServiceGroup member np0000005249 to the conductor group, service = {{(pid=98951) join /opt/stack/nova/nova/servicegroup/drivers/db.py:44}}
Jul 16 14:19:08.837706 np0000005249 nova-conductor[98951]: DEBUG oslo.service.backend._threading.loopingcall [None req-bea3fb1f-5e3b-4a45-9dd9-cca6196eb647 None None] Dynamic interval looping call 'nova.service.Service.periodic_tasks' sleeping for 60.00 seconds {{(pid=98951) _run_loop /opt/stack/data/venv/lib/python3.12/site-packages/oslo_service/backend/_threading/loopingcall.py:125}}
Jul 16 14:19:10.832946 np0000005249 nova-conductor[98922]: DEBUG oslo.service.backend._threading.loopingcall [-] Fixed interval looping call 'nova.servicegroup.drivers.db.DbDriver._report_state' sleeping for 119.99 seconds {{(pid=98922) _run_loop /opt/stack/data/venv/lib/python3.12/site-packages/oslo_service/backend/_threading/loopingcall.py:125}}
Jul 16 14:19:10.842345 np0000005249 nova-conductor[98944]: DEBUG oslo.service.backend._threading.loopingcall [-] Fixed interval looping call 'nova.servicegroup.drivers.db.DbDriver._report_state' sleeping for 119.99 seconds {{(pid=98944) _run_loop /opt/stack/data/venv/lib/python3.12/site-packages/oslo_service/backend/_threading/loopingcall.py:125}}
Jul 16 14:19:10.846962 np0000005249 nova-conductor[98951]: DEBUG oslo.service.backend._threading.loopingcall [-] Fixed interval looping call 'nova.servicegroup.drivers.db.DbDriver._report_state' sleeping for 119.99 seconds {{(pid=98951) _run_loop /opt/stack/data/venv/lib/python3.12/site-packages/oslo_service/backend/_threading/loopingcall.py:125}}
Jul 16 14:19:10.848351 np0000005249 nova-conductor[98936]: DEBUG oslo.service.backend._threading.loopingcall [-] Fixed interval looping call 'nova.servicegroup.drivers.db.DbDriver._report_state' sleeping for 119.99 seconds {{(pid=98936) _run_loop /opt/stack/data/venv/lib/python3.12/site-packages/oslo_service/backend/_threading/loopingcall.py:125}}
Jul 16 14:19:13.830180 np0000005249 nova-conductor[98944]: DEBUG oslo.service.backend._threading.loopingcall [None req-94bc143a-d68c-484c-a28b-39294e32746f None None] Dynamic interval looping call 'nova.service.Service.periodic_tasks' sleeping for 60.00 seconds {{(pid=98944) _run_loop /opt/stack/data/venv/lib/python3.12/site-packages/oslo_service/backend/_threading/loopingcall.py:125}}
Jul 16 14:19:14.378045 np0000005249 nova-conductor[97411]: DEBUG dbcounter [-] [97411] Writing DB stats nova_api:SELECT=1 {{(pid=97411) stat_writer /opt/stack/data/venv/lib/python3.12/site-packages/dbcounter.py:115}}
Jul 16 14:19:14.510632 np0000005249 nova-conductor[97411]: DEBUG dbcounter [-] [97411] Writing DB stats nova_cell0:SELECT=1 {{(pid=97411) stat_writer /opt/stack/data/venv/lib/python3.12/site-packages/dbcounter.py:115}}
Jul 16 14:19:14.515510 np0000005249 nova-conductor[97411]: DEBUG dbcounter [-] [97411] Writing DB stats nova_cell1:SELECT=1 {{(pid=97411) stat_writer /opt/stack/data/venv/lib/python3.12/site-packages/dbcounter.py:115}}
Jul 16 14:19:16.820417 np0000005249 nova-conductor[98922]: DEBUG oslo.service.backend._threading.loopingcall [None req-211fafc3-b5ff-4193-ba4b-30de06104b0d None None] Dynamic interval looping call 'nova.service.Service.periodic_tasks' sleeping for 60.00 seconds {{(pid=98922) _run_loop /opt/stack/data/venv/lib/python3.12/site-packages/oslo_service/backend/_threading/loopingcall.py:125}}
Jul 16 14:19:20.829097 np0000005249 nova-conductor[98922]: DEBUG dbcounter [-] [98922] Writing DB stats nova_cell0:SELECT=4,nova_cell0:INSERT=1,nova_cell0:UPDATE=1 {{(pid=98922) stat_writer /opt/stack/data/venv/lib/python3.12/site-packages/dbcounter.py:115}}
Jul 16 14:19:20.836556 np0000005249 nova-conductor[98944]: DEBUG dbcounter [-] [98944] Writing DB stats nova_cell0:SELECT=3 {{(pid=98944) stat_writer /opt/stack/data/venv/lib/python3.12/site-packages/dbcounter.py:115}}
Jul 16 14:19:20.843400 np0000005249 nova-conductor[98951]: DEBUG dbcounter [-] [98951] Writing DB stats nova_cell0:SELECT=3 {{(pid=98951) stat_writer /opt/stack/data/venv/lib/python3.12/site-packages/dbcounter.py:115}}
Jul 16 14:19:20.845455 np0000005249 nova-conductor[98936]: DEBUG dbcounter [-] [98936] Writing DB stats nova_cell0:SELECT=3 {{(pid=98936) stat_writer /opt/stack/data/venv/lib/python3.12/site-packages/dbcounter.py:115}}
Jul 16 14:20:01.837494 np0000005249 nova-conductor[98936]: DEBUG oslo.service.backend._threading.loopingcall [None req-14ea1a08-7e2c-44a7-aff4-1766a84e9502 None None] Dynamic interval looping call 'nova.service.Service.periodic_tasks' sleeping for 60.00 seconds {{(pid=98936) _run_loop /opt/stack/data/venv/lib/python3.12/site-packages/oslo_service/backend/_threading/loopingcall.py:125}}
Jul 16 14:20:08.838237 np0000005249 nova-conductor[98951]: DEBUG oslo.service.backend._threading.loopingcall [None req-bea3fb1f-5e3b-4a45-9dd9-cca6196eb647 None None] Dynamic interval looping call 'nova.service.Service.periodic_tasks' sleeping for 60.00 seconds {{(pid=98951) _run_loop /opt/stack/data/venv/lib/python3.12/site-packages/oslo_service/backend/_threading/loopingcall.py:125}}
Jul 16 14:20:13.830681 np0000005249 nova-conductor[98944]: DEBUG oslo.service.backend._threading.loopingcall [None req-94bc143a-d68c-484c-a28b-39294e32746f None None] Dynamic interval looping call 'nova.service.Service.periodic_tasks' sleeping for 60.00 seconds {{(pid=98944) _run_loop /opt/stack/data/venv/lib/python3.12/site-packages/oslo_service/backend/_threading/loopingcall.py:125}}
Jul 16 14:20:16.821394 np0000005249 nova-conductor[98922]: DEBUG oslo.service.backend._threading.loopingcall [None req-211fafc3-b5ff-4193-ba4b-30de06104b0d None None] Dynamic interval looping call 'nova.service.Service.periodic_tasks' sleeping for 60.00 seconds {{(pid=98922) _run_loop /opt/stack/data/venv/lib/python3.12/site-packages/oslo_service/backend/_threading/loopingcall.py:125}}
Jul 16 14:21:01.838078 np0000005249 nova-conductor[98936]: DEBUG oslo.service.backend._threading.loopingcall [None req-14ea1a08-7e2c-44a7-aff4-1766a84e9502 None None] Dynamic interval looping call 'nova.service.Service.periodic_tasks' sleeping for 60.00 seconds {{(pid=98936) _run_loop /opt/stack/data/venv/lib/python3.12/site-packages/oslo_service/backend/_threading/loopingcall.py:125}}
Jul 16 14:21:08.838719 np0000005249 nova-conductor[98951]: DEBUG oslo.service.backend._threading.loopingcall [None req-bea3fb1f-5e3b-4a45-9dd9-cca6196eb647 None None] Dynamic interval looping call 'nova.service.Service.periodic_tasks' sleeping for 60.00 seconds {{(pid=98951) _run_loop /opt/stack/data/venv/lib/python3.12/site-packages/oslo_service/backend/_threading/loopingcall.py:125}}
Jul 16 14:21:10.829690 np0000005249 nova-conductor[98922]: DEBUG oslo.service.backend._threading.loopingcall [-] Fixed interval looping call 'nova.servicegroup.drivers.db.DbDriver._report_state' sleeping for 119.99 seconds {{(pid=98922) _run_loop /opt/stack/data/venv/lib/python3.12/site-packages/oslo_service/backend/_threading/loopingcall.py:125}}
Jul 16 14:21:10.837595 np0000005249 nova-conductor[98944]: DEBUG oslo.service.backend._threading.loopingcall [-] Fixed interval looping call 'nova.servicegroup.drivers.db.DbDriver._report_state' sleeping for 120.00 seconds {{(pid=98944) _run_loop /opt/stack/data/venv/lib/python3.12/site-packages/oslo_service/backend/_threading/loopingcall.py:125}}
Jul 16 14:21:10.840395 np0000005249 nova-conductor[98951]: DEBUG oslo.service.backend._threading.loopingcall [-] Fixed interval looping call 'nova.servicegroup.drivers.db.DbDriver._report_state' sleeping for 120.00 seconds {{(pid=98951) _run_loop /opt/stack/data/venv/lib/python3.12/site-packages/oslo_service/backend/_threading/loopingcall.py:125}}
Jul 16 14:21:10.841656 np0000005249 nova-conductor[98936]: DEBUG oslo.service.backend._threading.loopingcall [-] Fixed interval looping call 'nova.servicegroup.drivers.db.DbDriver._report_state' sleeping for 120.00 seconds {{(pid=98936) _run_loop /opt/stack/data/venv/lib/python3.12/site-packages/oslo_service/backend/_threading/loopingcall.py:125}}
Jul 16 14:21:13.831322 np0000005249 nova-conductor[98944]: DEBUG oslo.service.backend._threading.loopingcall [None req-94bc143a-d68c-484c-a28b-39294e32746f None None] Dynamic interval looping call 'nova.service.Service.periodic_tasks' sleeping for 60.00 seconds {{(pid=98944) _run_loop /opt/stack/data/venv/lib/python3.12/site-packages/oslo_service/backend/_threading/loopingcall.py:125}}
Jul 16 14:21:16.821832 np0000005249 nova-conductor[98922]: DEBUG oslo.service.backend._threading.loopingcall [None req-211fafc3-b5ff-4193-ba4b-30de06104b0d None None] Dynamic interval looping call 'nova.service.Service.periodic_tasks' sleeping for 60.00 seconds {{(pid=98922) _run_loop /opt/stack/data/venv/lib/python3.12/site-packages/oslo_service/backend/_threading/loopingcall.py:125}}
Jul 16 14:21:20.826050 np0000005249 nova-conductor[98922]: DEBUG dbcounter [-] [98922] Writing DB stats nova_cell0:SELECT=1,nova_cell0:UPDATE=1 {{(pid=98922) stat_writer /opt/stack/data/venv/lib/python3.12/site-packages/dbcounter.py:115}}
Jul 16 14:21:20.835673 np0000005249 nova-conductor[98944]: DEBUG dbcounter [-] [98944] Writing DB stats nova_cell0:SELECT=1 {{(pid=98944) stat_writer /opt/stack/data/venv/lib/python3.12/site-packages/dbcounter.py:115}}
Jul 16 14:21:20.839170 np0000005249 nova-conductor[98951]: DEBUG dbcounter [-] [98951] Writing DB stats nova_cell0:SELECT=1 {{(pid=98951) stat_writer /opt/stack/data/venv/lib/python3.12/site-packages/dbcounter.py:115}}
Jul 16 14:21:20.840036 np0000005249 nova-conductor[98936]: DEBUG dbcounter [-] [98936] Writing DB stats nova_cell0:SELECT=1 {{(pid=98936) stat_writer /opt/stack/data/venv/lib/python3.12/site-packages/dbcounter.py:115}}
Jul 16 14:21:32.428524 np0000005249 nova-conductor[98922]: DEBUG oslo_db.sqlalchemy.engines [None req-82fed3cb-e640-4972-973d-a9bbd0ef78d6 tempest-ServerActionsTestOtherB-1366018256 tempest-ServerActionsTestOtherB-1366018256-project-member] Parent process 97411 forked (98922) with an open database connection, which is being discarded and recreated. {{(pid=98922) checkout /opt/stack/data/venv/lib/python3.12/site-packages/oslo_db/sqlalchemy/engines.py:402}}
Jul 16 14:21:32.468266 np0000005249 nova-conductor[98922]: DEBUG dbcounter [-] [98922] Writer thread running {{(pid=98922) stat_writer /opt/stack/data/venv/lib/python3.12/site-packages/dbcounter.py:102}}
Jul 16 14:21:33.463806 np0000005249 nova-conductor[98922]: DEBUG nova.conductor.manager [None req-82fed3cb-e640-4972-973d-a9bbd0ef78d6 tempest-ServerActionsTestOtherB-1366018256 tempest-ServerActionsTestOtherB-1366018256-project-member] Took 1.00 seconds to select destinations for 1 instance(s). {{(pid=98922) _schedule_instances /opt/stack/nova/nova/conductor/manager.py:968}}
Jul 16 14:21:33.498898 np0000005249 nova-conductor[98922]: DEBUG oslo_concurrency.lockutils [None req-82fed3cb-e640-4972-973d-a9bbd0ef78d6 tempest-ServerActionsTestOtherB-1366018256 tempest-ServerActionsTestOtherB-1366018256-project-member] Acquiring lock "87c5c176-f890-4b4c-bb69-cfc7516f227b" by "nova.context.set_target_cell..get_or_set_cached_cell_and_set_connections" {{(pid=98922) inner /opt/stack/data/venv/lib/python3.12/site-packages/oslo_concurrency/lockutils.py:512}}
Jul 16 14:21:33.498898 np0000005249 nova-conductor[98922]: DEBUG oslo_concurrency.lockutils [None req-82fed3cb-e640-4972-973d-a9bbd0ef78d6 tempest-ServerActionsTestOtherB-1366018256 tempest-ServerActionsTestOtherB-1366018256-project-member] Lock "87c5c176-f890-4b4c-bb69-cfc7516f227b" acquired by "nova.context.set_target_cell..get_or_set_cached_cell_and_set_connections" :: waited 0.000s {{(pid=98922) inner /opt/stack/data/venv/lib/python3.12/site-packages/oslo_concurrency/lockutils.py:525}}
Jul 16 14:21:33.498898 np0000005249 nova-conductor[98922]: DEBUG oslo_concurrency.lockutils [None req-82fed3cb-e640-4972-973d-a9bbd0ef78d6 tempest-ServerActionsTestOtherB-1366018256 tempest-ServerActionsTestOtherB-1366018256-project-member] Lock "87c5c176-f890-4b4c-bb69-cfc7516f227b" "released" by "nova.context.set_target_cell..get_or_set_cached_cell_and_set_connections" :: held 0.001s {{(pid=98922) inner /opt/stack/data/venv/lib/python3.12/site-packages/oslo_concurrency/lockutils.py:544}}
Jul 16 14:21:33.506066 np0000005249 nova-conductor[98922]: INFO dbcounter [None req-82fed3cb-e640-4972-973d-a9bbd0ef78d6 tempest-ServerActionsTestOtherB-1366018256 tempest-ServerActionsTestOtherB-1366018256-project-member] Registered counter for database nova_cell1
Jul 16 14:21:33.553624 np0000005249 nova-conductor[98922]: DEBUG oslo_db.sqlalchemy.engines [None req-82fed3cb-e640-4972-973d-a9bbd0ef78d6 tempest-ServerActionsTestOtherB-1366018256 tempest-ServerActionsTestOtherB-1366018256-project-member] MySQL server mode set to STRICT_TRANS_TABLES,STRICT_ALL_TABLES,NO_ZERO_IN_DATE,NO_ZERO_DATE,ERROR_FOR_DIVISION_BY_ZERO,TRADITIONAL,NO_ENGINE_SUBSTITUTION {{(pid=98922) _check_effective_sql_mode /opt/stack/data/venv/lib/python3.12/site-packages/oslo_db/sqlalchemy/engines.py:325}}
Jul 16 14:21:33.562501 np0000005249 nova-conductor[98922]: DEBUG dbcounter [-] [98922] Writer thread running {{(pid=98922) stat_writer /opt/stack/data/venv/lib/python3.12/site-packages/dbcounter.py:102}}
Jul 16 14:21:33.639921 np0000005249 nova-conductor[98922]: INFO nova.utils [None req-82fed3cb-e640-4972-973d-a9bbd0ef78d6 tempest-ServerActionsTestOtherB-1366018256 tempest-ServerActionsTestOtherB-1366018256-project-member] The cell worker thread pool ForkProcess-1.cell_worker is initialized
Jul 16 14:21:33.640268 np0000005249 nova-conductor[98922]: DEBUG oslo_concurrency.lockutils [None req-82fed3cb-e640-4972-973d-a9bbd0ef78d6 tempest-ServerActionsTestOtherB-1366018256 tempest-ServerActionsTestOtherB-1366018256-project-member] Acquiring lock "00000000-0000-0000-0000-000000000000" by "nova.context.set_target_cell..get_or_set_cached_cell_and_set_connections" {{(pid=98922) inner /opt/stack/data/venv/lib/python3.12/site-packages/oslo_concurrency/lockutils.py:512}}
Jul 16 14:21:33.640455 np0000005249 nova-conductor[98922]: DEBUG oslo_concurrency.lockutils [None req-82fed3cb-e640-4972-973d-a9bbd0ef78d6 tempest-ServerActionsTestOtherB-1366018256 tempest-ServerActionsTestOtherB-1366018256-project-member] Lock "00000000-0000-0000-0000-000000000000" acquired by "nova.context.set_target_cell..get_or_set_cached_cell_and_set_connections" :: waited 0.000s {{(pid=98922) inner /opt/stack/data/venv/lib/python3.12/site-packages/oslo_concurrency/lockutils.py:525}}
Jul 16 14:21:33.640897 np0000005249 nova-conductor[98922]: DEBUG oslo_concurrency.lockutils [None req-82fed3cb-e640-4972-973d-a9bbd0ef78d6 tempest-ServerActionsTestOtherB-1366018256 tempest-ServerActionsTestOtherB-1366018256-project-member] Lock "00000000-0000-0000-0000-000000000000" "released" by "nova.context.set_target_cell..get_or_set_cached_cell_and_set_connections" :: held 0.000s {{(pid=98922) inner /opt/stack/data/venv/lib/python3.12/site-packages/oslo_concurrency/lockutils.py:544}}
