Aug 25 15:11:06.905814 np0000008087 systemd[1]: Starting devstack@n-api-meta.service - Devstack devstack@n-api-meta.service...
Aug 25 15:11:06.911569 np0000008087 devstack@n-api-meta.service[96288]: [uWSGI] getting INI configuration from /etc/nova/nova-metadata-uwsgi.ini
Aug 25 15:11:06.913959 np0000008087 devstack@n-api-meta.service[96288]: *** Starting uWSGI 2.0.24-debian (64bit) on [Tue Aug 25 15:11:06 2026] ***
Aug 25 15:11:06.913959 np0000008087 devstack@n-api-meta.service[96288]: compiled with version: 13.2.0 on 17 April 2024 16:23:48
Aug 25 15:11:06.913959 np0000008087 devstack@n-api-meta.service[96288]: os: Linux-6.8.0-100-generic #100-Ubuntu SMP PREEMPT_DYNAMIC Tue Jan 13 16:40:06 UTC 2026
Aug 25 15:11:06.913959 np0000008087 devstack@n-api-meta.service[96288]: nodename: np0000008087
Aug 25 15:11:06.913959 np0000008087 devstack@n-api-meta.service[96288]: machine: x86_64
Aug 25 15:11:06.913959 np0000008087 devstack@n-api-meta.service[96288]: clock source: unix
Aug 25 15:11:06.913959 np0000008087 devstack@n-api-meta.service[96288]: pcre jit disabled
Aug 25 15:11:06.913959 np0000008087 devstack@n-api-meta.service[96288]: detected number of CPU cores: 16
Aug 25 15:11:06.913959 np0000008087 devstack@n-api-meta.service[96288]: current working directory: /
Aug 25 15:11:06.913959 np0000008087 devstack@n-api-meta.service[96288]: detected binary path: /usr/bin/uwsgi-core
Aug 25 15:11:06.913959 np0000008087 devstack@n-api-meta.service[96288]: your processes number limit is 257052
Aug 25 15:11:06.914209 np0000008087 devstack@n-api-meta.service[96288]: your memory page size is 4096 bytes
Aug 25 15:11:06.914209 np0000008087 devstack@n-api-meta.service[96288]: detected max file descriptor number: 2048
Aug 25 15:11:06.914209 np0000008087 devstack@n-api-meta.service[96288]: lock engine: pthread robust mutexes
Aug 25 15:11:06.914209 np0000008087 devstack@n-api-meta.service[96288]: thunder lock: enabled
Aug 25 15:11:06.914417 np0000008087 devstack@n-api-meta.service[96288]: uWSGI http bound on 0.0.0.0:8775 fd 5
Aug 25 15:11:06.914509 np0000008087 devstack@n-api-meta.service[96288]: uwsgi socket 0 bound to TCP address 127.0.0.1:42491 (port auto-assigned) fd 4
Aug 25 15:11:06.914509 np0000008087 devstack@n-api-meta.service[96288]: Python version: 3.12.3 (main, Jun 19 2026, 12:46:00) [GCC 13.3.0]
Aug 25 15:11:06.914509 np0000008087 devstack@n-api-meta.service[96288]: PEP 405 virtualenv detected: /opt/stack/data/venv
Aug 25 15:11:06.914509 np0000008087 devstack@n-api-meta.service[96288]: Set PythonHome to /opt/stack/data/venv
Aug 25 15:11:06.993401 np0000008087 devstack@n-api-meta.service[96288]: Python main interpreter initialized at 0x79705fea4668
Aug 25 15:11:06.993401 np0000008087 devstack@n-api-meta.service[96288]: python threads support enabled
Aug 25 15:11:06.993401 np0000008087 devstack@n-api-meta.service[96288]: your server socket listen backlog is limited to 100 connections
Aug 25 15:11:06.993401 np0000008087 devstack@n-api-meta.service[96288]: your mercy for graceful operations on workers is 80 seconds
Aug 25 15:11:06.993401 np0000008087 devstack@n-api-meta.service[96288]: mapped 671795 bytes (656 KB) for 4 cores
Aug 25 15:11:06.993401 np0000008087 devstack@n-api-meta.service[96288]: *** Operational MODE: preforking ***
Aug 25 15:11:06.993401 np0000008087 devstack@n-api-meta.service[96288]: *** uWSGI is running in multiple interpreter mode ***
Aug 25 15:11:06.993401 np0000008087 devstack@n-api-meta.service[96288]: spawned uWSGI master process (pid: 96288)
Aug 25 15:11:06.993401 np0000008087 devstack@n-api-meta.service[96288]: spawned uWSGI worker 1 (pid: 96289, cores: 1)
Aug 25 15:11:06.993401 np0000008087 devstack@n-api-meta.service[96288]: spawned uWSGI worker 2 (pid: 96290, cores: 1)
Aug 25 15:11:06.993401 np0000008087 devstack@n-api-meta.service[96288]: spawned uWSGI worker 3 (pid: 96291, cores: 1)
Aug 25 15:11:06.993401 np0000008087 devstack@n-api-meta.service[96288]: spawned uWSGI worker 4 (pid: 96292, cores: 1)
Aug 25 15:11:06.993401 np0000008087 devstack@n-api-meta.service[96288]: spawned uWSGI http 1 (pid: 96293)
Aug 25 15:11:06.993401 np0000008087 devstack@n-api-meta.service[96288]: running "unix_signal:15 gracefully_kill_them_all" (master-start)...
Aug 25 15:11:06.949956 np0000008087 systemd[1]: Started devstack@n-api-meta.service - Devstack devstack@n-api-meta.service.
Aug 25 15:11:08.660075 np0000008087 devstack@n-api-meta.service[96291]: INFO dbcounter [None req-8c9f59cf-4e43-4226-be06-9d5f46806eb6 None None] Registered counter for database nova_api
Aug 25 15:11:08.688943 np0000008087 devstack@n-api-meta.service[96292]: INFO dbcounter [None req-928c9245-6ee2-4ac2-8be1-c6df58275a40 None None] Registered counter for database nova_api
Aug 25 15:11:08.689752 np0000008087 devstack@n-api-meta.service[96290]: INFO dbcounter [None req-998cdb1b-5c06-4253-a8a5-391cd4654ed8 None None] Registered counter for database nova_api
Aug 25 15:11:08.702646 np0000008087 devstack@n-api-meta.service[96291]: DEBUG oslo_db.sqlalchemy.engines [None req-8c9f59cf-4e43-4226-be06-9d5f46806eb6 None None] MySQL server mode set to STRICT_TRANS_TABLES,STRICT_ALL_TABLES,NO_ZERO_IN_DATE,NO_ZERO_DATE,ERROR_FOR_DIVISION_BY_ZERO,TRADITIONAL,NO_ENGINE_SUBSTITUTION {{(pid=96291) _check_effective_sql_mode /opt/stack/data/venv/lib/python3.12/site-packages/oslo_db/sqlalchemy/engines.py:325}}
Aug 25 15:11:08.715299 np0000008087 devstack@n-api-meta.service[96289]: INFO dbcounter [None req-c40c63bc-d4db-4e51-a764-c1fbb525993b None None] Registered counter for database nova_api
Aug 25 15:11:08.724768 np0000008087 devstack@n-api-meta.service[96292]: DEBUG oslo_db.sqlalchemy.engines [None req-928c9245-6ee2-4ac2-8be1-c6df58275a40 None None] MySQL server mode set to STRICT_TRANS_TABLES,STRICT_ALL_TABLES,NO_ZERO_IN_DATE,NO_ZERO_DATE,ERROR_FOR_DIVISION_BY_ZERO,TRADITIONAL,NO_ENGINE_SUBSTITUTION {{(pid=96292) _check_effective_sql_mode /opt/stack/data/venv/lib/python3.12/site-packages/oslo_db/sqlalchemy/engines.py:325}}
Aug 25 15:11:08.729201 np0000008087 devstack@n-api-meta.service[96290]: DEBUG oslo_db.sqlalchemy.engines [None req-998cdb1b-5c06-4253-a8a5-391cd4654ed8 None None] MySQL server mode set to STRICT_TRANS_TABLES,STRICT_ALL_TABLES,NO_ZERO_IN_DATE,NO_ZERO_DATE,ERROR_FOR_DIVISION_BY_ZERO,TRADITIONAL,NO_ENGINE_SUBSTITUTION {{(pid=96290) _check_effective_sql_mode /opt/stack/data/venv/lib/python3.12/site-packages/oslo_db/sqlalchemy/engines.py:325}}
Aug 25 15:11:08.733530 np0000008087 devstack@n-api-meta.service[96291]: DEBUG dbcounter [-] [96291] Writer thread running {{(pid=96291) stat_writer /opt/stack/data/venv/lib/python3.12/site-packages/dbcounter.py:102}}
Aug 25 15:11:08.736163 np0000008087 devstack@n-api-meta.service[96291]: DEBUG nova.context [None req-8c9f59cf-4e43-4226-be06-9d5f46806eb6 None None] Found 2 cells: 00000000-0000-0000-0000-000000000000(cell0),98e19a25-c118-4f8e-8622-b76a83720ec6(cell1) {{(pid=96291) load_cells /opt/stack/nova/nova/context.py:509}}
Aug 25 15:11:08.738038 np0000008087 devstack@n-api-meta.service[96291]: DEBUG oslo_concurrency.lockutils [None req-8c9f59cf-4e43-4226-be06-9d5f46806eb6 None None] Acquiring lock "00000000-0000-0000-0000-000000000000" by "nova.context.set_target_cell..get_or_set_cached_cell_and_set_connections" {{(pid=96291) inner /opt/stack/data/venv/lib/python3.12/site-packages/oslo_concurrency/lockutils.py:512}}
Aug 25 15:11:08.738234 np0000008087 devstack@n-api-meta.service[96291]: DEBUG oslo_concurrency.lockutils [None req-8c9f59cf-4e43-4226-be06-9d5f46806eb6 None None] Lock "00000000-0000-0000-0000-000000000000" acquired by "nova.context.set_target_cell..get_or_set_cached_cell_and_set_connections" :: waited 0.000s {{(pid=96291) inner /opt/stack/data/venv/lib/python3.12/site-packages/oslo_concurrency/lockutils.py:525}}
Aug 25 15:11:08.738610 np0000008087 devstack@n-api-meta.service[96291]: DEBUG oslo_concurrency.lockutils [None req-8c9f59cf-4e43-4226-be06-9d5f46806eb6 None None] Lock "00000000-0000-0000-0000-000000000000" "released" by "nova.context.set_target_cell..get_or_set_cached_cell_and_set_connections" :: held 0.000s {{(pid=96291) inner /opt/stack/data/venv/lib/python3.12/site-packages/oslo_concurrency/lockutils.py:544}}
Aug 25 15:11:08.738878 np0000008087 devstack@n-api-meta.service[96291]: INFO nova.thread_pool_factory [None req-8c9f59cf-4e43-4226-be06-9d5f46806eb6 None None] The cell_worker thread pool MainProcess.cell_worker is initialized
Aug 25 15:11:08.739716 np0000008087 devstack@n-api-meta.service[96291]: DEBUG oslo_concurrency.lockutils [None req-8c9f59cf-4e43-4226-be06-9d5f46806eb6 None None] Acquiring lock "98e19a25-c118-4f8e-8622-b76a83720ec6" by "nova.context.set_target_cell..get_or_set_cached_cell_and_set_connections" {{(pid=96291) inner /opt/stack/data/venv/lib/python3.12/site-packages/oslo_concurrency/lockutils.py:512}}
Aug 25 15:11:08.739920 np0000008087 devstack@n-api-meta.service[96291]: DEBUG oslo_concurrency.lockutils [None req-8c9f59cf-4e43-4226-be06-9d5f46806eb6 None None] Lock "98e19a25-c118-4f8e-8622-b76a83720ec6" acquired by "nova.context.set_target_cell..get_or_set_cached_cell_and_set_connections" :: waited 0.000s {{(pid=96291) inner /opt/stack/data/venv/lib/python3.12/site-packages/oslo_concurrency/lockutils.py:525}}
Aug 25 15:11:08.740706 np0000008087 devstack@n-api-meta.service[96291]: DEBUG oslo_concurrency.lockutils [None req-8c9f59cf-4e43-4226-be06-9d5f46806eb6 None None] Lock "98e19a25-c118-4f8e-8622-b76a83720ec6" "released" by "nova.context.set_target_cell..get_or_set_cached_cell_and_set_connections" :: held 0.001s {{(pid=96291) inner /opt/stack/data/venv/lib/python3.12/site-packages/oslo_concurrency/lockutils.py:544}}
Aug 25 15:11:08.742555 np0000008087 devstack@n-api-meta.service[96291]: INFO dbcounter [None req-8c9f59cf-4e43-4226-be06-9d5f46806eb6 None None] Registered counter for database nova_cell0
Aug 25 15:11:08.746019 np0000008087 devstack@n-api-meta.service[96291]: INFO dbcounter [None req-8c9f59cf-4e43-4226-be06-9d5f46806eb6 None None] Registered counter for database nova_cell1
Aug 25 15:11:08.757441 np0000008087 devstack@n-api-meta.service[96290]: DEBUG dbcounter [-] [96290] Writer thread running {{(pid=96290) stat_writer /opt/stack/data/venv/lib/python3.12/site-packages/dbcounter.py:102}}
Aug 25 15:11:08.758093 np0000008087 devstack@n-api-meta.service[96292]: DEBUG dbcounter [-] [96292] Writer thread running {{(pid=96292) stat_writer /opt/stack/data/venv/lib/python3.12/site-packages/dbcounter.py:102}}
Aug 25 15:11:08.759876 np0000008087 devstack@n-api-meta.service[96290]: DEBUG nova.context [None req-998cdb1b-5c06-4253-a8a5-391cd4654ed8 None None] Found 2 cells: 00000000-0000-0000-0000-000000000000(cell0),98e19a25-c118-4f8e-8622-b76a83720ec6(cell1) {{(pid=96290) load_cells /opt/stack/nova/nova/context.py:509}}
Aug 25 15:11:08.760647 np0000008087 devstack@n-api-meta.service[96292]: DEBUG nova.context [None req-928c9245-6ee2-4ac2-8be1-c6df58275a40 None None] Found 2 cells: 00000000-0000-0000-0000-000000000000(cell0),98e19a25-c118-4f8e-8622-b76a83720ec6(cell1) {{(pid=96292) load_cells /opt/stack/nova/nova/context.py:509}}
Aug 25 15:11:08.761543 np0000008087 devstack@n-api-meta.service[96290]: DEBUG oslo_concurrency.lockutils [None req-998cdb1b-5c06-4253-a8a5-391cd4654ed8 None None] Acquiring lock "00000000-0000-0000-0000-000000000000" by "nova.context.set_target_cell..get_or_set_cached_cell_and_set_connections" {{(pid=96290) inner /opt/stack/data/venv/lib/python3.12/site-packages/oslo_concurrency/lockutils.py:512}}
Aug 25 15:11:08.761722 np0000008087 devstack@n-api-meta.service[96290]: DEBUG oslo_concurrency.lockutils [None req-998cdb1b-5c06-4253-a8a5-391cd4654ed8 None None] Lock "00000000-0000-0000-0000-000000000000" acquired by "nova.context.set_target_cell..get_or_set_cached_cell_and_set_connections" :: waited 0.000s {{(pid=96290) inner /opt/stack/data/venv/lib/python3.12/site-packages/oslo_concurrency/lockutils.py:525}}
Aug 25 15:11:08.762160 np0000008087 devstack@n-api-meta.service[96290]: DEBUG oslo_concurrency.lockutils [None req-998cdb1b-5c06-4253-a8a5-391cd4654ed8 None None] Lock "00000000-0000-0000-0000-000000000000" "released" by "nova.context.set_target_cell..get_or_set_cached_cell_and_set_connections" :: held 0.000s {{(pid=96290) inner /opt/stack/data/venv/lib/python3.12/site-packages/oslo_concurrency/lockutils.py:544}}
Aug 25 15:11:08.762363 np0000008087 devstack@n-api-meta.service[96290]: INFO nova.thread_pool_factory [None req-998cdb1b-5c06-4253-a8a5-391cd4654ed8 None None] The cell_worker thread pool MainProcess.cell_worker is initialized
Aug 25 15:11:08.762404 np0000008087 devstack@n-api-meta.service[96292]: DEBUG oslo_concurrency.lockutils [None req-928c9245-6ee2-4ac2-8be1-c6df58275a40 None None] Acquiring lock "00000000-0000-0000-0000-000000000000" by "nova.context.set_target_cell..get_or_set_cached_cell_and_set_connections" {{(pid=96292) inner /opt/stack/data/venv/lib/python3.12/site-packages/oslo_concurrency/lockutils.py:512}}
Aug 25 15:11:08.762582 np0000008087 devstack@n-api-meta.service[96292]: DEBUG oslo_concurrency.lockutils [None req-928c9245-6ee2-4ac2-8be1-c6df58275a40 None None] Lock "00000000-0000-0000-0000-000000000000" acquired by "nova.context.set_target_cell..get_or_set_cached_cell_and_set_connections" :: waited 0.000s {{(pid=96292) inner /opt/stack/data/venv/lib/python3.12/site-packages/oslo_concurrency/lockutils.py:525}}
Aug 25 15:11:08.762971 np0000008087 devstack@n-api-meta.service[96292]: DEBUG oslo_concurrency.lockutils [None req-928c9245-6ee2-4ac2-8be1-c6df58275a40 None None] Lock "00000000-0000-0000-0000-000000000000" "released" by "nova.context.set_target_cell..get_or_set_cached_cell_and_set_connections" :: held 0.000s {{(pid=96292) inner /opt/stack/data/venv/lib/python3.12/site-packages/oslo_concurrency/lockutils.py:544}}
Aug 25 15:11:08.763010 np0000008087 devstack@n-api-meta.service[96290]: DEBUG oslo_concurrency.lockutils [None req-998cdb1b-5c06-4253-a8a5-391cd4654ed8 None None] Acquiring lock "98e19a25-c118-4f8e-8622-b76a83720ec6" by "nova.context.set_target_cell..get_or_set_cached_cell_and_set_connections" {{(pid=96290) inner /opt/stack/data/venv/lib/python3.12/site-packages/oslo_concurrency/lockutils.py:512}}
Aug 25 15:11:08.763160 np0000008087 devstack@n-api-meta.service[96290]: DEBUG oslo_concurrency.lockutils [None req-998cdb1b-5c06-4253-a8a5-391cd4654ed8 None None] Lock "98e19a25-c118-4f8e-8622-b76a83720ec6" acquired by "nova.context.set_target_cell..get_or_set_cached_cell_and_set_connections" :: waited 0.000s {{(pid=96290) inner /opt/stack/data/venv/lib/python3.12/site-packages/oslo_concurrency/lockutils.py:525}}
Aug 25 15:11:08.763197 np0000008087 devstack@n-api-meta.service[96292]: INFO nova.thread_pool_factory [None req-928c9245-6ee2-4ac2-8be1-c6df58275a40 None None] The cell_worker thread pool MainProcess.cell_worker is initialized
Aug 25 15:11:08.763827 np0000008087 devstack@n-api-meta.service[96292]: DEBUG oslo_concurrency.lockutils [None req-928c9245-6ee2-4ac2-8be1-c6df58275a40 None None] Acquiring lock "98e19a25-c118-4f8e-8622-b76a83720ec6" by "nova.context.set_target_cell..get_or_set_cached_cell_and_set_connections" {{(pid=96292) inner /opt/stack/data/venv/lib/python3.12/site-packages/oslo_concurrency/lockutils.py:512}}
Aug 25 15:11:08.763952 np0000008087 devstack@n-api-meta.service[96290]: DEBUG oslo_concurrency.lockutils [None req-998cdb1b-5c06-4253-a8a5-391cd4654ed8 None None] Lock "98e19a25-c118-4f8e-8622-b76a83720ec6" "released" by "nova.context.set_target_cell..get_or_set_cached_cell_and_set_connections" :: held 0.001s {{(pid=96290) inner /opt/stack/data/venv/lib/python3.12/site-packages/oslo_concurrency/lockutils.py:544}}
Aug 25 15:11:08.763992 np0000008087 devstack@n-api-meta.service[96292]: DEBUG oslo_concurrency.lockutils [None req-928c9245-6ee2-4ac2-8be1-c6df58275a40 None None] Lock "98e19a25-c118-4f8e-8622-b76a83720ec6" acquired by "nova.context.set_target_cell..get_or_set_cached_cell_and_set_connections" :: waited 0.000s {{(pid=96292) inner /opt/stack/data/venv/lib/python3.12/site-packages/oslo_concurrency/lockutils.py:525}}
Aug 25 15:11:08.764848 np0000008087 devstack@n-api-meta.service[96292]: DEBUG oslo_concurrency.lockutils [None req-928c9245-6ee2-4ac2-8be1-c6df58275a40 None None] Lock "98e19a25-c118-4f8e-8622-b76a83720ec6" "released" by "nova.context.set_target_cell..get_or_set_cached_cell_and_set_connections" :: held 0.001s {{(pid=96292) inner /opt/stack/data/venv/lib/python3.12/site-packages/oslo_concurrency/lockutils.py:544}}
Aug 25 15:11:08.765681 np0000008087 devstack@n-api-meta.service[96290]: INFO dbcounter [None req-998cdb1b-5c06-4253-a8a5-391cd4654ed8 None None] Registered counter for database nova_cell0
Aug 25 15:11:08.766520 np0000008087 devstack@n-api-meta.service[96292]: INFO dbcounter [None req-928c9245-6ee2-4ac2-8be1-c6df58275a40 None None] Registered counter for database nova_cell0
Aug 25 15:11:08.768509 np0000008087 devstack@n-api-meta.service[96290]: INFO dbcounter [None req-998cdb1b-5c06-4253-a8a5-391cd4654ed8 None None] Registered counter for database nova_cell1
Aug 25 15:11:08.769729 np0000008087 devstack@n-api-meta.service[96292]: INFO dbcounter [None req-928c9245-6ee2-4ac2-8be1-c6df58275a40 None None] Registered counter for database nova_cell1
Aug 25 15:11:08.771087 np0000008087 devstack@n-api-meta.service[96289]: DEBUG oslo_db.sqlalchemy.engines [None req-c40c63bc-d4db-4e51-a764-c1fbb525993b None None] MySQL server mode set to STRICT_TRANS_TABLES,STRICT_ALL_TABLES,NO_ZERO_IN_DATE,NO_ZERO_DATE,ERROR_FOR_DIVISION_BY_ZERO,TRADITIONAL,NO_ENGINE_SUBSTITUTION {{(pid=96289) _check_effective_sql_mode /opt/stack/data/venv/lib/python3.12/site-packages/oslo_db/sqlalchemy/engines.py:325}}
Aug 25 15:11:08.812057 np0000008087 devstack@n-api-meta.service[96289]: DEBUG dbcounter [-] [96289] Writer thread running {{(pid=96289) stat_writer /opt/stack/data/venv/lib/python3.12/site-packages/dbcounter.py:102}}
Aug 25 15:11:08.813000 np0000008087 devstack@n-api-meta.service[96291]: DEBUG oslo_db.sqlalchemy.engines [None req-8c9f59cf-4e43-4226-be06-9d5f46806eb6 None None] MySQL server mode set to STRICT_TRANS_TABLES,STRICT_ALL_TABLES,NO_ZERO_IN_DATE,NO_ZERO_DATE,ERROR_FOR_DIVISION_BY_ZERO,TRADITIONAL,NO_ENGINE_SUBSTITUTION {{(pid=96291) _check_effective_sql_mode /opt/stack/data/venv/lib/python3.12/site-packages/oslo_db/sqlalchemy/engines.py:325}}
Aug 25 15:11:08.815021 np0000008087 devstack@n-api-meta.service[96289]: DEBUG nova.context [None req-c40c63bc-d4db-4e51-a764-c1fbb525993b None None] Found 2 cells: 00000000-0000-0000-0000-000000000000(cell0),98e19a25-c118-4f8e-8622-b76a83720ec6(cell1) {{(pid=96289) load_cells /opt/stack/nova/nova/context.py:509}}
Aug 25 15:11:08.815432 np0000008087 devstack@n-api-meta.service[96291]: DEBUG oslo_db.sqlalchemy.engines [None req-8c9f59cf-4e43-4226-be06-9d5f46806eb6 None None] MySQL server mode set to STRICT_TRANS_TABLES,STRICT_ALL_TABLES,NO_ZERO_IN_DATE,NO_ZERO_DATE,ERROR_FOR_DIVISION_BY_ZERO,TRADITIONAL,NO_ENGINE_SUBSTITUTION {{(pid=96291) _check_effective_sql_mode /opt/stack/data/venv/lib/python3.12/site-packages/oslo_db/sqlalchemy/engines.py:325}}
Aug 25 15:11:08.817221 np0000008087 devstack@n-api-meta.service[96289]: DEBUG oslo_concurrency.lockutils [None req-c40c63bc-d4db-4e51-a764-c1fbb525993b None None] Acquiring lock "00000000-0000-0000-0000-000000000000" by "nova.context.set_target_cell..get_or_set_cached_cell_and_set_connections" {{(pid=96289) inner /opt/stack/data/venv/lib/python3.12/site-packages/oslo_concurrency/lockutils.py:512}}
Aug 25 15:11:08.817221 np0000008087 devstack@n-api-meta.service[96289]: DEBUG oslo_concurrency.lockutils [None req-c40c63bc-d4db-4e51-a764-c1fbb525993b None None] Lock "00000000-0000-0000-0000-000000000000" acquired by "nova.context.set_target_cell..get_or_set_cached_cell_and_set_connections" :: waited 0.000s {{(pid=96289) inner /opt/stack/data/venv/lib/python3.12/site-packages/oslo_concurrency/lockutils.py:525}}
Aug 25 15:11:08.817935 np0000008087 devstack@n-api-meta.service[96289]: DEBUG oslo_concurrency.lockutils [None req-c40c63bc-d4db-4e51-a764-c1fbb525993b None None] Lock "00000000-0000-0000-0000-000000000000" "released" by "nova.context.set_target_cell..get_or_set_cached_cell_and_set_connections" :: held 0.000s {{(pid=96289) inner /opt/stack/data/venv/lib/python3.12/site-packages/oslo_concurrency/lockutils.py:544}}
Aug 25 15:11:08.818093 np0000008087 devstack@n-api-meta.service[96289]: INFO nova.thread_pool_factory [None req-c40c63bc-d4db-4e51-a764-c1fbb525993b None None] The cell_worker thread pool MainProcess.cell_worker is initialized
Aug 25 15:11:08.818806 np0000008087 devstack@n-api-meta.service[96289]: DEBUG oslo_concurrency.lockutils [None req-c40c63bc-d4db-4e51-a764-c1fbb525993b None None] Acquiring lock "98e19a25-c118-4f8e-8622-b76a83720ec6" by "nova.context.set_target_cell..get_or_set_cached_cell_and_set_connections" {{(pid=96289) inner /opt/stack/data/venv/lib/python3.12/site-packages/oslo_concurrency/lockutils.py:512}}
Aug 25 15:11:08.819017 np0000008087 devstack@n-api-meta.service[96289]: DEBUG oslo_concurrency.lockutils [None req-c40c63bc-d4db-4e51-a764-c1fbb525993b None None] Lock "98e19a25-c118-4f8e-8622-b76a83720ec6" acquired by "nova.context.set_target_cell..get_or_set_cached_cell_and_set_connections" :: waited 0.000s {{(pid=96289) inner /opt/stack/data/venv/lib/python3.12/site-packages/oslo_concurrency/lockutils.py:525}}
Aug 25 15:11:08.820163 np0000008087 devstack@n-api-meta.service[96289]: DEBUG oslo_concurrency.lockutils [None req-c40c63bc-d4db-4e51-a764-c1fbb525993b None None] Lock "98e19a25-c118-4f8e-8622-b76a83720ec6" "released" by "nova.context.set_target_cell..get_or_set_cached_cell_and_set_connections" :: held 0.001s {{(pid=96289) inner /opt/stack/data/venv/lib/python3.12/site-packages/oslo_concurrency/lockutils.py:544}}
Aug 25 15:11:08.820283 np0000008087 devstack@n-api-meta.service[96290]: DEBUG oslo_db.sqlalchemy.engines [None req-998cdb1b-5c06-4253-a8a5-391cd4654ed8 None None] MySQL server mode set to STRICT_TRANS_TABLES,STRICT_ALL_TABLES,NO_ZERO_IN_DATE,NO_ZERO_DATE,ERROR_FOR_DIVISION_BY_ZERO,TRADITIONAL,NO_ENGINE_SUBSTITUTION {{(pid=96290) _check_effective_sql_mode /opt/stack/data/venv/lib/python3.12/site-packages/oslo_db/sqlalchemy/engines.py:325}}
Aug 25 15:11:08.824001 np0000008087 devstack@n-api-meta.service[96292]: DEBUG oslo_db.sqlalchemy.engines [None req-928c9245-6ee2-4ac2-8be1-c6df58275a40 None None] MySQL server mode set to STRICT_TRANS_TABLES,STRICT_ALL_TABLES,NO_ZERO_IN_DATE,NO_ZERO_DATE,ERROR_FOR_DIVISION_BY_ZERO,TRADITIONAL,NO_ENGINE_SUBSTITUTION {{(pid=96292) _check_effective_sql_mode /opt/stack/data/venv/lib/python3.12/site-packages/oslo_db/sqlalchemy/engines.py:325}}
Aug 25 15:11:08.826645 np0000008087 devstack@n-api-meta.service[96289]: INFO dbcounter [None req-c40c63bc-d4db-4e51-a764-c1fbb525993b None None] Registered counter for database nova_cell0
Aug 25 15:11:08.830064 np0000008087 devstack@n-api-meta.service[96289]: INFO dbcounter [None req-c40c63bc-d4db-4e51-a764-c1fbb525993b None None] Registered counter for database nova_cell1
Aug 25 15:11:08.891291 np0000008087 devstack@n-api-meta.service[96292]: DEBUG oslo_db.sqlalchemy.engines [None req-928c9245-6ee2-4ac2-8be1-c6df58275a40 None None] MySQL server mode set to STRICT_TRANS_TABLES,STRICT_ALL_TABLES,NO_ZERO_IN_DATE,NO_ZERO_DATE,ERROR_FOR_DIVISION_BY_ZERO,TRADITIONAL,NO_ENGINE_SUBSTITUTION {{(pid=96292) _check_effective_sql_mode /opt/stack/data/venv/lib/python3.12/site-packages/oslo_db/sqlalchemy/engines.py:325}}
Aug 25 15:11:08.895077 np0000008087 devstack@n-api-meta.service[96289]: DEBUG oslo_db.sqlalchemy.engines [None req-c40c63bc-d4db-4e51-a764-c1fbb525993b None None] MySQL server mode set to STRICT_TRANS_TABLES,STRICT_ALL_TABLES,NO_ZERO_IN_DATE,NO_ZERO_DATE,ERROR_FOR_DIVISION_BY_ZERO,TRADITIONAL,NO_ENGINE_SUBSTITUTION {{(pid=96289) _check_effective_sql_mode /opt/stack/data/venv/lib/python3.12/site-packages/oslo_db/sqlalchemy/engines.py:325}}
Aug 25 15:11:08.897395 np0000008087 devstack@n-api-meta.service[96289]: DEBUG oslo_db.sqlalchemy.engines [None req-c40c63bc-d4db-4e51-a764-c1fbb525993b None None] MySQL server mode set to STRICT_TRANS_TABLES,STRICT_ALL_TABLES,NO_ZERO_IN_DATE,NO_ZERO_DATE,ERROR_FOR_DIVISION_BY_ZERO,TRADITIONAL,NO_ENGINE_SUBSTITUTION {{(pid=96289) _check_effective_sql_mode /opt/stack/data/venv/lib/python3.12/site-packages/oslo_db/sqlalchemy/engines.py:325}}
Aug 25 15:11:08.914036 np0000008087 devstack@n-api-meta.service[96290]: DEBUG dbcounter [-] [96290] Writer thread running {{(pid=96290) stat_writer /opt/stack/data/venv/lib/python3.12/site-packages/dbcounter.py:102}}
Aug 25 15:11:08.922053 np0000008087 devstack@n-api-meta.service[96290]: DEBUG oslo_db.sqlalchemy.engines [None req-998cdb1b-5c06-4253-a8a5-391cd4654ed8 None None] MySQL server mode set to STRICT_TRANS_TABLES,STRICT_ALL_TABLES,NO_ZERO_IN_DATE,NO_ZERO_DATE,ERROR_FOR_DIVISION_BY_ZERO,TRADITIONAL,NO_ENGINE_SUBSTITUTION {{(pid=96290) _check_effective_sql_mode /opt/stack/data/venv/lib/python3.12/site-packages/oslo_db/sqlalchemy/engines.py:325}}
Aug 25 15:11:08.923329 np0000008087 devstack@n-api-meta.service[96291]: DEBUG dbcounter [-] [96291] Writer thread running {{(pid=96291) stat_writer /opt/stack/data/venv/lib/python3.12/site-packages/dbcounter.py:102}}
Aug 25 15:11:08.923954 np0000008087 devstack@n-api-meta.service[96291]: DEBUG dbcounter [-] [96291] Writer thread running {{(pid=96291) stat_writer /opt/stack/data/venv/lib/python3.12/site-packages/dbcounter.py:102}}
Aug 25 15:11:08.925380 np0000008087 devstack@n-api-meta.service[96292]: DEBUG dbcounter [-] [96292] Writer thread running {{(pid=96292) stat_writer /opt/stack/data/venv/lib/python3.12/site-packages/dbcounter.py:102}}
Aug 25 15:11:08.928453 np0000008087 devstack@n-api-meta.service[96291]: INFO dbcounter [None req-8c9f59cf-4e43-4226-be06-9d5f46806eb6 None None] Registered counter for database nova_cell0
Aug 25 15:11:08.948777 np0000008087 devstack@n-api-meta.service[96292]: DEBUG dbcounter [-] [96292] Writer thread running {{(pid=96292) stat_writer /opt/stack/data/venv/lib/python3.12/site-packages/dbcounter.py:102}}
Aug 25 15:11:08.949571 np0000008087 devstack@n-api-meta.service[96290]: DEBUG dbcounter [-] [96290] Writer thread running {{(pid=96290) stat_writer /opt/stack/data/venv/lib/python3.12/site-packages/dbcounter.py:102}}
Aug 25 15:11:08.949571 np0000008087 devstack@n-api-meta.service[96290]: INFO dbcounter [None req-998cdb1b-5c06-4253-a8a5-391cd4654ed8 None None] Registered counter for database nova_cell0
Aug 25 15:11:08.950100 np0000008087 devstack@n-api-meta.service[96292]: INFO dbcounter [None req-928c9245-6ee2-4ac2-8be1-c6df58275a40 None None] Registered counter for database nova_cell0
Aug 25 15:11:08.981118 np0000008087 devstack@n-api-meta.service[96290]: DEBUG oslo_db.sqlalchemy.engines [None req-998cdb1b-5c06-4253-a8a5-391cd4654ed8 None None] MySQL server mode set to STRICT_TRANS_TABLES,STRICT_ALL_TABLES,NO_ZERO_IN_DATE,NO_ZERO_DATE,ERROR_FOR_DIVISION_BY_ZERO,TRADITIONAL,NO_ENGINE_SUBSTITUTION {{(pid=96290) _check_effective_sql_mode /opt/stack/data/venv/lib/python3.12/site-packages/oslo_db/sqlalchemy/engines.py:325}}
Aug 25 15:11:08.985455 np0000008087 devstack@n-api-meta.service[96291]: DEBUG oslo_db.sqlalchemy.engines [None req-8c9f59cf-4e43-4226-be06-9d5f46806eb6 None None] MySQL server mode set to STRICT_TRANS_TABLES,STRICT_ALL_TABLES,NO_ZERO_IN_DATE,NO_ZERO_DATE,ERROR_FOR_DIVISION_BY_ZERO,TRADITIONAL,NO_ENGINE_SUBSTITUTION {{(pid=96291) _check_effective_sql_mode /opt/stack/data/venv/lib/python3.12/site-packages/oslo_db/sqlalchemy/engines.py:325}}
Aug 25 15:11:08.986188 np0000008087 devstack@n-api-meta.service[96290]: DEBUG dbcounter [-] [96290] Writer thread running {{(pid=96290) stat_writer /opt/stack/data/venv/lib/python3.12/site-packages/dbcounter.py:102}}
Aug 25 15:11:08.989601 np0000008087 devstack@n-api-meta.service[96292]: DEBUG oslo_db.sqlalchemy.engines [None req-928c9245-6ee2-4ac2-8be1-c6df58275a40 None None] MySQL server mode set to STRICT_TRANS_TABLES,STRICT_ALL_TABLES,NO_ZERO_IN_DATE,NO_ZERO_DATE,ERROR_FOR_DIVISION_BY_ZERO,TRADITIONAL,NO_ENGINE_SUBSTITUTION {{(pid=96292) _check_effective_sql_mode /opt/stack/data/venv/lib/python3.12/site-packages/oslo_db/sqlalchemy/engines.py:325}}
Aug 25 15:11:08.994231 np0000008087 devstack@n-api-meta.service[96291]: DEBUG dbcounter [-] [96291] Writer thread running {{(pid=96291) stat_writer /opt/stack/data/venv/lib/python3.12/site-packages/dbcounter.py:102}}
Aug 25 15:11:08.997837 np0000008087 devstack@n-api-meta.service[96292]: DEBUG dbcounter [-] [96292] Writer thread running {{(pid=96292) stat_writer /opt/stack/data/venv/lib/python3.12/site-packages/dbcounter.py:102}}
Aug 25 15:11:09.005753 np0000008087 devstack@n-api-meta.service[96289]: DEBUG dbcounter [-] [96289] Writer thread running {{(pid=96289) stat_writer /opt/stack/data/venv/lib/python3.12/site-packages/dbcounter.py:102}}
Aug 25 15:11:09.006223 np0000008087 devstack@n-api-meta.service[96289]: DEBUG dbcounter [-] [96289] Writer thread running {{(pid=96289) stat_writer /opt/stack/data/venv/lib/python3.12/site-packages/dbcounter.py:102}}
Aug 25 15:11:09.010404 np0000008087 devstack@n-api-meta.service[96289]: INFO dbcounter [None req-c40c63bc-d4db-4e51-a764-c1fbb525993b None None] Registered counter for database nova_cell0
Aug 25 15:11:09.046569 np0000008087 devstack@n-api-meta.service[96289]: DEBUG oslo_db.sqlalchemy.engines [None req-c40c63bc-d4db-4e51-a764-c1fbb525993b None None] MySQL server mode set to STRICT_TRANS_TABLES,STRICT_ALL_TABLES,NO_ZERO_IN_DATE,NO_ZERO_DATE,ERROR_FOR_DIVISION_BY_ZERO,TRADITIONAL,NO_ENGINE_SUBSTITUTION {{(pid=96289) _check_effective_sql_mode /opt/stack/data/venv/lib/python3.12/site-packages/oslo_db/sqlalchemy/engines.py:325}}
Aug 25 15:11:09.065815 np0000008087 devstack@n-api-meta.service[96289]: DEBUG dbcounter [-] [96289] Writer thread running {{(pid=96289) stat_writer /opt/stack/data/venv/lib/python3.12/site-packages/dbcounter.py:102}}
Aug 25 15:11:09.106114 np0000008087 devstack@n-api-meta.service[96290]: WARNING nova.api.metadata.handler [None req-998cdb1b-5c06-4253-a8a5-391cd4654ed8 None None] metadata_proxy_shared_secret is not configured, the metadata information returned by the proxy cannot be trusted
Aug 25 15:11:09.111055 np0000008087 devstack@n-api-meta.service[96290]: DEBUG nova.api.openstack.wsgi_app [None req-998cdb1b-5c06-4253-a8a5-391cd4654ed8 None None] ******************************************************************************** {{(pid=96290) log_opt_values /opt/stack/data/venv/lib/python3.12/site-packages/oslo_config/cfg.py:3533}}
Aug 25 15:11:09.111055 np0000008087 devstack@n-api-meta.service[96290]: DEBUG nova.api.openstack.wsgi_app [None req-998cdb1b-5c06-4253-a8a5-391cd4654ed8 None None] Configuration options gathered from: {{(pid=96290) log_opt_values /opt/stack/data/venv/lib/python3.12/site-packages/oslo_config/cfg.py:3534}}
Aug 25 15:11:09.111055 np0000008087 devstack@n-api-meta.service[96290]: DEBUG nova.api.openstack.wsgi_app [None req-998cdb1b-5c06-4253-a8a5-391cd4654ed8 None None] command line args: [] {{(pid=96290) log_opt_values /opt/stack/data/venv/lib/python3.12/site-packages/oslo_config/cfg.py:3535}}
Aug 25 15:11:09.111055 np0000008087 devstack@n-api-meta.service[96290]: DEBUG nova.api.openstack.wsgi_app [None req-998cdb1b-5c06-4253-a8a5-391cd4654ed8 None None] config files: ['/etc/nova/api-paste.ini', '/etc/nova/nova.conf'] {{(pid=96290) log_opt_values /opt/stack/data/venv/lib/python3.12/site-packages/oslo_config/cfg.py:3536}}
Aug 25 15:11:09.111055 np0000008087 devstack@n-api-meta.service[96290]: DEBUG nova.api.openstack.wsgi_app [None req-998cdb1b-5c06-4253-a8a5-391cd4654ed8 None None] ================================================================================ {{(pid=96290) log_opt_values /opt/stack/data/venv/lib/python3.12/site-packages/oslo_config/cfg.py:3541}}
Aug 25 15:11:09.111055 np0000008087 devstack@n-api-meta.service[96290]: DEBUG nova.api.openstack.wsgi_app [None req-998cdb1b-5c06-4253-a8a5-391cd4654ed8 None None] allow_resize_to_same_host = True {{(pid=96290) log_opt_values /opt/stack/data/venv/lib/python3.12/site-packages/oslo_config/cfg.py:3549}}
Aug 25 15:11:09.111055 np0000008087 devstack@n-api-meta.service[96290]: DEBUG nova.api.openstack.wsgi_app [None req-998cdb1b-5c06-4253-a8a5-391cd4654ed8 None None] arq_binding_timeout = 300 {{(pid=96290) log_opt_values /opt/stack/data/venv/lib/python3.12/site-packages/oslo_config/cfg.py:3549}}
Aug 25 15:11:09.111281 np0000008087 devstack@n-api-meta.service[96290]: DEBUG nova.api.openstack.wsgi_app [None req-998cdb1b-5c06-4253-a8a5-391cd4654ed8 None None] block_device_allocate_retries = 60 {{(pid=96290) log_opt_values /opt/stack/data/venv/lib/python3.12/site-packages/oslo_config/cfg.py:3549}}
Aug 25 15:11:09.111281 np0000008087 devstack@n-api-meta.service[96290]: DEBUG nova.api.openstack.wsgi_app [None req-998cdb1b-5c06-4253-a8a5-391cd4654ed8 None None] block_device_allocate_retries_interval = 3 {{(pid=96290) log_opt_values /opt/stack/data/venv/lib/python3.12/site-packages/oslo_config/cfg.py:3549}}
Aug 25 15:11:09.111281 np0000008087 devstack@n-api-meta.service[96290]: DEBUG nova.api.openstack.wsgi_app [None req-998cdb1b-5c06-4253-a8a5-391cd4654ed8 None None] cell_worker_thread_pool_size = 5 {{(pid=96290) log_opt_values /opt/stack/data/venv/lib/python3.12/site-packages/oslo_config/cfg.py:3549}}
Aug 25 15:11:09.111281 np0000008087 devstack@n-api-meta.service[96290]: DEBUG nova.api.openstack.wsgi_app [None req-998cdb1b-5c06-4253-a8a5-391cd4654ed8 None None] cert = self.pem {{(pid=96290) log_opt_values /opt/stack/data/venv/lib/python3.12/site-packages/oslo_config/cfg.py:3549}}
Aug 25 15:11:09.111281 np0000008087 devstack@n-api-meta.service[96290]: DEBUG nova.api.openstack.wsgi_app [None req-998cdb1b-5c06-4253-a8a5-391cd4654ed8 None None] compute_driver = libvirt.LibvirtDriver {{(pid=96290) log_opt_values /opt/stack/data/venv/lib/python3.12/site-packages/oslo_config/cfg.py:3549}}
Aug 25 15:11:09.111281 np0000008087 devstack@n-api-meta.service[96290]: DEBUG nova.api.openstack.wsgi_app [None req-998cdb1b-5c06-4253-a8a5-391cd4654ed8 None None] compute_monitors = [] {{(pid=96290) log_opt_values /opt/stack/data/venv/lib/python3.12/site-packages/oslo_config/cfg.py:3549}}
Aug 25 15:11:09.111281 np0000008087 devstack@n-api-meta.service[96290]: DEBUG nova.api.openstack.wsgi_app [None req-998cdb1b-5c06-4253-a8a5-391cd4654ed8 None None] concurrency_backend = auto {{(pid=96290) log_opt_values /opt/stack/data/venv/lib/python3.12/site-packages/oslo_config/cfg.py:3549}}
Aug 25 15:11:09.111427 np0000008087 devstack@n-api-meta.service[96290]: DEBUG nova.api.openstack.wsgi_app [None req-998cdb1b-5c06-4253-a8a5-391cd4654ed8 None None] config_dir = [] {{(pid=96290) log_opt_values /opt/stack/data/venv/lib/python3.12/site-packages/oslo_config/cfg.py:3549}}
Aug 25 15:11:09.111427 np0000008087 devstack@n-api-meta.service[96290]: DEBUG nova.api.openstack.wsgi_app [None req-998cdb1b-5c06-4253-a8a5-391cd4654ed8 None None] config_drive_format = iso9660 {{(pid=96290) log_opt_values /opt/stack/data/venv/lib/python3.12/site-packages/oslo_config/cfg.py:3549}}
Aug 25 15:11:09.111427 np0000008087 devstack@n-api-meta.service[96290]: DEBUG nova.api.openstack.wsgi_app [None req-998cdb1b-5c06-4253-a8a5-391cd4654ed8 None None] config_file = ['/etc/nova/api-paste.ini', '/etc/nova/nova.conf'] {{(pid=96290) log_opt_values /opt/stack/data/venv/lib/python3.12/site-packages/oslo_config/cfg.py:3549}}
Aug 25 15:11:09.111427 np0000008087 devstack@n-api-meta.service[96290]: DEBUG nova.api.openstack.wsgi_app [None req-998cdb1b-5c06-4253-a8a5-391cd4654ed8 None None] config_source = [] {{(pid=96290) log_opt_values /opt/stack/data/venv/lib/python3.12/site-packages/oslo_config/cfg.py:3549}}
Aug 25 15:11:09.111427 np0000008087 devstack@n-api-meta.service[96290]: DEBUG nova.api.openstack.wsgi_app [None req-998cdb1b-5c06-4253-a8a5-391cd4654ed8 None None] console_host = np0000008087 {{(pid=96290) log_opt_values /opt/stack/data/venv/lib/python3.12/site-packages/oslo_config/cfg.py:3549}}
Aug 25 15:11:09.111427 np0000008087 devstack@n-api-meta.service[96290]: DEBUG nova.api.openstack.wsgi_app [None req-998cdb1b-5c06-4253-a8a5-391cd4654ed8 None None] control_exchange = nova {{(pid=96290) log_opt_values /opt/stack/data/venv/lib/python3.12/site-packages/oslo_config/cfg.py:3549}}
Aug 25 15:11:09.111427 np0000008087 devstack@n-api-meta.service[96290]: DEBUG nova.api.openstack.wsgi_app [None req-998cdb1b-5c06-4253-a8a5-391cd4654ed8 None None] cpu_allocation_ratio = None {{(pid=96290) log_opt_values /opt/stack/data/venv/lib/python3.12/site-packages/oslo_config/cfg.py:3549}}
Aug 25 15:11:09.111593 np0000008087 devstack@n-api-meta.service[96290]: DEBUG nova.api.openstack.wsgi_app [None req-998cdb1b-5c06-4253-a8a5-391cd4654ed8 None None] daemon = False {{(pid=96290) log_opt_values /opt/stack/data/venv/lib/python3.12/site-packages/oslo_config/cfg.py:3549}}
Aug 25 15:11:09.111593 np0000008087 devstack@n-api-meta.service[96290]: DEBUG nova.api.openstack.wsgi_app [None req-998cdb1b-5c06-4253-a8a5-391cd4654ed8 None None] debug = True {{(pid=96290) log_opt_values /opt/stack/data/venv/lib/python3.12/site-packages/oslo_config/cfg.py:3549}}
Aug 25 15:11:09.111593 np0000008087 devstack@n-api-meta.service[96290]: DEBUG nova.api.openstack.wsgi_app [None req-998cdb1b-5c06-4253-a8a5-391cd4654ed8 None None] default_access_ip_network_name = None {{(pid=96290) log_opt_values /opt/stack/data/venv/lib/python3.12/site-packages/oslo_config/cfg.py:3549}}
Aug 25 15:11:09.111593 np0000008087 devstack@n-api-meta.service[96290]: DEBUG nova.api.openstack.wsgi_app [None req-998cdb1b-5c06-4253-a8a5-391cd4654ed8 None None] default_availability_zone = nova {{(pid=96290) log_opt_values /opt/stack/data/venv/lib/python3.12/site-packages/oslo_config/cfg.py:3549}}
Aug 25 15:11:09.111670 np0000008087 devstack@n-api-meta.service[96290]: DEBUG nova.api.openstack.wsgi_app [None req-998cdb1b-5c06-4253-a8a5-391cd4654ed8 None None] default_ephemeral_format = ext4 {{(pid=96290) log_opt_values /opt/stack/data/venv/lib/python3.12/site-packages/oslo_config/cfg.py:3549}}
Aug 25 15:11:09.111798 np0000008087 devstack@n-api-meta.service[96290]: DEBUG nova.api.openstack.wsgi_app [None req-998cdb1b-5c06-4253-a8a5-391cd4654ed8 None None] default_green_pool_size = 1000 {{(pid=96290) log_opt_values /opt/stack/data/venv/lib/python3.12/site-packages/oslo_config/cfg.py:3549}}
Aug 25 15:11:09.111993 np0000008087 devstack@n-api-meta.service[96290]: DEBUG nova.api.openstack.wsgi_app [None req-998cdb1b-5c06-4253-a8a5-391cd4654ed8 None None] default_log_levels = ['amqp=WARN', 'boto=WARN', 'sqlalchemy=WARN', 'suds=INFO', 'oslo.messaging=INFO', 'oslo_messaging=INFO', 'iso8601=WARN', 'requests.packages.urllib3.connectionpool=WARN', 'urllib3.connectionpool=WARN', 'websocket=WARN', 'requests.packages.urllib3.util.retry=WARN', 'urllib3.util.retry=WARN', 'keystonemiddleware=WARN', 'routes.middleware=WARN', 'stevedore=WARN', 'taskflow=WARN', 'keystoneauth=WARN', 'oslo.cache=INFO', 'oslo_policy=INFO', 'dogpile.core.dogpile=INFO', 'glanceclient=WARN', 'oslo.privsep.daemon=INFO'] {{(pid=96290) log_opt_values /opt/stack/data/venv/lib/python3.12/site-packages/oslo_config/cfg.py:3549}}
Aug 25 15:11:09.112106 np0000008087 devstack@n-api-meta.service[96290]: DEBUG nova.api.openstack.wsgi_app [None req-998cdb1b-5c06-4253-a8a5-391cd4654ed8 None None] default_schedule_zone = None {{(pid=96290) log_opt_values /opt/stack/data/venv/lib/python3.12/site-packages/oslo_config/cfg.py:3549}}
Aug 25 15:11:09.112269 np0000008087 devstack@n-api-meta.service[96290]: DEBUG nova.api.openstack.wsgi_app [None req-998cdb1b-5c06-4253-a8a5-391cd4654ed8 None None] default_thread_pool_size = 10 {{(pid=96290) log_opt_values /opt/stack/data/venv/lib/python3.12/site-packages/oslo_config/cfg.py:3549}}
Aug 25 15:11:09.112381 np0000008087 devstack@n-api-meta.service[96290]: DEBUG nova.api.openstack.wsgi_app [None req-998cdb1b-5c06-4253-a8a5-391cd4654ed8 None None] disk_allocation_ratio = None {{(pid=96290) log_opt_values /opt/stack/data/venv/lib/python3.12/site-packages/oslo_config/cfg.py:3549}}
Aug 25 15:11:09.112515 np0000008087 devstack@n-api-meta.service[96290]: DEBUG nova.api.openstack.wsgi_app [None req-998cdb1b-5c06-4253-a8a5-391cd4654ed8 None None] enable_new_services = True {{(pid=96290) log_opt_values /opt/stack/data/venv/lib/python3.12/site-packages/oslo_config/cfg.py:3549}}
Aug 25 15:11:09.112627 np0000008087 devstack@n-api-meta.service[96290]: DEBUG nova.api.openstack.wsgi_app [None req-998cdb1b-5c06-4253-a8a5-391cd4654ed8 None None] flat_injected = False {{(pid=96290) log_opt_values /opt/stack/data/venv/lib/python3.12/site-packages/oslo_config/cfg.py:3549}}
Aug 25 15:11:09.112743 np0000008087 devstack@n-api-meta.service[96290]: DEBUG nova.api.openstack.wsgi_app [None req-998cdb1b-5c06-4253-a8a5-391cd4654ed8 None None] force_config_drive = True {{(pid=96290) log_opt_values /opt/stack/data/venv/lib/python3.12/site-packages/oslo_config/cfg.py:3549}}
Aug 25 15:11:09.112878 np0000008087 devstack@n-api-meta.service[96290]: DEBUG nova.api.openstack.wsgi_app [None req-998cdb1b-5c06-4253-a8a5-391cd4654ed8 None None] force_raw_images = True {{(pid=96290) log_opt_values /opt/stack/data/venv/lib/python3.12/site-packages/oslo_config/cfg.py:3549}}
Aug 25 15:11:09.112986 np0000008087 devstack@n-api-meta.service[96290]: DEBUG nova.api.openstack.wsgi_app [None req-998cdb1b-5c06-4253-a8a5-391cd4654ed8 None None] graceful_shutdown_timeout = 5 {{(pid=96290) log_opt_values /opt/stack/data/venv/lib/python3.12/site-packages/oslo_config/cfg.py:3549}}
Aug 25 15:11:09.113102 np0000008087 devstack@n-api-meta.service[96290]: DEBUG nova.api.openstack.wsgi_app [None req-998cdb1b-5c06-4253-a8a5-391cd4654ed8 None None] heal_instance_info_cache_interval = -1 {{(pid=96290) log_opt_values /opt/stack/data/venv/lib/python3.12/site-packages/oslo_config/cfg.py:3549}}
Aug 25 15:11:09.113285 np0000008087 devstack@n-api-meta.service[96290]: DEBUG nova.api.openstack.wsgi_app [None req-998cdb1b-5c06-4253-a8a5-391cd4654ed8 None None] host = np0000008087 {{(pid=96290) log_opt_values /opt/stack/data/venv/lib/python3.12/site-packages/oslo_config/cfg.py:3549}}
Aug 25 15:11:09.113406 np0000008087 devstack@n-api-meta.service[96290]: DEBUG nova.api.openstack.wsgi_app [None req-998cdb1b-5c06-4253-a8a5-391cd4654ed8 None None] initial_cpu_allocation_ratio = 4.0 {{(pid=96290) log_opt_values /opt/stack/data/venv/lib/python3.12/site-packages/oslo_config/cfg.py:3549}}
Aug 25 15:11:09.113536 np0000008087 devstack@n-api-meta.service[96290]: DEBUG nova.api.openstack.wsgi_app [None req-998cdb1b-5c06-4253-a8a5-391cd4654ed8 None None] initial_disk_allocation_ratio = 1.0 {{(pid=96290) log_opt_values /opt/stack/data/venv/lib/python3.12/site-packages/oslo_config/cfg.py:3549}}
Aug 25 15:11:09.113654 np0000008087 devstack@n-api-meta.service[96290]: DEBUG nova.api.openstack.wsgi_app [None req-998cdb1b-5c06-4253-a8a5-391cd4654ed8 None None] initial_ram_allocation_ratio = 1.0 {{(pid=96290) log_opt_values /opt/stack/data/venv/lib/python3.12/site-packages/oslo_config/cfg.py:3549}}
Aug 25 15:11:09.113816 np0000008087 devstack@n-api-meta.service[96290]: DEBUG nova.api.openstack.wsgi_app [None req-998cdb1b-5c06-4253-a8a5-391cd4654ed8 None None] injected_network_template = /opt/stack/nova/nova/virt/interfaces.template {{(pid=96290) log_opt_values /opt/stack/data/venv/lib/python3.12/site-packages/oslo_config/cfg.py:3549}}
Aug 25 15:11:09.113938 np0000008087 devstack@n-api-meta.service[96290]: DEBUG nova.api.openstack.wsgi_app [None req-998cdb1b-5c06-4253-a8a5-391cd4654ed8 None None] instance_build_timeout = 0 {{(pid=96290) log_opt_values /opt/stack/data/venv/lib/python3.12/site-packages/oslo_config/cfg.py:3549}}
Aug 25 15:11:09.114052 np0000008087 devstack@n-api-meta.service[96290]: DEBUG nova.api.openstack.wsgi_app [None req-998cdb1b-5c06-4253-a8a5-391cd4654ed8 None None] instance_delete_interval = 300 {{(pid=96290) log_opt_values /opt/stack/data/venv/lib/python3.12/site-packages/oslo_config/cfg.py:3549}}
Aug 25 15:11:09.114171 np0000008087 devstack@n-api-meta.service[96290]: DEBUG nova.api.openstack.wsgi_app [None req-998cdb1b-5c06-4253-a8a5-391cd4654ed8 None None] instance_format = [instance: %(uuid)s] {{(pid=96290) log_opt_values /opt/stack/data/venv/lib/python3.12/site-packages/oslo_config/cfg.py:3549}}
Aug 25 15:11:09.114283 np0000008087 devstack@n-api-meta.service[96290]: DEBUG nova.api.openstack.wsgi_app [None req-998cdb1b-5c06-4253-a8a5-391cd4654ed8 None None] instance_name_template = instance-%08x {{(pid=96290) log_opt_values /opt/stack/data/venv/lib/python3.12/site-packages/oslo_config/cfg.py:3549}}
Aug 25 15:11:09.114393 np0000008087 devstack@n-api-meta.service[96290]: DEBUG nova.api.openstack.wsgi_app [None req-998cdb1b-5c06-4253-a8a5-391cd4654ed8 None None] instance_usage_audit = False {{(pid=96290) log_opt_values /opt/stack/data/venv/lib/python3.12/site-packages/oslo_config/cfg.py:3549}}
Aug 25 15:11:09.114548 np0000008087 devstack@n-api-meta.service[96290]: DEBUG nova.api.openstack.wsgi_app [None req-998cdb1b-5c06-4253-a8a5-391cd4654ed8 None None] instance_usage_audit_period = month {{(pid=96290) log_opt_values /opt/stack/data/venv/lib/python3.12/site-packages/oslo_config/cfg.py:3549}}
Aug 25 15:11:09.114721 np0000008087 devstack@n-api-meta.service[96290]: DEBUG nova.api.openstack.wsgi_app [None req-998cdb1b-5c06-4253-a8a5-391cd4654ed8 None None] instance_uuid_format = [instance: %(uuid)s] {{(pid=96290) log_opt_values /opt/stack/data/venv/lib/python3.12/site-packages/oslo_config/cfg.py:3549}}
Aug 25 15:11:09.114841 np0000008087 devstack@n-api-meta.service[96290]: DEBUG nova.api.openstack.wsgi_app [None req-998cdb1b-5c06-4253-a8a5-391cd4654ed8 None None] instances_path = /opt/stack/data/nova/instances {{(pid=96290) log_opt_values /opt/stack/data/venv/lib/python3.12/site-packages/oslo_config/cfg.py:3549}}
Aug 25 15:11:09.115047 np0000008087 devstack@n-api-meta.service[96290]: DEBUG nova.api.openstack.wsgi_app [None req-998cdb1b-5c06-4253-a8a5-391cd4654ed8 None None] internal_service_availability_zone = internal {{(pid=96290) log_opt_values /opt/stack/data/venv/lib/python3.12/site-packages/oslo_config/cfg.py:3549}}
Aug 25 15:11:09.115233 np0000008087 devstack@n-api-meta.service[96290]: DEBUG nova.api.openstack.wsgi_app [None req-998cdb1b-5c06-4253-a8a5-391cd4654ed8 None None] key = None {{(pid=96290) log_opt_values /opt/stack/data/venv/lib/python3.12/site-packages/oslo_config/cfg.py:3549}}
Aug 25 15:11:09.115354 np0000008087 devstack@n-api-meta.service[96290]: DEBUG nova.api.openstack.wsgi_app [None req-998cdb1b-5c06-4253-a8a5-391cd4654ed8 None None] live_migration_retry_count = 30 {{(pid=96290) log_opt_values /opt/stack/data/venv/lib/python3.12/site-packages/oslo_config/cfg.py:3549}}
Aug 25 15:11:09.115491 np0000008087 devstack@n-api-meta.service[96290]: DEBUG nova.api.openstack.wsgi_app [None req-998cdb1b-5c06-4253-a8a5-391cd4654ed8 None None] log_color = False {{(pid=96290) log_opt_values /opt/stack/data/venv/lib/python3.12/site-packages/oslo_config/cfg.py:3549}}
Aug 25 15:11:09.115616 np0000008087 devstack@n-api-meta.service[96290]: DEBUG nova.api.openstack.wsgi_app [None req-998cdb1b-5c06-4253-a8a5-391cd4654ed8 None None] log_config_append = None {{(pid=96290) log_opt_values /opt/stack/data/venv/lib/python3.12/site-packages/oslo_config/cfg.py:3549}}
Aug 25 15:11:09.115736 np0000008087 devstack@n-api-meta.service[96290]: DEBUG nova.api.openstack.wsgi_app [None req-998cdb1b-5c06-4253-a8a5-391cd4654ed8 None None] log_date_format = %Y-%m-%d %H:%M:%S {{(pid=96290) log_opt_values /opt/stack/data/venv/lib/python3.12/site-packages/oslo_config/cfg.py:3549}}
Aug 25 15:11:09.115858 np0000008087 devstack@n-api-meta.service[96290]: DEBUG nova.api.openstack.wsgi_app [None req-998cdb1b-5c06-4253-a8a5-391cd4654ed8 None None] log_dir = None {{(pid=96290) log_opt_values /opt/stack/data/venv/lib/python3.12/site-packages/oslo_config/cfg.py:3549}}
Aug 25 15:11:09.115973 np0000008087 devstack@n-api-meta.service[96290]: DEBUG nova.api.openstack.wsgi_app [None req-998cdb1b-5c06-4253-a8a5-391cd4654ed8 None None] log_file = None {{(pid=96290) log_opt_values /opt/stack/data/venv/lib/python3.12/site-packages/oslo_config/cfg.py:3549}}
Aug 25 15:11:09.116062 np0000008087 devstack@n-api-meta.service[96290]: DEBUG nova.api.openstack.wsgi_app [None req-998cdb1b-5c06-4253-a8a5-391cd4654ed8 None None] log_options = True {{(pid=96290) log_opt_values /opt/stack/data/venv/lib/python3.12/site-packages/oslo_config/cfg.py:3549}}
Aug 25 15:11:09.116189 np0000008087 devstack@n-api-meta.service[96290]: DEBUG nova.api.openstack.wsgi_app [None req-998cdb1b-5c06-4253-a8a5-391cd4654ed8 None None] log_rotate_interval = 1 {{(pid=96290) log_opt_values /opt/stack/data/venv/lib/python3.12/site-packages/oslo_config/cfg.py:3549}}
Aug 25 15:11:09.116316 np0000008087 devstack@n-api-meta.service[96290]: DEBUG nova.api.openstack.wsgi_app [None req-998cdb1b-5c06-4253-a8a5-391cd4654ed8 None None] log_rotate_interval_type = days {{(pid=96290) log_opt_values /opt/stack/data/venv/lib/python3.12/site-packages/oslo_config/cfg.py:3549}}
Aug 25 15:11:09.116545 np0000008087 devstack@n-api-meta.service[96290]: DEBUG nova.api.openstack.wsgi_app [None req-998cdb1b-5c06-4253-a8a5-391cd4654ed8 None None] log_rotation_type = none {{(pid=96290) log_opt_values /opt/stack/data/venv/lib/python3.12/site-packages/oslo_config/cfg.py:3549}}
Aug 25 15:11:09.116681 np0000008087 devstack@n-api-meta.service[96290]: DEBUG nova.api.openstack.wsgi_app [None req-998cdb1b-5c06-4253-a8a5-391cd4654ed8 None None] logging_context_format_string = %(color)s%(levelname)s %(name)s [%(global_request_id)s %(request_id)s %(project_name)s %(user_name)s%(color)s] %(instance)s%(color)s%(message)s {{(pid=96290) log_opt_values /opt/stack/data/venv/lib/python3.12/site-packages/oslo_config/cfg.py:3549}}
