Aug 25 15:11:08.956549 np0000008087 nova-scheduler[96889]: DEBUG cotyledon.oslo_config_glue [-] workarounds.disable_group_policy_check_upcall = False {{(pid=96889) log_opt_values /opt/stack/data/venv/lib/python3.12/site-packages/oslo_config/cfg.py:3560}}
Aug 25 15:11:08.956549 np0000008087 nova-scheduler[96889]: DEBUG cotyledon.oslo_config_glue [-] workarounds.disable_libvirt_livesnapshot = False {{(pid=96889) log_opt_values /opt/stack/data/venv/lib/python3.12/site-packages/oslo_config/cfg.py:3560}}
Aug 25 15:11:08.956549 np0000008087 nova-scheduler[96889]: DEBUG cotyledon.oslo_config_glue [-] workarounds.disable_rootwrap = False {{(pid=96889) log_opt_values /opt/stack/data/venv/lib/python3.12/site-packages/oslo_config/cfg.py:3560}}
Aug 25 15:11:08.956549 np0000008087 nova-scheduler[96889]: DEBUG cotyledon.oslo_config_glue [-] workarounds.enable_numa_live_migration = False {{(pid=96889) log_opt_values /opt/stack/data/venv/lib/python3.12/site-packages/oslo_config/cfg.py:3560}}
Aug 25 15:11:08.956549 np0000008087 nova-scheduler[96889]: DEBUG cotyledon.oslo_config_glue [-] workarounds.enable_qemu_monitor_announce_self = False {{(pid=96889) log_opt_values /opt/stack/data/venv/lib/python3.12/site-packages/oslo_config/cfg.py:3560}}
Aug 25 15:11:08.956549 np0000008087 nova-scheduler[96889]: DEBUG cotyledon.oslo_config_glue [-] workarounds.ensure_libvirt_rbd_instance_dir_cleanup = False {{(pid=96889) log_opt_values /opt/stack/data/venv/lib/python3.12/site-packages/oslo_config/cfg.py:3560}}
Aug 25 15:11:08.956549 np0000008087 nova-scheduler[96889]: DEBUG cotyledon.oslo_config_glue [-] workarounds.handle_virt_lifecycle_events = True {{(pid=96889) log_opt_values /opt/stack/data/venv/lib/python3.12/site-packages/oslo_config/cfg.py:3560}}
Aug 25 15:11:08.956807 np0000008087 nova-scheduler[96889]: DEBUG cotyledon.oslo_config_glue [-] workarounds.libvirt_disable_apic = False {{(pid=96889) log_opt_values /opt/stack/data/venv/lib/python3.12/site-packages/oslo_config/cfg.py:3560}}
Aug 25 15:11:08.956807 np0000008087 nova-scheduler[96889]: DEBUG cotyledon.oslo_config_glue [-] workarounds.never_download_image_if_on_rbd = False {{(pid=96889) log_opt_values /opt/stack/data/venv/lib/python3.12/site-packages/oslo_config/cfg.py:3560}}
Aug 25 15:11:08.956807 np0000008087 nova-scheduler[96889]: DEBUG cotyledon.oslo_config_glue [-] workarounds.qemu_monitor_announce_self_count = 3 {{(pid=96889) log_opt_values /opt/stack/data/venv/lib/python3.12/site-packages/oslo_config/cfg.py:3560}}
Aug 25 15:11:08.956807 np0000008087 nova-scheduler[96889]: DEBUG cotyledon.oslo_config_glue [-] workarounds.qemu_monitor_announce_self_interval = 1 {{(pid=96889) log_opt_values /opt/stack/data/venv/lib/python3.12/site-packages/oslo_config/cfg.py:3560}}
Aug 25 15:11:08.956807 np0000008087 nova-scheduler[96889]: DEBUG cotyledon.oslo_config_glue [-] workarounds.reserve_disk_resource_for_image_cache = False {{(pid=96889) log_opt_values /opt/stack/data/venv/lib/python3.12/site-packages/oslo_config/cfg.py:3560}}
Aug 25 15:11:08.956807 np0000008087 nova-scheduler[96889]: DEBUG cotyledon.oslo_config_glue [-] workarounds.skip_cpu_compare_at_startup = False {{(pid=96889) log_opt_values /opt/stack/data/venv/lib/python3.12/site-packages/oslo_config/cfg.py:3560}}
Aug 25 15:11:08.956807 np0000008087 nova-scheduler[96889]: DEBUG cotyledon.oslo_config_glue [-] workarounds.skip_cpu_compare_on_dest = False {{(pid=96889) log_opt_values /opt/stack/data/venv/lib/python3.12/site-packages/oslo_config/cfg.py:3560}}
Aug 25 15:11:08.956807 np0000008087 nova-scheduler[96889]: DEBUG cotyledon.oslo_config_glue [-] workarounds.skip_hypervisor_version_check_on_lm = False {{(pid=96889) log_opt_values /opt/stack/data/venv/lib/python3.12/site-packages/oslo_config/cfg.py:3560}}
Aug 25 15:11:08.956807 np0000008087 nova-scheduler[96889]: DEBUG cotyledon.oslo_config_glue [-] workarounds.skip_reserve_in_use_ironic_nodes = False {{(pid=96889) log_opt_values /opt/stack/data/venv/lib/python3.12/site-packages/oslo_config/cfg.py:3560}}
Aug 25 15:11:08.957079 np0000008087 nova-scheduler[96889]: DEBUG cotyledon.oslo_config_glue [-] workarounds.unified_limits_count_pcpu_as_vcpu = False {{(pid=96889) log_opt_values /opt/stack/data/venv/lib/python3.12/site-packages/oslo_config/cfg.py:3560}}
Aug 25 15:11:08.957079 np0000008087 nova-scheduler[96889]: DEBUG cotyledon.oslo_config_glue [-] workarounds.wait_for_vif_plugged_event_during_hard_reboot = [] {{(pid=96889) log_opt_values /opt/stack/data/venv/lib/python3.12/site-packages/oslo_config/cfg.py:3560}}
Aug 25 15:11:08.957079 np0000008087 nova-scheduler[96889]: DEBUG cotyledon.oslo_config_glue [-] wsgi.api_paste_config = /etc/nova/api-paste.ini {{(pid=96889) log_opt_values /opt/stack/data/venv/lib/python3.12/site-packages/oslo_config/cfg.py:3560}}
Aug 25 15:11:08.957079 np0000008087 nova-scheduler[96889]: DEBUG cotyledon.oslo_config_glue [-] wsgi.secure_proxy_ssl_header = None {{(pid=96889) log_opt_values /opt/stack/data/venv/lib/python3.12/site-packages/oslo_config/cfg.py:3560}}
Aug 25 15:11:08.957079 np0000008087 nova-scheduler[96889]: DEBUG cotyledon.oslo_config_glue [-] zvm.ca_file = None {{(pid=96889) log_opt_values /opt/stack/data/venv/lib/python3.12/site-packages/oslo_config/cfg.py:3560}}
Aug 25 15:11:08.957079 np0000008087 nova-scheduler[96889]: DEBUG cotyledon.oslo_config_glue [-] zvm.cloud_connector_url = None {{(pid=96889) log_opt_values /opt/stack/data/venv/lib/python3.12/site-packages/oslo_config/cfg.py:3560}}
Aug 25 15:11:08.957079 np0000008087 nova-scheduler[96889]: DEBUG cotyledon.oslo_config_glue [-] zvm.image_tmp_path = /opt/stack/data/nova/images {{(pid=96889) log_opt_values /opt/stack/data/venv/lib/python3.12/site-packages/oslo_config/cfg.py:3560}}
Aug 25 15:11:08.957079 np0000008087 nova-scheduler[96889]: DEBUG cotyledon.oslo_config_glue [-] zvm.reachable_timeout = 300 {{(pid=96889) log_opt_values /opt/stack/data/venv/lib/python3.12/site-packages/oslo_config/cfg.py:3560}}
Aug 25 15:11:08.957079 np0000008087 nova-scheduler[96889]: DEBUG cotyledon.oslo_config_glue [-] oslo_versionedobjects.fatal_exception_format_errors = False {{(pid=96889) log_opt_values /opt/stack/data/venv/lib/python3.12/site-packages/oslo_config/cfg.py:3560}}
Aug 25 15:11:08.957347 np0000008087 nova-scheduler[96889]: DEBUG cotyledon.oslo_config_glue [-] oslo_middleware.http_basic_auth_user_file = /etc/htpasswd {{(pid=96889) log_opt_values /opt/stack/data/venv/lib/python3.12/site-packages/oslo_config/cfg.py:3560}}
Aug 25 15:11:08.957347 np0000008087 nova-scheduler[96889]: DEBUG cotyledon.oslo_config_glue [-] oslo_messaging_metrics.metrics_buffer_size = 1000 {{(pid=96889) log_opt_values /opt/stack/data/venv/lib/python3.12/site-packages/oslo_config/cfg.py:3560}}
Aug 25 15:11:08.957347 np0000008087 nova-scheduler[96889]: DEBUG cotyledon.oslo_config_glue [-] oslo_messaging_metrics.metrics_enabled = False {{(pid=96889) log_opt_values /opt/stack/data/venv/lib/python3.12/site-packages/oslo_config/cfg.py:3560}}
Aug 25 15:11:08.957347 np0000008087 nova-scheduler[96889]: DEBUG cotyledon.oslo_config_glue [-] oslo_messaging_metrics.metrics_process_name = {{(pid=96889) log_opt_values /opt/stack/data/venv/lib/python3.12/site-packages/oslo_config/cfg.py:3560}}
Aug 25 15:11:08.957347 np0000008087 nova-scheduler[96889]: DEBUG cotyledon.oslo_config_glue [-] oslo_messaging_metrics.metrics_socket_file = /var/tmp/metrics_collector.sock {{(pid=96889) log_opt_values /opt/stack/data/venv/lib/python3.12/site-packages/oslo_config/cfg.py:3560}}
Aug 25 15:11:08.957347 np0000008087 nova-scheduler[96889]: DEBUG cotyledon.oslo_config_glue [-] oslo_messaging_metrics.metrics_thread_stop_timeout = 10 {{(pid=96889) log_opt_values /opt/stack/data/venv/lib/python3.12/site-packages/oslo_config/cfg.py:3560}}
Aug 25 15:11:08.957347 np0000008087 nova-scheduler[96889]: DEBUG cotyledon.oslo_config_glue [-] profiler.connection_string = messaging:// {{(pid=96889) log_opt_values /opt/stack/data/venv/lib/python3.12/site-packages/oslo_config/cfg.py:3560}}
Aug 25 15:11:08.957347 np0000008087 nova-scheduler[96889]: DEBUG cotyledon.oslo_config_glue [-] profiler.enabled = False {{(pid=96889) log_opt_values /opt/stack/data/venv/lib/python3.12/site-packages/oslo_config/cfg.py:3560}}
Aug 25 15:11:08.957347 np0000008087 nova-scheduler[96889]: DEBUG cotyledon.oslo_config_glue [-] profiler.es_doc_type = notification {{(pid=96889) log_opt_values /opt/stack/data/venv/lib/python3.12/site-packages/oslo_config/cfg.py:3560}}
Aug 25 15:11:08.957624 np0000008087 nova-scheduler[96889]: DEBUG cotyledon.oslo_config_glue [-] profiler.es_scroll_size = 10000 {{(pid=96889) log_opt_values /opt/stack/data/venv/lib/python3.12/site-packages/oslo_config/cfg.py:3560}}
Aug 25 15:11:08.957624 np0000008087 nova-scheduler[96889]: DEBUG cotyledon.oslo_config_glue [-] profiler.es_scroll_time = 2m {{(pid=96889) log_opt_values /opt/stack/data/venv/lib/python3.12/site-packages/oslo_config/cfg.py:3560}}
Aug 25 15:11:08.957624 np0000008087 nova-scheduler[96889]: DEBUG cotyledon.oslo_config_glue [-] profiler.filter_error_trace = False {{(pid=96889) log_opt_values /opt/stack/data/venv/lib/python3.12/site-packages/oslo_config/cfg.py:3560}}
Aug 25 15:11:08.957624 np0000008087 nova-scheduler[96889]: DEBUG cotyledon.oslo_config_glue [-] profiler.hmac_keys = **** {{(pid=96889) log_opt_values /opt/stack/data/venv/lib/python3.12/site-packages/oslo_config/cfg.py:3560}}
Aug 25 15:11:08.957624 np0000008087 nova-scheduler[96889]: DEBUG cotyledon.oslo_config_glue [-] profiler.sentinel_service_name = mymaster {{(pid=96889) log_opt_values /opt/stack/data/venv/lib/python3.12/site-packages/oslo_config/cfg.py:3560}}
Aug 25 15:11:08.957624 np0000008087 nova-scheduler[96889]: DEBUG cotyledon.oslo_config_glue [-] profiler.socket_timeout = 0.1 {{(pid=96889) log_opt_values /opt/stack/data/venv/lib/python3.12/site-packages/oslo_config/cfg.py:3560}}
Aug 25 15:11:08.957624 np0000008087 nova-scheduler[96889]: DEBUG cotyledon.oslo_config_glue [-] profiler.trace_requests = False {{(pid=96889) log_opt_values /opt/stack/data/venv/lib/python3.12/site-packages/oslo_config/cfg.py:3560}}
Aug 25 15:11:08.957624 np0000008087 nova-scheduler[96889]: DEBUG cotyledon.oslo_config_glue [-] profiler.trace_sqlalchemy = False {{(pid=96889) log_opt_values /opt/stack/data/venv/lib/python3.12/site-packages/oslo_config/cfg.py:3560}}
Aug 25 15:11:08.957624 np0000008087 nova-scheduler[96889]: DEBUG cotyledon.oslo_config_glue [-] profiler_jaeger.process_tags = {} {{(pid=96889) log_opt_values /opt/stack/data/venv/lib/python3.12/site-packages/oslo_config/cfg.py:3560}}
Aug 25 15:11:08.957861 np0000008087 nova-scheduler[96889]: DEBUG cotyledon.oslo_config_glue [-] profiler_jaeger.service_name_prefix = None {{(pid=96889) log_opt_values /opt/stack/data/venv/lib/python3.12/site-packages/oslo_config/cfg.py:3560}}
Aug 25 15:11:08.957861 np0000008087 nova-scheduler[96889]: DEBUG cotyledon.oslo_config_glue [-] profiler_otlp.service_name_prefix = None {{(pid=96889) log_opt_values /opt/stack/data/venv/lib/python3.12/site-packages/oslo_config/cfg.py:3560}}
Aug 25 15:11:08.957861 np0000008087 nova-scheduler[96889]: DEBUG cotyledon.oslo_config_glue [-] oslo_messaging_rabbit.amqp_auto_delete = False {{(pid=96889) log_opt_values /opt/stack/data/venv/lib/python3.12/site-packages/oslo_config/cfg.py:3560}}
Aug 25 15:11:08.957861 np0000008087 nova-scheduler[96889]: DEBUG cotyledon.oslo_config_glue [-] oslo_messaging_rabbit.amqp_durable_queues = False {{(pid=96889) log_opt_values /opt/stack/data/venv/lib/python3.12/site-packages/oslo_config/cfg.py:3560}}
Aug 25 15:11:08.957861 np0000008087 nova-scheduler[96889]: DEBUG cotyledon.oslo_config_glue [-] oslo_messaging_rabbit.conn_pool_min_size = 2 {{(pid=96889) log_opt_values /opt/stack/data/venv/lib/python3.12/site-packages/oslo_config/cfg.py:3560}}
Aug 25 15:11:08.957861 np0000008087 nova-scheduler[96889]: DEBUG cotyledon.oslo_config_glue [-] oslo_messaging_rabbit.conn_pool_ttl = 1200 {{(pid=96889) log_opt_values /opt/stack/data/venv/lib/python3.12/site-packages/oslo_config/cfg.py:3560}}
Aug 25 15:11:08.957861 np0000008087 nova-scheduler[96889]: DEBUG cotyledon.oslo_config_glue [-] oslo_messaging_rabbit.direct_mandatory_flag = True {{(pid=96889) log_opt_values /opt/stack/data/venv/lib/python3.12/site-packages/oslo_config/cfg.py:3560}}
Aug 25 15:11:08.957861 np0000008087 nova-scheduler[96889]: DEBUG cotyledon.oslo_config_glue [-] oslo_messaging_rabbit.enable_cancel_on_failover = False {{(pid=96889) log_opt_values /opt/stack/data/venv/lib/python3.12/site-packages/oslo_config/cfg.py:3560}}
Aug 25 15:11:08.957861 np0000008087 nova-scheduler[96889]: DEBUG cotyledon.oslo_config_glue [-] oslo_messaging_rabbit.heartbeat_rate = 3 {{(pid=96889) log_opt_values /opt/stack/data/venv/lib/python3.12/site-packages/oslo_config/cfg.py:3560}}
Aug 25 15:11:08.958148 np0000008087 nova-scheduler[96889]: DEBUG cotyledon.oslo_config_glue [-] oslo_messaging_rabbit.heartbeat_timeout_threshold = 60 {{(pid=96889) log_opt_values /opt/stack/data/venv/lib/python3.12/site-packages/oslo_config/cfg.py:3560}}
Aug 25 15:11:08.958148 np0000008087 nova-scheduler[96889]: DEBUG cotyledon.oslo_config_glue [-] oslo_messaging_rabbit.hostname = np0000008087 {{(pid=96889) log_opt_values /opt/stack/data/venv/lib/python3.12/site-packages/oslo_config/cfg.py:3560}}
Aug 25 15:11:08.958148 np0000008087 nova-scheduler[96889]: DEBUG cotyledon.oslo_config_glue [-] oslo_messaging_rabbit.kombu_compression = None {{(pid=96889) log_opt_values /opt/stack/data/venv/lib/python3.12/site-packages/oslo_config/cfg.py:3560}}
Aug 25 15:11:08.958148 np0000008087 nova-scheduler[96889]: DEBUG cotyledon.oslo_config_glue [-] oslo_messaging_rabbit.kombu_failover_strategy = round-robin {{(pid=96889) log_opt_values /opt/stack/data/venv/lib/python3.12/site-packages/oslo_config/cfg.py:3560}}
Aug 25 15:11:08.958148 np0000008087 nova-scheduler[96889]: DEBUG cotyledon.oslo_config_glue [-] oslo_messaging_rabbit.kombu_missing_consumer_retry_timeout = 60 {{(pid=96889) log_opt_values /opt/stack/data/venv/lib/python3.12/site-packages/oslo_config/cfg.py:3560}}
Aug 25 15:11:08.958148 np0000008087 nova-scheduler[96889]: DEBUG cotyledon.oslo_config_glue [-] oslo_messaging_rabbit.kombu_reconnect_delay = 1.0 {{(pid=96889) log_opt_values /opt/stack/data/venv/lib/python3.12/site-packages/oslo_config/cfg.py:3560}}
Aug 25 15:11:08.958148 np0000008087 nova-scheduler[96889]: DEBUG cotyledon.oslo_config_glue [-] oslo_messaging_rabbit.kombu_reconnect_splay = 0.0 {{(pid=96889) log_opt_values /opt/stack/data/venv/lib/python3.12/site-packages/oslo_config/cfg.py:3560}}
Aug 25 15:11:08.958148 np0000008087 nova-scheduler[96889]: DEBUG cotyledon.oslo_config_glue [-] oslo_messaging_rabbit.processname = nova-scheduler {{(pid=96889) log_opt_values /opt/stack/data/venv/lib/python3.12/site-packages/oslo_config/cfg.py:3560}}
Aug 25 15:11:08.958148 np0000008087 nova-scheduler[96889]: DEBUG cotyledon.oslo_config_glue [-] oslo_messaging_rabbit.rabbit_ha_queues = False {{(pid=96889) log_opt_values /opt/stack/data/venv/lib/python3.12/site-packages/oslo_config/cfg.py:3560}}
Aug 25 15:11:08.958408 np0000008087 nova-scheduler[96889]: DEBUG cotyledon.oslo_config_glue [-] oslo_messaging_rabbit.rabbit_interval_max = 30 {{(pid=96889) log_opt_values /opt/stack/data/venv/lib/python3.12/site-packages/oslo_config/cfg.py:3560}}
Aug 25 15:11:08.958408 np0000008087 nova-scheduler[96889]: DEBUG cotyledon.oslo_config_glue [-] oslo_messaging_rabbit.rabbit_login_method = AMQPLAIN {{(pid=96889) log_opt_values /opt/stack/data/venv/lib/python3.12/site-packages/oslo_config/cfg.py:3560}}
Aug 25 15:11:08.958408 np0000008087 nova-scheduler[96889]: DEBUG cotyledon.oslo_config_glue [-] oslo_messaging_rabbit.rabbit_qos_prefetch_count = 0 {{(pid=96889) log_opt_values /opt/stack/data/venv/lib/python3.12/site-packages/oslo_config/cfg.py:3560}}
Aug 25 15:11:08.958408 np0000008087 nova-scheduler[96889]: DEBUG cotyledon.oslo_config_glue [-] oslo_messaging_rabbit.rabbit_quorum_delivery_limit = 0 {{(pid=96889) log_opt_values /opt/stack/data/venv/lib/python3.12/site-packages/oslo_config/cfg.py:3560}}
Aug 25 15:11:08.958408 np0000008087 nova-scheduler[96889]: DEBUG cotyledon.oslo_config_glue [-] oslo_messaging_rabbit.rabbit_quorum_max_memory_bytes = 0 {{(pid=96889) log_opt_values /opt/stack/data/venv/lib/python3.12/site-packages/oslo_config/cfg.py:3560}}
Aug 25 15:11:08.958408 np0000008087 nova-scheduler[96889]: DEBUG cotyledon.oslo_config_glue [-] oslo_messaging_rabbit.rabbit_quorum_max_memory_length = 0 {{(pid=96889) log_opt_values /opt/stack/data/venv/lib/python3.12/site-packages/oslo_config/cfg.py:3560}}
Aug 25 15:11:08.958408 np0000008087 nova-scheduler[96889]: DEBUG cotyledon.oslo_config_glue [-] oslo_messaging_rabbit.rabbit_quorum_queue = False {{(pid=96889) log_opt_values /opt/stack/data/venv/lib/python3.12/site-packages/oslo_config/cfg.py:3560}}
Aug 25 15:11:08.958408 np0000008087 nova-scheduler[96889]: DEBUG cotyledon.oslo_config_glue [-] oslo_messaging_rabbit.rabbit_retry_backoff = 2 {{(pid=96889) log_opt_values /opt/stack/data/venv/lib/python3.12/site-packages/oslo_config/cfg.py:3560}}
Aug 25 15:11:08.958408 np0000008087 nova-scheduler[96889]: DEBUG cotyledon.oslo_config_glue [-] oslo_messaging_rabbit.rabbit_retry_interval = 1 {{(pid=96889) log_opt_values /opt/stack/data/venv/lib/python3.12/site-packages/oslo_config/cfg.py:3560}}
Aug 25 15:11:08.958701 np0000008087 nova-scheduler[96889]: DEBUG cotyledon.oslo_config_glue [-] oslo_messaging_rabbit.rabbit_stream_fanout = False {{(pid=96889) log_opt_values /opt/stack/data/venv/lib/python3.12/site-packages/oslo_config/cfg.py:3560}}
Aug 25 15:11:08.958701 np0000008087 nova-scheduler[96889]: DEBUG cotyledon.oslo_config_glue [-] oslo_messaging_rabbit.rabbit_transient_queues_ttl = 1800 {{(pid=96889) log_opt_values /opt/stack/data/venv/lib/python3.12/site-packages/oslo_config/cfg.py:3560}}
Aug 25 15:11:08.958701 np0000008087 nova-scheduler[96889]: DEBUG cotyledon.oslo_config_glue [-] oslo_messaging_rabbit.rabbit_transient_quorum_queue = False {{(pid=96889) log_opt_values /opt/stack/data/venv/lib/python3.12/site-packages/oslo_config/cfg.py:3560}}
Aug 25 15:11:08.958701 np0000008087 nova-scheduler[96889]: DEBUG cotyledon.oslo_config_glue [-] oslo_messaging_rabbit.rpc_conn_pool_size = 30 {{(pid=96889) log_opt_values /opt/stack/data/venv/lib/python3.12/site-packages/oslo_config/cfg.py:3560}}
Aug 25 15:11:08.958701 np0000008087 nova-scheduler[96889]: DEBUG cotyledon.oslo_config_glue [-] oslo_messaging_rabbit.ssl = False {{(pid=96889) log_opt_values /opt/stack/data/venv/lib/python3.12/site-packages/oslo_config/cfg.py:3560}}
Aug 25 15:11:08.958701 np0000008087 nova-scheduler[96889]: DEBUG cotyledon.oslo_config_glue [-] oslo_messaging_rabbit.ssl_ca_file = {{(pid=96889) log_opt_values /opt/stack/data/venv/lib/python3.12/site-packages/oslo_config/cfg.py:3560}}
Aug 25 15:11:08.958701 np0000008087 nova-scheduler[96889]: DEBUG cotyledon.oslo_config_glue [-] oslo_messaging_rabbit.ssl_cert_file = {{(pid=96889) log_opt_values /opt/stack/data/venv/lib/python3.12/site-packages/oslo_config/cfg.py:3560}}
Aug 25 15:11:08.958701 np0000008087 nova-scheduler[96889]: DEBUG cotyledon.oslo_config_glue [-] oslo_messaging_rabbit.ssl_enforce_fips_mode = False {{(pid=96889) log_opt_values /opt/stack/data/venv/lib/python3.12/site-packages/oslo_config/cfg.py:3560}}
Aug 25 15:11:08.958701 np0000008087 nova-scheduler[96889]: DEBUG cotyledon.oslo_config_glue [-] oslo_messaging_rabbit.ssl_enforce_hostname_verification = True {{(pid=96889) log_opt_values /opt/stack/data/venv/lib/python3.12/site-packages/oslo_config/cfg.py:3560}}
Aug 25 15:11:08.958922 np0000008087 nova-scheduler[96889]: DEBUG cotyledon.oslo_config_glue [-] oslo_messaging_rabbit.ssl_key_file = {{(pid=96889) log_opt_values /opt/stack/data/venv/lib/python3.12/site-packages/oslo_config/cfg.py:3560}}
Aug 25 15:11:08.958922 np0000008087 nova-scheduler[96889]: DEBUG cotyledon.oslo_config_glue [-] oslo_messaging_rabbit.ssl_version = {{(pid=96889) log_opt_values /opt/stack/data/venv/lib/python3.12/site-packages/oslo_config/cfg.py:3560}}
Aug 25 15:11:08.958922 np0000008087 nova-scheduler[96889]: DEBUG cotyledon.oslo_config_glue [-] oslo_messaging_rabbit.use_queue_manager = False {{(pid=96889) log_opt_values /opt/stack/data/venv/lib/python3.12/site-packages/oslo_config/cfg.py:3560}}
Aug 25 15:11:08.958922 np0000008087 nova-scheduler[96889]: DEBUG cotyledon.oslo_config_glue [-] oslo_messaging_notifications.driver = ['messagingv2'] {{(pid=96889) log_opt_values /opt/stack/data/venv/lib/python3.12/site-packages/oslo_config/cfg.py:3560}}
Aug 25 15:11:08.958922 np0000008087 nova-scheduler[96889]: DEBUG cotyledon.oslo_config_glue [-] oslo_messaging_notifications.retry = -1 {{(pid=96889) log_opt_values /opt/stack/data/venv/lib/python3.12/site-packages/oslo_config/cfg.py:3560}}
Aug 25 15:11:08.958922 np0000008087 nova-scheduler[96889]: DEBUG cotyledon.oslo_config_glue [-] oslo_messaging_notifications.topics = ['notifications'] {{(pid=96889) log_opt_values /opt/stack/data/venv/lib/python3.12/site-packages/oslo_config/cfg.py:3560}}
Aug 25 15:11:08.958922 np0000008087 nova-scheduler[96889]: DEBUG cotyledon.oslo_config_glue [-] oslo_messaging_notifications.transport_url = **** {{(pid=96889) log_opt_values /opt/stack/data/venv/lib/python3.12/site-packages/oslo_config/cfg.py:3560}}
Aug 25 15:11:08.958922 np0000008087 nova-scheduler[96889]: DEBUG cotyledon.oslo_config_glue [-] oslo_limit.auth_section = None {{(pid=96889) log_opt_values /opt/stack/data/venv/lib/python3.12/site-packages/oslo_config/cfg.py:3560}}
Aug 25 15:11:08.958922 np0000008087 nova-scheduler[96889]: DEBUG cotyledon.oslo_config_glue [-] oslo_limit.auth_type = None {{(pid=96889) log_opt_values /opt/stack/data/venv/lib/python3.12/site-packages/oslo_config/cfg.py:3560}}
Aug 25 15:11:08.959112 np0000008087 nova-scheduler[96889]: DEBUG cotyledon.oslo_config_glue [-] oslo_limit.cafile = None {{(pid=96889) log_opt_values /opt/stack/data/venv/lib/python3.12/site-packages/oslo_config/cfg.py:3560}}
Aug 25 15:11:08.959112 np0000008087 nova-scheduler[96889]: DEBUG cotyledon.oslo_config_glue [-] oslo_limit.certfile = None {{(pid=96889) log_opt_values /opt/stack/data/venv/lib/python3.12/site-packages/oslo_config/cfg.py:3560}}
Aug 25 15:11:08.959112 np0000008087 nova-scheduler[96889]: DEBUG cotyledon.oslo_config_glue [-] oslo_limit.collect_timing = False {{(pid=96889) log_opt_values /opt/stack/data/venv/lib/python3.12/site-packages/oslo_config/cfg.py:3560}}
Aug 25 15:11:08.959112 np0000008087 nova-scheduler[96889]: DEBUG cotyledon.oslo_config_glue [-] oslo_limit.connect_retries = None {{(pid=96889) log_opt_values /opt/stack/data/venv/lib/python3.12/site-packages/oslo_config/cfg.py:3560}}
Aug 25 15:11:08.959112 np0000008087 nova-scheduler[96889]: DEBUG cotyledon.oslo_config_glue [-] oslo_limit.connect_retry_delay = None {{(pid=96889) log_opt_values /opt/stack/data/venv/lib/python3.12/site-packages/oslo_config/cfg.py:3560}}
Aug 25 15:11:08.959112 np0000008087 nova-scheduler[96889]: DEBUG cotyledon.oslo_config_glue [-] oslo_limit.endpoint_id = None {{(pid=96889) log_opt_values /opt/stack/data/venv/lib/python3.12/site-packages/oslo_config/cfg.py:3560}}
Aug 25 15:11:08.959112 np0000008087 nova-scheduler[96889]: DEBUG cotyledon.oslo_config_glue [-] oslo_limit.endpoint_interface = public {{(pid=96889) log_opt_values /opt/stack/data/venv/lib/python3.12/site-packages/oslo_config/cfg.py:3560}}
Aug 25 15:11:08.959112 np0000008087 nova-scheduler[96889]: DEBUG cotyledon.oslo_config_glue [-] oslo_limit.endpoint_override = None {{(pid=96889) log_opt_values /opt/stack/data/venv/lib/python3.12/site-packages/oslo_config/cfg.py:3560}}
Aug 25 15:11:08.959112 np0000008087 nova-scheduler[96889]: DEBUG cotyledon.oslo_config_glue [-] oslo_limit.endpoint_region_name = None {{(pid=96889) log_opt_values /opt/stack/data/venv/lib/python3.12/site-packages/oslo_config/cfg.py:3560}}
Aug 25 15:11:08.959308 np0000008087 nova-scheduler[96889]: DEBUG cotyledon.oslo_config_glue [-] oslo_limit.endpoint_service_name = None {{(pid=96889) log_opt_values /opt/stack/data/venv/lib/python3.12/site-packages/oslo_config/cfg.py:3560}}
Aug 25 15:11:08.959308 np0000008087 nova-scheduler[96889]: DEBUG cotyledon.oslo_config_glue [-] oslo_limit.endpoint_service_type = None {{(pid=96889) log_opt_values /opt/stack/data/venv/lib/python3.12/site-packages/oslo_config/cfg.py:3560}}
Aug 25 15:11:08.959308 np0000008087 nova-scheduler[96889]: DEBUG cotyledon.oslo_config_glue [-] oslo_limit.insecure = False {{(pid=96889) log_opt_values /opt/stack/data/venv/lib/python3.12/site-packages/oslo_config/cfg.py:3560}}
Aug 25 15:11:08.959308 np0000008087 nova-scheduler[96889]: DEBUG cotyledon.oslo_config_glue [-] oslo_limit.keyfile = None {{(pid=96889) log_opt_values /opt/stack/data/venv/lib/python3.12/site-packages/oslo_config/cfg.py:3560}}
Aug 25 15:11:08.959308 np0000008087 nova-scheduler[96889]: DEBUG cotyledon.oslo_config_glue [-] oslo_limit.max_version = None {{(pid=96889) log_opt_values /opt/stack/data/venv/lib/python3.12/site-packages/oslo_config/cfg.py:3560}}
Aug 25 15:11:08.959308 np0000008087 nova-scheduler[96889]: DEBUG cotyledon.oslo_config_glue [-] oslo_limit.min_version = None {{(pid=96889) log_opt_values /opt/stack/data/venv/lib/python3.12/site-packages/oslo_config/cfg.py:3560}}
Aug 25 15:11:08.959308 np0000008087 nova-scheduler[96889]: DEBUG cotyledon.oslo_config_glue [-] oslo_limit.region_name = None {{(pid=96889) log_opt_values /opt/stack/data/venv/lib/python3.12/site-packages/oslo_config/cfg.py:3560}}
Aug 25 15:11:08.959308 np0000008087 nova-scheduler[96889]: DEBUG cotyledon.oslo_config_glue [-] oslo_limit.retriable_status_codes = None {{(pid=96889) log_opt_values /opt/stack/data/venv/lib/python3.12/site-packages/oslo_config/cfg.py:3560}}
Aug 25 15:11:08.959308 np0000008087 nova-scheduler[96889]: DEBUG cotyledon.oslo_config_glue [-] oslo_limit.service_name = None {{(pid=96889) log_opt_values /opt/stack/data/venv/lib/python3.12/site-packages/oslo_config/cfg.py:3560}}
Aug 25 15:11:08.959523 np0000008087 nova-scheduler[96889]: DEBUG cotyledon.oslo_config_glue [-] oslo_limit.service_type = None {{(pid=96889) log_opt_values /opt/stack/data/venv/lib/python3.12/site-packages/oslo_config/cfg.py:3560}}
Aug 25 15:11:08.959523 np0000008087 nova-scheduler[96889]: DEBUG cotyledon.oslo_config_glue [-] oslo_limit.split_loggers = False {{(pid=96889) log_opt_values /opt/stack/data/venv/lib/python3.12/site-packages/oslo_config/cfg.py:3560}}
Aug 25 15:11:08.959523 np0000008087 nova-scheduler[96889]: DEBUG cotyledon.oslo_config_glue [-] oslo_limit.status_code_retries = None {{(pid=96889) log_opt_values /opt/stack/data/venv/lib/python3.12/site-packages/oslo_config/cfg.py:3560}}
Aug 25 15:11:08.959523 np0000008087 nova-scheduler[96889]: DEBUG cotyledon.oslo_config_glue [-] oslo_limit.status_code_retry_delay = None {{(pid=96889) log_opt_values /opt/stack/data/venv/lib/python3.12/site-packages/oslo_config/cfg.py:3560}}
Aug 25 15:11:08.959523 np0000008087 nova-scheduler[96889]: DEBUG cotyledon.oslo_config_glue [-] oslo_limit.timeout = None {{(pid=96889) log_opt_values /opt/stack/data/venv/lib/python3.12/site-packages/oslo_config/cfg.py:3560}}
Aug 25 15:11:08.959523 np0000008087 nova-scheduler[96889]: DEBUG cotyledon.oslo_config_glue [-] oslo_limit.valid_interfaces = None {{(pid=96889) log_opt_values /opt/stack/data/venv/lib/python3.12/site-packages/oslo_config/cfg.py:3560}}
Aug 25 15:11:08.959523 np0000008087 nova-scheduler[96889]: DEBUG cotyledon.oslo_config_glue [-] oslo_limit.version = None {{(pid=96889) log_opt_values /opt/stack/data/venv/lib/python3.12/site-packages/oslo_config/cfg.py:3560}}
Aug 25 15:11:08.959523 np0000008087 nova-scheduler[96889]: DEBUG cotyledon.oslo_config_glue [-] oslo_reports.file_event_handler = None {{(pid=96889) log_opt_values /opt/stack/data/venv/lib/python3.12/site-packages/oslo_config/cfg.py:3560}}
Aug 25 15:11:08.959523 np0000008087 nova-scheduler[96889]: DEBUG cotyledon.oslo_config_glue [-] oslo_reports.file_event_handler_interval = 1 {{(pid=96889) log_opt_values /opt/stack/data/venv/lib/python3.12/site-packages/oslo_config/cfg.py:3560}}
Aug 25 15:11:08.965883 np0000008087 nova-scheduler[96889]: DEBUG cotyledon.oslo_config_glue [-] oslo_reports.log_dir = None {{(pid=96889) log_opt_values /opt/stack/data/venv/lib/python3.12/site-packages/oslo_config/cfg.py:3560}}
Aug 25 15:11:08.965883 np0000008087 nova-scheduler[96889]: DEBUG cotyledon.oslo_config_glue [-] ******************************************************************************** {{(pid=96889) log_opt_values /opt/stack/data/venv/lib/python3.12/site-packages/oslo_config/cfg.py:3567}}
Aug 25 15:11:08.965883 np0000008087 nova-scheduler[96889]: DEBUG cotyledon._service_worker [-] Run service ServiceWrapper(3) [96889] {{(pid=96889) wait_forever /opt/stack/data/venv/lib/python3.12/site-packages/cotyledon/_service_worker.py:218}}
Aug 25 15:11:08.965883 np0000008087 nova-scheduler[96889]: INFO nova.service [-] Starting scheduler node (version 33.1.0)
Aug 25 15:11:08.965986 np0000008087 nova-scheduler[96875]: DEBUG oslo_db.sqlalchemy.engines [None req-6e30d3e3-d02d-49df-a6c1-c9a53af4a29c None None] MySQL server mode set to STRICT_TRANS_TABLES,STRICT_ALL_TABLES,NO_ZERO_IN_DATE,NO_ZERO_DATE,ERROR_FOR_DIVISION_BY_ZERO,TRADITIONAL,NO_ENGINE_SUBSTITUTION {{(pid=96875) _check_effective_sql_mode /opt/stack/data/venv/lib/python3.12/site-packages/oslo_db/sqlalchemy/engines.py:325}}
Aug 25 15:11:08.966018 np0000008087 nova-scheduler[96879]: DEBUG oslo_db.sqlalchemy.engines [None req-67c856f5-8401-42e2-b8ed-45117e56ed35 None None] MySQL server mode set to STRICT_TRANS_TABLES,STRICT_ALL_TABLES,NO_ZERO_IN_DATE,NO_ZERO_DATE,ERROR_FOR_DIVISION_BY_ZERO,TRADITIONAL,NO_ENGINE_SUBSTITUTION {{(pid=96879) _check_effective_sql_mode /opt/stack/data/venv/lib/python3.12/site-packages/oslo_db/sqlalchemy/engines.py:325}}
Aug 25 15:11:08.966048 np0000008087 nova-scheduler[96875]: DEBUG dbcounter [-] [96875] Writer thread running {{(pid=96875) stat_writer /opt/stack/data/venv/lib/python3.12/site-packages/dbcounter.py:102}}
Aug 25 15:11:08.966079 np0000008087 nova-scheduler[96879]: DEBUG dbcounter [-] [96879] Writer thread running {{(pid=96879) stat_writer /opt/stack/data/venv/lib/python3.12/site-packages/dbcounter.py:102}}
Aug 25 15:11:08.966103 np0000008087 nova-scheduler[96889]: INFO dbcounter [None req-a0775928-a68a-4e18-8829-b5365f8b7161 None None] Registered counter for database nova_cell0
Aug 25 15:11:08.966126 np0000008087 nova-scheduler[96873]: DEBUG nova.service [None req-54bc0516-69a3-4b2e-86ad-e187de25f1d6 None None] Creating RPC server for service: nova-scheduler on topic: scheduler {{(pid=96873) start /opt/stack/nova/nova/service.py:262}}
Aug 25 15:11:08.971919 np0000008087 nova-scheduler[96875]: DEBUG nova.service [None req-6e30d3e3-d02d-49df-a6c1-c9a53af4a29c None None] Creating RPC server for service: nova-scheduler on topic: scheduler {{(pid=96875) start /opt/stack/nova/nova/service.py:262}}
Aug 25 15:11:08.981015 np0000008087 nova-scheduler[96879]: DEBUG nova.service [None req-67c856f5-8401-42e2-b8ed-45117e56ed35 None None] Creating RPC server for service: nova-scheduler on topic: scheduler {{(pid=96879) start /opt/stack/nova/nova/service.py:262}}
Aug 25 15:11:08.991851 np0000008087 nova-scheduler[96889]: DEBUG oslo_db.sqlalchemy.engines [None req-a0775928-a68a-4e18-8829-b5365f8b7161 None None] MySQL server mode set to STRICT_TRANS_TABLES,STRICT_ALL_TABLES,NO_ZERO_IN_DATE,NO_ZERO_DATE,ERROR_FOR_DIVISION_BY_ZERO,TRADITIONAL,NO_ENGINE_SUBSTITUTION {{(pid=96889) _check_effective_sql_mode /opt/stack/data/venv/lib/python3.12/site-packages/oslo_db/sqlalchemy/engines.py:325}}
Aug 25 15:11:08.997193 np0000008087 nova-scheduler[96873]: DEBUG nova.service [None req-54bc0516-69a3-4b2e-86ad-e187de25f1d6 None None] Join ServiceGroup membership for this service scheduler {{(pid=96873) start /opt/stack/nova/nova/service.py:288}}
Aug 25 15:11:08.997343 np0000008087 nova-scheduler[96873]: DEBUG nova.servicegroup.drivers.db [None req-54bc0516-69a3-4b2e-86ad-e187de25f1d6 None None] DB_Driver: join new ServiceGroup member np0000008087 to the scheduler group, service = {{(pid=96873) join /opt/stack/nova/nova/servicegroup/drivers/db.py:44}}
Aug 25 15:11:09.001282 np0000008087 nova-scheduler[96875]: DEBUG nova.service [None req-6e30d3e3-d02d-49df-a6c1-c9a53af4a29c None None] Join ServiceGroup membership for this service scheduler {{(pid=96875) start /opt/stack/nova/nova/service.py:288}}
Aug 25 15:11:09.001282 np0000008087 nova-scheduler[96875]: DEBUG nova.servicegroup.drivers.db [None req-6e30d3e3-d02d-49df-a6c1-c9a53af4a29c None None] DB_Driver: join new ServiceGroup member np0000008087 to the scheduler group, service = {{(pid=96875) join /opt/stack/nova/nova/servicegroup/drivers/db.py:44}}
Aug 25 15:11:09.003560 np0000008087 nova-scheduler[96889]: DEBUG dbcounter [-] [96889] Writer thread running {{(pid=96889) stat_writer /opt/stack/data/venv/lib/python3.12/site-packages/dbcounter.py:102}}
Aug 25 15:11:09.007008 np0000008087 nova-scheduler[96889]: DEBUG nova.service [None req-a0775928-a68a-4e18-8829-b5365f8b7161 None None] Creating RPC server for service: nova-scheduler on topic: scheduler {{(pid=96889) start /opt/stack/nova/nova/service.py:262}}
Aug 25 15:11:09.007398 np0000008087 nova-scheduler[96879]: DEBUG nova.service [None req-67c856f5-8401-42e2-b8ed-45117e56ed35 None None] Join ServiceGroup membership for this service scheduler {{(pid=96879) start /opt/stack/nova/nova/service.py:288}}
Aug 25 15:11:09.007603 np0000008087 nova-scheduler[96879]: DEBUG nova.servicegroup.drivers.db [None req-67c856f5-8401-42e2-b8ed-45117e56ed35 None None] DB_Driver: join new ServiceGroup member np0000008087 to the scheduler group, service = {{(pid=96879) join /opt/stack/nova/nova/servicegroup/drivers/db.py:44}}
Aug 25 15:11:09.029729 np0000008087 nova-scheduler[96889]: DEBUG nova.service [None req-a0775928-a68a-4e18-8829-b5365f8b7161 None None] Join ServiceGroup membership for this service scheduler {{(pid=96889) start /opt/stack/nova/nova/service.py:288}}
Aug 25 15:11:09.029917 np0000008087 nova-scheduler[96889]: DEBUG nova.servicegroup.drivers.db [None req-a0775928-a68a-4e18-8829-b5365f8b7161 None None] DB_Driver: join new ServiceGroup member np0000008087 to the scheduler group, service = {{(pid=96889) join /opt/stack/nova/nova/servicegroup/drivers/db.py:44}}
Aug 25 15:11:10.032992 np0000008087 nova-scheduler[96889]: DEBUG oslo.service.backend._threading.loopingcall [None req-6cb12303-dfd5-4f23-866b-b1b046c4408f None None] Dynamic interval looping call 'nova.service.Service.periodic_tasks' sleeping for 60.00 seconds {{(pid=96889) _run_loop /opt/stack/data/venv/lib/python3.12/site-packages/oslo_service/backend/_threading/loopingcall.py:125}}
Aug 25 15:11:14.073039 np0000008087 nova-scheduler[96873]: DEBUG oslo.service.backend._threading.loopingcall [-] Fixed interval looping call 'nova.servicegroup.drivers.db.DbDriver._report_state' sleeping for 119.93 seconds {{(pid=96873) _run_loop /opt/stack/data/venv/lib/python3.12/site-packages/oslo_service/backend/_threading/loopingcall.py:125}}
Aug 25 15:11:14.074503 np0000008087 nova-scheduler[96875]: DEBUG oslo.service.backend._threading.loopingcall [-] Fixed interval looping call 'nova.servicegroup.drivers.db.DbDriver._report_state' sleeping for 119.93 seconds {{(pid=96875) _run_loop /opt/stack/data/venv/lib/python3.12/site-packages/oslo_service/backend/_threading/loopingcall.py:125}}
Aug 25 15:11:14.076718 np0000008087 nova-scheduler[96879]: DEBUG oslo.service.backend._threading.loopingcall [-] Fixed interval looping call 'nova.servicegroup.drivers.db.DbDriver._report_state' sleeping for 119.93 seconds {{(pid=96879) _run_loop /opt/stack/data/venv/lib/python3.12/site-packages/oslo_service/backend/_threading/loopingcall.py:125}}
Aug 25 15:11:14.077805 np0000008087 nova-scheduler[96889]: DEBUG oslo.service.backend._threading.loopingcall [-] Fixed interval looping call 'nova.servicegroup.drivers.db.DbDriver._report_state' sleeping for 119.95 seconds {{(pid=96889) _run_loop /opt/stack/data/venv/lib/python3.12/site-packages/oslo_service/backend/_threading/loopingcall.py:125}}
Aug 25 15:11:15.009352 np0000008087 nova-scheduler[96879]: DEBUG oslo.service.backend._threading.loopingcall [None req-2888ab89-f26d-4c7c-a275-c4de8a2fb97d None None] Dynamic interval looping call 'nova.service.Service.periodic_tasks' sleeping for 60.00 seconds {{(pid=96879) _run_loop /opt/stack/data/venv/lib/python3.12/site-packages/oslo_service/backend/_threading/loopingcall.py:125}}
Aug 25 15:11:17.531728 np0000008087 nova-scheduler[95671]: DEBUG dbcounter [-] [95671] Writing DB stats nova_api:SELECT=3 {{(pid=95671) stat_writer /opt/stack/data/venv/lib/python3.12/site-packages/dbcounter.py:115}}
Aug 25 15:11:17.666801 np0000008087 nova-scheduler[95671]: DEBUG dbcounter [-] [95671] Writing DB stats nova_cell1:SELECT=1 {{(pid=95671) stat_writer /opt/stack/data/venv/lib/python3.12/site-packages/dbcounter.py:115}}
Aug 25 15:11:17.670452 np0000008087 nova-scheduler[95671]: DEBUG dbcounter [-] [95671] Writing DB stats nova_cell0:SELECT=1 {{(pid=95671) stat_writer /opt/stack/data/venv/lib/python3.12/site-packages/dbcounter.py:115}}
Aug 25 15:11:23.003759 np0000008087 nova-scheduler[96875]: DEBUG oslo.service.backend._threading.loopingcall [None req-ea1677d6-33e4-4f47-9f74-bd61a047ba66 None None] Dynamic interval looping call 'nova.service.Service.periodic_tasks' sleeping for 60.00 seconds {{(pid=96875) _run_loop /opt/stack/data/venv/lib/python3.12/site-packages/oslo_service/backend/_threading/loopingcall.py:125}}
Aug 25 15:11:24.006921 np0000008087 nova-scheduler[96873]: DEBUG dbcounter [-] [96873] Writing DB stats nova_cell0:SELECT=4,nova_cell0:INSERT=1,nova_cell0:UPDATE=1 {{(pid=96873) stat_writer /opt/stack/data/venv/lib/python3.12/site-packages/dbcounter.py:115}}
Aug 25 15:11:24.010955 np0000008087 nova-scheduler[96875]: DEBUG dbcounter [-] [96875] Writing DB stats nova_cell0:SELECT=5,nova_cell0:INSERT=1,nova_cell0:UPDATE=1 {{(pid=96875) stat_writer /opt/stack/data/venv/lib/python3.12/site-packages/dbcounter.py:115}}
Aug 25 15:11:24.019210 np0000008087 nova-scheduler[96879]: DEBUG dbcounter [-] [96879] Writing DB stats nova_cell0:SELECT=5,nova_cell0:INSERT=1,nova_cell0:UPDATE=1 {{(pid=96879) stat_writer /opt/stack/data/venv/lib/python3.12/site-packages/dbcounter.py:115}}
Aug 25 15:11:24.044718 np0000008087 nova-scheduler[96889]: DEBUG dbcounter [-] [96889] Writing DB stats nova_cell0:SELECT=3,nova_cell0:UPDATE=1 {{(pid=96889) stat_writer /opt/stack/data/venv/lib/python3.12/site-packages/dbcounter.py:115}}
Aug 25 15:11:51.999169 np0000008087 nova-scheduler[96873]: DEBUG oslo.service.backend._threading.loopingcall [None req-2a672ee9-cb79-4a46-84a3-2a39562e3833 None None] Dynamic interval looping call 'nova.service.Service.periodic_tasks' sleeping for 60.00 seconds {{(pid=96873) _run_loop /opt/stack/data/venv/lib/python3.12/site-packages/oslo_service/backend/_threading/loopingcall.py:125}}
Aug 25 15:12:10.033551 np0000008087 nova-scheduler[96889]: DEBUG oslo.service.backend._threading.loopingcall [None req-6cb12303-dfd5-4f23-866b-b1b046c4408f None None] Dynamic interval looping call 'nova.service.Service.periodic_tasks' sleeping for 60.00 seconds {{(pid=96889) _run_loop /opt/stack/data/venv/lib/python3.12/site-packages/oslo_service/backend/_threading/loopingcall.py:125}}
Aug 25 15:12:15.009843 np0000008087 nova-scheduler[96879]: DEBUG oslo.service.backend._threading.loopingcall [None req-2888ab89-f26d-4c7c-a275-c4de8a2fb97d None None] Dynamic interval looping call 'nova.service.Service.periodic_tasks' sleeping for 60.00 seconds {{(pid=96879) _run_loop /opt/stack/data/venv/lib/python3.12/site-packages/oslo_service/backend/_threading/loopingcall.py:125}}
Aug 25 15:12:23.004331 np0000008087 nova-scheduler[96875]: DEBUG oslo.service.backend._threading.loopingcall [None req-ea1677d6-33e4-4f47-9f74-bd61a047ba66 None None] Dynamic interval looping call 'nova.service.Service.periodic_tasks' sleeping for 60.00 seconds {{(pid=96875) _run_loop /opt/stack/data/venv/lib/python3.12/site-packages/oslo_service/backend/_threading/loopingcall.py:125}}
Aug 25 15:12:51.999740 np0000008087 nova-scheduler[96873]: DEBUG oslo.service.backend._threading.loopingcall [None req-2a672ee9-cb79-4a46-84a3-2a39562e3833 None None] Dynamic interval looping call 'nova.service.Service.periodic_tasks' sleeping for 60.00 seconds {{(pid=96873) _run_loop /opt/stack/data/venv/lib/python3.12/site-packages/oslo_service/backend/_threading/loopingcall.py:125}}
Aug 25 15:13:10.033982 np0000008087 nova-scheduler[96889]: DEBUG oslo.service.backend._threading.loopingcall [None req-6cb12303-dfd5-4f23-866b-b1b046c4408f None None] Dynamic interval looping call 'nova.service.Service.periodic_tasks' sleeping for 60.00 seconds {{(pid=96889) _run_loop /opt/stack/data/venv/lib/python3.12/site-packages/oslo_service/backend/_threading/loopingcall.py:125}}
Aug 25 15:13:14.016963 np0000008087 nova-scheduler[96873]: DEBUG oslo.service.backend._threading.loopingcall [-] Fixed interval looping call 'nova.servicegroup.drivers.db.DbDriver._report_state' sleeping for 119.99 seconds {{(pid=96873) _run_loop /opt/stack/data/venv/lib/python3.12/site-packages/oslo_service/backend/_threading/loopingcall.py:125}}
Aug 25 15:13:14.017551 np0000008087 nova-scheduler[96875]: DEBUG oslo.service.backend._threading.loopingcall [-] Fixed interval looping call 'nova.servicegroup.drivers.db.DbDriver._report_state' sleeping for 119.99 seconds {{(pid=96875) _run_loop /opt/stack/data/venv/lib/python3.12/site-packages/oslo_service/backend/_threading/loopingcall.py:125}}
Aug 25 15:13:14.018419 np0000008087 nova-scheduler[96879]: DEBUG oslo.service.backend._threading.loopingcall [-] Fixed interval looping call 'nova.servicegroup.drivers.db.DbDriver._report_state' sleeping for 119.99 seconds {{(pid=96879) _run_loop /opt/stack/data/venv/lib/python3.12/site-packages/oslo_service/backend/_threading/loopingcall.py:125}}
Aug 25 15:13:14.031949 np0000008087 nova-scheduler[96889]: DEBUG oslo.service.backend._threading.loopingcall [-] Fixed interval looping call 'nova.servicegroup.drivers.db.DbDriver._report_state' sleeping for 120.00 seconds {{(pid=96889) _run_loop /opt/stack/data/venv/lib/python3.12/site-packages/oslo_service/backend/_threading/loopingcall.py:125}}
Aug 25 15:13:15.010334 np0000008087 nova-scheduler[96879]: DEBUG oslo.service.backend._threading.loopingcall [None req-2888ab89-f26d-4c7c-a275-c4de8a2fb97d None None] Dynamic interval looping call 'nova.service.Service.periodic_tasks' sleeping for 60.00 seconds {{(pid=96879) _run_loop /opt/stack/data/venv/lib/python3.12/site-packages/oslo_service/backend/_threading/loopingcall.py:125}}
Aug 25 15:13:23.004972 np0000008087 nova-scheduler[96875]: DEBUG oslo.service.backend._threading.loopingcall [None req-ea1677d6-33e4-4f47-9f74-bd61a047ba66 None None] Dynamic interval looping call 'nova.service.Service.periodic_tasks' sleeping for 60.00 seconds {{(pid=96875) _run_loop /opt/stack/data/venv/lib/python3.12/site-packages/oslo_service/backend/_threading/loopingcall.py:125}}
Aug 25 15:13:24.006095 np0000008087 nova-scheduler[96873]: DEBUG dbcounter [-] [96873] Writing DB stats nova_cell0:SELECT=1,nova_cell0:UPDATE=1 {{(pid=96873) stat_writer /opt/stack/data/venv/lib/python3.12/site-packages/dbcounter.py:115}}
Aug 25 15:13:24.009683 np0000008087 nova-scheduler[96879]: DEBUG dbcounter [-] [96879] Writing DB stats nova_cell0:SELECT=1,nova_cell0:UPDATE=1 {{(pid=96879) stat_writer /opt/stack/data/venv/lib/python3.12/site-packages/dbcounter.py:115}}
Aug 25 15:13:24.009911 np0000008087 nova-scheduler[96875]: DEBUG dbcounter [-] [96875] Writing DB stats nova_cell0:SELECT=1,nova_cell0:UPDATE=1 {{(pid=96875) stat_writer /opt/stack/data/venv/lib/python3.12/site-packages/dbcounter.py:115}}
Aug 25 15:13:24.029918 np0000008087 nova-scheduler[96889]: DEBUG dbcounter [-] [96889] Writing DB stats nova_cell0:SELECT=1 {{(pid=96889) stat_writer /opt/stack/data/venv/lib/python3.12/site-packages/dbcounter.py:115}}
Aug 25 15:13:43.305227 np0000008087 nova-scheduler[96873]: DEBUG nova.scheduler.manager [None req-285c6028-d0ee-4a4d-bc42-add759cc0f34 tempest-DeleteServersTestJSON-1432903568 tempest-DeleteServersTestJSON-1432903568-project-member] Starting to schedule for instances: ['9c6a8f44-ea15-4416-a429-d595824f20b9'] {{(pid=96873) select_destinations /opt/stack/nova/nova/scheduler/manager.py:197}}
Aug 25 15:13:43.305227 np0000008087 nova-scheduler[96873]: DEBUG nova.scheduler.request_filter [None req-285c6028-d0ee-4a4d-bc42-add759cc0f34 tempest-DeleteServersTestJSON-1432903568 tempest-DeleteServersTestJSON-1432903568-project-member] compute_status_filter request filter added forbidden trait COMPUTE_STATUS_DISABLED {{(pid=96873) compute_status_filter /opt/stack/nova/nova/scheduler/request_filter.py:258}}
Aug 25 15:13:43.305227 np0000008087 nova-scheduler[96873]: DEBUG nova.scheduler.request_filter [None req-285c6028-d0ee-4a4d-bc42-add759cc0f34 tempest-DeleteServersTestJSON-1432903568 tempest-DeleteServersTestJSON-1432903568-project-member] Request filter 'compute_status_filter' took 0.0 seconds {{(pid=96873) wrapper /opt/stack/nova/nova/scheduler/request_filter.py:51}}
Aug 25 15:13:43.305227 np0000008087 nova-scheduler[96873]: DEBUG nova.scheduler.request_filter [None req-285c6028-d0ee-4a4d-bc42-add759cc0f34 tempest-DeleteServersTestJSON-1432903568 tempest-DeleteServersTestJSON-1432903568-project-member] Request filter 'accelerators_filter' took 0.0 seconds {{(pid=96873) wrapper /opt/stack/nova/nova/scheduler/request_filter.py:51}}
Aug 25 15:13:43.305227 np0000008087 nova-scheduler[96873]: DEBUG nova.scheduler.request_filter [None req-285c6028-d0ee-4a4d-bc42-add759cc0f34 tempest-DeleteServersTestJSON-1432903568 tempest-DeleteServersTestJSON-1432903568-project-member] Request filter 'packed_virtqueue_filter' took 0.0 seconds {{(pid=96873) wrapper /opt/stack/nova/nova/scheduler/request_filter.py:51}}
Aug 25 15:13:43.305687 np0000008087 nova-scheduler[96873]: DEBUG nova.scheduler.request_filter [None req-285c6028-d0ee-4a4d-bc42-add759cc0f34 tempest-DeleteServersTestJSON-1432903568 tempest-DeleteServersTestJSON-1432903568-project-member] Request filter 'remote_managed_ports_filter' took 0.0 seconds {{(pid=96873) wrapper /opt/stack/nova/nova/scheduler/request_filter.py:51}}
Aug 25 15:13:43.305687 np0000008087 nova-scheduler[96873]: DEBUG nova.scheduler.request_filter [None req-285c6028-d0ee-4a4d-bc42-add759cc0f34 tempest-DeleteServersTestJSON-1432903568 tempest-DeleteServersTestJSON-1432903568-project-member] ephemeral_encryption_filter skipped {{(pid=96873) ephemeral_encryption_filter /opt/stack/nova/nova/scheduler/request_filter.py:431}}
Aug 25 15:13:43.305687 np0000008087 nova-scheduler[96873]: DEBUG nova.scheduler.request_filter [None req-285c6028-d0ee-4a4d-bc42-add759cc0f34 tempest-DeleteServersTestJSON-1432903568 tempest-DeleteServersTestJSON-1432903568-project-member] virtio_sound_filter skipped {{(pid=96873) virtio_sound_filter /opt/stack/nova/nova/scheduler/request_filter.py:465}}
Aug 25 15:13:43.305687 np0000008087 nova-scheduler[96873]: DEBUG nova.scheduler.request_filter [None req-285c6028-d0ee-4a4d-bc42-add759cc0f34 tempest-DeleteServersTestJSON-1432903568 tempest-DeleteServersTestJSON-1432903568-project-member] tpm_secret_security_filter skipped {{(pid=96873) tpm_secret_security_filter /opt/stack/nova/nova/scheduler/request_filter.py:482}}
Aug 25 15:13:43.305687 np0000008087 nova-scheduler[96873]: DEBUG oslo_concurrency.lockutils [None req-285c6028-d0ee-4a4d-bc42-add759cc0f34 tempest-DeleteServersTestJSON-1432903568 tempest-DeleteServersTestJSON-1432903568-project-member] Acquiring lock "00000000-0000-0000-0000-000000000000" by "nova.context.set_target_cell..get_or_set_cached_cell_and_set_connections" {{(pid=96873) inner /opt/stack/data/venv/lib/python3.12/site-packages/oslo_concurrency/lockutils.py:512}}
Aug 25 15:13:43.305851 np0000008087 nova-scheduler[96873]: DEBUG oslo_concurrency.lockutils [None req-285c6028-d0ee-4a4d-bc42-add759cc0f34 tempest-DeleteServersTestJSON-1432903568 tempest-DeleteServersTestJSON-1432903568-project-member] Lock "00000000-0000-0000-0000-000000000000" acquired by "nova.context.set_target_cell..get_or_set_cached_cell_and_set_connections" :: waited 0.000s {{(pid=96873) inner /opt/stack/data/venv/lib/python3.12/site-packages/oslo_concurrency/lockutils.py:525}}
Aug 25 15:13:43.305851 np0000008087 nova-scheduler[96873]: DEBUG oslo_concurrency.lockutils [None req-285c6028-d0ee-4a4d-bc42-add759cc0f34 tempest-DeleteServersTestJSON-1432903568 tempest-DeleteServersTestJSON-1432903568-project-member] Lock "00000000-0000-0000-0000-000000000000" "released" by "nova.context.set_target_cell..get_or_set_cached_cell_and_set_connections" :: held 0.001s {{(pid=96873) inner /opt/stack/data/venv/lib/python3.12/site-packages/oslo_concurrency/lockutils.py:544}}
Aug 25 15:13:43.305851 np0000008087 nova-scheduler[96873]: INFO nova.thread_pool_factory [None req-285c6028-d0ee-4a4d-bc42-add759cc0f34 tempest-DeleteServersTestJSON-1432903568 tempest-DeleteServersTestJSON-1432903568-project-member] The cell_worker thread pool ForkProcess-1.cell_worker is initialized
Aug 25 15:13:43.305851 np0000008087 nova-scheduler[96873]: DEBUG oslo_concurrency.lockutils [None req-285c6028-d0ee-4a4d-bc42-add759cc0f34 tempest-DeleteServersTestJSON-1432903568 tempest-DeleteServersTestJSON-1432903568-project-member] Acquiring lock "98e19a25-c118-4f8e-8622-b76a83720ec6" by "nova.context.set_target_cell..get_or_set_cached_cell_and_set_connections" {{(pid=96873) inner /opt/stack/data/venv/lib/python3.12/site-packages/oslo_concurrency/lockutils.py:512}}
