Jul 05 16:08:29.055045 np0000004571 devstack@g-api.service[99498]: DEBUG dbcounter [-] [99498] Writing DB stats glance:SELECT=10 {{(pid=99498) stat_writer /opt/stack/data/venv/lib/python3.12/site-packages/dbcounter.py:115}}
Jul 05 16:08:30.600146 np0000004571 devstack@g-api.service[99498]: DEBUG glance.api.middleware.version_negotiation [None req-83599ee2-1026-44c2-b126-07138f6d89a8 tempest-VolumesSnapshotTestJSON-65681331 tempest-VolumesSnapshotTestJSON-65681331-project-member] Determining version of request: GET /v2/schemas/image Accept: */* {{(pid=99498) process_request /opt/stack/glance/glance/api/middleware/version_negotiation.py:44}}
Jul 05 16:08:30.600918 np0000004571 devstack@g-api.service[99498]: DEBUG glance.api.middleware.version_negotiation [None req-83599ee2-1026-44c2-b126-07138f6d89a8 tempest-VolumesSnapshotTestJSON-65681331 tempest-VolumesSnapshotTestJSON-65681331-project-member] Using url versioning {{(pid=99498) process_request /opt/stack/glance/glance/api/middleware/version_negotiation.py:57}}
Jul 05 16:08:30.600918 np0000004571 devstack@g-api.service[99498]: DEBUG glance.api.middleware.version_negotiation [None req-83599ee2-1026-44c2-b126-07138f6d89a8 tempest-VolumesSnapshotTestJSON-65681331 tempest-VolumesSnapshotTestJSON-65681331-project-member] Matched version: v2 {{(pid=99498) process_request /opt/stack/glance/glance/api/middleware/version_negotiation.py:69}}
Jul 05 16:08:30.600918 np0000004571 devstack@g-api.service[99498]: DEBUG glance.api.middleware.version_negotiation [None req-83599ee2-1026-44c2-b126-07138f6d89a8 tempest-VolumesSnapshotTestJSON-65681331 tempest-VolumesSnapshotTestJSON-65681331-project-member] new path /v2/schemas/image {{(pid=99498) process_request /opt/stack/glance/glance/api/middleware/version_negotiation.py:70}}
Jul 05 16:08:30.604758 np0000004571 devstack@g-api.service[99498]: [pid: 99498|app: 0|req: 121/387] 127.0.0.1 () {44 vars in 1055 bytes} [Sun Jul 5 16:08:30 2026] GET /v2/schemas/image => generated 6083 bytes in 5 msecs (HTTP/1.1 200) 4 headers in 158 bytes (1 switches on core 0)
Jul 05 16:08:30.625941 np0000004571 devstack@g-api.service[99499]: DEBUG glance.api.middleware.version_negotiation [None req-d1b3a335-a1bc-40e7-a094-aadce4e2a72c tempest-VolumesSnapshotTestJSON-65681331 tempest-VolumesSnapshotTestJSON-65681331-project-member] Determining version of request: POST /v2/images Accept: */* {{(pid=99499) process_request /opt/stack/glance/glance/api/middleware/version_negotiation.py:44}}
Jul 05 16:08:30.626473 np0000004571 devstack@g-api.service[99499]: DEBUG glance.api.middleware.version_negotiation [None req-d1b3a335-a1bc-40e7-a094-aadce4e2a72c tempest-VolumesSnapshotTestJSON-65681331 tempest-VolumesSnapshotTestJSON-65681331-project-member] Using url versioning {{(pid=99499) process_request /opt/stack/glance/glance/api/middleware/version_negotiation.py:57}}
Jul 05 16:08:30.626473 np0000004571 devstack@g-api.service[99499]: DEBUG glance.api.middleware.version_negotiation [None req-d1b3a335-a1bc-40e7-a094-aadce4e2a72c tempest-VolumesSnapshotTestJSON-65681331 tempest-VolumesSnapshotTestJSON-65681331-project-member] Matched version: v2 {{(pid=99499) process_request /opt/stack/glance/glance/api/middleware/version_negotiation.py:69}}
Jul 05 16:08:30.626473 np0000004571 devstack@g-api.service[99499]: DEBUG glance.api.middleware.version_negotiation [None req-d1b3a335-a1bc-40e7-a094-aadce4e2a72c tempest-VolumesSnapshotTestJSON-65681331 tempest-VolumesSnapshotTestJSON-65681331-project-member] new path /v2/images {{(pid=99499) process_request /opt/stack/glance/glance/api/middleware/version_negotiation.py:70}}
Jul 05 16:08:31.257202 np0000004571 devstack@g-api.service[99499]: [pid: 99499|app: 0|req: 133/388] 127.0.0.1 () {46 vars in 1055 bytes} [Sun Jul 5 16:08:30 2026] POST /v2/images => generated 649 bytes in 631 msecs (HTTP/1.1 201) 6 headers in 315 bytes (1 switches on core 0)
Jul 05 16:08:31.288733 np0000004571 devstack@g-api.service[99497]: DEBUG glance.api.middleware.version_negotiation [None req-d1b3a335-a1bc-40e7-a094-aadce4e2a72c tempest-VolumesSnapshotTestJSON-65681331 tempest-VolumesSnapshotTestJSON-65681331-project-member] Determining version of request: GET /v2/images/b6fc7c04-92f0-456c-9a16-a4234f6d3758 Accept: application/json {{(pid=99497) process_request /opt/stack/glance/glance/api/middleware/version_negotiation.py:44}}
Jul 05 16:08:31.289199 np0000004571 devstack@g-api.service[99497]: DEBUG glance.api.middleware.version_negotiation [None req-d1b3a335-a1bc-40e7-a094-aadce4e2a72c tempest-VolumesSnapshotTestJSON-65681331 tempest-VolumesSnapshotTestJSON-65681331-project-member] Using url versioning {{(pid=99497) process_request /opt/stack/glance/glance/api/middleware/version_negotiation.py:57}}
Jul 05 16:08:31.289199 np0000004571 devstack@g-api.service[99497]: DEBUG glance.api.middleware.version_negotiation [None req-d1b3a335-a1bc-40e7-a094-aadce4e2a72c tempest-VolumesSnapshotTestJSON-65681331 tempest-VolumesSnapshotTestJSON-65681331-project-member] Matched version: v2 {{(pid=99497) process_request /opt/stack/glance/glance/api/middleware/version_negotiation.py:69}}
Jul 05 16:08:31.289727 np0000004571 devstack@g-api.service[99497]: DEBUG glance.api.middleware.version_negotiation [None req-d1b3a335-a1bc-40e7-a094-aadce4e2a72c tempest-VolumesSnapshotTestJSON-65681331 tempest-VolumesSnapshotTestJSON-65681331-project-member] new path /v2/images/b6fc7c04-92f0-456c-9a16-a4234f6d3758 {{(pid=99497) process_request /opt/stack/glance/glance/api/middleware/version_negotiation.py:70}}
Jul 05 16:08:31.303616 np0000004571 devstack@g-api.service[99497]: [pid: 99497|app: 0|req: 135/389] 127.0.0.1 () {40 vars in 838 bytes} [Sun Jul 5 16:08:31 2026] GET /v2/images/b6fc7c04-92f0-456c-9a16-a4234f6d3758 => generated 649 bytes in 14 msecs (HTTP/1.1 200) 4 headers in 157 bytes (1 switches on core 0)
Jul 05 16:08:31.900566 np0000004571 devstack@g-api.service[99498]: DEBUG glance.api.middleware.version_negotiation [None req-6cf64d3f-39fd-45ae-b221-8aefb0ce741d tempest-VolumesActionsTest-1959427415 tempest-VolumesActionsTest-1959427415-project-member] Determining version of request: PUT /v2/images/b6fc7c04-92f0-456c-9a16-a4234f6d3758/file Accept: */* {{(pid=99498) process_request /opt/stack/glance/glance/api/middleware/version_negotiation.py:44}}
Jul 05 16:08:31.901196 np0000004571 devstack@g-api.service[99498]: DEBUG glance.api.middleware.version_negotiation [None req-6cf64d3f-39fd-45ae-b221-8aefb0ce741d tempest-VolumesActionsTest-1959427415 tempest-VolumesActionsTest-1959427415-project-member] Using url versioning {{(pid=99498) process_request /opt/stack/glance/glance/api/middleware/version_negotiation.py:57}}
Jul 05 16:08:31.901196 np0000004571 devstack@g-api.service[99498]: DEBUG glance.api.middleware.version_negotiation [None req-6cf64d3f-39fd-45ae-b221-8aefb0ce741d tempest-VolumesActionsTest-1959427415 tempest-VolumesActionsTest-1959427415-project-member] Matched version: v2 {{(pid=99498) process_request /opt/stack/glance/glance/api/middleware/version_negotiation.py:69}}
Jul 05 16:08:31.901196 np0000004571 devstack@g-api.service[99498]: DEBUG glance.api.middleware.version_negotiation [None req-6cf64d3f-39fd-45ae-b221-8aefb0ce741d tempest-VolumesActionsTest-1959427415 tempest-VolumesActionsTest-1959427415-project-member] new path /v2/images/b6fc7c04-92f0-456c-9a16-a4234f6d3758/file {{(pid=99498) process_request /opt/stack/glance/glance/api/middleware/version_negotiation.py:70}}
Jul 05 16:08:32.315898 np0000004571 devstack@g-api.service[99499]: DEBUG glance.api.middleware.version_negotiation [None req-6cf64d3f-39fd-45ae-b221-8aefb0ce741d tempest-VolumesActionsTest-1959427415 tempest-VolumesActionsTest-1959427415-project-member] Determining version of request: GET /v2/images/b6fc7c04-92f0-456c-9a16-a4234f6d3758 Accept: application/json {{(pid=99499) process_request /opt/stack/glance/glance/api/middleware/version_negotiation.py:44}}
Jul 05 16:08:32.316516 np0000004571 devstack@g-api.service[99499]: DEBUG glance.api.middleware.version_negotiation [None req-6cf64d3f-39fd-45ae-b221-8aefb0ce741d tempest-VolumesActionsTest-1959427415 tempest-VolumesActionsTest-1959427415-project-member] Using url versioning {{(pid=99499) process_request /opt/stack/glance/glance/api/middleware/version_negotiation.py:57}}
Jul 05 16:08:32.316516 np0000004571 devstack@g-api.service[99499]: DEBUG glance.api.middleware.version_negotiation [None req-6cf64d3f-39fd-45ae-b221-8aefb0ce741d tempest-VolumesActionsTest-1959427415 tempest-VolumesActionsTest-1959427415-project-member] Matched version: v2 {{(pid=99499) process_request /opt/stack/glance/glance/api/middleware/version_negotiation.py:69}}
Jul 05 16:08:32.316516 np0000004571 devstack@g-api.service[99499]: DEBUG glance.api.middleware.version_negotiation [None req-6cf64d3f-39fd-45ae-b221-8aefb0ce741d tempest-VolumesActionsTest-1959427415 tempest-VolumesActionsTest-1959427415-project-member] new path /v2/images/b6fc7c04-92f0-456c-9a16-a4234f6d3758 {{(pid=99499) process_request /opt/stack/glance/glance/api/middleware/version_negotiation.py:70}}
Jul 05 16:08:32.330062 np0000004571 devstack@g-api.service[99499]: [pid: 99499|app: 0|req: 134/390] 127.0.0.1 () {40 vars in 838 bytes} [Sun Jul 5 16:08:32 2026] GET /v2/images/b6fc7c04-92f0-456c-9a16-a4234f6d3758 => generated 649 bytes in 15 msecs (HTTP/1.1 200) 4 headers in 157 bytes (1 switches on core 0)
Jul 05 16:08:32.485542 np0000004571 devstack@g-api.service[99498]: INFO glance.api.v2.image_data [None req-6cf64d3f-39fd-45ae-b221-8aefb0ce741d tempest-VolumesActionsTest-1959427415 tempest-VolumesActionsTest-1959427415-project-member] Unable to create trust: no such option collect_timing in group [keystone_authtoken] Use the existing user token.
Jul 05 16:08:32.987514 np0000004571 devstack@g-api.service[99498]: DEBUG glance.location [None req-6cf64d3f-39fd-45ae-b221-8aefb0ce741d tempest-VolumesActionsTest-1959427415 tempest-VolumesActionsTest-1959427415-project-member] Enabling in-flight format inspection for raw {{(pid=99498) set_data /opt/stack/glance/glance/location.py:596}}
Jul 05 16:08:32.988256 np0000004571 devstack@g-api.service[99498]: DEBUG glance_store.backend [None req-6cf64d3f-39fd-45ae-b221-8aefb0ce741d tempest-VolumesActionsTest-1959427415 tempest-VolumesActionsTest-1959427415-project-member] Attempting to import store swift {{(pid=99498) _load_store /opt/stack/data/venv/lib/python3.12/site-packages/glance_store/backend.py:215}}
Jul 05 16:08:32.989663 np0000004571 devstack@g-api.service[99498]: DEBUG glance_store.capabilities [None req-6cf64d3f-39fd-45ae-b221-8aefb0ce741d tempest-VolumesActionsTest-1959427415 tempest-VolumesActionsTest-1959427415-project-member] Store glance_store._drivers.swift.store.SingleTenantStore doesn't support updating dynamic storage capabilities. Please overwrite 'update_capabilities' method of the store to implement updating logics if needed. {{(pid=99498) update_capabilities /opt/stack/data/venv/lib/python3.12/site-packages/glance_store/capabilities.py:91}}
Jul 05 16:08:32.989789 np0000004571 devstack@g-api.service[99498]: DEBUG glance_store.driver [None req-6cf64d3f-39fd-45ae-b221-8aefb0ce741d tempest-VolumesActionsTest-1959427415 tempest-VolumesActionsTest-1959427415-project-member] Late loading location class glance_store._drivers.swift.store.StoreLocation {{(pid=99498) get_store_location_class /opt/stack/data/venv/lib/python3.12/site-packages/glance_store/driver.py:134}}
Jul 05 16:08:32.989857 np0000004571 devstack@g-api.service[99498]: DEBUG glance_store.location [None req-6cf64d3f-39fd-45ae-b221-8aefb0ce741d tempest-VolumesActionsTest-1959427415 tempest-VolumesActionsTest-1959427415-project-member] Registering scheme swift+https with {'store': , 'location_class': , 'store_entry': 'swift'} {{(pid=99498) register_scheme_map /opt/stack/data/venv/lib/python3.12/site-packages/glance_store/location.py:146}}
Jul 05 16:08:32.989950 np0000004571 devstack@g-api.service[99498]: DEBUG glance_store.location [None req-6cf64d3f-39fd-45ae-b221-8aefb0ce741d tempest-VolumesActionsTest-1959427415 tempest-VolumesActionsTest-1959427415-project-member] Registering scheme swift+https with {'store': , 'location_class': , 'store_entry': 'swift'} {{(pid=99498) register_scheme_map /opt/stack/data/venv/lib/python3.12/site-packages/glance_store/location.py:146}}
Jul 05 16:08:32.990020 np0000004571 devstack@g-api.service[99498]: DEBUG glance_store.location [None req-6cf64d3f-39fd-45ae-b221-8aefb0ce741d tempest-VolumesActionsTest-1959427415 tempest-VolumesActionsTest-1959427415-project-member] Registering scheme swift with {'store': , 'location_class': , 'store_entry': 'swift'} {{(pid=99498) register_scheme_map /opt/stack/data/venv/lib/python3.12/site-packages/glance_store/location.py:146}}
Jul 05 16:08:32.990299 np0000004571 devstack@g-api.service[99498]: DEBUG glance_store.location [None req-6cf64d3f-39fd-45ae-b221-8aefb0ce741d tempest-VolumesActionsTest-1959427415 tempest-VolumesActionsTest-1959427415-project-member] Registering scheme swift+https with {'store': , 'location_class': , 'store_entry': 'swift'} {{(pid=99498) register_scheme_map /opt/stack/data/venv/lib/python3.12/site-packages/glance_store/location.py:146}}
Jul 05 16:08:32.990299 np0000004571 devstack@g-api.service[99498]: DEBUG glance_store.location [None req-6cf64d3f-39fd-45ae-b221-8aefb0ce741d tempest-VolumesActionsTest-1959427415 tempest-VolumesActionsTest-1959427415-project-member] Registering scheme swift with {'store': , 'location_class': , 'store_entry': 'swift'} {{(pid=99498) register_scheme_map /opt/stack/data/venv/lib/python3.12/site-packages/glance_store/location.py:146}}
Jul 05 16:08:32.990299 np0000004571 devstack@g-api.service[99498]: DEBUG glance_store.location [None req-6cf64d3f-39fd-45ae-b221-8aefb0ce741d tempest-VolumesActionsTest-1959427415 tempest-VolumesActionsTest-1959427415-project-member] Registering scheme swift+http with {'store': , 'location_class': , 'store_entry': 'swift'} {{(pid=99498) register_scheme_map /opt/stack/data/venv/lib/python3.12/site-packages/glance_store/location.py:146}}
Jul 05 16:08:32.990449 np0000004571 devstack@g-api.service[99498]: DEBUG glance_store.location [None req-6cf64d3f-39fd-45ae-b221-8aefb0ce741d tempest-VolumesActionsTest-1959427415 tempest-VolumesActionsTest-1959427415-project-member] Registering scheme swift+https with {'store': , 'location_class': , 'store_entry': 'swift'} {{(pid=99498) register_scheme_map /opt/stack/data/venv/lib/python3.12/site-packages/glance_store/location.py:146}}
Jul 05 16:08:32.990449 np0000004571 devstack@g-api.service[99498]: DEBUG glance_store.location [None req-6cf64d3f-39fd-45ae-b221-8aefb0ce741d tempest-VolumesActionsTest-1959427415 tempest-VolumesActionsTest-1959427415-project-member] Registering scheme swift with {'store': , 'location_class': , 'store_entry': 'swift'} {{(pid=99498) register_scheme_map /opt/stack/data/venv/lib/python3.12/site-packages/glance_store/location.py:146}}
Jul 05 16:08:32.990449 np0000004571 devstack@g-api.service[99498]: DEBUG glance_store.location [None req-6cf64d3f-39fd-45ae-b221-8aefb0ce741d tempest-VolumesActionsTest-1959427415 tempest-VolumesActionsTest-1959427415-project-member] Registering scheme swift+http with {'store': , 'location_class': , 'store_entry': 'swift'} {{(pid=99498) register_scheme_map /opt/stack/data/venv/lib/python3.12/site-packages/glance_store/location.py:146}}
Jul 05 16:08:32.990566 np0000004571 devstack@g-api.service[99498]: DEBUG glance_store.location [None req-6cf64d3f-39fd-45ae-b221-8aefb0ce741d tempest-VolumesActionsTest-1959427415 tempest-VolumesActionsTest-1959427415-project-member] Registering scheme swift+config with {'store': , 'location_class': , 'store_entry': 'swift'} {{(pid=99498) register_scheme_map /opt/stack/data/venv/lib/python3.12/site-packages/glance_store/location.py:146}}
Jul 05 16:08:33.238355 np0000004571 devstack@g-api.service[99498]: DEBUG swiftclient [None req-6cf64d3f-39fd-45ae-b221-8aefb0ce741d tempest-VolumesActionsTest-1959427415 tempest-VolumesActionsTest-1959427415-project-member] REQ: curl -i https://10.4.3.166:8080/v1/AUTH_efb11e9809f84effa72431ff928197cc/glance -I -H "X-Auth-Token: gAAAAABqSoGBj0fF..." {{(pid=99498) http_log /opt/stack/data/venv/lib/python3.12/site-packages/swiftclient/client.py:160}}
Jul 05 16:08:33.238533 np0000004571 devstack@g-api.service[99498]: DEBUG swiftclient [None req-6cf64d3f-39fd-45ae-b221-8aefb0ce741d tempest-VolumesActionsTest-1959427415 tempest-VolumesActionsTest-1959427415-project-member] RESP STATUS: 204 No Content {{(pid=99498) http_log /opt/stack/data/venv/lib/python3.12/site-packages/swiftclient/client.py:161}}
Jul 05 16:08:33.239364 np0000004571 devstack@g-api.service[99498]: DEBUG swiftclient [None req-6cf64d3f-39fd-45ae-b221-8aefb0ce741d tempest-VolumesActionsTest-1959427415 tempest-VolumesActionsTest-1959427415-project-member] RESP HEADERS: {'Date': 'Sun, 05 Jul 2026 16:08:33 GMT', 'Server': 'Apache/2.4.58 (Ubuntu)', 'Content-Type': 'text/plain; charset=utf-8', 'X-Container-Object-Count': '3', 'X-Container-Bytes-Used': '64356352', 'X-Timestamp': '1783267209.10688', 'Last-Modified': 'Sun, 05 Jul 2026 16:00:10 GMT', 'Accept-Ranges': 'bytes', 'X-Storage-Policy': 'Policy-0', 'X-Container-Sharding': 'False', 'Vary': 'Accept', 'X-Trans-Id': 'tx7627b193f21942599a3c7-006a4a8181', 'X-Openstack-Request-Id': 'tx7627b193f21942599a3c7-006a4a8181', 'Connection': 'close'} {{(pid=99498) http_log /opt/stack/data/venv/lib/python3.12/site-packages/swiftclient/client.py:162}}
Jul 05 16:08:33.239364 np0000004571 devstack@g-api.service[99498]: DEBUG glance_store._drivers.swift.store [None req-6cf64d3f-39fd-45ae-b221-8aefb0ce741d tempest-VolumesActionsTest-1959427415 tempest-VolumesActionsTest-1959427415-project-member] Adding image object 'b6fc7c04-92f0-456c-9a16-a4234f6d3758' to Swift {{(pid=99498) add /opt/stack/data/venv/lib/python3.12/site-packages/glance_store/_drivers/swift/store.py:970}}
Jul 05 16:08:33.239364 np0000004571 devstack@g-api.service[99498]: DEBUG glance_store._drivers.swift.store [None req-6cf64d3f-39fd-45ae-b221-8aefb0ce741d tempest-VolumesActionsTest-1959427415 tempest-VolumesActionsTest-1959427415-project-member] Cannot determine image size because it is either not provided in the request or chunked-transfer encoding is used. Adding image as a segmented object to Swift. {{(pid=99498) add /opt/stack/data/venv/lib/python3.12/site-packages/glance_store/_drivers/swift/store.py:994}}
Jul 05 16:08:33.247214 np0000004571 devstack@g-api.service[99498]: DEBUG oslo_utils.imageutils.format_inspector [None req-6cf64d3f-39fd-45ae-b221-8aefb0ce741d tempest-VolumesActionsTest-1959427415 tempest-VolumesActionsTest-1959427415-project-member] Format inspector for vmdk does not match, excluding from consideration (Signature KDMV not found: b'\x00\x00\x00\x00') {{(pid=99498) _process_chunk /opt/stack/data/venv/lib/python3.12/site-packages/oslo_utils/imageutils/format_inspector.py:1758}}
Jul 05 16:08:33.249756 np0000004571 devstack@g-api.service[99498]: DEBUG oslo_utils.imageutils.format_inspector [None req-6cf64d3f-39fd-45ae-b221-8aefb0ce741d tempest-VolumesActionsTest-1959427415 tempest-VolumesActionsTest-1959427415-project-member] Format inspector for vhdx does not match, excluding from consideration (Region signature not found at 30000) {{(pid=99498) _process_chunk /opt/stack/data/venv/lib/python3.12/site-packages/oslo_utils/imageutils/format_inspector.py:1758}}
Jul 05 16:08:33.350321 np0000004571 devstack@g-api.service[99497]: DEBUG glance.api.middleware.version_negotiation [None req-d54bcee2-3802-4273-b634-06fc18908547 tempest-VolumesActionsTest-1959427415 tempest-VolumesActionsTest-1959427415-project-member] Determining version of request: GET /v2/images/b6fc7c04-92f0-456c-9a16-a4234f6d3758 Accept: application/json {{(pid=99497) process_request /opt/stack/glance/glance/api/middleware/version_negotiation.py:44}}
Jul 05 16:08:33.350321 np0000004571 devstack@g-api.service[99497]: DEBUG glance.api.middleware.version_negotiation [None req-d54bcee2-3802-4273-b634-06fc18908547 tempest-VolumesActionsTest-1959427415 tempest-VolumesActionsTest-1959427415-project-member] Using url versioning {{(pid=99497) process_request /opt/stack/glance/glance/api/middleware/version_negotiation.py:57}}
Jul 05 16:08:33.350321 np0000004571 devstack@g-api.service[99497]: DEBUG glance.api.middleware.version_negotiation [None req-d54bcee2-3802-4273-b634-06fc18908547 tempest-VolumesActionsTest-1959427415 tempest-VolumesActionsTest-1959427415-project-member] Matched version: v2 {{(pid=99497) process_request /opt/stack/glance/glance/api/middleware/version_negotiation.py:69}}
Jul 05 16:08:33.350321 np0000004571 devstack@g-api.service[99497]: DEBUG glance.api.middleware.version_negotiation [None req-d54bcee2-3802-4273-b634-06fc18908547 tempest-VolumesActionsTest-1959427415 tempest-VolumesActionsTest-1959427415-project-member] new path /v2/images/b6fc7c04-92f0-456c-9a16-a4234f6d3758 {{(pid=99497) process_request /opt/stack/glance/glance/api/middleware/version_negotiation.py:70}}
Jul 05 16:08:33.369420 np0000004571 devstack@g-api.service[99497]: [pid: 99497|app: 0|req: 136/391] 127.0.0.1 () {40 vars in 838 bytes} [Sun Jul 5 16:08:33 2026] GET /v2/images/b6fc7c04-92f0-456c-9a16-a4234f6d3758 => generated 649 bytes in 22 msecs (HTTP/1.1 200) 4 headers in 157 bytes (1 switches on core 0)
Jul 05 16:08:34.381143 np0000004571 devstack@g-api.service[99499]: DEBUG glance.api.middleware.version_negotiation [None req-ba66bf70-dd89-4ccd-9d5a-3915fd10b0f4 tempest-VolumesActionsTest-1959427415 tempest-VolumesActionsTest-1959427415-project-member] Determining version of request: GET /v2/images/b6fc7c04-92f0-456c-9a16-a4234f6d3758 Accept: application/json {{(pid=99499) process_request /opt/stack/glance/glance/api/middleware/version_negotiation.py:44}}
Jul 05 16:08:34.381740 np0000004571 devstack@g-api.service[99499]: DEBUG glance.api.middleware.version_negotiation [None req-ba66bf70-dd89-4ccd-9d5a-3915fd10b0f4 tempest-VolumesActionsTest-1959427415 tempest-VolumesActionsTest-1959427415-project-member] Using url versioning {{(pid=99499) process_request /opt/stack/glance/glance/api/middleware/version_negotiation.py:57}}
Jul 05 16:08:34.381740 np0000004571 devstack@g-api.service[99499]: DEBUG glance.api.middleware.version_negotiation [None req-ba66bf70-dd89-4ccd-9d5a-3915fd10b0f4 tempest-VolumesActionsTest-1959427415 tempest-VolumesActionsTest-1959427415-project-member] Matched version: v2 {{(pid=99499) process_request /opt/stack/glance/glance/api/middleware/version_negotiation.py:69}}
Jul 05 16:08:34.382558 np0000004571 devstack@g-api.service[99499]: DEBUG glance.api.middleware.version_negotiation [None req-ba66bf70-dd89-4ccd-9d5a-3915fd10b0f4 tempest-VolumesActionsTest-1959427415 tempest-VolumesActionsTest-1959427415-project-member] new path /v2/images/b6fc7c04-92f0-456c-9a16-a4234f6d3758 {{(pid=99499) process_request /opt/stack/glance/glance/api/middleware/version_negotiation.py:70}}
Jul 05 16:08:34.396169 np0000004571 devstack@g-api.service[99499]: [pid: 99499|app: 0|req: 135/392] 127.0.0.1 () {40 vars in 838 bytes} [Sun Jul 5 16:08:34 2026] GET /v2/images/b6fc7c04-92f0-456c-9a16-a4234f6d3758 => generated 649 bytes in 15 msecs (HTTP/1.1 200) 4 headers in 157 bytes (1 switches on core 0)
Jul 05 16:08:35.408914 np0000004571 devstack@g-api.service[99497]: DEBUG glance.api.middleware.version_negotiation [None req-aee904c5-a525-4434-ba78-60411fab49f6 tempest-VolumesActionsTest-1959427415 tempest-VolumesActionsTest-1959427415-project-member] Determining version of request: GET /v2/images/b6fc7c04-92f0-456c-9a16-a4234f6d3758 Accept: application/json {{(pid=99497) process_request /opt/stack/glance/glance/api/middleware/version_negotiation.py:44}}
Jul 05 16:08:35.409427 np0000004571 devstack@g-api.service[99497]: DEBUG glance.api.middleware.version_negotiation [None req-aee904c5-a525-4434-ba78-60411fab49f6 tempest-VolumesActionsTest-1959427415 tempest-VolumesActionsTest-1959427415-project-member] Using url versioning {{(pid=99497) process_request /opt/stack/glance/glance/api/middleware/version_negotiation.py:57}}
Jul 05 16:08:35.409427 np0000004571 devstack@g-api.service[99497]: DEBUG glance.api.middleware.version_negotiation [None req-aee904c5-a525-4434-ba78-60411fab49f6 tempest-VolumesActionsTest-1959427415 tempest-VolumesActionsTest-1959427415-project-member] Matched version: v2 {{(pid=99497) process_request /opt/stack/glance/glance/api/middleware/version_negotiation.py:69}}
Jul 05 16:08:35.410335 np0000004571 devstack@g-api.service[99497]: DEBUG glance.api.middleware.version_negotiation [None req-aee904c5-a525-4434-ba78-60411fab49f6 tempest-VolumesActionsTest-1959427415 tempest-VolumesActionsTest-1959427415-project-member] new path /v2/images/b6fc7c04-92f0-456c-9a16-a4234f6d3758 {{(pid=99497) process_request /opt/stack/glance/glance/api/middleware/version_negotiation.py:70}}
Jul 05 16:08:35.425845 np0000004571 devstack@g-api.service[99497]: [pid: 99497|app: 0|req: 137/393] 127.0.0.1 () {40 vars in 838 bytes} [Sun Jul 5 16:08:35 2026] GET /v2/images/b6fc7c04-92f0-456c-9a16-a4234f6d3758 => generated 649 bytes in 17 msecs (HTTP/1.1 200) 4 headers in 157 bytes (1 switches on core 0)
Jul 05 16:08:36.441908 np0000004571 devstack@g-api.service[99499]: DEBUG glance.api.middleware.version_negotiation [None req-2009c3cb-0820-4046-abf4-d9dd824837d2 tempest-VolumesActionsTest-1959427415 tempest-VolumesActionsTest-1959427415-project-member] Determining version of request: GET /v2/images/b6fc7c04-92f0-456c-9a16-a4234f6d3758 Accept: application/json {{(pid=99499) process_request /opt/stack/glance/glance/api/middleware/version_negotiation.py:44}}
Jul 05 16:08:36.443658 np0000004571 devstack@g-api.service[99499]: DEBUG glance.api.middleware.version_negotiation [None req-2009c3cb-0820-4046-abf4-d9dd824837d2 tempest-VolumesActionsTest-1959427415 tempest-VolumesActionsTest-1959427415-project-member] Using url versioning {{(pid=99499) process_request /opt/stack/glance/glance/api/middleware/version_negotiation.py:57}}
Jul 05 16:08:36.443658 np0000004571 devstack@g-api.service[99499]: DEBUG glance.api.middleware.version_negotiation [None req-2009c3cb-0820-4046-abf4-d9dd824837d2 tempest-VolumesActionsTest-1959427415 tempest-VolumesActionsTest-1959427415-project-member] Matched version: v2 {{(pid=99499) process_request /opt/stack/glance/glance/api/middleware/version_negotiation.py:69}}
Jul 05 16:08:36.443658 np0000004571 devstack@g-api.service[99499]: DEBUG glance.api.middleware.version_negotiation [None req-2009c3cb-0820-4046-abf4-d9dd824837d2 tempest-VolumesActionsTest-1959427415 tempest-VolumesActionsTest-1959427415-project-member] new path /v2/images/b6fc7c04-92f0-456c-9a16-a4234f6d3758 {{(pid=99499) process_request /opt/stack/glance/glance/api/middleware/version_negotiation.py:70}}
Jul 05 16:08:36.455063 np0000004571 devstack@g-api.service[99499]: [pid: 99499|app: 0|req: 136/394] 127.0.0.1 () {40 vars in 838 bytes} [Sun Jul 5 16:08:36 2026] GET /v2/images/b6fc7c04-92f0-456c-9a16-a4234f6d3758 => generated 649 bytes in 14 msecs (HTTP/1.1 200) 4 headers in 157 bytes (1 switches on core 0)
Jul 05 16:08:36.630863 np0000004571 devstack@g-api.service[99498]: DEBUG swiftclient [None req-6cf64d3f-39fd-45ae-b221-8aefb0ce741d tempest-VolumesActionsTest-1959427415 tempest-VolumesActionsTest-1959427415-project-member] REQ: curl -i https://10.4.3.166:8080/v1/AUTH_efb11e9809f84effa72431ff928197cc/glance/b6fc7c04-92f0-456c-9a16-a4234f6d3758-00001 -X PUT -H "X-Auth-Token: gAAAAABqSoGBj0fF..." {{(pid=99498) http_log /opt/stack/data/venv/lib/python3.12/site-packages/swiftclient/client.py:160}}
Jul 05 16:08:36.631331 np0000004571 devstack@g-api.service[99498]: DEBUG swiftclient [None req-6cf64d3f-39fd-45ae-b221-8aefb0ce741d tempest-VolumesActionsTest-1959427415 tempest-VolumesActionsTest-1959427415-project-member] RESP STATUS: 201 Created {{(pid=99498) http_log /opt/stack/data/venv/lib/python3.12/site-packages/swiftclient/client.py:161}}
Jul 05 16:08:36.631331 np0000004571 devstack@g-api.service[99498]: DEBUG swiftclient [None req-6cf64d3f-39fd-45ae-b221-8aefb0ce741d tempest-VolumesActionsTest-1959427415 tempest-VolumesActionsTest-1959427415-project-member] RESP HEADERS: {'Date': 'Sun, 05 Jul 2026 16:08:36 GMT', 'Server': 'Apache/2.4.58 (Ubuntu)', 'Content-Type': 'text/html; charset=UTF-8', 'Content-Length': '0', 'Etag': 'eda9a9889837ac4bc81d6387d92c1bec', 'Last-Modified': 'Sun, 05 Jul 2026 16:08:34 GMT', 'X-Trans-Id': 'txfacc52be06ba43f6adfd3-006a4a8181', 'X-Openstack-Request-Id': 'txfacc52be06ba43f6adfd3-006a4a8181', 'Connection': 'close'} {{(pid=99498) http_log /opt/stack/data/venv/lib/python3.12/site-packages/swiftclient/client.py:162}}
Jul 05 16:08:36.631536 np0000004571 devstack@g-api.service[99498]: DEBUG glance_store._drivers.swift.store [None req-6cf64d3f-39fd-45ae-b221-8aefb0ce741d tempest-VolumesActionsTest-1959427415 tempest-VolumesActionsTest-1959427415-project-member] Wrote chunk b6fc7c04-92f0-456c-9a16-a4234f6d3758-00001 (1/?) of length 204800000 to Swift returning MD5 of content: eda9a9889837ac4bc81d6387d92c1bec {{(pid=99498) add /opt/stack/data/venv/lib/python3.12/site-packages/glance_store/_drivers/swift/store.py:1059}}
Jul 05 16:08:37.464522 np0000004571 devstack@g-api.service[99497]: DEBUG glance.api.middleware.version_negotiation [None req-9528fc6f-cfde-4b52-833f-52b643200904 tempest-VolumesActionsTest-1959427415 tempest-VolumesActionsTest-1959427415-project-member] Determining version of request: GET /v2/images/b6fc7c04-92f0-456c-9a16-a4234f6d3758 Accept: application/json {{(pid=99497) process_request /opt/stack/glance/glance/api/middleware/version_negotiation.py:44}}
Jul 05 16:08:37.465352 np0000004571 devstack@g-api.service[99497]: DEBUG glance.api.middleware.version_negotiation [None req-9528fc6f-cfde-4b52-833f-52b643200904 tempest-VolumesActionsTest-1959427415 tempest-VolumesActionsTest-1959427415-project-member] Using url versioning {{(pid=99497) process_request /opt/stack/glance/glance/api/middleware/version_negotiation.py:57}}
Jul 05 16:08:37.465352 np0000004571 devstack@g-api.service[99497]: DEBUG glance.api.middleware.version_negotiation [None req-9528fc6f-cfde-4b52-833f-52b643200904 tempest-VolumesActionsTest-1959427415 tempest-VolumesActionsTest-1959427415-project-member] Matched version: v2 {{(pid=99497) process_request /opt/stack/glance/glance/api/middleware/version_negotiation.py:69}}
Jul 05 16:08:37.465352 np0000004571 devstack@g-api.service[99497]: DEBUG glance.api.middleware.version_negotiation [None req-9528fc6f-cfde-4b52-833f-52b643200904 tempest-VolumesActionsTest-1959427415 tempest-VolumesActionsTest-1959427415-project-member] new path /v2/images/b6fc7c04-92f0-456c-9a16-a4234f6d3758 {{(pid=99497) process_request /opt/stack/glance/glance/api/middleware/version_negotiation.py:70}}
Jul 05 16:08:37.480761 np0000004571 devstack@g-api.service[99497]: [pid: 99497|app: 0|req: 138/395] 127.0.0.1 () {40 vars in 838 bytes} [Sun Jul 5 16:08:37 2026] GET /v2/images/b6fc7c04-92f0-456c-9a16-a4234f6d3758 => generated 649 bytes in 16 msecs (HTTP/1.1 200) 4 headers in 157 bytes (1 switches on core 0)
Jul 05 16:08:38.491822 np0000004571 devstack@g-api.service[99499]: DEBUG glance.api.middleware.version_negotiation [None req-fd345c1d-187e-40e9-b5fa-74128d6516a2 tempest-VolumesActionsTest-1959427415 tempest-VolumesActionsTest-1959427415-project-member] Determining version of request: GET /v2/images/b6fc7c04-92f0-456c-9a16-a4234f6d3758 Accept: application/json {{(pid=99499) process_request /opt/stack/glance/glance/api/middleware/version_negotiation.py:44}}
Jul 05 16:08:38.492423 np0000004571 devstack@g-api.service[99499]: DEBUG glance.api.middleware.version_negotiation [None req-fd345c1d-187e-40e9-b5fa-74128d6516a2 tempest-VolumesActionsTest-1959427415 tempest-VolumesActionsTest-1959427415-project-member] Using url versioning {{(pid=99499) process_request /opt/stack/glance/glance/api/middleware/version_negotiation.py:57}}
Jul 05 16:08:38.492423 np0000004571 devstack@g-api.service[99499]: DEBUG glance.api.middleware.version_negotiation [None req-fd345c1d-187e-40e9-b5fa-74128d6516a2 tempest-VolumesActionsTest-1959427415 tempest-VolumesActionsTest-1959427415-project-member] Matched version: v2 {{(pid=99499) process_request /opt/stack/glance/glance/api/middleware/version_negotiation.py:69}}
Jul 05 16:08:38.492423 np0000004571 devstack@g-api.service[99499]: DEBUG glance.api.middleware.version_negotiation [None req-fd345c1d-187e-40e9-b5fa-74128d6516a2 tempest-VolumesActionsTest-1959427415 tempest-VolumesActionsTest-1959427415-project-member] new path /v2/images/b6fc7c04-92f0-456c-9a16-a4234f6d3758 {{(pid=99499) process_request /opt/stack/glance/glance/api/middleware/version_negotiation.py:70}}
Jul 05 16:08:38.523167 np0000004571 devstack@g-api.service[99499]: [pid: 99499|app: 0|req: 137/396] 127.0.0.1 () {40 vars in 838 bytes} [Sun Jul 5 16:08:38 2026] GET /v2/images/b6fc7c04-92f0-456c-9a16-a4234f6d3758 => generated 649 bytes in 31 msecs (HTTP/1.1 200) 4 headers in 157 bytes (1 switches on core 0)
Jul 05 16:08:39.232687 np0000004571 devstack@g-api.service[99498]: DEBUG swiftclient [None req-6cf64d3f-39fd-45ae-b221-8aefb0ce741d tempest-VolumesActionsTest-1959427415 tempest-VolumesActionsTest-1959427415-project-member] REQ: curl -i https://10.4.3.166:8080/v1/AUTH_efb11e9809f84effa72431ff928197cc/glance/b6fc7c04-92f0-456c-9a16-a4234f6d3758-00002 -X PUT -H "X-Auth-Token: gAAAAABqSoGBj0fF..." {{(pid=99498) http_log /opt/stack/data/venv/lib/python3.12/site-packages/swiftclient/client.py:160}}
Jul 05 16:08:39.233134 np0000004571 devstack@g-api.service[99498]: DEBUG swiftclient [None req-6cf64d3f-39fd-45ae-b221-8aefb0ce741d tempest-VolumesActionsTest-1959427415 tempest-VolumesActionsTest-1959427415-project-member] RESP STATUS: 201 Created {{(pid=99498) http_log /opt/stack/data/venv/lib/python3.12/site-packages/swiftclient/client.py:161}}
Jul 05 16:08:39.233134 np0000004571 devstack@g-api.service[99498]: DEBUG swiftclient [None req-6cf64d3f-39fd-45ae-b221-8aefb0ce741d tempest-VolumesActionsTest-1959427415 tempest-VolumesActionsTest-1959427415-project-member] RESP HEADERS: {'Date': 'Sun, 05 Jul 2026 16:08:39 GMT', 'Server': 'Apache/2.4.58 (Ubuntu)', 'Content-Type': 'text/html; charset=UTF-8', 'Content-Length': '0', 'Etag': 'eda9a9889837ac4bc81d6387d92c1bec', 'Last-Modified': 'Sun, 05 Jul 2026 16:08:37 GMT', 'X-Trans-Id': 'tx34f9ae8589ad4bada27b5-006a4a8184', 'X-Openstack-Request-Id': 'tx34f9ae8589ad4bada27b5-006a4a8184', 'Connection': 'close'} {{(pid=99498) http_log /opt/stack/data/venv/lib/python3.12/site-packages/swiftclient/client.py:162}}
Jul 05 16:08:39.233397 np0000004571 devstack@g-api.service[99498]: DEBUG glance_store._drivers.swift.store [None req-6cf64d3f-39fd-45ae-b221-8aefb0ce741d tempest-VolumesActionsTest-1959427415 tempest-VolumesActionsTest-1959427415-project-member] Wrote chunk b6fc7c04-92f0-456c-9a16-a4234f6d3758-00002 (2/?) of length 204800000 to Swift returning MD5 of content: eda9a9889837ac4bc81d6387d92c1bec {{(pid=99498) add /opt/stack/data/venv/lib/python3.12/site-packages/glance_store/_drivers/swift/store.py:1059}}
Jul 05 16:08:39.536377 np0000004571 devstack@g-api.service[99497]: DEBUG glance.api.middleware.version_negotiation [None req-09352c07-22b9-47ab-9077-770c733dea0f tempest-VolumesActionsTest-1959427415 tempest-VolumesActionsTest-1959427415-project-member] Determining version of request: GET /v2/images/b6fc7c04-92f0-456c-9a16-a4234f6d3758 Accept: application/json {{(pid=99497) process_request /opt/stack/glance/glance/api/middleware/version_negotiation.py:44}}
Jul 05 16:08:39.537030 np0000004571 devstack@g-api.service[99497]: DEBUG glance.api.middleware.version_negotiation [None req-09352c07-22b9-47ab-9077-770c733dea0f tempest-VolumesActionsTest-1959427415 tempest-VolumesActionsTest-1959427415-project-member] Using url versioning {{(pid=99497) process_request /opt/stack/glance/glance/api/middleware/version_negotiation.py:57}}
Jul 05 16:08:39.537111 np0000004571 devstack@g-api.service[99497]: DEBUG glance.api.middleware.version_negotiation [None req-09352c07-22b9-47ab-9077-770c733dea0f tempest-VolumesActionsTest-1959427415 tempest-VolumesActionsTest-1959427415-project-member] Matched version: v2 {{(pid=99497) process_request /opt/stack/glance/glance/api/middleware/version_negotiation.py:69}}
Jul 05 16:08:39.537749 np0000004571 devstack@g-api.service[99497]: DEBUG glance.api.middleware.version_negotiation [None req-09352c07-22b9-47ab-9077-770c733dea0f tempest-VolumesActionsTest-1959427415 tempest-VolumesActionsTest-1959427415-project-member] new path /v2/images/b6fc7c04-92f0-456c-9a16-a4234f6d3758 {{(pid=99497) process_request /opt/stack/glance/glance/api/middleware/version_negotiation.py:70}}
Jul 05 16:08:39.558065 np0000004571 devstack@g-api.service[99497]: [pid: 99497|app: 0|req: 139/397] 127.0.0.1 () {40 vars in 838 bytes} [Sun Jul 5 16:08:39 2026] GET /v2/images/b6fc7c04-92f0-456c-9a16-a4234f6d3758 => generated 649 bytes in 22 msecs (HTTP/1.1 200) 4 headers in 157 bytes (1 switches on core 0)
Jul 05 16:08:40.569637 np0000004571 devstack@g-api.service[99499]: DEBUG glance.api.middleware.version_negotiation [None req-91850da4-8654-4a1a-b9ee-12158f049f93 tempest-VolumesActionsTest-1959427415 tempest-VolumesActionsTest-1959427415-project-member] Determining version of request: GET /v2/images/b6fc7c04-92f0-456c-9a16-a4234f6d3758 Accept: application/json {{(pid=99499) process_request /opt/stack/glance/glance/api/middleware/version_negotiation.py:44}}
Jul 05 16:08:40.570048 np0000004571 devstack@g-api.service[99499]: DEBUG glance.api.middleware.version_negotiation [None req-91850da4-8654-4a1a-b9ee-12158f049f93 tempest-VolumesActionsTest-1959427415 tempest-VolumesActionsTest-1959427415-project-member] Using url versioning {{(pid=99499) process_request /opt/stack/glance/glance/api/middleware/version_negotiation.py:57}}
Jul 05 16:08:40.570048 np0000004571 devstack@g-api.service[99499]: DEBUG glance.api.middleware.version_negotiation [None req-91850da4-8654-4a1a-b9ee-12158f049f93 tempest-VolumesActionsTest-1959427415 tempest-VolumesActionsTest-1959427415-project-member] Matched version: v2 {{(pid=99499) process_request /opt/stack/glance/glance/api/middleware/version_negotiation.py:69}}
Jul 05 16:08:40.570048 np0000004571 devstack@g-api.service[99499]: DEBUG glance.api.middleware.version_negotiation [None req-91850da4-8654-4a1a-b9ee-12158f049f93 tempest-VolumesActionsTest-1959427415 tempest-VolumesActionsTest-1959427415-project-member] new path /v2/images/b6fc7c04-92f0-456c-9a16-a4234f6d3758 {{(pid=99499) process_request /opt/stack/glance/glance/api/middleware/version_negotiation.py:70}}
Jul 05 16:08:40.588619 np0000004571 devstack@g-api.service[99499]: [pid: 99499|app: 0|req: 138/398] 127.0.0.1 () {40 vars in 838 bytes} [Sun Jul 5 16:08:40 2026] GET /v2/images/b6fc7c04-92f0-456c-9a16-a4234f6d3758 => generated 649 bytes in 19 msecs (HTTP/1.1 200) 4 headers in 157 bytes (1 switches on core 0)
Jul 05 16:08:41.599136 np0000004571 devstack@g-api.service[99497]: DEBUG glance.api.middleware.version_negotiation [None req-dba80962-b5c3-47e8-834f-a47469d88701 tempest-VolumesActionsTest-1959427415 tempest-VolumesActionsTest-1959427415-project-member] Determining version of request: GET /v2/images/b6fc7c04-92f0-456c-9a16-a4234f6d3758 Accept: application/json {{(pid=99497) process_request /opt/stack/glance/glance/api/middleware/version_negotiation.py:44}}
Jul 05 16:08:41.599136 np0000004571 devstack@g-api.service[99497]: DEBUG glance.api.middleware.version_negotiation [None req-dba80962-b5c3-47e8-834f-a47469d88701 tempest-VolumesActionsTest-1959427415 tempest-VolumesActionsTest-1959427415-project-member] Using url versioning {{(pid=99497) process_request /opt/stack/glance/glance/api/middleware/version_negotiation.py:57}}
Jul 05 16:08:41.601430 np0000004571 devstack@g-api.service[99497]: DEBUG glance.api.middleware.version_negotiation [None req-dba80962-b5c3-47e8-834f-a47469d88701 tempest-VolumesActionsTest-1959427415 tempest-VolumesActionsTest-1959427415-project-member] Matched version: v2 {{(pid=99497) process_request /opt/stack/glance/glance/api/middleware/version_negotiation.py:69}}
Jul 05 16:08:41.601430 np0000004571 devstack@g-api.service[99497]: DEBUG glance.api.middleware.version_negotiation [None req-dba80962-b5c3-47e8-834f-a47469d88701 tempest-VolumesActionsTest-1959427415 tempest-VolumesActionsTest-1959427415-project-member] new path /v2/images/b6fc7c04-92f0-456c-9a16-a4234f6d3758 {{(pid=99497) process_request /opt/stack/glance/glance/api/middleware/version_negotiation.py:70}}
Jul 05 16:08:41.622239 np0000004571 devstack@g-api.service[99497]: [pid: 99497|app: 0|req: 140/399] 127.0.0.1 () {40 vars in 838 bytes} [Sun Jul 5 16:08:41 2026] GET /v2/images/b6fc7c04-92f0-456c-9a16-a4234f6d3758 => generated 649 bytes in 24 msecs (HTTP/1.1 200) 4 headers in 157 bytes (1 switches on core 0)
Jul 05 16:08:42.099780 np0000004571 devstack@g-api.service[99498]: DEBUG swiftclient [None req-6cf64d3f-39fd-45ae-b221-8aefb0ce741d tempest-VolumesActionsTest-1959427415 tempest-VolumesActionsTest-1959427415-project-member] REQ: curl -i https://10.4.3.166:8080/v1/AUTH_efb11e9809f84effa72431ff928197cc/glance/b6fc7c04-92f0-456c-9a16-a4234f6d3758-00003 -X PUT -H "X-Auth-Token: gAAAAABqSoGBj0fF..." {{(pid=99498) http_log /opt/stack/data/venv/lib/python3.12/site-packages/swiftclient/client.py:160}}
Jul 05 16:08:42.100156 np0000004571 devstack@g-api.service[99498]: DEBUG swiftclient [None req-6cf64d3f-39fd-45ae-b221-8aefb0ce741d tempest-VolumesActionsTest-1959427415 tempest-VolumesActionsTest-1959427415-project-member] RESP STATUS: 201 Created {{(pid=99498) http_log /opt/stack/data/venv/lib/python3.12/site-packages/swiftclient/client.py:161}}
Jul 05 16:08:42.100156 np0000004571 devstack@g-api.service[99498]: DEBUG swiftclient [None req-6cf64d3f-39fd-45ae-b221-8aefb0ce741d tempest-VolumesActionsTest-1959427415 tempest-VolumesActionsTest-1959427415-project-member] RESP HEADERS: {'Date': 'Sun, 05 Jul 2026 16:08:42 GMT', 'Server': 'Apache/2.4.58 (Ubuntu)', 'Content-Type': 'text/html; charset=UTF-8', 'Content-Length': '0', 'Etag': 'eda9a9889837ac4bc81d6387d92c1bec', 'Last-Modified': 'Sun, 05 Jul 2026 16:08:40 GMT', 'X-Trans-Id': 'tx321f9c6728a8412eaaf6b-006a4a8187', 'X-Openstack-Request-Id': 'tx321f9c6728a8412eaaf6b-006a4a8187', 'Connection': 'close'} {{(pid=99498) http_log /opt/stack/data/venv/lib/python3.12/site-packages/swiftclient/client.py:162}}
Jul 05 16:08:42.100370 np0000004571 devstack@g-api.service[99498]: DEBUG glance_store._drivers.swift.store [None req-6cf64d3f-39fd-45ae-b221-8aefb0ce741d tempest-VolumesActionsTest-1959427415 tempest-VolumesActionsTest-1959427415-project-member] Wrote chunk b6fc7c04-92f0-456c-9a16-a4234f6d3758-00003 (3/?) of length 204800000 to Swift returning MD5 of content: eda9a9889837ac4bc81d6387d92c1bec {{(pid=99498) add /opt/stack/data/venv/lib/python3.12/site-packages/glance_store/_drivers/swift/store.py:1059}}
Jul 05 16:08:42.638943 np0000004571 devstack@g-api.service[99499]: DEBUG glance.api.middleware.version_negotiation [None req-de7be732-3bc9-443e-bfb9-8aa7ab52e5e9 tempest-VolumesActionsTest-1959427415 tempest-VolumesActionsTest-1959427415-project-member] Determining version of request: GET /v2/images/b6fc7c04-92f0-456c-9a16-a4234f6d3758 Accept: application/json {{(pid=99499) process_request /opt/stack/glance/glance/api/middleware/version_negotiation.py:44}}
Jul 05 16:08:42.638943 np0000004571 devstack@g-api.service[99499]: DEBUG glance.api.middleware.version_negotiation [None req-de7be732-3bc9-443e-bfb9-8aa7ab52e5e9 tempest-VolumesActionsTest-1959427415 tempest-VolumesActionsTest-1959427415-project-member] Using url versioning {{(pid=99499) process_request /opt/stack/glance/glance/api/middleware/version_negotiation.py:57}}
Jul 05 16:08:42.639730 np0000004571 devstack@g-api.service[99499]: DEBUG glance.api.middleware.version_negotiation [None req-de7be732-3bc9-443e-bfb9-8aa7ab52e5e9 tempest-VolumesActionsTest-1959427415 tempest-VolumesActionsTest-1959427415-project-member] Matched version: v2 {{(pid=99499) process_request /opt/stack/glance/glance/api/middleware/version_negotiation.py:69}}
Jul 05 16:08:42.639730 np0000004571 devstack@g-api.service[99499]: DEBUG glance.api.middleware.version_negotiation [None req-de7be732-3bc9-443e-bfb9-8aa7ab52e5e9 tempest-VolumesActionsTest-1959427415 tempest-VolumesActionsTest-1959427415-project-member] new path /v2/images/b6fc7c04-92f0-456c-9a16-a4234f6d3758 {{(pid=99499) process_request /opt/stack/glance/glance/api/middleware/version_negotiation.py:70}}
Jul 05 16:08:42.661421 np0000004571 devstack@g-api.service[99499]: [pid: 99499|app: 0|req: 139/400] 127.0.0.1 () {40 vars in 838 bytes} [Sun Jul 5 16:08:42 2026] GET /v2/images/b6fc7c04-92f0-456c-9a16-a4234f6d3758 => generated 649 bytes in 22 msecs (HTTP/1.1 200) 4 headers in 157 bytes (1 switches on core 0)
Jul 05 16:08:42.985124 np0000004571 devstack@g-api.service[99498]: DEBUG dbcounter [-] [99498] Writing DB stats glance:SELECT=10,glance:UPDATE=1 {{(pid=99498) stat_writer /opt/stack/data/venv/lib/python3.12/site-packages/dbcounter.py:115}}
Jul 05 16:08:43.677422 np0000004571 devstack@g-api.service[99497]: DEBUG glance.api.middleware.version_negotiation [None req-02404534-7a21-46fb-95fc-4323f3bdc9ee tempest-VolumesActionsTest-1959427415 tempest-VolumesActionsTest-1959427415-project-member] Determining version of request: GET /v2/images/b6fc7c04-92f0-456c-9a16-a4234f6d3758 Accept: application/json {{(pid=99497) process_request /opt/stack/glance/glance/api/middleware/version_negotiation.py:44}}
Jul 05 16:08:43.678746 np0000004571 devstack@g-api.service[99497]: DEBUG glance.api.middleware.version_negotiation [None req-02404534-7a21-46fb-95fc-4323f3bdc9ee tempest-VolumesActionsTest-1959427415 tempest-VolumesActionsTest-1959427415-project-member] Using url versioning {{(pid=99497) process_request /opt/stack/glance/glance/api/middleware/version_negotiation.py:57}}
Jul 05 16:08:43.679154 np0000004571 devstack@g-api.service[99497]: DEBUG glance.api.middleware.version_negotiation [None req-02404534-7a21-46fb-95fc-4323f3bdc9ee tempest-VolumesActionsTest-1959427415 tempest-VolumesActionsTest-1959427415-project-member] Matched version: v2 {{(pid=99497) process_request /opt/stack/glance/glance/api/middleware/version_negotiation.py:69}}
Jul 05 16:08:43.680865 np0000004571 devstack@g-api.service[99497]: DEBUG glance.api.middleware.version_negotiation [None req-02404534-7a21-46fb-95fc-4323f3bdc9ee tempest-VolumesActionsTest-1959427415 tempest-VolumesActionsTest-1959427415-project-member] new path /v2/images/b6fc7c04-92f0-456c-9a16-a4234f6d3758 {{(pid=99497) process_request /opt/stack/glance/glance/api/middleware/version_negotiation.py:70}}
Jul 05 16:08:43.700825 np0000004571 devstack@g-api.service[99497]: [pid: 99497|app: 0|req: 141/401] 127.0.0.1 () {40 vars in 838 bytes} [Sun Jul 5 16:08:43 2026] GET /v2/images/b6fc7c04-92f0-456c-9a16-a4234f6d3758 => generated 649 bytes in 24 msecs (HTTP/1.1 200) 4 headers in 157 bytes (1 switches on core 0)
Jul 05 16:08:44.718824 np0000004571 devstack@g-api.service[99499]: DEBUG glance.api.middleware.version_negotiation [None req-04f510c9-0481-45da-b6eb-01efe5f5a33e tempest-VolumesActionsTest-1959427415 tempest-VolumesActionsTest-1959427415-project-member] Determining version of request: GET /v2/images/b6fc7c04-92f0-456c-9a16-a4234f6d3758 Accept: application/json {{(pid=99499) process_request /opt/stack/glance/glance/api/middleware/version_negotiation.py:44}}
Jul 05 16:08:44.719489 np0000004571 devstack@g-api.service[99499]: DEBUG glance.api.middleware.version_negotiation [None req-04f510c9-0481-45da-b6eb-01efe5f5a33e tempest-VolumesActionsTest-1959427415 tempest-VolumesActionsTest-1959427415-project-member] Using url versioning {{(pid=99499) process_request /opt/stack/glance/glance/api/middleware/version_negotiation.py:57}}
Jul 05 16:08:44.719489 np0000004571 devstack@g-api.service[99499]: DEBUG glance.api.middleware.version_negotiation [None req-04f510c9-0481-45da-b6eb-01efe5f5a33e tempest-VolumesActionsTest-1959427415 tempest-VolumesActionsTest-1959427415-project-member] Matched version: v2 {{(pid=99499) process_request /opt/stack/glance/glance/api/middleware/version_negotiation.py:69}}
Jul 05 16:08:44.719489 np0000004571 devstack@g-api.service[99499]: DEBUG glance.api.middleware.version_negotiation [None req-04f510c9-0481-45da-b6eb-01efe5f5a33e tempest-VolumesActionsTest-1959427415 tempest-VolumesActionsTest-1959427415-project-member] new path /v2/images/b6fc7c04-92f0-456c-9a16-a4234f6d3758 {{(pid=99499) process_request /opt/stack/glance/glance/api/middleware/version_negotiation.py:70}}
Jul 05 16:08:44.736954 np0000004571 devstack@g-api.service[99499]: [pid: 99499|app: 0|req: 140/402] 127.0.0.1 () {40 vars in 838 bytes} [Sun Jul 5 16:08:44 2026] GET /v2/images/b6fc7c04-92f0-456c-9a16-a4234f6d3758 => generated 649 bytes in 18 msecs (HTTP/1.1 200) 4 headers in 157 bytes (1 switches on core 0)
Jul 05 16:08:44.851950 np0000004571 devstack@g-api.service[99498]: DEBUG swiftclient [None req-6cf64d3f-39fd-45ae-b221-8aefb0ce741d tempest-VolumesActionsTest-1959427415 tempest-VolumesActionsTest-1959427415-project-member] REQ: curl -i https://10.4.3.166:8080/v1/AUTH_efb11e9809f84effa72431ff928197cc/glance/b6fc7c04-92f0-456c-9a16-a4234f6d3758-00004 -X PUT -H "X-Auth-Token: gAAAAABqSoGBj0fF..." {{(pid=99498) http_log /opt/stack/data/venv/lib/python3.12/site-packages/swiftclient/client.py:160}}
Jul 05 16:08:44.852634 np0000004571 devstack@g-api.service[99498]: DEBUG swiftclient [None req-6cf64d3f-39fd-45ae-b221-8aefb0ce741d tempest-VolumesActionsTest-1959427415 tempest-VolumesActionsTest-1959427415-project-member] RESP STATUS: 201 Created {{(pid=99498) http_log /opt/stack/data/venv/lib/python3.12/site-packages/swiftclient/client.py:161}}
