Jul 05 15:59:38.851009 np0000004571 nova-scheduler[93235]: DEBUG cotyledon.oslo_config_glue [-] oslo_limit.certfile = None {{(pid=93235) log_opt_values /opt/stack/data/venv/lib/python3.12/site-packages/oslo_config/cfg.py:3253}}
Jul 05 15:59:38.851009 np0000004571 nova-scheduler[93235]: DEBUG cotyledon.oslo_config_glue [-] oslo_limit.collect_timing = False {{(pid=93235) log_opt_values /opt/stack/data/venv/lib/python3.12/site-packages/oslo_config/cfg.py:3253}}
Jul 05 15:59:38.851009 np0000004571 nova-scheduler[93235]: DEBUG cotyledon.oslo_config_glue [-] oslo_limit.connect_retries = None {{(pid=93235) log_opt_values /opt/stack/data/venv/lib/python3.12/site-packages/oslo_config/cfg.py:3253}}
Jul 05 15:59:38.851009 np0000004571 nova-scheduler[93235]: DEBUG cotyledon.oslo_config_glue [-] oslo_limit.connect_retry_delay = None {{(pid=93235) log_opt_values /opt/stack/data/venv/lib/python3.12/site-packages/oslo_config/cfg.py:3253}}
Jul 05 15:59:38.851009 np0000004571 nova-scheduler[93235]: DEBUG cotyledon.oslo_config_glue [-] oslo_limit.endpoint_id = None {{(pid=93235) log_opt_values /opt/stack/data/venv/lib/python3.12/site-packages/oslo_config/cfg.py:3253}}
Jul 05 15:59:38.851009 np0000004571 nova-scheduler[93235]: DEBUG cotyledon.oslo_config_glue [-] oslo_limit.endpoint_interface = public {{(pid=93235) log_opt_values /opt/stack/data/venv/lib/python3.12/site-packages/oslo_config/cfg.py:3253}}
Jul 05 15:59:38.851009 np0000004571 nova-scheduler[93235]: DEBUG cotyledon.oslo_config_glue [-] oslo_limit.endpoint_override = None {{(pid=93235) log_opt_values /opt/stack/data/venv/lib/python3.12/site-packages/oslo_config/cfg.py:3253}}
Jul 05 15:59:38.851009 np0000004571 nova-scheduler[93235]: DEBUG cotyledon.oslo_config_glue [-] oslo_limit.endpoint_region_name = None {{(pid=93235) log_opt_values /opt/stack/data/venv/lib/python3.12/site-packages/oslo_config/cfg.py:3253}}
Jul 05 15:59:38.851009 np0000004571 nova-scheduler[93235]: DEBUG cotyledon.oslo_config_glue [-] oslo_limit.endpoint_service_name = None {{(pid=93235) log_opt_values /opt/stack/data/venv/lib/python3.12/site-packages/oslo_config/cfg.py:3253}}
Jul 05 15:59:38.851179 np0000004571 nova-scheduler[93235]: DEBUG cotyledon.oslo_config_glue [-] oslo_limit.endpoint_service_type = None {{(pid=93235) log_opt_values /opt/stack/data/venv/lib/python3.12/site-packages/oslo_config/cfg.py:3253}}
Jul 05 15:59:38.851179 np0000004571 nova-scheduler[93235]: DEBUG cotyledon.oslo_config_glue [-] oslo_limit.insecure = False {{(pid=93235) log_opt_values /opt/stack/data/venv/lib/python3.12/site-packages/oslo_config/cfg.py:3253}}
Jul 05 15:59:38.851179 np0000004571 nova-scheduler[93235]: DEBUG cotyledon.oslo_config_glue [-] oslo_limit.keyfile = None {{(pid=93235) log_opt_values /opt/stack/data/venv/lib/python3.12/site-packages/oslo_config/cfg.py:3253}}
Jul 05 15:59:38.851179 np0000004571 nova-scheduler[93235]: DEBUG cotyledon.oslo_config_glue [-] oslo_limit.max_version = None {{(pid=93235) log_opt_values /opt/stack/data/venv/lib/python3.12/site-packages/oslo_config/cfg.py:3253}}
Jul 05 15:59:38.851179 np0000004571 nova-scheduler[93235]: DEBUG cotyledon.oslo_config_glue [-] oslo_limit.min_version = None {{(pid=93235) log_opt_values /opt/stack/data/venv/lib/python3.12/site-packages/oslo_config/cfg.py:3253}}
Jul 05 15:59:38.851179 np0000004571 nova-scheduler[93235]: DEBUG cotyledon.oslo_config_glue [-] oslo_limit.region_name = None {{(pid=93235) log_opt_values /opt/stack/data/venv/lib/python3.12/site-packages/oslo_config/cfg.py:3253}}
Jul 05 15:59:38.851179 np0000004571 nova-scheduler[93235]: DEBUG cotyledon.oslo_config_glue [-] oslo_limit.retriable_status_codes = None {{(pid=93235) log_opt_values /opt/stack/data/venv/lib/python3.12/site-packages/oslo_config/cfg.py:3253}}
Jul 05 15:59:38.851313 np0000004571 nova-scheduler[93235]: DEBUG cotyledon.oslo_config_glue [-] oslo_limit.service_name = None {{(pid=93235) log_opt_values /opt/stack/data/venv/lib/python3.12/site-packages/oslo_config/cfg.py:3253}}
Jul 05 15:59:38.851392 np0000004571 nova-scheduler[93235]: DEBUG cotyledon.oslo_config_glue [-] oslo_limit.service_type = None {{(pid=93235) log_opt_values /opt/stack/data/venv/lib/python3.12/site-packages/oslo_config/cfg.py:3253}}
Jul 05 15:59:38.851488 np0000004571 nova-scheduler[93235]: DEBUG cotyledon.oslo_config_glue [-] oslo_limit.split_loggers = False {{(pid=93235) log_opt_values /opt/stack/data/venv/lib/python3.12/site-packages/oslo_config/cfg.py:3253}}
Jul 05 15:59:38.851560 np0000004571 nova-scheduler[93235]: DEBUG cotyledon.oslo_config_glue [-] oslo_limit.status_code_retries = None {{(pid=93235) log_opt_values /opt/stack/data/venv/lib/python3.12/site-packages/oslo_config/cfg.py:3253}}
Jul 05 15:59:38.851655 np0000004571 nova-scheduler[93235]: DEBUG cotyledon.oslo_config_glue [-] oslo_limit.status_code_retry_delay = None {{(pid=93235) log_opt_values /opt/stack/data/venv/lib/python3.12/site-packages/oslo_config/cfg.py:3253}}
Jul 05 15:59:38.851733 np0000004571 nova-scheduler[93235]: DEBUG cotyledon.oslo_config_glue [-] oslo_limit.timeout = None {{(pid=93235) log_opt_values /opt/stack/data/venv/lib/python3.12/site-packages/oslo_config/cfg.py:3253}}
Jul 05 15:59:38.851806 np0000004571 nova-scheduler[93235]: DEBUG cotyledon.oslo_config_glue [-] oslo_limit.valid_interfaces = None {{(pid=93235) log_opt_values /opt/stack/data/venv/lib/python3.12/site-packages/oslo_config/cfg.py:3253}}
Jul 05 15:59:38.851876 np0000004571 nova-scheduler[93235]: DEBUG cotyledon.oslo_config_glue [-] oslo_limit.version = None {{(pid=93235) log_opt_values /opt/stack/data/venv/lib/python3.12/site-packages/oslo_config/cfg.py:3253}}
Jul 05 15:59:38.851992 np0000004571 nova-scheduler[93235]: DEBUG cotyledon.oslo_config_glue [-] oslo_reports.file_event_handler = None {{(pid=93235) log_opt_values /opt/stack/data/venv/lib/python3.12/site-packages/oslo_config/cfg.py:3253}}
Jul 05 15:59:38.852072 np0000004571 nova-scheduler[93235]: DEBUG cotyledon.oslo_config_glue [-] oslo_reports.file_event_handler_interval = 1 {{(pid=93235) log_opt_values /opt/stack/data/venv/lib/python3.12/site-packages/oslo_config/cfg.py:3253}}
Jul 05 15:59:38.852151 np0000004571 nova-scheduler[93235]: DEBUG cotyledon.oslo_config_glue [-] oslo_reports.log_dir = None {{(pid=93235) log_opt_values /opt/stack/data/venv/lib/python3.12/site-packages/oslo_config/cfg.py:3253}}
Jul 05 15:59:38.852224 np0000004571 nova-scheduler[93235]: DEBUG cotyledon.oslo_config_glue [-] ******************************************************************************** {{(pid=93235) log_opt_values /opt/stack/data/venv/lib/python3.12/site-packages/oslo_config/cfg.py:3260}}
Jul 05 15:59:38.852468 np0000004571 nova-scheduler[93235]: DEBUG cotyledon._service_worker [-] Run service ServiceWrapper(2) [93235] {{(pid=93235) wait_forever /opt/stack/data/venv/lib/python3.12/site-packages/cotyledon/_service_worker.py:218}}
Jul 05 15:59:38.853703 np0000004571 nova-scheduler[93235]: INFO nova.service [-] Starting scheduler node (version 33.1.0)
Jul 05 15:59:38.857986 np0000004571 nova-scheduler[93235]: INFO dbcounter [None req-364717df-1be9-480d-83e1-8be9ee92a8e0 None None] Registered counter for database nova_cell0
Jul 05 15:59:38.880053 np0000004571 nova-scheduler[93227]: DEBUG oslo_db.sqlalchemy.engines [None req-484fb155-9945-4f0d-9e30-fa566c276824 None None] MySQL server mode set to STRICT_TRANS_TABLES,STRICT_ALL_TABLES,NO_ZERO_IN_DATE,NO_ZERO_DATE,ERROR_FOR_DIVISION_BY_ZERO,TRADITIONAL,NO_ENGINE_SUBSTITUTION {{(pid=93227) _check_effective_sql_mode /opt/stack/data/venv/lib/python3.12/site-packages/oslo_db/sqlalchemy/engines.py:325}}
Jul 05 15:59:38.883124 np0000004571 nova-scheduler[93232]: DEBUG oslo_db.sqlalchemy.engines [None req-35420d22-0cdb-4059-bc85-cd0c5efe7912 None None] MySQL server mode set to STRICT_TRANS_TABLES,STRICT_ALL_TABLES,NO_ZERO_IN_DATE,NO_ZERO_DATE,ERROR_FOR_DIVISION_BY_ZERO,TRADITIONAL,NO_ENGINE_SUBSTITUTION {{(pid=93232) _check_effective_sql_mode /opt/stack/data/venv/lib/python3.12/site-packages/oslo_db/sqlalchemy/engines.py:325}}
Jul 05 15:59:38.892052 np0000004571 nova-scheduler[93227]: DEBUG dbcounter [-] [93227] Writer thread running {{(pid=93227) stat_writer /opt/stack/data/venv/lib/python3.12/site-packages/dbcounter.py:102}}
Jul 05 15:59:38.892213 np0000004571 nova-scheduler[93235]: DEBUG oslo_db.sqlalchemy.engines [None req-364717df-1be9-480d-83e1-8be9ee92a8e0 None None] MySQL server mode set to STRICT_TRANS_TABLES,STRICT_ALL_TABLES,NO_ZERO_IN_DATE,NO_ZERO_DATE,ERROR_FOR_DIVISION_BY_ZERO,TRADITIONAL,NO_ENGINE_SUBSTITUTION {{(pid=93235) _check_effective_sql_mode /opt/stack/data/venv/lib/python3.12/site-packages/oslo_db/sqlalchemy/engines.py:325}}
Jul 05 15:59:38.892500 np0000004571 nova-scheduler[93232]: DEBUG dbcounter [-] [93232] Writer thread running {{(pid=93232) stat_writer /opt/stack/data/venv/lib/python3.12/site-packages/dbcounter.py:102}}
Jul 05 15:59:38.902475 np0000004571 nova-scheduler[93235]: DEBUG dbcounter [-] [93235] Writer thread running {{(pid=93235) stat_writer /opt/stack/data/venv/lib/python3.12/site-packages/dbcounter.py:102}}
Jul 05 15:59:38.909422 np0000004571 nova-scheduler[93232]: DEBUG nova.service [None req-35420d22-0cdb-4059-bc85-cd0c5efe7912 None None] Creating RPC server for service: nova-scheduler on topic: scheduler {{(pid=93232) start /opt/stack/nova/nova/service.py:196}}
Jul 05 15:59:38.914630 np0000004571 nova-scheduler[93227]: DEBUG nova.service [None req-484fb155-9945-4f0d-9e30-fa566c276824 None None] Creating RPC server for service: nova-scheduler on topic: scheduler {{(pid=93227) start /opt/stack/nova/nova/service.py:196}}
Jul 05 15:59:38.921465 np0000004571 nova-scheduler[93235]: DEBUG nova.service [None req-364717df-1be9-480d-83e1-8be9ee92a8e0 None None] Creating RPC server for service: nova-scheduler on topic: scheduler {{(pid=93235) start /opt/stack/nova/nova/service.py:196}}
Jul 05 15:59:38.938244 np0000004571 nova-scheduler[93227]: DEBUG nova.service [None req-484fb155-9945-4f0d-9e30-fa566c276824 None None] Join ServiceGroup membership for this service scheduler {{(pid=93227) start /opt/stack/nova/nova/service.py:222}}
Jul 05 15:59:38.938533 np0000004571 nova-scheduler[93227]: DEBUG nova.servicegroup.drivers.db [None req-484fb155-9945-4f0d-9e30-fa566c276824 None None] DB_Driver: join new ServiceGroup member np0000004571 to the scheduler group, service = {{(pid=93227) join /opt/stack/nova/nova/servicegroup/drivers/db.py:44}}
Jul 05 15:59:38.946561 np0000004571 nova-scheduler[93232]: DEBUG nova.service [None req-35420d22-0cdb-4059-bc85-cd0c5efe7912 None None] Join ServiceGroup membership for this service scheduler {{(pid=93232) start /opt/stack/nova/nova/service.py:222}}
Jul 05 15:59:38.946705 np0000004571 nova-scheduler[93232]: DEBUG nova.servicegroup.drivers.db [None req-35420d22-0cdb-4059-bc85-cd0c5efe7912 None None] DB_Driver: join new ServiceGroup member np0000004571 to the scheduler group, service = {{(pid=93232) join /opt/stack/nova/nova/servicegroup/drivers/db.py:44}}
Jul 05 15:59:38.953128 np0000004571 nova-scheduler[93235]: DEBUG nova.service [None req-364717df-1be9-480d-83e1-8be9ee92a8e0 None None] Join ServiceGroup membership for this service scheduler {{(pid=93235) start /opt/stack/nova/nova/service.py:222}}
Jul 05 15:59:38.953324 np0000004571 nova-scheduler[93235]: DEBUG nova.servicegroup.drivers.db [None req-364717df-1be9-480d-83e1-8be9ee92a8e0 None None] DB_Driver: join new ServiceGroup member np0000004571 to the scheduler group, service = {{(pid=93235) join /opt/stack/nova/nova/servicegroup/drivers/db.py:44}}
Jul 05 15:59:39.948895 np0000004571 nova-scheduler[93232]: DEBUG oslo.service.backend._threading.loopingcall [None req-0576210a-7bb5-467d-9953-b805d10dc3c8 None None] Dynamic interval looping call 'nova.service.Service.periodic_tasks' sleeping for 60.00 seconds {{(pid=93232) _run_loop /opt/stack/data/venv/lib/python3.12/site-packages/oslo_service/backend/_threading/loopingcall.py:125}}
Jul 05 15:59:43.952429 np0000004571 nova-scheduler[93227]: DEBUG oslo.service.backend._threading.loopingcall [-] Fixed interval looping call 'nova.servicegroup.drivers.db.DbDriver._report_state' sleeping for 119.99 seconds {{(pid=93227) _run_loop /opt/stack/data/venv/lib/python3.12/site-packages/oslo_service/backend/_threading/loopingcall.py:125}}
Jul 05 15:59:43.956223 np0000004571 nova-scheduler[93232]: DEBUG oslo.service.backend._threading.loopingcall [-] Fixed interval looping call 'nova.servicegroup.drivers.db.DbDriver._report_state' sleeping for 119.99 seconds {{(pid=93232) _run_loop /opt/stack/data/venv/lib/python3.12/site-packages/oslo_service/backend/_threading/loopingcall.py:125}}
Jul 05 15:59:43.959496 np0000004571 nova-scheduler[93235]: DEBUG oslo.service.backend._threading.loopingcall [-] Fixed interval looping call 'nova.servicegroup.drivers.db.DbDriver._report_state' sleeping for 120.00 seconds {{(pid=93235) _run_loop /opt/stack/data/venv/lib/python3.12/site-packages/oslo_service/backend/_threading/loopingcall.py:125}}
Jul 05 15:59:47.411248 np0000004571 nova-scheduler[92031]: DEBUG dbcounter [-] [92031] Writing DB stats nova_api:SELECT=3 {{(pid=92031) stat_writer /opt/stack/data/venv/lib/python3.12/site-packages/dbcounter.py:115}}
Jul 05 15:59:47.528726 np0000004571 nova-scheduler[92031]: DEBUG dbcounter [-] [92031] Writing DB stats nova_cell0:SELECT=1 {{(pid=92031) stat_writer /opt/stack/data/venv/lib/python3.12/site-packages/dbcounter.py:115}}
Jul 05 15:59:47.537712 np0000004571 nova-scheduler[92031]: DEBUG dbcounter [-] [92031] Writing DB stats nova_cell1:SELECT=1 {{(pid=92031) stat_writer /opt/stack/data/venv/lib/python3.12/site-packages/dbcounter.py:115}}
Jul 05 15:59:53.947646 np0000004571 nova-scheduler[93227]: DEBUG dbcounter [-] [93227] Writing DB stats nova_cell0:SELECT=5,nova_cell0:INSERT=1,nova_cell0:UPDATE=1 {{(pid=93227) stat_writer /opt/stack/data/venv/lib/python3.12/site-packages/dbcounter.py:115}}
Jul 05 15:59:53.953837 np0000004571 nova-scheduler[93232]: DEBUG dbcounter [-] [93232] Writing DB stats nova_cell0:SELECT=4,nova_cell0:INSERT=1 {{(pid=93232) stat_writer /opt/stack/data/venv/lib/python3.12/site-packages/dbcounter.py:115}}
Jul 05 15:59:53.957256 np0000004571 nova-scheduler[93235]: DEBUG dbcounter [-] [93235] Writing DB stats nova_cell0:SELECT=4,nova_cell0:INSERT=1 {{(pid=93235) stat_writer /opt/stack/data/venv/lib/python3.12/site-packages/dbcounter.py:115}}
Jul 05 16:00:12.941198 np0000004571 nova-scheduler[93227]: DEBUG oslo.service.backend._threading.loopingcall [None req-f6f3f642-21e6-446c-8358-d3ec9e02ee8d None None] Dynamic interval looping call 'nova.service.Service.periodic_tasks' sleeping for 60.00 seconds {{(pid=93227) _run_loop /opt/stack/data/venv/lib/python3.12/site-packages/oslo_service/backend/_threading/loopingcall.py:125}}
Jul 05 16:00:38.955954 np0000004571 nova-scheduler[93235]: DEBUG oslo.service.backend._threading.loopingcall [None req-ede0dad0-4689-4599-a1ca-4ef93578930b None None] Dynamic interval looping call 'nova.service.Service.periodic_tasks' sleeping for 60.00 seconds {{(pid=93235) _run_loop /opt/stack/data/venv/lib/python3.12/site-packages/oslo_service/backend/_threading/loopingcall.py:125}}
Jul 05 16:00:39.949340 np0000004571 nova-scheduler[93232]: DEBUG oslo.service.backend._threading.loopingcall [None req-0576210a-7bb5-467d-9953-b805d10dc3c8 None None] Dynamic interval looping call 'nova.service.Service.periodic_tasks' sleeping for 60.00 seconds {{(pid=93232) _run_loop /opt/stack/data/venv/lib/python3.12/site-packages/oslo_service/backend/_threading/loopingcall.py:125}}
Jul 05 16:01:12.941691 np0000004571 nova-scheduler[93227]: DEBUG oslo.service.backend._threading.loopingcall [None req-f6f3f642-21e6-446c-8358-d3ec9e02ee8d None None] Dynamic interval looping call 'nova.service.Service.periodic_tasks' sleeping for 60.00 seconds {{(pid=93227) _run_loop /opt/stack/data/venv/lib/python3.12/site-packages/oslo_service/backend/_threading/loopingcall.py:125}}
Jul 05 16:01:38.956409 np0000004571 nova-scheduler[93235]: DEBUG oslo.service.backend._threading.loopingcall [None req-ede0dad0-4689-4599-a1ca-4ef93578930b None None] Dynamic interval looping call 'nova.service.Service.periodic_tasks' sleeping for 60.00 seconds {{(pid=93235) _run_loop /opt/stack/data/venv/lib/python3.12/site-packages/oslo_service/backend/_threading/loopingcall.py:125}}
Jul 05 16:01:39.949851 np0000004571 nova-scheduler[93232]: DEBUG oslo.service.backend._threading.loopingcall [None req-0576210a-7bb5-467d-9953-b805d10dc3c8 None None] Dynamic interval looping call 'nova.service.Service.periodic_tasks' sleeping for 60.00 seconds {{(pid=93232) _run_loop /opt/stack/data/venv/lib/python3.12/site-packages/oslo_service/backend/_threading/loopingcall.py:125}}
Jul 05 16:01:43.949756 np0000004571 nova-scheduler[93227]: DEBUG oslo.service.backend._threading.loopingcall [-] Fixed interval looping call 'nova.servicegroup.drivers.db.DbDriver._report_state' sleeping for 119.99 seconds {{(pid=93227) _run_loop /opt/stack/data/venv/lib/python3.12/site-packages/oslo_service/backend/_threading/loopingcall.py:125}}
Jul 05 16:01:43.952369 np0000004571 nova-scheduler[93232]: DEBUG oslo.service.backend._threading.loopingcall [-] Fixed interval looping call 'nova.servicegroup.drivers.db.DbDriver._report_state' sleeping for 119.99 seconds {{(pid=93232) _run_loop /opt/stack/data/venv/lib/python3.12/site-packages/oslo_service/backend/_threading/loopingcall.py:125}}
Jul 05 16:01:43.962994 np0000004571 nova-scheduler[93235]: DEBUG oslo.service.backend._threading.loopingcall [-] Fixed interval looping call 'nova.servicegroup.drivers.db.DbDriver._report_state' sleeping for 120.00 seconds {{(pid=93235) _run_loop /opt/stack/data/venv/lib/python3.12/site-packages/oslo_service/backend/_threading/loopingcall.py:125}}
Jul 05 16:01:53.945923 np0000004571 nova-scheduler[93227]: DEBUG dbcounter [-] [93227] Writing DB stats nova_cell0:SELECT=1,nova_cell0:UPDATE=1 {{(pid=93227) stat_writer /opt/stack/data/venv/lib/python3.12/site-packages/dbcounter.py:115}}
Jul 05 16:01:53.951437 np0000004571 nova-scheduler[93232]: DEBUG dbcounter [-] [93232] Writing DB stats nova_cell0:SELECT=1,nova_cell0:UPDATE=1 {{(pid=93232) stat_writer /opt/stack/data/venv/lib/python3.12/site-packages/dbcounter.py:115}}
Jul 05 16:01:53.962373 np0000004571 nova-scheduler[93235]: DEBUG dbcounter [-] [93235] Writing DB stats nova_cell0:SELECT=1 {{(pid=93235) stat_writer /opt/stack/data/venv/lib/python3.12/site-packages/dbcounter.py:115}}
Jul 05 16:02:08.529292 np0000004571 nova-scheduler[93227]: DEBUG nova.scheduler.manager [None req-805712b2-dee0-48ab-ac65-48759ef264f8 tempest-ServerBootFromVolumeStableRescueTest-127861603 tempest-ServerBootFromVolumeStableRescueTest-127861603-project-member] Starting to schedule for instances: ['7ba00a67-d63b-41b2-a750-ebb7a84cdd47'] {{(pid=93227) select_destinations /opt/stack/nova/nova/scheduler/manager.py:209}}
Jul 05 16:02:08.529574 np0000004571 nova-scheduler[93227]: DEBUG nova.scheduler.request_filter [None req-805712b2-dee0-48ab-ac65-48759ef264f8 tempest-ServerBootFromVolumeStableRescueTest-127861603 tempest-ServerBootFromVolumeStableRescueTest-127861603-project-member] compute_status_filter request filter added forbidden trait COMPUTE_STATUS_DISABLED {{(pid=93227) compute_status_filter /opt/stack/nova/nova/scheduler/request_filter.py:253}}
Jul 05 16:02:08.529736 np0000004571 nova-scheduler[93227]: DEBUG nova.scheduler.request_filter [None req-805712b2-dee0-48ab-ac65-48759ef264f8 tempest-ServerBootFromVolumeStableRescueTest-127861603 tempest-ServerBootFromVolumeStableRescueTest-127861603-project-member] Request filter 'compute_status_filter' took 0.0 seconds {{(pid=93227) wrapper /opt/stack/nova/nova/scheduler/request_filter.py:46}}
Jul 05 16:02:08.529997 np0000004571 nova-scheduler[93227]: DEBUG nova.scheduler.request_filter [None req-805712b2-dee0-48ab-ac65-48759ef264f8 tempest-ServerBootFromVolumeStableRescueTest-127861603 tempest-ServerBootFromVolumeStableRescueTest-127861603-project-member] Request filter 'accelerators_filter' took 0.0 seconds {{(pid=93227) wrapper /opt/stack/nova/nova/scheduler/request_filter.py:46}}
Jul 05 16:02:08.530604 np0000004571 nova-scheduler[93227]: DEBUG nova.scheduler.request_filter [None req-805712b2-dee0-48ab-ac65-48759ef264f8 tempest-ServerBootFromVolumeStableRescueTest-127861603 tempest-ServerBootFromVolumeStableRescueTest-127861603-project-member] Request filter 'packed_virtqueue_filter' took 0.0 seconds {{(pid=93227) wrapper /opt/stack/nova/nova/scheduler/request_filter.py:46}}
Jul 05 16:02:08.530937 np0000004571 nova-scheduler[93227]: DEBUG nova.scheduler.request_filter [None req-805712b2-dee0-48ab-ac65-48759ef264f8 tempest-ServerBootFromVolumeStableRescueTest-127861603 tempest-ServerBootFromVolumeStableRescueTest-127861603-project-member] Request filter 'remote_managed_ports_filter' took 0.0 seconds {{(pid=93227) wrapper /opt/stack/nova/nova/scheduler/request_filter.py:46}}
Jul 05 16:02:08.531127 np0000004571 nova-scheduler[93227]: DEBUG nova.scheduler.request_filter [None req-805712b2-dee0-48ab-ac65-48759ef264f8 tempest-ServerBootFromVolumeStableRescueTest-127861603 tempest-ServerBootFromVolumeStableRescueTest-127861603-project-member] ephemeral_encryption_filter skipped {{(pid=93227) ephemeral_encryption_filter /opt/stack/nova/nova/scheduler/request_filter.py:426}}
Jul 05 16:02:08.531304 np0000004571 nova-scheduler[93227]: DEBUG nova.scheduler.request_filter [None req-805712b2-dee0-48ab-ac65-48759ef264f8 tempest-ServerBootFromVolumeStableRescueTest-127861603 tempest-ServerBootFromVolumeStableRescueTest-127861603-project-member] virtio_sound_filter skipped {{(pid=93227) virtio_sound_filter /opt/stack/nova/nova/scheduler/request_filter.py:460}}
Jul 05 16:02:08.531472 np0000004571 nova-scheduler[93227]: DEBUG nova.scheduler.request_filter [None req-805712b2-dee0-48ab-ac65-48759ef264f8 tempest-ServerBootFromVolumeStableRescueTest-127861603 tempest-ServerBootFromVolumeStableRescueTest-127861603-project-member] tpm_secret_security_filter skipped {{(pid=93227) tpm_secret_security_filter /opt/stack/nova/nova/scheduler/request_filter.py:477}}
Jul 05 16:02:09.579553 np0000004571 nova-scheduler[93227]: INFO nova.utils [None req-805712b2-dee0-48ab-ac65-48759ef264f8 tempest-ServerBootFromVolumeStableRescueTest-127861603 tempest-ServerBootFromVolumeStableRescueTest-127861603-project-member] The cell worker thread pool ForkProcess-1.cell_worker is initialized
Jul 05 16:02:09.579553 np0000004571 nova-scheduler[93227]: DEBUG oslo_concurrency.lockutils [None req-805712b2-dee0-48ab-ac65-48759ef264f8 tempest-ServerBootFromVolumeStableRescueTest-127861603 tempest-ServerBootFromVolumeStableRescueTest-127861603-project-member] Acquiring lock "0a227100-005c-4598-8241-54f8c4310a9a" by "nova.context.set_target_cell..get_or_set_cached_cell_and_set_connections" {{(pid=93227) inner /opt/stack/data/venv/lib/python3.12/site-packages/oslo_concurrency/lockutils.py:511}}
Jul 05 16:02:09.579553 np0000004571 nova-scheduler[93227]: DEBUG oslo_concurrency.lockutils [None req-805712b2-dee0-48ab-ac65-48759ef264f8 tempest-ServerBootFromVolumeStableRescueTest-127861603 tempest-ServerBootFromVolumeStableRescueTest-127861603-project-member] Lock "0a227100-005c-4598-8241-54f8c4310a9a" acquired by "nova.context.set_target_cell..get_or_set_cached_cell_and_set_connections" :: waited 0.000s {{(pid=93227) inner /opt/stack/data/venv/lib/python3.12/site-packages/oslo_concurrency/lockutils.py:524}}
Jul 05 16:02:09.580907 np0000004571 nova-scheduler[93227]: DEBUG oslo_concurrency.lockutils [None req-805712b2-dee0-48ab-ac65-48759ef264f8 tempest-ServerBootFromVolumeStableRescueTest-127861603 tempest-ServerBootFromVolumeStableRescueTest-127861603-project-member] Lock "0a227100-005c-4598-8241-54f8c4310a9a" "released" by "nova.context.set_target_cell..get_or_set_cached_cell_and_set_connections" :: held 0.002s {{(pid=93227) inner /opt/stack/data/venv/lib/python3.12/site-packages/oslo_concurrency/lockutils.py:543}}
Jul 05 16:02:09.583076 np0000004571 nova-scheduler[93227]: INFO dbcounter [None req-805712b2-dee0-48ab-ac65-48759ef264f8 tempest-ServerBootFromVolumeStableRescueTest-127861603 tempest-ServerBootFromVolumeStableRescueTest-127861603-project-member] Registered counter for database nova_cell1
Jul 05 16:02:09.666380 np0000004571 nova-scheduler[93227]: DEBUG oslo_db.sqlalchemy.engines [None req-805712b2-dee0-48ab-ac65-48759ef264f8 tempest-ServerBootFromVolumeStableRescueTest-127861603 tempest-ServerBootFromVolumeStableRescueTest-127861603-project-member] MySQL server mode set to STRICT_TRANS_TABLES,STRICT_ALL_TABLES,NO_ZERO_IN_DATE,NO_ZERO_DATE,ERROR_FOR_DIVISION_BY_ZERO,TRADITIONAL,NO_ENGINE_SUBSTITUTION {{(pid=93227) _check_effective_sql_mode /opt/stack/data/venv/lib/python3.12/site-packages/oslo_db/sqlalchemy/engines.py:325}}
Jul 05 16:02:09.681971 np0000004571 nova-scheduler[93227]: DEBUG dbcounter [-] [93227] Writer thread running {{(pid=93227) stat_writer /opt/stack/data/venv/lib/python3.12/site-packages/dbcounter.py:102}}
Jul 05 16:02:09.698222 np0000004571 nova-scheduler[93227]: DEBUG oslo_db.sqlalchemy.engines [None req-805712b2-dee0-48ab-ac65-48759ef264f8 tempest-ServerBootFromVolumeStableRescueTest-127861603 tempest-ServerBootFromVolumeStableRescueTest-127861603-project-member] Parent process 92031 forked (93227) with an open database connection, which is being discarded and recreated. {{(pid=93227) checkout /opt/stack/data/venv/lib/python3.12/site-packages/oslo_db/sqlalchemy/engines.py:402}}
Jul 05 16:02:09.715715 np0000004571 nova-scheduler[93232]: DEBUG nova.scheduler.manager [None req-632aa45b-ddb2-4b1d-9d22-9d4451d83e52 tempest-DeleteServersTestJSON-1413356026 tempest-DeleteServersTestJSON-1413356026-project-member] Starting to schedule for instances: ['472308cd-8e1e-4874-91f7-38de130c6a27'] {{(pid=93232) select_destinations /opt/stack/nova/nova/scheduler/manager.py:209}}
Jul 05 16:02:09.716780 np0000004571 nova-scheduler[93232]: DEBUG nova.scheduler.request_filter [None req-632aa45b-ddb2-4b1d-9d22-9d4451d83e52 tempest-DeleteServersTestJSON-1413356026 tempest-DeleteServersTestJSON-1413356026-project-member] compute_status_filter request filter added forbidden trait COMPUTE_STATUS_DISABLED {{(pid=93232) compute_status_filter /opt/stack/nova/nova/scheduler/request_filter.py:253}}
Jul 05 16:02:09.716954 np0000004571 nova-scheduler[93232]: DEBUG nova.scheduler.request_filter [None req-632aa45b-ddb2-4b1d-9d22-9d4451d83e52 tempest-DeleteServersTestJSON-1413356026 tempest-DeleteServersTestJSON-1413356026-project-member] Request filter 'compute_status_filter' took 0.0 seconds {{(pid=93232) wrapper /opt/stack/nova/nova/scheduler/request_filter.py:46}}
Jul 05 16:02:09.717259 np0000004571 nova-scheduler[93232]: DEBUG nova.scheduler.request_filter [None req-632aa45b-ddb2-4b1d-9d22-9d4451d83e52 tempest-DeleteServersTestJSON-1413356026 tempest-DeleteServersTestJSON-1413356026-project-member] Request filter 'accelerators_filter' took 0.0 seconds {{(pid=93232) wrapper /opt/stack/nova/nova/scheduler/request_filter.py:46}}
Jul 05 16:02:09.717488 np0000004571 nova-scheduler[93232]: DEBUG nova.scheduler.request_filter [None req-632aa45b-ddb2-4b1d-9d22-9d4451d83e52 tempest-DeleteServersTestJSON-1413356026 tempest-DeleteServersTestJSON-1413356026-project-member] Request filter 'packed_virtqueue_filter' took 0.0 seconds {{(pid=93232) wrapper /opt/stack/nova/nova/scheduler/request_filter.py:46}}
Jul 05 16:02:09.717874 np0000004571 nova-scheduler[93232]: DEBUG nova.scheduler.request_filter [None req-632aa45b-ddb2-4b1d-9d22-9d4451d83e52 tempest-DeleteServersTestJSON-1413356026 tempest-DeleteServersTestJSON-1413356026-project-member] Request filter 'remote_managed_ports_filter' took 0.0 seconds {{(pid=93232) wrapper /opt/stack/nova/nova/scheduler/request_filter.py:46}}
Jul 05 16:02:09.718072 np0000004571 nova-scheduler[93232]: DEBUG nova.scheduler.request_filter [None req-632aa45b-ddb2-4b1d-9d22-9d4451d83e52 tempest-DeleteServersTestJSON-1413356026 tempest-DeleteServersTestJSON-1413356026-project-member] ephemeral_encryption_filter skipped {{(pid=93232) ephemeral_encryption_filter /opt/stack/nova/nova/scheduler/request_filter.py:426}}
Jul 05 16:02:09.718263 np0000004571 nova-scheduler[93232]: DEBUG nova.scheduler.request_filter [None req-632aa45b-ddb2-4b1d-9d22-9d4451d83e52 tempest-DeleteServersTestJSON-1413356026 tempest-DeleteServersTestJSON-1413356026-project-member] virtio_sound_filter skipped {{(pid=93232) virtio_sound_filter /opt/stack/nova/nova/scheduler/request_filter.py:460}}
Jul 05 16:02:09.718877 np0000004571 nova-scheduler[93232]: DEBUG nova.scheduler.request_filter [None req-632aa45b-ddb2-4b1d-9d22-9d4451d83e52 tempest-DeleteServersTestJSON-1413356026 tempest-DeleteServersTestJSON-1413356026-project-member] tpm_secret_security_filter skipped {{(pid=93232) tpm_secret_security_filter /opt/stack/nova/nova/scheduler/request_filter.py:477}}
Jul 05 16:02:09.747437 np0000004571 nova-scheduler[93227]: DEBUG dbcounter [-] [93227] Writer thread running {{(pid=93227) stat_writer /opt/stack/data/venv/lib/python3.12/site-packages/dbcounter.py:102}}
Jul 05 16:02:09.751624 np0000004571 nova-scheduler[93227]: DEBUG oslo_concurrency.lockutils [None req-805712b2-dee0-48ab-ac65-48759ef264f8 tempest-ServerBootFromVolumeStableRescueTest-127861603 tempest-ServerBootFromVolumeStableRescueTest-127861603-project-member] Acquiring lock "0a227100-005c-4598-8241-54f8c4310a9a" by "nova.context.set_target_cell..get_or_set_cached_cell_and_set_connections" {{(pid=93227) inner /opt/stack/data/venv/lib/python3.12/site-packages/oslo_concurrency/lockutils.py:511}}
Jul 05 16:02:09.751624 np0000004571 nova-scheduler[93227]: DEBUG oslo_concurrency.lockutils [None req-805712b2-dee0-48ab-ac65-48759ef264f8 tempest-ServerBootFromVolumeStableRescueTest-127861603 tempest-ServerBootFromVolumeStableRescueTest-127861603-project-member] Lock "0a227100-005c-4598-8241-54f8c4310a9a" acquired by "nova.context.set_target_cell..get_or_set_cached_cell_and_set_connections" :: waited 0.000s {{(pid=93227) inner /opt/stack/data/venv/lib/python3.12/site-packages/oslo_concurrency/lockutils.py:524}}
Jul 05 16:02:09.751875 np0000004571 nova-scheduler[93227]: DEBUG oslo_concurrency.lockutils [None req-805712b2-dee0-48ab-ac65-48759ef264f8 tempest-ServerBootFromVolumeStableRescueTest-127861603 tempest-ServerBootFromVolumeStableRescueTest-127861603-project-member] Lock "0a227100-005c-4598-8241-54f8c4310a9a" "released" by "nova.context.set_target_cell..get_or_set_cached_cell_and_set_connections" :: held 0.001s {{(pid=93227) inner /opt/stack/data/venv/lib/python3.12/site-packages/oslo_concurrency/lockutils.py:543}}
Jul 05 16:02:09.756499 np0000004571 nova-scheduler[93227]: DEBUG oslo_concurrency.lockutils [None req-805712b2-dee0-48ab-ac65-48759ef264f8 tempest-ServerBootFromVolumeStableRescueTest-127861603 tempest-ServerBootFromVolumeStableRescueTest-127861603-project-member] Acquiring lock "np0000004571-np0000004571" by "nova.scheduler.host_manager.HostState.update.._locked_update" {{(pid=93227) inner /opt/stack/data/venv/lib/python3.12/site-packages/oslo_concurrency/lockutils.py:511}}
Jul 05 16:02:09.756768 np0000004571 nova-scheduler[93227]: DEBUG oslo_concurrency.lockutils [None req-805712b2-dee0-48ab-ac65-48759ef264f8 tempest-ServerBootFromVolumeStableRescueTest-127861603 tempest-ServerBootFromVolumeStableRescueTest-127861603-project-member] Lock "np0000004571-np0000004571" acquired by "nova.scheduler.host_manager.HostState.update.._locked_update" :: waited 0.001s {{(pid=93227) inner /opt/stack/data/venv/lib/python3.12/site-packages/oslo_concurrency/lockutils.py:524}}
Jul 05 16:02:09.758682 np0000004571 nova-scheduler[93227]: DEBUG nova.scheduler.host_manager [None req-805712b2-dee0-48ab-ac65-48759ef264f8 tempest-ServerBootFromVolumeStableRescueTest-127861603 tempest-ServerBootFromVolumeStableRescueTest-127861603-project-member] Update host state from compute node: ComputeNode(cpu_allocation_ratio=4.0,cpu_info='{"arch": "x86_64", "model": "EPYC-Milan", "vendor": "AMD", "topology": {"cells": 1, "sockets": 16, "cores": 1, "threads": 1}, "maxphysaddr": {"mode": "emulate", "bits": 40}, "features": ["umip", "fma", "lm", "vaes", "avx2", "mmxext", "adx", "fxsr_opt", "sep", "pse", "abm", "clzero", "rdrand", "rdpid", "xsavec", "de", "perfctr_core", "xsave", "ssbd", "pfthreshold", "smap", "xgetbv1", "pschange-mc-no", "topoext", "skip-l1dfl-vmentry", "vpclmulqdq", "npt", "erms", "movbe", "null-sel-clr-base", "amd-ssbd", "spec-ctrl", "fsrm", "xsaveopt", "tsc_adjust", "pcid", "avx", "ibrs", "sha-ni", "amd-psfd", "sse4.1", "tsc-deadline", "clflushopt", "cx8", "hypervisor", "pae", "stibp", "syscall", "bmi2", "no-nested-data-bp", "sse2", "msr", "osvw", "arch-capabilities", "vmcb-clean", "fxsr", "virt-ssbd", "mce", "popcnt", "vme", "svm", "invpcid", "lahf_lm", "pdpe1gb", "tsc-scale", "wbnoinvd", "tsc", "xsaves", "mca", "f16c", "fsgsbase", "rdctl-no", "ssse3", "pni", "clwb", "gds-no", "cr8legacy", "nrip-save", "pause-filter", "sse4.2", "pat", "pge", "vgif", "cmov", "amd-stibp", "aes", "arat", "3dnowprefetch", "apic", "misalignsse", "mmx", "fpu", "sse4a", "smep", "mtrr", "cx16", "v-vmsave-vmload", "rdtscp", "svme-addr-chk", "rdseed", "lbrv", "pku", "bmi1", "mds-no", "pclmuldq", "sse", "flushbyasid", "ibpb", "xsaveerptr", "cmp_legacy", "clflush", "lfence-always-serializing", "nx", "pse36", "x2apic", "stibp-always-on"]}',created_at=2026-07-05T16:00:05Z,current_workload=0,deleted=False,deleted_at=None,disk_allocation_ratio=1.0,disk_available_least=73,free_disk_gb=95,free_ram_mb=62765,host='np0000004571',host_ip=10.4.3.166,hypervisor_hostname='np0000004571',hypervisor_type='QEMU',hypervisor_version=8002002,id=1,local_gb=95,local_gb_used=0,mapped=1,memory_mb=63277,memory_mb_used=512,metrics='[]',numa_topology='{"nova_object.name": "NUMATopology", "nova_object.namespace": "nova", "nova_object.version": "1.2", "nova_object.data": {"cells": [{"nova_object.name": "NUMACell", "nova_object.namespace": "nova", "nova_object.version": "1.5", "nova_object.data": {"id": 0, "cpuset": [0, 1, 2, 3, 4, 5, 6, 7, 8, 9, 10, 11, 12, 13, 14, 15], "pcpuset": [0, 1, 2, 3, 4, 5, 6, 7, 8, 9, 10, 11, 12, 13, 14, 15], "memory": 63277, "cpu_usage": 0, "memory_usage": 0, "pinned_cpus": [], "siblings": [[6], [12], [2], [15], [5], [11], [8], [14], [4], [1], [7], [10], [0], [13], [3], [9]], "mempages": [{"nova_object.name": "NUMAPagesTopology", "nova_object.namespace": "nova", "nova_object.version": "1.1", "nova_object.data": {"size_kb": 4, "total": 16177929, "used": 0, "reserved": 0}, "nova_object.changes": ["total", "used", "size_kb", "reserved"]}, {"nova_object.name": "NUMAPagesTopology", "nova_object.namespace": "nova", "nova_object.version": "1.1", "nova_object.data": {"size_kb": 2048, "total": 41, "used": 0, "reserved": 0}, "nova_object.changes": ["total", "used", "size_kb", "reserved"]}, {"nova_object.name": "NUMAPagesTopology", "nova_object.namespace": "nova", "nova_object.version": "1.1", "nova_object.data": {"size_kb": 1048576, "total": 0, "used": 0, "reserved": 0}, "nova_object.changes": ["total", "used", "size_kb", "reserved"]}], "network_metadata": {"nova_object.name": "NetworkMetadata", "nova_object.namespace": "nova", "nova_object.version": "1.0", "nova_object.data": {"physnets": [], "tunneled": false}, "nova_object.changes": ["tunneled", "physnets"]}, "socket": null}, "nova_object.changes": ["mempages", "id", "pcpuset", "cpuset", "pinned_cpus", "socket", "network_metadata", "memory", "memory_usage", "siblings", "cpu_usage"]}]}, "nova_object.changes": ["cells"]}',pci_device_pools=PciDevicePoolList,ram_allocation_ratio=1.0,running_vms=0,service_id=2,stats={failed_builds='0',uptime=' 16:01:49 up 13 min, 2 users, load average: 1.72, 1.44, 0.82
Jul 05 16:02:09.758682 np0000004571 nova-scheduler[93227]: '},supported_hv_specs=[HVSpec,HVSpec,HVSpec,HVSpec,HVSpec,HVSpec,HVSpec,HVSpec,HVSpec,HVSpec,HVSpec,HVSpec,HVSpec,HVSpec,HVSpec,HVSpec,HVSpec,HVSpec,HVSpec,HVSpec,HVSpec,HVSpec,HVSpec,HVSpec,HVSpec],updated_at=2026-07-05T16:01:51Z,uuid=e496fa35-73b2-44b8-b1c1-056b9f6ba58d,vcpus=16,vcpus_used=0) {{(pid=93227) _locked_update /opt/stack/nova/nova/scheduler/host_manager.py:168}}
Jul 05 16:02:09.759686 np0000004571 nova-scheduler[93227]: DEBUG nova.scheduler.host_manager [None req-805712b2-dee0-48ab-ac65-48759ef264f8 tempest-ServerBootFromVolumeStableRescueTest-127861603 tempest-ServerBootFromVolumeStableRescueTest-127861603-project-member] Update host state with aggregates: [] {{(pid=93227) _locked_update /opt/stack/nova/nova/scheduler/host_manager.py:171}}
Jul 05 16:02:09.759852 np0000004571 nova-scheduler[93227]: DEBUG nova.scheduler.host_manager [None req-805712b2-dee0-48ab-ac65-48759ef264f8 tempest-ServerBootFromVolumeStableRescueTest-127861603 tempest-ServerBootFromVolumeStableRescueTest-127861603-project-member] Update host state with service dict: {'id': 2, 'uuid': '7ea0ba70-a9c5-48e0-878c-8d4d013f214f', 'host': 'np0000004571', 'binary': 'nova-compute', 'topic': 'compute', 'report_count': 1, 'disabled': False, 'disabled_reason': None, 'last_seen_up': datetime.datetime(2026, 7, 5, 16, 0, 14, tzinfo=datetime.timezone.utc), 'forced_down': False, 'version': 72, 'created_at': datetime.datetime(2026, 7, 5, 16, 0, 3, tzinfo=datetime.timezone.utc), 'updated_at': datetime.datetime(2026, 7, 5, 16, 0, 14, tzinfo=datetime.timezone.utc), 'deleted_at': None, 'deleted': False} {{(pid=93227) _locked_update /opt/stack/nova/nova/scheduler/host_manager.py:174}}
Jul 05 16:02:09.760106 np0000004571 nova-scheduler[93227]: DEBUG nova.scheduler.host_manager [None req-805712b2-dee0-48ab-ac65-48759ef264f8 tempest-ServerBootFromVolumeStableRescueTest-127861603 tempest-ServerBootFromVolumeStableRescueTest-127861603-project-member] Update host state with instances: [] {{(pid=93227) _locked_update /opt/stack/nova/nova/scheduler/host_manager.py:177}}
Jul 05 16:02:09.760218 np0000004571 nova-scheduler[93227]: DEBUG oslo_concurrency.lockutils [None req-805712b2-dee0-48ab-ac65-48759ef264f8 tempest-ServerBootFromVolumeStableRescueTest-127861603 tempest-ServerBootFromVolumeStableRescueTest-127861603-project-member] Lock "np0000004571-np0000004571" "released" by "nova.scheduler.host_manager.HostState.update.._locked_update" :: held 0.003s {{(pid=93227) inner /opt/stack/data/venv/lib/python3.12/site-packages/oslo_concurrency/lockutils.py:543}}
Jul 05 16:02:09.761338 np0000004571 nova-scheduler[93227]: DEBUG nova.filters [None req-805712b2-dee0-48ab-ac65-48759ef264f8 tempest-ServerBootFromVolumeStableRescueTest-127861603 tempest-ServerBootFromVolumeStableRescueTest-127861603-project-member] Starting with 1 host(s) {{(pid=93227) get_filtered_objects /opt/stack/nova/nova/filters.py:70}}
Jul 05 16:02:09.761711 np0000004571 nova-scheduler[93227]: DEBUG nova.filters [None req-805712b2-dee0-48ab-ac65-48759ef264f8 tempest-ServerBootFromVolumeStableRescueTest-127861603 tempest-ServerBootFromVolumeStableRescueTest-127861603-project-member] Filter ComputeFilter returned 1 host(s) {{(pid=93227) get_filtered_objects /opt/stack/nova/nova/filters.py:102}}
Jul 05 16:02:09.761928 np0000004571 nova-scheduler[93227]: DEBUG nova.filters [None req-805712b2-dee0-48ab-ac65-48759ef264f8 tempest-ServerBootFromVolumeStableRescueTest-127861603 tempest-ServerBootFromVolumeStableRescueTest-127861603-project-member] Filter ComputeCapabilitiesFilter returned 1 host(s) {{(pid=93227) get_filtered_objects /opt/stack/nova/nova/filters.py:102}}
Jul 05 16:02:09.762199 np0000004571 nova-scheduler[93227]: DEBUG nova.filters [None req-805712b2-dee0-48ab-ac65-48759ef264f8 tempest-ServerBootFromVolumeStableRescueTest-127861603 tempest-ServerBootFromVolumeStableRescueTest-127861603-project-member] Filter ImagePropertiesFilter returned 1 host(s) {{(pid=93227) get_filtered_objects /opt/stack/nova/nova/filters.py:102}}
Jul 05 16:02:09.762490 np0000004571 nova-scheduler[93227]: DEBUG nova.filters [None req-805712b2-dee0-48ab-ac65-48759ef264f8 tempest-ServerBootFromVolumeStableRescueTest-127861603 tempest-ServerBootFromVolumeStableRescueTest-127861603-project-member] Filter ServerGroupAntiAffinityFilter returned 1 host(s) {{(pid=93227) get_filtered_objects /opt/stack/nova/nova/filters.py:102}}
Jul 05 16:02:09.762673 np0000004571 nova-scheduler[93227]: DEBUG nova.filters [None req-805712b2-dee0-48ab-ac65-48759ef264f8 tempest-ServerBootFromVolumeStableRescueTest-127861603 tempest-ServerBootFromVolumeStableRescueTest-127861603-project-member] Filter ServerGroupAffinityFilter returned 1 host(s) {{(pid=93227) get_filtered_objects /opt/stack/nova/nova/filters.py:102}}
Jul 05 16:02:09.762739 np0000004571 nova-scheduler[93227]: DEBUG nova.filters [None req-805712b2-dee0-48ab-ac65-48759ef264f8 tempest-ServerBootFromVolumeStableRescueTest-127861603 tempest-ServerBootFromVolumeStableRescueTest-127861603-project-member] Filter SameHostFilter returned 1 host(s) {{(pid=93227) get_filtered_objects /opt/stack/nova/nova/filters.py:102}}
Jul 05 16:02:09.762869 np0000004571 nova-scheduler[93227]: DEBUG nova.filters [None req-805712b2-dee0-48ab-ac65-48759ef264f8 tempest-ServerBootFromVolumeStableRescueTest-127861603 tempest-ServerBootFromVolumeStableRescueTest-127861603-project-member] Filter DifferentHostFilter returned 1 host(s) {{(pid=93227) get_filtered_objects /opt/stack/nova/nova/filters.py:102}}
Jul 05 16:02:09.763041 np0000004571 nova-scheduler[93227]: DEBUG nova.scheduler.manager [None req-805712b2-dee0-48ab-ac65-48759ef264f8 tempest-ServerBootFromVolumeStableRescueTest-127861603 tempest-ServerBootFromVolumeStableRescueTest-127861603-project-member] Filtered [(np0000004571, np0000004571) ram: 62765MB disk: 74752MB io_ops: 0 instances: 0, allocation_candidates: 1] {{(pid=93227) _get_sorted_hosts /opt/stack/nova/nova/scheduler/manager.py:742}}
Jul 05 16:02:09.763269 np0000004571 nova-scheduler[93227]: DEBUG nova.scheduler.manager [None req-805712b2-dee0-48ab-ac65-48759ef264f8 tempest-ServerBootFromVolumeStableRescueTest-127861603 tempest-ServerBootFromVolumeStableRescueTest-127861603-project-member] Weighed [WeighedHost [host: (np0000004571, np0000004571) ram: 62765MB disk: 74752MB io_ops: 0 instances: 0, allocation_candidates: 1, weight: 0.0]] {{(pid=93227) _get_sorted_hosts /opt/stack/nova/nova/scheduler/manager.py:764}}
Jul 05 16:02:09.764136 np0000004571 nova-scheduler[93227]: DEBUG nova.scheduler.utils [None req-805712b2-dee0-48ab-ac65-48759ef264f8 tempest-ServerBootFromVolumeStableRescueTest-127861603 tempest-ServerBootFromVolumeStableRescueTest-127861603-project-member] Attempting to claim resources in the placement API for instance 7ba00a67-d63b-41b2-a750-ebb7a84cdd47 {{(pid=93227) claim_resources /opt/stack/nova/nova/scheduler/utils.py:1345}}
Jul 05 16:02:09.880668 np0000004571 nova-scheduler[93232]: INFO nova.utils [None req-632aa45b-ddb2-4b1d-9d22-9d4451d83e52 tempest-DeleteServersTestJSON-1413356026 tempest-DeleteServersTestJSON-1413356026-project-member] The cell worker thread pool ForkProcess-2.cell_worker is initialized
Jul 05 16:02:09.882106 np0000004571 nova-scheduler[93232]: DEBUG oslo_concurrency.lockutils [None req-632aa45b-ddb2-4b1d-9d22-9d4451d83e52 tempest-DeleteServersTestJSON-1413356026 tempest-DeleteServersTestJSON-1413356026-project-member] Acquiring lock "0a227100-005c-4598-8241-54f8c4310a9a" by "nova.context.set_target_cell..get_or_set_cached_cell_and_set_connections" {{(pid=93232) inner /opt/stack/data/venv/lib/python3.12/site-packages/oslo_concurrency/lockutils.py:511}}
Jul 05 16:02:09.882106 np0000004571 nova-scheduler[93232]: DEBUG oslo_concurrency.lockutils [None req-632aa45b-ddb2-4b1d-9d22-9d4451d83e52 tempest-DeleteServersTestJSON-1413356026 tempest-DeleteServersTestJSON-1413356026-project-member] Lock "0a227100-005c-4598-8241-54f8c4310a9a" acquired by "nova.context.set_target_cell..get_or_set_cached_cell_and_set_connections" :: waited 0.000s {{(pid=93232) inner /opt/stack/data/venv/lib/python3.12/site-packages/oslo_concurrency/lockutils.py:524}}
Jul 05 16:02:09.883295 np0000004571 nova-scheduler[93232]: DEBUG oslo_concurrency.lockutils [None req-632aa45b-ddb2-4b1d-9d22-9d4451d83e52 tempest-DeleteServersTestJSON-1413356026 tempest-DeleteServersTestJSON-1413356026-project-member] Lock "0a227100-005c-4598-8241-54f8c4310a9a" "released" by "nova.context.set_target_cell..get_or_set_cached_cell_and_set_connections" :: held 0.002s {{(pid=93232) inner /opt/stack/data/venv/lib/python3.12/site-packages/oslo_concurrency/lockutils.py:543}}
Jul 05 16:02:09.885163 np0000004571 nova-scheduler[93232]: INFO dbcounter [None req-632aa45b-ddb2-4b1d-9d22-9d4451d83e52 tempest-DeleteServersTestJSON-1413356026 tempest-DeleteServersTestJSON-1413356026-project-member] Registered counter for database nova_cell1
Jul 05 16:02:09.930554 np0000004571 nova-scheduler[93232]: DEBUG oslo_db.sqlalchemy.engines [None req-632aa45b-ddb2-4b1d-9d22-9d4451d83e52 tempest-DeleteServersTestJSON-1413356026 tempest-DeleteServersTestJSON-1413356026-project-member] MySQL server mode set to STRICT_TRANS_TABLES,STRICT_ALL_TABLES,NO_ZERO_IN_DATE,NO_ZERO_DATE,ERROR_FOR_DIVISION_BY_ZERO,TRADITIONAL,NO_ENGINE_SUBSTITUTION {{(pid=93232) _check_effective_sql_mode /opt/stack/data/venv/lib/python3.12/site-packages/oslo_db/sqlalchemy/engines.py:325}}
Jul 05 16:02:09.942223 np0000004571 nova-scheduler[93232]: DEBUG dbcounter [-] [93232] Writer thread running {{(pid=93232) stat_writer /opt/stack/data/venv/lib/python3.12/site-packages/dbcounter.py:102}}
Jul 05 16:02:09.957676 np0000004571 nova-scheduler[93227]: DEBUG nova.scheduler.manager [None req-805712b2-dee0-48ab-ac65-48759ef264f8 tempest-ServerBootFromVolumeStableRescueTest-127861603 tempest-ServerBootFromVolumeStableRescueTest-127861603-project-member] [instance: 7ba00a67-d63b-41b2-a750-ebb7a84cdd47] Selected host: (np0000004571, np0000004571) ram: 62765MB disk: 74752MB io_ops: 0 instances: 0, allocation_candidates: 1 {{(pid=93227) _consume_selected_host /opt/stack/nova/nova/scheduler/manager.py:624}}
Jul 05 16:02:09.958362 np0000004571 nova-scheduler[93227]: DEBUG oslo_concurrency.lockutils [None req-805712b2-dee0-48ab-ac65-48759ef264f8 tempest-ServerBootFromVolumeStableRescueTest-127861603 tempest-ServerBootFromVolumeStableRescueTest-127861603-project-member] Acquiring lock "np0000004571-np0000004571" by "nova.scheduler.host_manager.HostState.consume_from_request.._locked" {{(pid=93227) inner /opt/stack/data/venv/lib/python3.12/site-packages/oslo_concurrency/lockutils.py:511}}
Jul 05 16:02:09.958659 np0000004571 nova-scheduler[93227]: DEBUG oslo_concurrency.lockutils [None req-805712b2-dee0-48ab-ac65-48759ef264f8 tempest-ServerBootFromVolumeStableRescueTest-127861603 tempest-ServerBootFromVolumeStableRescueTest-127861603-project-member] Lock "np0000004571-np0000004571" acquired by "nova.scheduler.host_manager.HostState.consume_from_request.._locked" :: waited 0.000s {{(pid=93227) inner /opt/stack/data/venv/lib/python3.12/site-packages/oslo_concurrency/lockutils.py:524}}
Jul 05 16:02:09.958821 np0000004571 nova-scheduler[93227]: DEBUG oslo_concurrency.lockutils [None req-805712b2-dee0-48ab-ac65-48759ef264f8 tempest-ServerBootFromVolumeStableRescueTest-127861603 tempest-ServerBootFromVolumeStableRescueTest-127861603-project-member] Lock "np0000004571-np0000004571" "released" by "nova.scheduler.host_manager.HostState.consume_from_request.._locked" :: held 0.000s {{(pid=93227) inner /opt/stack/data/venv/lib/python3.12/site-packages/oslo_concurrency/lockutils.py:543}}
Jul 05 16:02:09.990448 np0000004571 nova-scheduler[93232]: DEBUG dbcounter [-] [93232] Writer thread running {{(pid=93232) stat_writer /opt/stack/data/venv/lib/python3.12/site-packages/dbcounter.py:102}}
Jul 05 16:02:09.997618 np0000004571 nova-scheduler[93232]: DEBUG oslo_concurrency.lockutils [None req-632aa45b-ddb2-4b1d-9d22-9d4451d83e52 tempest-DeleteServersTestJSON-1413356026 tempest-DeleteServersTestJSON-1413356026-project-member] Acquiring lock "0a227100-005c-4598-8241-54f8c4310a9a" by "nova.context.set_target_cell..get_or_set_cached_cell_and_set_connections" {{(pid=93232) inner /opt/stack/data/venv/lib/python3.12/site-packages/oslo_concurrency/lockutils.py:511}}
Jul 05 16:02:09.997618 np0000004571 nova-scheduler[93232]: DEBUG oslo_concurrency.lockutils [None req-632aa45b-ddb2-4b1d-9d22-9d4451d83e52 tempest-DeleteServersTestJSON-1413356026 tempest-DeleteServersTestJSON-1413356026-project-member] Lock "0a227100-005c-4598-8241-54f8c4310a9a" acquired by "nova.context.set_target_cell..get_or_set_cached_cell_and_set_connections" :: waited 0.000s {{(pid=93232) inner /opt/stack/data/venv/lib/python3.12/site-packages/oslo_concurrency/lockutils.py:524}}
Jul 05 16:02:09.997618 np0000004571 nova-scheduler[93232]: DEBUG oslo_concurrency.lockutils [None req-632aa45b-ddb2-4b1d-9d22-9d4451d83e52 tempest-DeleteServersTestJSON-1413356026 tempest-DeleteServersTestJSON-1413356026-project-member] Lock "0a227100-005c-4598-8241-54f8c4310a9a" "released" by "nova.context.set_target_cell..get_or_set_cached_cell_and_set_connections" :: held 0.000s {{(pid=93232) inner /opt/stack/data/venv/lib/python3.12/site-packages/oslo_concurrency/lockutils.py:543}}
Jul 05 16:02:10.001040 np0000004571 nova-scheduler[93232]: DEBUG oslo_concurrency.lockutils [None req-632aa45b-ddb2-4b1d-9d22-9d4451d83e52 tempest-DeleteServersTestJSON-1413356026 tempest-DeleteServersTestJSON-1413356026-project-member] Acquiring lock "np0000004571-np0000004571" by "nova.scheduler.host_manager.HostState.update.._locked_update" {{(pid=93232) inner /opt/stack/data/venv/lib/python3.12/site-packages/oslo_concurrency/lockutils.py:511}}
Jul 05 16:02:10.001231 np0000004571 nova-scheduler[93232]: DEBUG oslo_concurrency.lockutils [None req-632aa45b-ddb2-4b1d-9d22-9d4451d83e52 tempest-DeleteServersTestJSON-1413356026 tempest-DeleteServersTestJSON-1413356026-project-member] Lock "np0000004571-np0000004571" acquired by "nova.scheduler.host_manager.HostState.update.._locked_update" :: waited 0.000s {{(pid=93232) inner /opt/stack/data/venv/lib/python3.12/site-packages/oslo_concurrency/lockutils.py:524}}
